185.191.171.23 - - [08/Sep/2022:17:00:24 -0700] "GET /phpMyAdmin/setup/?token=db14f64501f69893050f1a159b7e5420&version_check=1 HTTP/1.1" 200 12687 "-" "Mozilla/5.0 (compatible; SemrushBot/7~bl; +http://www.semrush.com/bot.html)" "tekmedicgloves.com"
185.191.171.44 - - [08/Sep/2022:17:00:45 -0700] "GET /phpMyAdmin/setup/index.php?token=2e28d694965723fd7ca2f0cf9af763ec&version_check=1 HTTP/1.1" 200 12705 "-" "Mozilla/5.0 (compatible; SemrushBot/7~bl; +http://www.semrush.com/bot.html)" "tekmedicgloves.com"
185.191.171.40 - - [08/Sep/2022:17:01:01 -0700] "GET /phpMyAdmin/setup/?token=5da10cf0cc2fcd3b3a4c807ee39d24f4&version_check=1 HTTP/1.1" 200 12691 "-" "Mozilla/5.0 (compatible; SemrushBot/7~bl; +http://www.semrush.com/bot.html)" "www.tekmedicgloves.com"
185.191.171.33 - - [08/Sep/2022:17:01:59 -0700] "GET /phpMyAdmin/setup/?token=8f1065f1d1d553e663290f8a8e2183cf&version_check=1 HTTP/1.1" 200 12691 "-" "Mozilla/5.0 (compatible; SemrushBot/7~bl; +http://www.semrush.com/bot.html)" "www.tekmedicgloves.com"
185.191.171.3 - - [08/Sep/2022:17:02:35 -0700] "GET /phpMyAdmin/setup/?token=c625628c8161f544a44b89703e5f9f06&version_check=1 HTTP/1.1" 200 12687 "-" "Mozilla/5.0 (compatible; SemrushBot/7~bl; +http://www.semrush.com/bot.html)" "tekmedicgloves.com"
185.191.171.2 - - [08/Sep/2022:17:03:08 -0700] "GET /phpMyAdmin/setup/?token=2732f805b0debc6324682b68e58866d2&version_check=1 HTTP/1.1" 200 12691 "-" "Mozilla/5.0 (compatible; SemrushBot/7~bl; +http://www.semrush.com/bot.html)" "www.tekmedicgloves.com"
185.191.171.45 - - [08/Sep/2022:17:03:37 -0700] "GET /phpMyAdmin/setup/?token=00dd80f9ac6242a9c7cbc6593dc44002&version_check=1 HTTP/1.1" 200 12691 "-" "Mozilla/5.0 (compatible; SemrushBot/7~bl; +http://www.semrush.com/bot.html)" "www.tekmedicgloves.com"
185.191.171.10 - - [08/Sep/2022:17:03:46 -0700] "GET /phpMyAdmin/setup/?token=a03929e6ad9cddb08b88d7d5372784b2&version_check=1 HTTP/1.1" 200 12691 "-" "Mozilla/5.0 (compatible; SemrushBot/7~bl; +http://www.semrush.com/bot.html)" "www.tekmedicgloves.com"
185.191.171.25 - - [08/Sep/2022:17:04:02 -0700] "GET /phpMyAdmin/setup/?token=7532c06d0c52bc7cd30b9af00645802e&version_check=1 HTTP/1.1" 200 12691 "-" "Mozilla/5.0 (compatible; SemrushBot/7~bl; +http://www.semrush.com/bot.html)" "www.tekmedicgloves.com"
185.191.171.9 - - [08/Sep/2022:17:04:18 -0700] "GET /phpMyAdmin/setup/?token=99c1990b53fde85f3f8c1077957ff948&version_check=1 HTTP/1.1" 200 12687 "-" "Mozilla/5.0 (compatible; SemrushBot/7~bl; +http://www.semrush.com/bot.html)" "tekmedicgloves.com"
185.191.171.26 - - [08/Sep/2022:17:04:27 -0700] "GET /phpMyAdmin/setup/?token=23f38dfbaea4ae1aeaa400d719d2ecf2&version_check=1 HTTP/1.1" 200 12687 "-" "Mozilla/5.0 (compatible; SemrushBot/7~bl; +http://www.semrush.com/bot.html)" "tekmedicgloves.com"
185.191.171.40 - - [08/Sep/2022:17:04:34 -0700] "GET /phpMyAdmin/setup/?token=4ea7754b60c1448e8e37bba43dbaa02b&version_check=1 HTTP/1.1" 200 12691 "-" "Mozilla/5.0 (compatible; SemrushBot/7~bl; +http://www.semrush.com/bot.html)" "www.tekmedicgloves.com"
185.191.171.45 - - [08/Sep/2022:17:04:40 -0700] "GET /phpMyAdmin/setup/?token=0ad12cf7e381df9af2f27cd8539bb790&version_check=1 HTTP/1.1" 200 12687 "-" "Mozilla/5.0 (compatible; SemrushBot/7~bl; +http://www.semrush.com/bot.html)" "tekmedicgloves.com"
185.191.171.6 - - [08/Sep/2022:17:04:49 -0700] "GET /phpMyAdmin/setup/?token=488263c34d2961e0a59197b9f75ca422&version_check=1 HTTP/1.1" 200 12691 "-" "Mozilla/5.0 (compatible; SemrushBot/7~bl; +http://www.semrush.com/bot.html)" "www.tekmedicgloves.com"
185.191.171.40 - - [08/Sep/2022:17:05:39 -0700] "GET /phpMyAdmin/setup/?token=a3c416dbb731f89f657a5b6115007784&version_check=1 HTTP/1.1" 200 12691 "-" "Mozilla/5.0 (compatible; SemrushBot/7~bl; +http://www.semrush.com/bot.html)" "www.tekmedicgloves.com"
185.191.171.12 - - [08/Sep/2022:17:05:45 -0700] "GET /phpMyAdmin/setup/index.php?token=ed62696d103e75d687a3c181846f4c93&version_check=1 HTTP/1.1" 200 12709 "-" "Mozilla/5.0 (compatible; SemrushBot/7~bl; +http://www.semrush.com/bot.html)" "www.tekmedicgloves.com"
185.191.171.40 - - [08/Sep/2022:17:05:48 -0700] "GET /phpMyAdmin/setup/?token=7f110d52d2c02b87de2d0391f1e2562e&version_check=1 HTTP/1.1" 200 12687 "-" "Mozilla/5.0 (compatible; SemrushBot/7~bl; +http://www.semrush.com/bot.html)" "tekmedicgloves.com"
185.191.171.5 - - [08/Sep/2022:17:05:50 -0700] "GET /phpMyAdmin/setup/?token=fa8f7e351702bd327fb7312c81e92558&version_check=1 HTTP/1.1" 200 12687 "-" "Mozilla/5.0 (compatible; SemrushBot/7~bl; +http://www.semrush.com/bot.html)" "tekmedicgloves.com"
185.191.171.9 - - [08/Sep/2022:17:05:59 -0700] "GET /phpMyAdmin/setup/?token=f2d19144404455145c4fd47f7586f6c5&version_check=1 HTTP/1.1" 200 12691 "-" "Mozilla/5.0 (compatible; SemrushBot/7~bl; +http://www.semrush.com/bot.html)" "www.tekmedicgloves.com"
185.191.171.34 - - [08/Sep/2022:17:06:00 -0700] "GET /phpMyAdmin/setup/?token=123dd5dc744af43038f36dd4ab2d0459&version_check=1 HTTP/1.1" 200 12691 "-" "Mozilla/5.0 (compatible; SemrushBot/7~bl; +http://www.semrush.com/bot.html)" "www.tekmedicgloves.com"
185.191.171.22 - - [08/Sep/2022:17:06:07 -0700] "GET /phpMyAdmin/setup/?token=0bfdffc7f7d9fde475adbc173fc381a7&version_check=1 HTTP/1.1" 200 12691 "-" "Mozilla/5.0 (compatible; SemrushBot/7~bl; +http://www.semrush.com/bot.html)" "www.tekmedicgloves.com"
185.191.171.42 - - [08/Sep/2022:17:06:25 -0700] "GET /phpMyAdmin/setup/?token=bc88d0d884f61baff1b43ae1c207ed83&version_check=1 HTTP/1.1" 200 12687 "-" "Mozilla/5.0 (compatible; SemrushBot/7~bl; +http://www.semrush.com/bot.html)" "tekmedicgloves.com"
185.191.171.22 - - [08/Sep/2022:17:06:34 -0700] "GET /phpMyAdmin/setup/?token=1fab9a773a3b33ae4634b3c94f442c98&version_check=1 HTTP/1.1" 200 12687 "-" "Mozilla/5.0 (compatible; SemrushBot/7~bl; +http://www.semrush.com/bot.html)" "tekmedicgloves.com"
185.191.171.25 - - [08/Sep/2022:17:07:06 -0700] "GET /phpMyAdmin/setup/?token=285787d5aae89d0641aac3d9de5fca63&version_check=1 HTTP/1.1" 200 12691 "-" "Mozilla/5.0 (compatible; SemrushBot/7~bl; +http://www.semrush.com/bot.html)" "www.tekmedicgloves.com"
185.191.171.4 - - [08/Sep/2022:17:07:21 -0700] "GET /phpMyAdmin/setup/?token=3fda075796be78ba0b22b0797094bc5d&version_check=1 HTTP/1.1" 200 12691 "-" "Mozilla/5.0 (compatible; SemrushBot/7~bl; +http://www.semrush.com/bot.html)" "www.tekmedicgloves.com"
185.191.171.13 - - [08/Sep/2022:17:07:21 -0700] "GET /phpMyAdmin/setup/?token=f23ce63b2a9c9b0f6ff0d3ca8bf4499d&version_check=1 HTTP/1.1" 200 12687 "-" "Mozilla/5.0 (compatible; SemrushBot/7~bl; +http://www.semrush.com/bot.html)" "tekmedicgloves.com"
185.191.171.13 - - [08/Sep/2022:17:07:29 -0700] "GET /phpMyAdmin/setup/?token=d2aac3b7304030242010695df800c667&version_check=1 HTTP/1.1" 200 12687 "-" "Mozilla/5.0 (compatible; SemrushBot/7~bl; +http://www.semrush.com/bot.html)" "tekmedicgloves.com"
185.191.171.18 - - [08/Sep/2022:17:07:39 -0700] "GET /phpMyAdmin/setup/?token=3e8becc87d81fe2f808dccbd80cda343&version_check=1 HTTP/1.1" 200 12691 "-" "Mozilla/5.0 (compatible; SemrushBot/7~bl; +http://www.semrush.com/bot.html)" "www.tekmedicgloves.com"
185.191.171.15 - - [08/Sep/2022:17:07:55 -0700] "GET /phpMyAdmin/setup/?token=6dba1e3c40e0a3779b377e68235dca79&version_check=1 HTTP/1.1" 200 12691 "-" "Mozilla/5.0 (compatible; SemrushBot/7~bl; +http://www.semrush.com/bot.html)" "www.tekmedicgloves.com"
185.191.171.8 - - [08/Sep/2022:17:08:21 -0700] "GET /phpMyAdmin/setup/?token=0fc18e7a2d072352989968fc125c9182&version_check=1 HTTP/1.1" 200 12687 "-" "Mozilla/5.0 (compatible; SemrushBot/7~bl; +http://www.semrush.com/bot.html)" "tekmedicgloves.com"
185.191.171.8 - - [08/Sep/2022:17:08:26 -0700] "GET /phpMyAdmin/setup/?token=2d63e7b1b31a63c632eccbb3ecc6a150&version_check=1 HTTP/1.1" 200 12691 "-" "Mozilla/5.0 (compatible; SemrushBot/7~bl; +http://www.semrush.com/bot.html)" "www.tekmedicgloves.com"
185.191.171.10 - - [08/Sep/2022:17:08:38 -0700] "GET /phpMyAdmin/setup/?token=cb25e5a6ca4b0183c5bc3e37a46e85b3&version_check=1 HTTP/1.1" 200 12691 "-" "Mozilla/5.0 (compatible; SemrushBot/7~bl; +http://www.semrush.com/bot.html)" "www.tekmedicgloves.com"
185.191.171.19 - - [08/Sep/2022:17:08:53 -0700] "GET /phpMyAdmin/setup/?token=4adfb80cb22d0a91ef6f6945fba3134f&version_check=1 HTTP/1.1" 200 12691 "-" "Mozilla/5.0 (compatible; SemrushBot/7~bl; +http://www.semrush.com/bot.html)" "www.tekmedicgloves.com"
185.191.171.8 - - [08/Sep/2022:17:09:02 -0700] "GET /phpMyAdmin/setup/index.php?token=23a074ca6e1c74fdba91c0ba90dfa741&version_check=1 HTTP/1.1" 200 12705 "-" "Mozilla/5.0 (compatible; SemrushBot/7~bl; +http://www.semrush.com/bot.html)" "tekmedicgloves.com"
185.191.171.21 - - [08/Sep/2022:17:09:08 -0700] "GET /phpMyAdmin/setup/?token=685d965f84640e8accf3ba2d74599346&version_check=1 HTTP/1.1" 200 12687 "-" "Mozilla/5.0 (compatible; SemrushBot/7~bl; +http://www.semrush.com/bot.html)" "tekmedicgloves.com"
185.191.171.42 - - [08/Sep/2022:17:09:09 -0700] "GET /phpMyAdmin/setup/index.php?token=f1fe66f8e9bf473520e1818a191f506b&version_check=1 HTTP/1.1" 200 12705 "-" "Mozilla/5.0 (compatible; SemrushBot/7~bl; +http://www.semrush.com/bot.html)" "tekmedicgloves.com"
185.191.171.36 - - [08/Sep/2022:17:09:45 -0700] "GET /phpMyAdmin/setup/?token=413218f22c050575a98df301502bad27&version_check=1 HTTP/1.1" 200 12691 "-" "Mozilla/5.0 (compatible; SemrushBot/7~bl; +http://www.semrush.com/bot.html)" "www.tekmedicgloves.com"
185.191.171.1 - - [08/Sep/2022:17:09:47 -0700] "GET /phpMyAdmin/setup/?token=49840ea0c5fc22de74a595f01cec3e7a&version_check=1 HTTP/1.1" 200 12687 "-" "Mozilla/5.0 (compatible; SemrushBot/7~bl; +http://www.semrush.com/bot.html)" "tekmedicgloves.com"
185.191.171.21 - - [08/Sep/2022:17:09:56 -0700] "GET /phpMyAdmin/setup/index.php?token=8b0371bd886ac747f230b45d27c59670&version_check=1 HTTP/1.1" 200 12709 "-" "Mozilla/5.0 (compatible; SemrushBot/7~bl; +http://www.semrush.com/bot.html)" "www.tekmedicgloves.com"
185.191.171.43 - - [08/Sep/2022:17:10:19 -0700] "GET /phpMyAdmin/setup/?token=1a0752c65d5da76d1447e78b13edb744&version_check=1 HTTP/1.1" 200 12691 "-" "Mozilla/5.0 (compatible; SemrushBot/7~bl; +http://www.semrush.com/bot.html)" "www.tekmedicgloves.com"
185.191.171.5 - - [08/Sep/2022:17:10:22 -0700] "GET /phpMyAdmin/setup/?token=c99f54c2fa7153a53b785ef80e686e7f&version_check=1 HTTP/1.1" 200 12687 "-" "Mozilla/5.0 (compatible; SemrushBot/7~bl; +http://www.semrush.com/bot.html)" "tekmedicgloves.com"
185.191.171.1 - - [08/Sep/2022:17:10:38 -0700] "GET /phpMyAdmin/setup/?token=62159280928bc78db965073659f4e492&version_check=1 HTTP/1.1" 200 12687 "-" "Mozilla/5.0 (compatible; SemrushBot/7~bl; +http://www.semrush.com/bot.html)" "tekmedicgloves.com"
185.191.171.38 - - [08/Sep/2022:17:10:44 -0700] "GET /phpMyAdmin/setup/index.php?token=c4e22c7cb07177583fd34f96f83136d8&version_check=1 HTTP/1.1" 200 12705 "-" "Mozilla/5.0 (compatible; SemrushBot/7~bl; +http://www.semrush.com/bot.html)" "tekmedicgloves.com"
185.191.171.3 - - [08/Sep/2022:17:11:05 -0700] "GET /phpMyAdmin/setup/?token=19cdc7c5d22d6063a268276af341ec4b&version_check=1 HTTP/1.1" 200 12687 "-" "Mozilla/5.0 (compatible; SemrushBot/7~bl; +http://www.semrush.com/bot.html)" "tekmedicgloves.com"
185.191.171.24 - - [08/Sep/2022:17:11:06 -0700] "GET /phpMyAdmin/setup/?token=71677bbbf79415a034c2a3775c5a158f&version_check=1 HTTP/1.1" 200 12691 "-" "Mozilla/5.0 (compatible; SemrushBot/7~bl; +http://www.semrush.com/bot.html)" "www.tekmedicgloves.com"
185.191.171.43 - - [08/Sep/2022:17:11:16 -0700] "GET /phpMyAdmin/setup/?token=64b6210daa6515ec644a8ef9c0a8eee4&version_check=1 HTTP/1.1" 200 12687 "-" "Mozilla/5.0 (compatible; SemrushBot/7~bl; +http://www.semrush.com/bot.html)" "tekmedicgloves.com"
185.191.171.5 - - [08/Sep/2022:17:11:19 -0700] "GET /phpMyAdmin/setup/?token=2ba4684d2c3a6a47d4ea9eb245327209&version_check=1 HTTP/1.1" 200 12687 "-" "Mozilla/5.0 (compatible; SemrushBot/7~bl; +http://www.semrush.com/bot.html)" "tekmedicgloves.com"
185.191.171.7 - - [08/Sep/2022:17:11:25 -0700] "GET /phpMyAdmin/setup/index.php?token=69a951927eba70b916d7d417868af97b&version_check=1 HTTP/1.1" 200 12705 "-" "Mozilla/5.0 (compatible; SemrushBot/7~bl; +http://www.semrush.com/bot.html)" "tekmedicgloves.com"
185.191.171.41 - - [08/Sep/2022:17:11:33 -0700] "GET /phpMyAdmin/setup/?token=6ae9ded4a542df4f1891e38d3f855712&version_check=1 HTTP/1.1" 200 12691 "-" "Mozilla/5.0 (compatible; SemrushBot/7~bl; +http://www.semrush.com/bot.html)" "www.tekmedicgloves.com"
185.191.171.34 - - [08/Sep/2022:17:11:34 -0700] "GET /phpMyAdmin/setup/index.php?token=d9452670dbe1aa7fd3b6514a5ee77ffe&version_check=1 HTTP/1.1" 200 12705 "-" "Mozilla/5.0 (compatible; SemrushBot/7~bl; +http://www.semrush.com/bot.html)" "tekmedicgloves.com"
185.191.171.5 - - [08/Sep/2022:17:11:39 -0700] "GET /phpMyAdmin/setup/?token=7d31c9f383e8d22ff6c86bcd32ee540f&version_check=1 HTTP/1.1" 200 12691 "-" "Mozilla/5.0 (compatible; SemrushBot/7~bl; +http://www.semrush.com/bot.html)" "www.tekmedicgloves.com"
185.191.171.40 - - [08/Sep/2022:17:11:53 -0700] "GET /phpMyAdmin/setup/index.php?token=26f3f4ce0ae4d1736eb4f97a58f192e9&version_check=1 HTTP/1.1" 200 12705 "-" "Mozilla/5.0 (compatible; SemrushBot/7~bl; +http://www.semrush.com/bot.html)" "tekmedicgloves.com"
185.191.171.1 - - [08/Sep/2022:17:12:24 -0700] "GET /phpMyAdmin/setup/?token=fbc125882b27958d1f1993f745d1b3a9&version_check=1 HTTP/1.1" 200 12687 "-" "Mozilla/5.0 (compatible; SemrushBot/7~bl; +http://www.semrush.com/bot.html)" "tekmedicgloves.com"
185.191.171.40 - - [08/Sep/2022:17:12:27 -0700] "GET /phpMyAdmin/setup/?token=5de68e38cb62af376f03e32edb68f8c1&version_check=1 HTTP/1.1" 200 12687 "-" "Mozilla/5.0 (compatible; SemrushBot/7~bl; +http://www.semrush.com/bot.html)" "tekmedicgloves.com"
185.191.171.39 - - [08/Sep/2022:17:12:36 -0700] "GET /phpMyAdmin/setup/index.php?token=f9fac8b38534c363efe9118013c4465b&version_check=1 HTTP/1.1" 200 12705 "-" "Mozilla/5.0 (compatible; SemrushBot/7~bl; +http://www.semrush.com/bot.html)" "tekmedicgloves.com"
185.191.171.2 - - [08/Sep/2022:17:12:36 -0700] "GET /phpMyAdmin/setup/?token=31690db44853930ab7f0e42dbd9d2ac6&version_check=1 HTTP/1.1" 200 12691 "-" "Mozilla/5.0 (compatible; SemrushBot/7~bl; +http://www.semrush.com/bot.html)" "www.tekmedicgloves.com"
185.191.171.40 - - [08/Sep/2022:17:12:44 -0700] "GET /phpMyAdmin/setup/?token=6ca2d6f8803517c7386fcbd085223d82&version_check=1 HTTP/1.1" 200 12691 "-" "Mozilla/5.0 (compatible; SemrushBot/7~bl; +http://www.semrush.com/bot.html)" "www.tekmedicgloves.com"
185.191.171.24 - - [08/Sep/2022:17:12:49 -0700] "GET /phpMyAdmin/setup/?token=72526762caa89749760b1bbb2b6063fe&version_check=1 HTTP/1.1" 200 12691 "-" "Mozilla/5.0 (compatible; SemrushBot/7~bl; +http://www.semrush.com/bot.html)" "www.tekmedicgloves.com"
185.191.171.10 - - [08/Sep/2022:17:12:51 -0700] "GET /phpMyAdmin/setup/?token=7b65f7e096d3d5690f0390a98f259114&version_check=1 HTTP/1.1" 200 12691 "-" "Mozilla/5.0 (compatible; SemrushBot/7~bl; +http://www.semrush.com/bot.html)" "www.tekmedicgloves.com"
185.191.171.1 - - [08/Sep/2022:17:13:15 -0700] "GET /phpMyAdmin/setup/?token=c157b5a010eec154573a3742040061d3&version_check=1 HTTP/1.1" 200 12691 "-" "Mozilla/5.0 (compatible; SemrushBot/7~bl; +http://www.semrush.com/bot.html)" "www.tekmedicgloves.com"
185.191.171.11 - - [08/Sep/2022:17:13:24 -0700] "GET /phpMyAdmin/setup/?token=2d95dc965c58ae229ba41fbc81c0b4dc&version_check=1 HTTP/1.1" 200 12691 "-" "Mozilla/5.0 (compatible; SemrushBot/7~bl; +http://www.semrush.com/bot.html)" "www.tekmedicgloves.com"
185.191.171.19 - - [08/Sep/2022:17:14:03 -0700] "GET /phpMyAdmin/setup/?token=b87565f5a5e208ef73dfab60a1ff28aa&version_check=1 HTTP/1.1" 200 12691 "-" "Mozilla/5.0 (compatible; SemrushBot/7~bl; +http://www.semrush.com/bot.html)" "www.tekmedicgloves.com"
185.191.171.8 - - [08/Sep/2022:17:14:13 -0700] "GET /phpMyAdmin/setup/?token=a925c223a216bf20903d0ad622a9155e&version_check=1 HTTP/1.1" 200 12691 "-" "Mozilla/5.0 (compatible; SemrushBot/7~bl; +http://www.semrush.com/bot.html)" "www.tekmedicgloves.com"
185.191.171.44 - - [08/Sep/2022:17:14:21 -0700] "GET /phpMyAdmin/setup/?token=53e7728d9ce5921bdda0c5d9a31d4324&version_check=1 HTTP/1.1" 200 12687 "-" "Mozilla/5.0 (compatible; SemrushBot/7~bl; +http://www.semrush.com/bot.html)" "tekmedicgloves.com"
185.191.171.7 - - [08/Sep/2022:17:14:28 -0700] "GET /phpMyAdmin/setup/?token=4dcf9d386c89b7b8b9f60fd727c82824&version_check=1 HTTP/1.1" 200 12687 "-" "Mozilla/5.0 (compatible; SemrushBot/7~bl; +http://www.semrush.com/bot.html)" "tekmedicgloves.com"
185.191.171.1 - - [08/Sep/2022:17:14:31 -0700] "GET /phpMyAdmin/setup/?token=a7ed8bdc51e2ec79121a83d6eaeda78e&version_check=1 HTTP/1.1" 200 12691 "-" "Mozilla/5.0 (compatible; SemrushBot/7~bl; +http://www.semrush.com/bot.html)" "www.tekmedicgloves.com"
185.191.171.7 - - [08/Sep/2022:17:14:35 -0700] "GET /phpMyAdmin/setup/index.php?token=6e89213d27683de504a5394f8180a141&version_check=1 HTTP/1.1" 200 12705 "-" "Mozilla/5.0 (compatible; SemrushBot/7~bl; +http://www.semrush.com/bot.html)" "tekmedicgloves.com"
185.191.171.2 - - [08/Sep/2022:17:14:43 -0700] "GET /phpMyAdmin/setup/index.php?token=bfa157c0a7b6f6316b04a68370e98df1&version_check=1 HTTP/1.1" 200 12705 "-" "Mozilla/5.0 (compatible; SemrushBot/7~bl; +http://www.semrush.com/bot.html)" "tekmedicgloves.com"
185.191.171.42 - - [08/Sep/2022:17:14:44 -0700] "GET /phpMyAdmin/setup/?token=e84d4f70ce5e6e5cb24afc5a9b68b36b&version_check=1 HTTP/1.1" 200 12691 "-" "Mozilla/5.0 (compatible; SemrushBot/7~bl; +http://www.semrush.com/bot.html)" "www.tekmedicgloves.com"
185.191.171.37 - - [08/Sep/2022:17:14:57 -0700] "GET /phpMyAdmin/setup/?token=a4ce7ef78dde5f7d7e1f28be76b5c3a5&version_check=1 HTTP/1.1" 200 12687 "-" "Mozilla/5.0 (compatible; SemrushBot/7~bl; +http://www.semrush.com/bot.html)" "tekmedicgloves.com"
185.191.171.41 - - [08/Sep/2022:17:15:01 -0700] "GET /phpMyAdmin/setup/?token=03aa3098e9a2a181a06bc6a92bba2979&version_check=1 HTTP/1.1" 200 12691 "-" "Mozilla/5.0 (compatible; SemrushBot/7~bl; +http://www.semrush.com/bot.html)" "www.tekmedicgloves.com"
185.191.171.9 - - [08/Sep/2022:17:15:08 -0700] "GET /phpMyAdmin/setup/?token=5008171934c8b78ccd4834aca96e46d6&version_check=1 HTTP/1.1" 200 12687 "-" "Mozilla/5.0 (compatible; SemrushBot/7~bl; +http://www.semrush.com/bot.html)" "tekmedicgloves.com"
185.191.171.45 - - [08/Sep/2022:17:15:22 -0700] "GET /phpMyAdmin/setup/?token=22c66495b4640c681b27d5456a0fc986&version_check=1 HTTP/1.1" 200 12687 "-" "Mozilla/5.0 (compatible; SemrushBot/7~bl; +http://www.semrush.com/bot.html)" "tekmedicgloves.com"
185.191.171.11 - - [08/Sep/2022:17:15:50 -0700] "GET /phpMyAdmin/setup/index.php?token=40067f50346a490579cf4ff5de549ac5&version_check=1 HTTP/1.1" 200 12705 "-" "Mozilla/5.0 (compatible; SemrushBot/7~bl; +http://www.semrush.com/bot.html)" "tekmedicgloves.com"
185.191.171.42 - - [08/Sep/2022:17:16:35 -0700] "GET /phpMyAdmin/setup/?token=89947114855faa85e70a24043a1ac504&version_check=1 HTTP/1.1" 200 12691 "-" "Mozilla/5.0 (compatible; SemrushBot/7~bl; +http://www.semrush.com/bot.html)" "www.tekmedicgloves.com"
185.191.171.25 - - [08/Sep/2022:17:16:50 -0700] "GET /phpMyAdmin/setup/?token=4cbce56fda3a3f47d7d0300e6abee271&version_check=1 HTTP/1.1" 200 12687 "-" "Mozilla/5.0 (compatible; SemrushBot/7~bl; +http://www.semrush.com/bot.html)" "tekmedicgloves.com"
185.191.171.24 - - [08/Sep/2022:17:17:09 -0700] "GET /phpMyAdmin/setup/index.php?token=bc6e9cfdcdd6f73f5d5437f348391a96&version_check=1 HTTP/1.1" 200 12709 "-" "Mozilla/5.0 (compatible; SemrushBot/7~bl; +http://www.semrush.com/bot.html)" "www.tekmedicgloves.com"
185.191.171.38 - - [08/Sep/2022:17:17:20 -0700] "GET /phpMyAdmin/setup/?token=2a4a0fa224203fc87f119c802f03eb39&version_check=1 HTTP/1.1" 200 12687 "-" "Mozilla/5.0 (compatible; SemrushBot/7~bl; +http://www.semrush.com/bot.html)" "tekmedicgloves.com"
185.191.171.42 - - [08/Sep/2022:17:17:23 -0700] "GET /robots.txt HTTP/1.1" 404 88 "-" "Mozilla/5.0 (compatible; SemrushBot/7~bl; +http://www.semrush.com/bot.html)" "www.tekmedicgloves.com"
185.191.171.17 - - [08/Sep/2022:17:17:23 -0700] "GET /phpMyAdmin/setup/?token=2c61c656c5162b670182db21d321f295&version_check=1 HTTP/1.1" 200 12691 "-" "Mozilla/5.0 (compatible; SemrushBot/7~bl; +http://www.semrush.com/bot.html)" "www.tekmedicgloves.com"
185.191.171.11 - - [08/Sep/2022:17:17:37 -0700] "GET /phpMyAdmin/setup/?token=4c60ef902905c50f97c96380a4ad017f&version_check=1 HTTP/1.1" 200 12687 "-" "Mozilla/5.0 (compatible; SemrushBot/7~bl; +http://www.semrush.com/bot.html)" "tekmedicgloves.com"
185.191.171.17 - - [08/Sep/2022:17:17:37 -0700] "GET /phpMyAdmin/setup/?token=08e7543542be85f72bcfc9a48fbaee19&version_check=1 HTTP/1.1" 200 12691 "-" "Mozilla/5.0 (compatible; SemrushBot/7~bl; +http://www.semrush.com/bot.html)" "www.tekmedicgloves.com"
185.191.171.10 - - [08/Sep/2022:17:17:41 -0700] "GET /phpMyAdmin/setup/index.php?token=98238af255d6168d27155bcb02b9dc75&version_check=1 HTTP/1.1" 200 12705 "-" "Mozilla/5.0 (compatible; SemrushBot/7~bl; +http://www.semrush.com/bot.html)" "tekmedicgloves.com"
185.191.171.26 - - [08/Sep/2022:17:17:45 -0700] "GET /phpMyAdmin/setup/?token=8e489e8a4ec67b3a6cd88838c8f9ceac&version_check=1 HTTP/1.1" 200 12687 "-" "Mozilla/5.0 (compatible; SemrushBot/7~bl; +http://www.semrush.com/bot.html)" "tekmedicgloves.com"
185.191.171.5 - - [08/Sep/2022:17:17:58 -0700] "GET /phpMyAdmin/setup/?token=96f0a72c72485b48321d436ca2648668&version_check=1 HTTP/1.1" 200 12687 "-" "Mozilla/5.0 (compatible; SemrushBot/7~bl; +http://www.semrush.com/bot.html)" "tekmedicgloves.com"
185.191.171.24 - - [08/Sep/2022:17:18:16 -0700] "GET /phpMyAdmin/setup/?token=b73684985e9650787190afcba7769287&version_check=1 HTTP/1.1" 200 12691 "-" "Mozilla/5.0 (compatible; SemrushBot/7~bl; +http://www.semrush.com/bot.html)" "www.tekmedicgloves.com"
185.191.171.43 - - [08/Sep/2022:17:18:28 -0700] "GET /phpMyAdmin/setup/index.php?token=bd919b9a498367e1e7c7d76583a704a1&version_check=1 HTTP/1.1" 200 12705 "-" "Mozilla/5.0 (compatible; SemrushBot/7~bl; +http://www.semrush.com/bot.html)" "tekmedicgloves.com"
185.191.171.45 - - [08/Sep/2022:17:18:30 -0700] "GET /phpMyAdmin/setup/index.php?token=a0197d513ae3752bad7e40e2bbdb753b&version_check=1 HTTP/1.1" 200 12705 "-" "Mozilla/5.0 (compatible; SemrushBot/7~bl; +http://www.semrush.com/bot.html)" "tekmedicgloves.com"
185.191.171.45 - - [08/Sep/2022:17:18:46 -0700] "GET /phpMyAdmin/setup/?token=3a55a1698b62e5520e19146e4f3b1505&version_check=1 HTTP/1.1" 200 12687 "-" "Mozilla/5.0 (compatible; SemrushBot/7~bl; +http://www.semrush.com/bot.html)" "tekmedicgloves.com"
185.191.171.1 - - [08/Sep/2022:17:18:52 -0700] "GET /phpMyAdmin/setup/index.php?token=ad0ccbb70746c6b8429958e1ee153456&version_check=1 HTTP/1.1" 200 12705 "-" "Mozilla/5.0 (compatible; SemrushBot/7~bl; +http://www.semrush.com/bot.html)" "tekmedicgloves.com"
185.191.171.26 - - [08/Sep/2022:17:19:09 -0700] "GET /phpMyAdmin/setup/index.php?token=93f0f0291295c35a278306e39e7e2d8e&version_check=1 HTTP/1.1" 200 12705 "-" "Mozilla/5.0 (compatible; SemrushBot/7~bl; +http://www.semrush.com/bot.html)" "tekmedicgloves.com"
185.191.171.42 - - [08/Sep/2022:17:19:13 -0700] "GET /phpMyAdmin/setup/index.php?token=10094eb3f46cb1fbad3bf6546b878629&version_check=1 HTTP/1.1" 200 12709 "-" "Mozilla/5.0 (compatible; SemrushBot/7~bl; +http://www.semrush.com/bot.html)" "www.tekmedicgloves.com"
185.191.171.38 - - [08/Sep/2022:17:19:21 -0700] "GET /phpMyAdmin/setup/?token=0dfd8979792ea8d15d619e7078ab55fe&version_check=1 HTTP/1.1" 200 12691 "-" "Mozilla/5.0 (compatible; SemrushBot/7~bl; +http://www.semrush.com/bot.html)" "www.tekmedicgloves.com"
185.191.171.42 - - [08/Sep/2022:17:19:25 -0700] "GET /phpMyAdmin/setup/?token=6be08bdb57f8311fe1d14f827ba1baf8&version_check=1 HTTP/1.1" 200 12687 "-" "Mozilla/5.0 (compatible; SemrushBot/7~bl; +http://www.semrush.com/bot.html)" "tekmedicgloves.com"
185.191.171.5 - - [08/Sep/2022:17:19:33 -0700] "GET /phpMyAdmin/setup/?token=efb2beea06923763bc8e2416881099aa&version_check=1 HTTP/1.1" 200 12687 "-" "Mozilla/5.0 (compatible; SemrushBot/7~bl; +http://www.semrush.com/bot.html)" "tekmedicgloves.com"
185.191.171.21 - - [08/Sep/2022:17:19:38 -0700] "GET /robots.txt HTTP/1.1" 404 88 "-" "Mozilla/5.0 (compatible; SemrushBot/7~bl; +http://www.semrush.com/bot.html)" "tekmedicgloves.com"
185.191.171.4 - - [08/Sep/2022:17:19:40 -0700] "GET /phpMyAdmin/setup/?token=6511ac59655ad052372dc0d98daab838&version_check=1 HTTP/1.1" 200 12687 "-" "Mozilla/5.0 (compatible; SemrushBot/7~bl; +http://www.semrush.com/bot.html)" "tekmedicgloves.com"
185.191.171.9 - - [08/Sep/2022:17:19:41 -0700] "GET /phpMyAdmin/setup/?token=f84a364393df8b2e5f9e95b339b5c1e3&version_check=1 HTTP/1.1" 200 12691 "-" "Mozilla/5.0 (compatible; SemrushBot/7~bl; +http://www.semrush.com/bot.html)" "www.tekmedicgloves.com"
185.191.171.9 - - [08/Sep/2022:17:19:46 -0700] "GET /phpMyAdmin/setup/?token=3a286a22b0e45ef82d27ac22c07b06c0&version_check=1 HTTP/1.1" 200 12691 "-" "Mozilla/5.0 (compatible; SemrushBot/7~bl; +http://www.semrush.com/bot.html)" "www.tekmedicgloves.com"
185.191.171.10 - - [08/Sep/2022:17:19:51 -0700] "GET /phpMyAdmin/setup/?token=eff3a7d1f0d07382b48ccb650d58720f&version_check=1 HTTP/1.1" 200 12691 "-" "Mozilla/5.0 (compatible; SemrushBot/7~bl; +http://www.semrush.com/bot.html)" "www.tekmedicgloves.com"
185.191.171.15 - - [08/Sep/2022:17:20:07 -0700] "GET /phpMyAdmin/setup/index.php?token=976c0a5dff9841f2025c02d427cee026&version_check=1 HTTP/1.1" 200 12705 "-" "Mozilla/5.0 (compatible; SemrushBot/7~bl; +http://www.semrush.com/bot.html)" "tekmedicgloves.com"
185.191.171.5 - - [08/Sep/2022:17:20:14 -0700] "GET /phpMyAdmin/setup/?token=7788cd812c4b54ed3a2a96d4681baefd&version_check=1 HTTP/1.1" 200 12691 "-" "Mozilla/5.0 (compatible; SemrushBot/7~bl; +http://www.semrush.com/bot.html)" "www.tekmedicgloves.com"
185.191.171.6 - - [08/Sep/2022:17:20:21 -0700] "GET /phpMyAdmin/setup/?token=79b996760a1e8125736cb036576caa3e&version_check=1 HTTP/1.1" 200 12687 "-" "Mozilla/5.0 (compatible; SemrushBot/7~bl; +http://www.semrush.com/bot.html)" "tekmedicgloves.com"
77.88.5.213 - - [08/Sep/2022:17:20:27 -0700] "GET /robots.txt HTTP/1.1" 404 73 "-" "Mozilla/5.0 (compatible; YandexBot/3.0; +http://yandex.com/bots)" "www.tekmedicgloves.com"
77.88.5.233 - - [08/Sep/2022:17:20:28 -0700] "GET /robots.txt HTTP/1.1" 404 73 "-" "Mozilla/5.0 (compatible; YandexBot/3.0; +http://yandex.com/bots)" "tekmedicgloves.com"
77.88.5.172 - - [08/Sep/2022:17:20:31 -0700] "GET / HTTP/1.1" 200 347 "-" "Mozilla/5.0 (compatible; YandexBot/3.0; +http://yandex.com/bots)" "www.tekmedicgloves.com"
77.88.5.171 - - [08/Sep/2022:17:20:32 -0700] "GET / HTTP/1.1" 200 347 "-" "Mozilla/5.0 (compatible; YandexBot/3.0; +http://yandex.com/bots)" "tekmedicgloves.com"
185.191.171.10 - - [08/Sep/2022:17:21:13 -0700] "GET /phpMyAdmin/setup/index.php?token=9d57888d88b36a5309331e7d8bd76eac&version_check=1 HTTP/1.1" 200 12709 "-" "Mozilla/5.0 (compatible; SemrushBot/7~bl; +http://www.semrush.com/bot.html)" "www.tekmedicgloves.com"
77.88.5.158 - - [08/Sep/2022:17:21:15 -0700] "GET /robots.txt HTTP/1.1" 404 73 "-" "Mozilla/5.0 (compatible; YandexBot/3.0; +http://yandex.com/bots)" "tekmedicgloves.com"
185.191.171.40 - - [08/Sep/2022:17:21:19 -0700] "GET /phpMyAdmin/setup/?token=1bc182f6baa0466d328c9c399c63fbc4&version_check=1 HTTP/1.1" 200 12691 "-" "Mozilla/5.0 (compatible; SemrushBot/7~bl; +http://www.semrush.com/bot.html)" "www.tekmedicgloves.com"
77.88.5.158 - - [08/Sep/2022:17:21:19 -0700] "GET / HTTP/1.1" 200 347 "-" "Mozilla/5.0 (compatible; YandexBot/3.0; +http://yandex.com/bots)" "tekmedicgloves.com"
77.88.5.172 - - [08/Sep/2022:17:21:23 -0700] "GET /robots.txt HTTP/1.1" 404 73 "-" "Mozilla/5.0 (compatible; YandexBot/3.0; +http://yandex.com/bots)" "www.tekmedicgloves.com"
77.88.5.172 - - [08/Sep/2022:17:21:26 -0700] "GET / HTTP/1.1" 200 347 "-" "Mozilla/5.0 (compatible; YandexBot/3.0; +http://yandex.com/bots)" "www.tekmedicgloves.com"
185.191.171.1 - - [08/Sep/2022:17:21:40 -0700] "GET /phpMyAdmin/setup/?token=a544d3e51fbf5e66495953c079ddbc3e&version_check=1 HTTP/1.1" 200 12687 "-" "Mozilla/5.0 (compatible; SemrushBot/7~bl; +http://www.semrush.com/bot.html)" "tekmedicgloves.com"
185.191.171.6 - - [08/Sep/2022:17:21:42 -0700] "GET /phpMyAdmin/setup/?token=05e543f71a7a089a47723324c1f8d7a5&version_check=1 HTTP/1.1" 200 12687 "-" "Mozilla/5.0 (compatible; SemrushBot/7~bl; +http://www.semrush.com/bot.html)" "tekmedicgloves.com"
185.191.171.40 - - [08/Sep/2022:17:21:53 -0700] "GET /phpMyAdmin/setup/?token=3e349345727dbeb62aa1d588925b38fe&version_check=1 HTTP/1.1" 200 12687 "-" "Mozilla/5.0 (compatible; SemrushBot/7~bl; +http://www.semrush.com/bot.html)" "tekmedicgloves.com"
185.191.171.6 - - [08/Sep/2022:17:21:56 -0700] "GET /phpMyAdmin/setup/?token=9bbb39fd674febd3bee8593e8bde3baa&version_check=1 HTTP/1.1" 200 12687 "-" "Mozilla/5.0 (compatible; SemrushBot/7~bl; +http://www.semrush.com/bot.html)" "tekmedicgloves.com"
185.191.171.26 - - [08/Sep/2022:17:22:11 -0700] "GET /phpMyAdmin/setup/?token=50245e8af1e95fbe1623e710f4456c15&version_check=1 HTTP/1.1" 200 12691 "-" "Mozilla/5.0 (compatible; SemrushBot/7~bl; +http://www.semrush.com/bot.html)" "www.tekmedicgloves.com"
185.191.171.13 - - [08/Sep/2022:17:22:21 -0700] "GET /phpMyAdmin/setup/index.php?token=ab4e5247d04d4e2840144ca2b8ec3955&version_check=1 HTTP/1.1" 200 12705 "-" "Mozilla/5.0 (compatible; SemrushBot/7~bl; +http://www.semrush.com/bot.html)" "tekmedicgloves.com"
185.191.171.4 - - [08/Sep/2022:17:22:23 -0700] "GET /phpMyAdmin/setup/?token=2852061cdb9069f60489de43b0bfe4d2&version_check=1 HTTP/1.1" 200 12687 "-" "Mozilla/5.0 (compatible; SemrushBot/7~bl; +http://www.semrush.com/bot.html)" "tekmedicgloves.com"
185.191.171.13 - - [08/Sep/2022:17:22:35 -0700] "GET /phpMyAdmin/setup/?token=8a7e6d9a93d0a05f410a455e44d39bbd&version_check=1 HTTP/1.1" 200 12687 "-" "Mozilla/5.0 (compatible; SemrushBot/7~bl; +http://www.semrush.com/bot.html)" "tekmedicgloves.com"
185.191.171.4 - - [08/Sep/2022:17:22:40 -0700] "GET /phpMyAdmin/setup/?token=2f5fad5ff5a90bd64f0cb3a995b617c6&version_check=1 HTTP/1.1" 200 12691 "-" "Mozilla/5.0 (compatible; SemrushBot/7~bl; +http://www.semrush.com/bot.html)" "www.tekmedicgloves.com"
185.191.171.24 - - [08/Sep/2022:17:22:40 -0700] "GET /phpMyAdmin/setup/?token=c2ee1bd974167a07e21682333b12636b&version_check=1 HTTP/1.1" 200 12687 "-" "Mozilla/5.0 (compatible; SemrushBot/7~bl; +http://www.semrush.com/bot.html)" "tekmedicgloves.com"
185.191.171.37 - - [08/Sep/2022:17:22:53 -0700] "GET /phpMyAdmin/setup/?token=c5603eb79c25886a301f29a93efb0832&version_check=1 HTTP/1.1" 200 12691 "-" "Mozilla/5.0 (compatible; SemrushBot/7~bl; +http://www.semrush.com/bot.html)" "www.tekmedicgloves.com"
185.191.171.26 - - [08/Sep/2022:17:22:56 -0700] "GET /phpMyAdmin/setup/?token=8acfa52c67699017cb6301a2b8d54e50&version_check=1 HTTP/1.1" 200 12691 "-" "Mozilla/5.0 (compatible; SemrushBot/7~bl; +http://www.semrush.com/bot.html)" "www.tekmedicgloves.com"
185.191.171.37 - - [08/Sep/2022:17:23:03 -0700] "GET /phpMyAdmin/setup/?token=0c7a1c4b44852bbed7052c18fcdeedf0&version_check=1 HTTP/1.1" 200 12691 "-" "Mozilla/5.0 (compatible; SemrushBot/7~bl; +http://www.semrush.com/bot.html)" "www.tekmedicgloves.com"
185.191.171.15 - - [08/Sep/2022:17:23:08 -0700] "GET /phpMyAdmin/setup/index.php?token=e994324e0f39056a26b3b6ef06d26f8f&version_check=1 HTTP/1.1" 200 12705 "-" "Mozilla/5.0 (compatible; SemrushBot/7~bl; +http://www.semrush.com/bot.html)" "tekmedicgloves.com"
185.191.171.36 - - [08/Sep/2022:17:23:12 -0700] "GET /phpMyAdmin/setup/?token=8a252bb8e384763507d77b323e996fc2&version_check=1 HTTP/1.1" 200 12691 "-" "Mozilla/5.0 (compatible; SemrushBot/7~bl; +http://www.semrush.com/bot.html)" "www.tekmedicgloves.com"
185.191.171.37 - - [08/Sep/2022:17:23:19 -0700] "GET /phpMyAdmin/setup/?token=0820ef828aa8e82341391d00a29ad8c0&version_check=1 HTTP/1.1" 200 12691 "-" "Mozilla/5.0 (compatible; SemrushBot/7~bl; +http://www.semrush.com/bot.html)" "www.tekmedicgloves.com"
185.191.171.3 - - [08/Sep/2022:17:23:30 -0700] "GET /phpMyAdmin/setup/?token=e2ca14e8225f7a4ab50347cec0bc277a&version_check=1 HTTP/1.1" 200 12687 "-" "Mozilla/5.0 (compatible; SemrushBot/7~bl; +http://www.semrush.com/bot.html)" "tekmedicgloves.com"
185.191.171.37 - - [08/Sep/2022:17:23:39 -0700] "GET /phpMyAdmin/setup/?token=fe70709216702f06838b204aa8bfa29a&version_check=1 HTTP/1.1" 200 12691 "-" "Mozilla/5.0 (compatible; SemrushBot/7~bl; +http://www.semrush.com/bot.html)" "www.tekmedicgloves.com"
185.191.171.23 - - [08/Sep/2022:17:23:45 -0700] "GET /phpMyAdmin/setup/?token=b9600ad2fd6d4f31a23ca387b5688d3b&version_check=1 HTTP/1.1" 200 12691 "-" "Mozilla/5.0 (compatible; SemrushBot/7~bl; +http://www.semrush.com/bot.html)" "www.tekmedicgloves.com"
185.191.171.11 - - [08/Sep/2022:17:23:54 -0700] "GET /phpMyAdmin/setup/?token=23039b6856a9f12270244fa676943718&version_check=1 HTTP/1.1" 200 12691 "-" "Mozilla/5.0 (compatible; SemrushBot/7~bl; +http://www.semrush.com/bot.html)" "www.tekmedicgloves.com"
185.191.171.13 - - [08/Sep/2022:17:23:59 -0700] "GET /phpMyAdmin/setup/index.php?token=754dfa0223d5e4ad6470a8b1c8a2f2ba&version_check=1 HTTP/1.1" 200 12705 "-" "Mozilla/5.0 (compatible; SemrushBot/7~bl; +http://www.semrush.com/bot.html)" "tekmedicgloves.com"
185.191.171.43 - - [08/Sep/2022:17:24:06 -0700] "GET /phpMyAdmin/setup/?token=338a76d12dada27e33b8e10e037769f0&version_check=1 HTTP/1.1" 200 12691 "-" "Mozilla/5.0 (compatible; SemrushBot/7~bl; +http://www.semrush.com/bot.html)" "www.tekmedicgloves.com"
185.191.171.43 - - [08/Sep/2022:17:24:13 -0700] "GET /phpMyAdmin/setup/?token=af38db80852012345b5bf6e926b624cf&version_check=1 HTTP/1.1" 200 12687 "-" "Mozilla/5.0 (compatible; SemrushBot/7~bl; +http://www.semrush.com/bot.html)" "tekmedicgloves.com"
185.191.171.39 - - [08/Sep/2022:17:24:17 -0700] "GET /phpMyAdmin/setup/?token=cdf193960e038d001336a9c02e809ded&version_check=1 HTTP/1.1" 200 12687 "-" "Mozilla/5.0 (compatible; SemrushBot/7~bl; +http://www.semrush.com/bot.html)" "tekmedicgloves.com"
157.55.39.200 - - [08/Sep/2022:17:24:23 -0700] "GET /robots.txt HTTP/1.1" 404 88 "-" "Mozilla/5.0 AppleWebKit/537.36 (KHTML, like Gecko; compatible; bingbot/2.0; +http://www.bing.com/bingbot.htm) Chrome/103.0.5060.134 Safari/537.36" "tekmedicgloves.com"
40.77.167.24 - - [08/Sep/2022:17:24:27 -0700] "GET /beta/home.php HTTP/1.1" 200 35074 "-" "Mozilla/5.0 (compatible; bingbot/2.0; +http://www.bing.com/bingbot.htm)" "tekmedicgloves.com"
157.55.39.223 - - [08/Sep/2022:17:24:42 -0700] "GET /beta/wp-content/plugins/cherry-plugin/lib/js/jquery.easing.1.3.js HTTP/1.1" 200 814 "-" "Mozilla/5.0 (compatible; bingbot/2.0; +http://www.bing.com/bingbot.htm)" "tekmedicgloves.com"
157.55.39.223 - - [08/Sep/2022:17:24:42 -0700] "GET /beta/wp-content/themes/CherryFramework/js/jquery.ba-resize.min.js HTTP/1.1" 200 616 "-" "Mozilla/5.0 (compatible; bingbot/2.0; +http://www.bing.com/bingbot.htm)" "tekmedicgloves.com"
157.55.39.223 - - [08/Sep/2022:17:24:42 -0700] "GET /beta/wp-content/themes/theme48838/bootstrap/css/responsive.css HTTP/1.1" 200 4226 "-" "Mozilla/5.0 (compatible; bingbot/2.0; +http://www.bing.com/bingbot.htm)" "tekmedicgloves.com"
157.55.39.223 - - [08/Sep/2022:17:24:42 -0700] "GET /beta/wp-includes/js/swfobject.js HTTP/1.1" 404 88 "-" "Mozilla/5.0 (compatible; bingbot/2.0; +http://www.bing.com/bingbot.htm)" "tekmedicgloves.com"
157.55.39.38 - - [08/Sep/2022:17:24:47 -0700] "GET /beta/wp-content/plugins/cherry-plugin/lib/js/owl-carousel/owl.theme.css HTTP/1.1" 200 606 "-" "Mozilla/5.0 (compatible; bingbot/2.0; +http://www.bing.com/bingbot.htm)" "tekmedicgloves.com"
157.55.39.38 - - [08/Sep/2022:17:24:47 -0700] "GET /beta/wp-content/plugins/contact-form-7/includes/js/scripts.js HTTP/1.1" 200 1850 "-" "Mozilla/5.0 (compatible; bingbot/2.0; +http://www.bing.com/bingbot.htm)" "tekmedicgloves.com"
157.55.39.38 - - [08/Sep/2022:17:24:47 -0700] "GET /beta/wp-content/themes/CherryFramework/js/jquery.debouncedresize.js HTTP/1.1" 200 226 "-" "Mozilla/5.0 (compatible; bingbot/2.0; +http://www.bing.com/bingbot.htm)" "tekmedicgloves.com"
157.55.39.38 - - [08/Sep/2022:17:24:47 -0700] "GET /beta/wp-content/themes/CherryFramework/js/jquery.mobile.customized.min.js HTTP/1.1" 200 6409 "-" "Mozilla/5.0 (compatible; bingbot/2.0; +http://www.bing.com/bingbot.htm)" "tekmedicgloves.com"
157.55.39.38 - - [08/Sep/2022:17:24:47 -0700] "GET /beta/wp-content/themes/theme48838/style.css HTTP/1.1" 200 243 "-" "Mozilla/5.0 (compatible; bingbot/2.0; +http://www.bing.com/bingbot.htm)" "tekmedicgloves.com"
157.55.39.38 - - [08/Sep/2022:17:24:48 -0700] "GET /beta/wp-includes/js/comment-reply.min.js HTTP/1.1" 404 88 "-" "Mozilla/5.0 (compatible; bingbot/2.0; +http://www.bing.com/bingbot.htm)" "tekmedicgloves.com"
185.191.171.14 - - [08/Sep/2022:17:24:48 -0700] "GET /phpMyAdmin/setup/?token=f7f50e9c1c51ff0a2dfa210a21cd094b&version_check=1 HTTP/1.1" 200 12687 "-" "Mozilla/5.0 (compatible; SemrushBot/7~bl; +http://www.semrush.com/bot.html)" "tekmedicgloves.com"
185.191.171.9 - - [08/Sep/2022:17:24:48 -0700] "GET /phpMyAdmin/setup/?token=9fb88520e536b0e01ce2bf955086e627&version_check=1 HTTP/1.1" 200 12691 "-" "Mozilla/5.0 (compatible; SemrushBot/7~bl; +http://www.semrush.com/bot.html)" "www.tekmedicgloves.com"
157.55.39.233 - - [08/Sep/2022:17:24:51 -0700] "GET /beta/wp-content/plugins/cherry-plugin/lib/js/elasti-carousel/jquery.elastislide.js HTTP/1.1" 200 1963 "-" "Mozilla/5.0 (compatible; bingbot/2.0; +http://www.bing.com/bingbot.htm)" "tekmedicgloves.com"
185.191.171.21 - - [08/Sep/2022:17:24:51 -0700] "GET /phpMyAdmin/setup/index.php?token=94cf44bfc2bf87f0ec5970fab192a653&version_check=1 HTTP/1.1" 200 12705 "-" "Mozilla/5.0 (compatible; SemrushBot/7~bl; +http://www.semrush.com/bot.html)" "tekmedicgloves.com"
40.77.167.24 - - [08/Sep/2022:17:24:52 -0700] "GET /beta/wp-content/themes/CherryFramework/js/custom.js HTTP/1.1" 200 2131 "-" "Mozilla/5.0 (compatible; bingbot/2.0; +http://www.bing.com/bingbot.htm)" "tekmedicgloves.com"
40.77.167.24 - - [08/Sep/2022:17:24:52 -0700] "GET /beta/wp-content/themes/CherryFramework/js/modernizr.js HTTP/1.1" 200 5141 "-" "Mozilla/5.0 (compatible; bingbot/2.0; +http://www.bing.com/bingbot.htm)" "tekmedicgloves.com"
40.77.167.24 - - [08/Sep/2022:17:24:52 -0700] "GET /beta/wp-content/themes/theme48838/main-style.css HTTP/1.1" 200 4849 "-" "Mozilla/5.0 (compatible; bingbot/2.0; +http://www.bing.com/bingbot.htm)" "tekmedicgloves.com"
185.191.171.38 - - [08/Sep/2022:17:24:57 -0700] "GET /phpMyAdmin/setup/?token=bdeb2090564a8dac0f66b488948e2cb8&version_check=1 HTTP/1.1" 200 12691 "-" "Mozilla/5.0 (compatible; SemrushBot/7~bl; +http://www.semrush.com/bot.html)" "www.tekmedicgloves.com"
157.55.39.245 - - [08/Sep/2022:17:24:59 -0700] "GET /beta/wp-content/plugins/cherry-plugin/includes/css/cherry-plugin.css HTTP/1.1" 200 4752 "-" "Mozilla/5.0 (compatible; bingbot/2.0; +http://www.bing.com/bingbot.htm)" "tekmedicgloves.com"
157.55.39.245 - - [08/Sep/2022:17:24:59 -0700] "GET /beta/wp-content/plugins/contact-form-7/includes/css/styles.css HTTP/1.1" 200 392 "-" "Mozilla/5.0 (compatible; bingbot/2.0; +http://www.bing.com/bingbot.htm)" "tekmedicgloves.com"
157.55.39.245 - - [08/Sep/2022:17:25:00 -0700] "GET /beta/wp-content/themes/CherryFramework/bootstrap/js/bootstrap.min.js HTTP/1.1" 200 7654 "-" "Mozilla/5.0 (compatible; bingbot/2.0; +http://www.bing.com/bingbot.htm)" "tekmedicgloves.com"
157.55.39.245 - - [08/Sep/2022:17:25:00 -0700] "GET /beta/wp-content/themes/CherryFramework/js/jplayer.playlist.min.js HTTP/1.1" 200 2404 "-" "Mozilla/5.0 (compatible; bingbot/2.0; +http://www.bing.com/bingbot.htm)" "tekmedicgloves.com"
157.55.39.245 - - [08/Sep/2022:17:25:00 -0700] "GET /beta/wp-content/themes/CherryFramework/js/jquery.jplayer.min.js HTTP/1.1" 200 11945 "-" "Mozilla/5.0 (compatible; bingbot/2.0; +http://www.bing.com/bingbot.htm)" "tekmedicgloves.com"
157.55.39.245 - - [08/Sep/2022:17:25:00 -0700] "GET /beta/wp-content/themes/CherryFramework/js/superfish.js HTTP/1.1" 200 1280 "-" "Mozilla/5.0 AppleWebKit/537.36 (KHTML, like Gecko; compatible; bingbot/2.0; +http://www.bing.com/bingbot.htm) Chrome/103.0.5060.134 Safari/537.36" "tekmedicgloves.com"
185.191.171.7 - - [08/Sep/2022:17:25:04 -0700] "GET /phpMyAdmin/setup/?token=85718203adb4641c66a51ccb87ec3241&version_check=1 HTTP/1.1" 200 12691 "-" "Mozilla/5.0 (compatible; SemrushBot/7~bl; +http://www.semrush.com/bot.html)" "www.tekmedicgloves.com"
157.55.39.236 - - [08/Sep/2022:17:25:04 -0700] "GET /beta/wp-content/plugins/cherry-plugin/includes/js/cherry-plugin.js HTTP/1.1" 200 438 "-" "Mozilla/5.0 (compatible; bingbot/2.0; +http://www.bing.com/bingbot.htm)" "tekmedicgloves.com"
157.55.39.236 - - [08/Sep/2022:17:25:04 -0700] "GET /beta/wp-content/plugins/cherry-plugin/lib/js/FlexSlider/flexslider.css HTTP/1.1" 200 1323 "-" "Mozilla/5.0 (compatible; bingbot/2.0; +http://www.bing.com/bingbot.htm)" "tekmedicgloves.com"
157.55.39.236 - - [08/Sep/2022:17:25:05 -0700] "GET /beta/wp-content/plugins/cherry-plugin/lib/js/FlexSlider/jquery.flexslider-min.js HTTP/1.1" 200 5177 "-" "Mozilla/5.0 (compatible; bingbot/2.0; +http://www.bing.com/bingbot.htm)" "tekmedicgloves.com"
157.55.39.236 - - [08/Sep/2022:17:25:05 -0700] "GET /beta/wp-content/themes/CherryFramework/css/camera.css HTTP/1.1" 200 3117 "-" "Mozilla/5.0 (compatible; bingbot/2.0; +http://www.bing.com/bingbot.htm)" "tekmedicgloves.com"
157.55.39.236 - - [08/Sep/2022:17:25:05 -0700] "GET /beta/wp-content/themes/CherryFramework/css/magnific-popup.css HTTP/1.1" 200 2166 "-" "Mozilla/5.0 (compatible; bingbot/2.0; +http://www.bing.com/bingbot.htm)" "tekmedicgloves.com"
157.55.39.236 - - [08/Sep/2022:17:25:05 -0700] "GET /beta/wp-content/themes/CherryFramework/js/jquery-1.7.2.min.js HTTP/1.1" 200 33630 "-" "Mozilla/5.0 (compatible; bingbot/2.0; +http://www.bing.com/bingbot.htm)" "tekmedicgloves.com"
157.55.39.236 - - [08/Sep/2022:17:25:05 -0700] "GET /beta/wp-content/themes/CherryFramework/js/jquery.magnific-popup.min.js HTTP/1.1" 200 7493 "-" "Mozilla/5.0 (compatible; bingbot/2.0; +http://www.bing.com/bingbot.htm)" "tekmedicgloves.com"
157.55.39.236 - - [08/Sep/2022:17:25:06 -0700] "GET /beta/wp-content/themes/CherryFramework/js/jquery.mobilemenu.js HTTP/1.1" 200 908 "-" "Mozilla/5.0 (compatible; bingbot/2.0; +http://www.bing.com/bingbot.htm)" "tekmedicgloves.com"
185.191.171.6 - - [08/Sep/2022:17:25:08 -0700] "GET /phpMyAdmin/setup/?token=ec3cf518afa857084068c150bae2e35b&version_check=1 HTTP/1.1" 200 12691 "-" "Mozilla/5.0 (compatible; SemrushBot/7~bl; +http://www.semrush.com/bot.html)" "www.tekmedicgloves.com"
157.55.39.233 - - [08/Sep/2022:17:25:12 -0700] "GET /beta/wp-content/plugins/contact-form-7/includes/js/jquery.form.min.js HTTP/1.1" 200 5878 "-" "Mozilla/5.0 (compatible; bingbot/2.0; +http://www.bing.com/bingbot.htm)" "tekmedicgloves.com"
157.55.39.233 - - [08/Sep/2022:17:25:13 -0700] "GET /beta/wp-content/themes/CherryFramework/js/camera.min.js HTTP/1.1" 200 8551 "-" "Mozilla/5.0 AppleWebKit/537.36 (KHTML, like Gecko; compatible; bingbot/2.0; +http://www.bing.com/bingbot.htm) Chrome/103.0.5060.134 Safari/537.36" "tekmedicgloves.com"
157.55.39.233 - - [08/Sep/2022:17:25:13 -0700] "GET /beta/wp-content/themes/CherryFramework/js/jflickrfeed.js HTTP/1.1" 200 560 "-" "Mozilla/5.0 AppleWebKit/537.36 (KHTML, like Gecko; compatible; bingbot/2.0; +http://www.bing.com/bingbot.htm) Chrome/103.0.5060.134 Safari/537.36" "tekmedicgloves.com"
185.191.171.24 - - [08/Sep/2022:17:25:38 -0700] "GET /phpMyAdmin/setup/index.php?token=0155bb864307773ee4f410c46c7d0f92&version_check=1 HTTP/1.1" 200 12705 "-" "Mozilla/5.0 (compatible; SemrushBot/7~bl; +http://www.semrush.com/bot.html)" "tekmedicgloves.com"
185.191.171.10 - - [08/Sep/2022:17:25:40 -0700] "GET /phpMyAdmin/setup/?token=ba6aa133f718c82f31b323cad219c9e0&version_check=1 HTTP/1.1" 200 12687 "-" "Mozilla/5.0 (compatible; SemrushBot/7~bl; +http://www.semrush.com/bot.html)" "tekmedicgloves.com"
185.191.171.12 - - [08/Sep/2022:17:25:54 -0700] "GET /phpMyAdmin/setup/?token=a93bfdf055547e8f4cb72151ca030485&version_check=1 HTTP/1.1" 200 12691 "-" "Mozilla/5.0 (compatible; SemrushBot/7~bl; +http://www.semrush.com/bot.html)" "www.tekmedicgloves.com"
185.191.171.17 - - [08/Sep/2022:17:26:04 -0700] "GET /phpMyAdmin/setup/?token=11b443b63f03b3042f776bfa25f5f3d0&version_check=1 HTTP/1.1" 200 12691 "-" "Mozilla/5.0 (compatible; SemrushBot/7~bl; +http://www.semrush.com/bot.html)" "www.tekmedicgloves.com"
185.191.171.24 - - [08/Sep/2022:17:26:45 -0700] "GET /phpMyAdmin/setup/?token=ae5e993a0eb36327556a973c81348c67&version_check=1 HTTP/1.1" 200 12687 "-" "Mozilla/5.0 (compatible; SemrushBot/7~bl; +http://www.semrush.com/bot.html)" "tekmedicgloves.com"
185.191.171.15 - - [08/Sep/2022:17:26:49 -0700] "GET /phpMyAdmin/setup/index.php?token=9774d44e604dc5d304913474711b5461&version_check=1 HTTP/1.1" 200 12705 "-" "Mozilla/5.0 (compatible; SemrushBot/7~bl; +http://www.semrush.com/bot.html)" "tekmedicgloves.com"
185.191.171.40 - - [08/Sep/2022:17:26:52 -0700] "GET /phpMyAdmin/setup/index.php?token=1b658d59c2859f3dccfda2b7e2c2b1aa&version_check=1 HTTP/1.1" 200 12705 "-" "Mozilla/5.0 (compatible; SemrushBot/7~bl; +http://www.semrush.com/bot.html)" "tekmedicgloves.com"
185.191.171.13 - - [08/Sep/2022:17:26:57 -0700] "GET /phpMyAdmin/setup/?token=3f407538b633ecf5b90e0045b8e8e4ca&version_check=1 HTTP/1.1" 200 12691 "-" "Mozilla/5.0 (compatible; SemrushBot/7~bl; +http://www.semrush.com/bot.html)" "www.tekmedicgloves.com"
185.191.171.22 - - [08/Sep/2022:17:26:57 -0700] "GET /phpMyAdmin/setup/?token=6d0015ab0c33caa84feb31601afdf4b0&version_check=1 HTTP/1.1" 200 12687 "-" "Mozilla/5.0 (compatible; SemrushBot/7~bl; +http://www.semrush.com/bot.html)" "tekmedicgloves.com"
185.191.171.12 - - [08/Sep/2022:17:26:59 -0700] "GET /phpMyAdmin/setup/?token=9487aeb14bd2168d459d1c6bc74d2abf&version_check=1 HTTP/1.1" 200 12691 "-" "Mozilla/5.0 (compatible; SemrushBot/7~bl; +http://www.semrush.com/bot.html)" "www.tekmedicgloves.com"
185.191.171.1 - - [08/Sep/2022:17:27:01 -0700] "GET /phpMyAdmin/setup/?token=be7e856d457de848f782203b4a9af575&version_check=1 HTTP/1.1" 200 12691 "-" "Mozilla/5.0 (compatible; SemrushBot/7~bl; +http://www.semrush.com/bot.html)" "www.tekmedicgloves.com"
185.191.171.12 - - [08/Sep/2022:17:27:03 -0700] "GET /phpMyAdmin/setup/?token=32551da458ab21a3d6030acb57c79efa&version_check=1 HTTP/1.1" 200 12691 "-" "Mozilla/5.0 (compatible; SemrushBot/7~bl; +http://www.semrush.com/bot.html)" "www.tekmedicgloves.com"
185.191.171.15 - - [08/Sep/2022:17:27:10 -0700] "GET /phpMyAdmin/setup/index.php?token=9ccbdae765524c1ba1606b975cbdd2c3&version_check=1 HTTP/1.1" 200 12705 "-" "Mozilla/5.0 (compatible; SemrushBot/7~bl; +http://www.semrush.com/bot.html)" "tekmedicgloves.com"
185.191.171.38 - - [08/Sep/2022:17:27:17 -0700] "GET /phpMyAdmin/setup/?token=10b9a0911a1798edda6b395b487be8dc&version_check=1 HTTP/1.1" 200 12691 "-" "Mozilla/5.0 (compatible; SemrushBot/7~bl; +http://www.semrush.com/bot.html)" "www.tekmedicgloves.com"
185.191.171.12 - - [08/Sep/2022:17:27:24 -0700] "GET /phpMyAdmin/setup/index.php?token=af5ce64ffe6420ec99f7fe5fc35730da&version_check=1 HTTP/1.1" 200 12705 "-" "Mozilla/5.0 (compatible; SemrushBot/7~bl; +http://www.semrush.com/bot.html)" "tekmedicgloves.com"
185.191.171.39 - - [08/Sep/2022:17:27:57 -0700] "GET /phpMyAdmin/setup/index.php?token=a812d8f3672775cde083de268dcc22ac&version_check=1 HTTP/1.1" 200 12705 "-" "Mozilla/5.0 (compatible; SemrushBot/7~bl; +http://www.semrush.com/bot.html)" "tekmedicgloves.com"
185.191.171.40 - - [08/Sep/2022:17:28:08 -0700] "GET /phpMyAdmin/setup/?token=edd836babe978150913688aa952c42ff&version_check=1 HTTP/1.1" 200 12687 "-" "Mozilla/5.0 (compatible; SemrushBot/7~bl; +http://www.semrush.com/bot.html)" "tekmedicgloves.com"
185.191.171.39 - - [08/Sep/2022:17:28:22 -0700] "GET /phpMyAdmin/setup/?token=62b4544a01e3fe351dcb1ceda688d99d&version_check=1 HTTP/1.1" 200 12687 "-" "Mozilla/5.0 (compatible; SemrushBot/7~bl; +http://www.semrush.com/bot.html)" "tekmedicgloves.com"
185.191.171.3 - - [08/Sep/2022:17:28:38 -0700] "GET /phpMyAdmin/setup/index.php?token=940ebd80c6b889bfe82fcf7815c4047b&version_check=1 HTTP/1.1" 200 12705 "-" "Mozilla/5.0 (compatible; SemrushBot/7~bl; +http://www.semrush.com/bot.html)" "tekmedicgloves.com"
185.191.171.19 - - [08/Sep/2022:17:28:40 -0700] "GET /phpMyAdmin/setup/?token=42046c857179c8f5369f959d52723c5d&version_check=1 HTTP/1.1" 200 12691 "-" "Mozilla/5.0 (compatible; SemrushBot/7~bl; +http://www.semrush.com/bot.html)" "www.tekmedicgloves.com"
185.191.171.22 - - [08/Sep/2022:17:28:49 -0700] "GET /phpMyAdmin/setup/?token=6c7e3eeb7cabb194a7447516013a6fb7&version_check=1 HTTP/1.1" 200 12687 "-" "Mozilla/5.0 (compatible; SemrushBot/7~bl; +http://www.semrush.com/bot.html)" "tekmedicgloves.com"
185.191.171.13 - - [08/Sep/2022:17:29:32 -0700] "GET /phpMyAdmin/setup/index.php?token=dba371dc2c34353358e176f31a65091f&version_check=1 HTTP/1.1" 200 12705 "-" "Mozilla/5.0 (compatible; SemrushBot/7~bl; +http://www.semrush.com/bot.html)" "tekmedicgloves.com"
185.191.171.13 - - [08/Sep/2022:17:29:32 -0700] "GET /phpMyAdmin/setup/?token=92bbc366b07b32f8b06cbece58fa5137&version_check=1 HTTP/1.1" 200 12691 "-" "Mozilla/5.0 (compatible; SemrushBot/7~bl; +http://www.semrush.com/bot.html)" "www.tekmedicgloves.com"
185.191.171.38 - - [08/Sep/2022:17:29:50 -0700] "GET /phpMyAdmin/setup/?token=45772c01d38ce0aff27ada4d70c82336&version_check=1 HTTP/1.1" 200 12691 "-" "Mozilla/5.0 (compatible; SemrushBot/7~bl; +http://www.semrush.com/bot.html)" "www.tekmedicgloves.com"
185.191.171.4 - - [08/Sep/2022:17:29:57 -0700] "GET /phpMyAdmin/setup/?token=d277abdeec49637ba3aa0fcf21621071&version_check=1 HTTP/1.1" 200 12691 "-" "Mozilla/5.0 (compatible; SemrushBot/7~bl; +http://www.semrush.com/bot.html)" "www.tekmedicgloves.com"
185.191.171.7 - - [08/Sep/2022:17:29:58 -0700] "GET /phpMyAdmin/setup/index.php?token=9593e51837ad19e8892ef2537db505b3&version_check=1 HTTP/1.1" 200 12705 "-" "Mozilla/5.0 (compatible; SemrushBot/7~bl; +http://www.semrush.com/bot.html)" "tekmedicgloves.com"
