185.191.171.8 - - [08/Sep/2022:20:21:44 -0700] "GET /phpMyAdmin/setup/?token=cde2ee3f81c08e89331289cc1c0b9be2&version_check=1 HTTP/1.1" 200 12691 "-" "Mozilla/5.0 (compatible; SemrushBot/7~bl; +http://www.semrush.com/bot.html)" "www.tekmedicgloves.com"
185.191.171.34 - - [08/Sep/2022:20:21:46 -0700] "GET /phpMyAdmin/setup/?token=03b9cf972b7d791d877bb91ed65e3fb7&version_check=1 HTTP/1.1" 200 12691 "-" "Mozilla/5.0 (compatible; SemrushBot/7~bl; +http://www.semrush.com/bot.html)" "www.tekmedicgloves.com"
185.191.171.6 - - [08/Sep/2022:20:21:49 -0700] "GET /phpMyAdmin/setup/?token=9b6a46cb26c840c968925eca4a7c478a&version_check=1 HTTP/1.1" 200 12687 "-" "Mozilla/5.0 (compatible; SemrushBot/7~bl; +http://www.semrush.com/bot.html)" "tekmedicgloves.com"
185.191.171.35 - - [08/Sep/2022:20:22:03 -0700] "GET /phpMyAdmin/setup/?token=f815bf59c48a17cccc12fe13b4ae736f&version_check=1 HTTP/1.1" 200 12691 "-" "Mozilla/5.0 (compatible; SemrushBot/7~bl; +http://www.semrush.com/bot.html)" "www.tekmedicgloves.com"
185.191.171.10 - - [08/Sep/2022:20:22:09 -0700] "GET /phpMyAdmin/setup/index.php?token=7ad03f73398eea921ce424720ab965c0&version_check=1 HTTP/1.1" 200 12705 "-" "Mozilla/5.0 (compatible; SemrushBot/7~bl; +http://www.semrush.com/bot.html)" "tekmedicgloves.com"
185.191.171.25 - - [08/Sep/2022:20:22:12 -0700] "GET /phpMyAdmin/setup/?token=b0281a25cae146decdb1ae99f9be9cfd&version_check=1 HTTP/1.1" 200 12691 "-" "Mozilla/5.0 (compatible; SemrushBot/7~bl; +http://www.semrush.com/bot.html)" "www.tekmedicgloves.com"
185.191.171.42 - - [08/Sep/2022:20:22:24 -0700] "GET /phpMyAdmin/setup/index.php?token=c34ec8dd0c9b37555f372742d509fc37&version_check=1 HTTP/1.1" 200 12705 "-" "Mozilla/5.0 (compatible; SemrushBot/7~bl; +http://www.semrush.com/bot.html)" "tekmedicgloves.com"
185.191.171.41 - - [08/Sep/2022:20:22:42 -0700] "GET /phpMyAdmin/setup/?token=7b28fb0a9afdcbf72db98334c885fd54&version_check=1 HTTP/1.1" 200 12687 "-" "Mozilla/5.0 (compatible; SemrushBot/7~bl; +http://www.semrush.com/bot.html)" "tekmedicgloves.com"
185.191.171.2 - - [08/Sep/2022:20:22:51 -0700] "GET /phpMyAdmin/setup/?token=a83f26f2200c44957caad81a3fafcda0&version_check=1 HTTP/1.1" 200 12691 "-" "Mozilla/5.0 (compatible; SemrushBot/7~bl; +http://www.semrush.com/bot.html)" "www.tekmedicgloves.com"
185.191.171.42 - - [08/Sep/2022:20:23:08 -0700] "GET /phpMyAdmin/setup/?token=799b588ad0eca0a534afe14bcd3026df&version_check=1 HTTP/1.1" 200 12687 "-" "Mozilla/5.0 (compatible; SemrushBot/7~bl; +http://www.semrush.com/bot.html)" "tekmedicgloves.com"
185.191.171.24 - - [08/Sep/2022:20:23:17 -0700] "GET /phpMyAdmin/setup/?token=978d97c84bc5c777db6a7ccaa2398803&version_check=1 HTTP/1.1" 200 12691 "-" "Mozilla/5.0 (compatible; SemrushBot/7~bl; +http://www.semrush.com/bot.html)" "www.tekmedicgloves.com"
185.191.171.16 - - [08/Sep/2022:20:23:18 -0700] "GET /phpMyAdmin/setup/index.php?token=a2fc887e3b392ecd503ebec1fd4e0e4e&version_check=1 HTTP/1.1" 200 12705 "-" "Mozilla/5.0 (compatible; SemrushBot/7~bl; +http://www.semrush.com/bot.html)" "tekmedicgloves.com"
185.191.171.13 - - [08/Sep/2022:20:23:38 -0700] "GET /phpMyAdmin/setup/?token=9ce5e5d2b3d2f58a8623da80be8ff711&version_check=1 HTTP/1.1" 200 12687 "-" "Mozilla/5.0 (compatible; SemrushBot/7~bl; +http://www.semrush.com/bot.html)" "tekmedicgloves.com"
185.191.171.4 - - [08/Sep/2022:20:23:58 -0700] "GET /phpMyAdmin/setup/?token=4a499afdfd35a7b38bdb807010cbf3e4&version_check=1 HTTP/1.1" 200 12687 "-" "Mozilla/5.0 (compatible; SemrushBot/7~bl; +http://www.semrush.com/bot.html)" "tekmedicgloves.com"
185.191.171.3 - - [08/Sep/2022:20:24:07 -0700] "GET /phpMyAdmin/setup/index.php?token=28abd386ce9d96af0e42d8fc95c104dc&version_check=1 HTTP/1.1" 200 12705 "-" "Mozilla/5.0 (compatible; SemrushBot/7~bl; +http://www.semrush.com/bot.html)" "tekmedicgloves.com"
185.191.171.35 - - [08/Sep/2022:20:24:11 -0700] "GET /phpMyAdmin/setup/?token=754b08a25c1e742af369d33ae7e0a76e&version_check=1 HTTP/1.1" 200 12687 "-" "Mozilla/5.0 (compatible; SemrushBot/7~bl; +http://www.semrush.com/bot.html)" "tekmedicgloves.com"
185.191.171.10 - - [08/Sep/2022:20:24:17 -0700] "GET /phpMyAdmin/setup/index.php?token=ed5383794d3ce7f4bde48bd20b40c97e&version_check=1 HTTP/1.1" 200 12705 "-" "Mozilla/5.0 (compatible; SemrushBot/7~bl; +http://www.semrush.com/bot.html)" "tekmedicgloves.com"
185.191.171.26 - - [08/Sep/2022:20:24:21 -0700] "GET /phpMyAdmin/setup/index.php?token=6f11f944542b802b23ddc8fa03f12bdb&version_check=1 HTTP/1.1" 200 12705 "-" "Mozilla/5.0 (compatible; SemrushBot/7~bl; +http://www.semrush.com/bot.html)" "tekmedicgloves.com"
185.191.171.33 - - [08/Sep/2022:20:24:51 -0700] "GET /phpMyAdmin/setup/?token=0a59d812cd12c87987565c752f5d21de&version_check=1 HTTP/1.1" 200 12691 "-" "Mozilla/5.0 (compatible; SemrushBot/7~bl; +http://www.semrush.com/bot.html)" "www.tekmedicgloves.com"
185.191.171.10 - - [08/Sep/2022:20:25:02 -0700] "GET /phpMyAdmin/setup/?token=7892162f029711d08463f539ff9035c6&version_check=1 HTTP/1.1" 200 12691 "-" "Mozilla/5.0 (compatible; SemrushBot/7~bl; +http://www.semrush.com/bot.html)" "www.tekmedicgloves.com"
185.191.171.14 - - [08/Sep/2022:20:25:08 -0700] "GET /phpMyAdmin/setup/index.php?token=e174b645f4eaf2c68df125c8ccf5cfa2&version_check=1 HTTP/1.1" 200 12705 "-" "Mozilla/5.0 (compatible; SemrushBot/7~bl; +http://www.semrush.com/bot.html)" "tekmedicgloves.com"
185.191.171.10 - - [08/Sep/2022:20:25:15 -0700] "GET /phpMyAdmin/setup/?token=d5ec795c3c105f34a4154a2207c9e432&version_check=1 HTTP/1.1" 200 12687 "-" "Mozilla/5.0 (compatible; SemrushBot/7~bl; +http://www.semrush.com/bot.html)" "tekmedicgloves.com"
185.191.171.3 - - [08/Sep/2022:20:25:20 -0700] "GET /phpMyAdmin/setup/?token=61be66c7acb9c40a54f74643e0dcf745&version_check=1 HTTP/1.1" 200 12691 "-" "Mozilla/5.0 (compatible; SemrushBot/7~bl; +http://www.semrush.com/bot.html)" "www.tekmedicgloves.com"
185.191.171.6 - - [08/Sep/2022:20:25:51 -0700] "GET /phpMyAdmin/setup/?token=f87e42c104777f523cfc86bbdb620d48&version_check=1 HTTP/1.1" 200 12691 "-" "Mozilla/5.0 (compatible; SemrushBot/7~bl; +http://www.semrush.com/bot.html)" "www.tekmedicgloves.com"
185.191.171.23 - - [08/Sep/2022:20:25:58 -0700] "GET /phpMyAdmin/setup/?token=babec5253e39ae59a1f7ae5fe7339e71&version_check=1 HTTP/1.1" 200 12687 "-" "Mozilla/5.0 (compatible; SemrushBot/7~bl; +http://www.semrush.com/bot.html)" "tekmedicgloves.com"
185.191.171.5 - - [08/Sep/2022:20:26:05 -0700] "GET /phpMyAdmin/setup/index.php?token=6775cdf8e25a45a420221ef642402368&version_check=1 HTTP/1.1" 200 12705 "-" "Mozilla/5.0 (compatible; SemrushBot/7~bl; +http://www.semrush.com/bot.html)" "tekmedicgloves.com"
185.191.171.10 - - [08/Sep/2022:20:26:07 -0700] "GET /phpMyAdmin/setup/index.php?token=90ba784a3307cc57614e1282c6062d9b&version_check=1 HTTP/1.1" 200 12705 "-" "Mozilla/5.0 (compatible; SemrushBot/7~bl; +http://www.semrush.com/bot.html)" "tekmedicgloves.com"
185.191.171.18 - - [08/Sep/2022:20:26:21 -0700] "GET /phpMyAdmin/setup/?token=2e88261725773afccb5a6ff8eee647cc&version_check=1 HTTP/1.1" 200 12691 "-" "Mozilla/5.0 (compatible; SemrushBot/7~bl; +http://www.semrush.com/bot.html)" "www.tekmedicgloves.com"
185.191.171.10 - - [08/Sep/2022:20:26:23 -0700] "GET /phpMyAdmin/setup/?token=c97d12df9f401c763ab2a4ec1a6074bb&version_check=1 HTTP/1.1" 200 12691 "-" "Mozilla/5.0 (compatible; SemrushBot/7~bl; +http://www.semrush.com/bot.html)" "www.tekmedicgloves.com"
185.191.171.24 - - [08/Sep/2022:20:26:35 -0700] "GET /phpMyAdmin/setup/index.php?token=7f5f428e6dbe1ba0fb3d169e85c023f2&version_check=1 HTTP/1.1" 200 12705 "-" "Mozilla/5.0 (compatible; SemrushBot/7~bl; +http://www.semrush.com/bot.html)" "tekmedicgloves.com"
185.191.171.24 - - [08/Sep/2022:20:26:54 -0700] "GET /phpMyAdmin/setup/?token=17f90dfa18ce54984b3641bebf414eb6&version_check=1 HTTP/1.1" 200 12691 "-" "Mozilla/5.0 (compatible; SemrushBot/7~bl; +http://www.semrush.com/bot.html)" "www.tekmedicgloves.com"
185.191.171.43 - - [08/Sep/2022:20:27:03 -0700] "GET /phpMyAdmin/setup/?token=09153937c3cb1c13e380ae30f0500096&version_check=1 HTTP/1.1" 200 12687 "-" "Mozilla/5.0 (compatible; SemrushBot/7~bl; +http://www.semrush.com/bot.html)" "tekmedicgloves.com"
185.191.171.8 - - [08/Sep/2022:20:27:11 -0700] "GET /phpMyAdmin/setup/?token=d7206cb379eda625baf39f0124c78f4e&version_check=1 HTTP/1.1" 200 12691 "-" "Mozilla/5.0 (compatible; SemrushBot/7~bl; +http://www.semrush.com/bot.html)" "www.tekmedicgloves.com"
185.191.171.12 - - [08/Sep/2022:20:27:33 -0700] "GET /phpMyAdmin/setup/?token=eafcbfce73f372714a564577d4aa09bd&version_check=1 HTTP/1.1" 200 12687 "-" "Mozilla/5.0 (compatible; SemrushBot/7~bl; +http://www.semrush.com/bot.html)" "tekmedicgloves.com"
185.191.171.39 - - [08/Sep/2022:20:28:22 -0700] "GET /phpMyAdmin/setup/?token=9cd87df03a60f77fe72f71bd95da89f2&version_check=1 HTTP/1.1" 200 12687 "-" "Mozilla/5.0 (compatible; SemrushBot/7~bl; +http://www.semrush.com/bot.html)" "tekmedicgloves.com"
185.191.171.33 - - [08/Sep/2022:20:28:24 -0700] "GET /phpMyAdmin/setup/?token=9375d788d0c2d268bc0f422506f858ae&version_check=1 HTTP/1.1" 200 12687 "-" "Mozilla/5.0 (compatible; SemrushBot/7~bl; +http://www.semrush.com/bot.html)" "tekmedicgloves.com"
185.191.171.6 - - [08/Sep/2022:20:28:30 -0700] "GET /phpMyAdmin/setup/?token=4a81714c45bbe7c62e533ed689442d9e&version_check=1 HTTP/1.1" 200 12691 "-" "Mozilla/5.0 (compatible; SemrushBot/7~bl; +http://www.semrush.com/bot.html)" "www.tekmedicgloves.com"
185.191.171.11 - - [08/Sep/2022:20:28:32 -0700] "GET /phpMyAdmin/setup/?token=7a0910399a281b637fbd8716ad623180&version_check=1 HTTP/1.1" 200 12691 "-" "Mozilla/5.0 (compatible; SemrushBot/7~bl; +http://www.semrush.com/bot.html)" "www.tekmedicgloves.com"
185.191.171.3 - - [08/Sep/2022:20:28:34 -0700] "GET /phpMyAdmin/setup/?token=5f3ed0e610b11b63e3b537c3ac24048e&version_check=1 HTTP/1.1" 200 12687 "-" "Mozilla/5.0 (compatible; SemrushBot/7~bl; +http://www.semrush.com/bot.html)" "tekmedicgloves.com"
185.191.171.33 - - [08/Sep/2022:20:28:45 -0700] "GET /phpMyAdmin/setup/?token=770608b322fd11356c0d6e38a813f5b4&version_check=1 HTTP/1.1" 200 12687 "-" "Mozilla/5.0 (compatible; SemrushBot/7~bl; +http://www.semrush.com/bot.html)" "tekmedicgloves.com"
185.191.171.21 - - [08/Sep/2022:20:28:47 -0700] "GET /phpMyAdmin/setup/?token=aa777516712ce6aacde267826b67ba11&version_check=1 HTTP/1.1" 200 12687 "-" "Mozilla/5.0 (compatible; SemrushBot/7~bl; +http://www.semrush.com/bot.html)" "tekmedicgloves.com"
185.191.171.45 - - [08/Sep/2022:20:29:02 -0700] "GET /phpMyAdmin/setup/index.php?token=74756eadc7f1cc925143e2fc926a7352&version_check=1 HTTP/1.1" 200 12709 "-" "Mozilla/5.0 (compatible; SemrushBot/7~bl; +http://www.semrush.com/bot.html)" "www.tekmedicgloves.com"
185.191.171.13 - - [08/Sep/2022:20:29:04 -0700] "GET /phpMyAdmin/setup/?token=207689539e317975f55c7048668e43f3&version_check=1 HTTP/1.1" 200 12691 "-" "Mozilla/5.0 (compatible; SemrushBot/7~bl; +http://www.semrush.com/bot.html)" "www.tekmedicgloves.com"
185.191.171.22 - - [08/Sep/2022:20:29:44 -0700] "GET /phpMyAdmin/setup/?token=2013abb71344ccd67e29a904a0fe939f&version_check=1 HTTP/1.1" 200 12691 "-" "Mozilla/5.0 (compatible; SemrushBot/7~bl; +http://www.semrush.com/bot.html)" "www.tekmedicgloves.com"
185.191.171.7 - - [08/Sep/2022:20:29:52 -0700] "GET /phpMyAdmin/setup/index.php?token=a3290b69341655eb8e45a93b99f5238c&version_check=1 HTTP/1.1" 200 12705 "-" "Mozilla/5.0 (compatible; SemrushBot/7~bl; +http://www.semrush.com/bot.html)" "tekmedicgloves.com"
185.191.171.18 - - [08/Sep/2022:20:29:55 -0700] "GET /phpMyAdmin/setup/?token=f08a5e04dd944881424deb5d618f6899&version_check=1 HTTP/1.1" 200 12691 "-" "Mozilla/5.0 (compatible; SemrushBot/7~bl; +http://www.semrush.com/bot.html)" "www.tekmedicgloves.com"
185.191.171.33 - - [08/Sep/2022:20:30:01 -0700] "GET /phpMyAdmin/setup/?token=574ba8cc388616a839d053387422ab06&version_check=1 HTTP/1.1" 200 12691 "-" "Mozilla/5.0 (compatible; SemrushBot/7~bl; +http://www.semrush.com/bot.html)" "www.tekmedicgloves.com"
185.191.171.36 - - [08/Sep/2022:20:30:03 -0700] "GET /phpMyAdmin/setup/?token=a207a972cd8a0fd410ebdc4eca71a1bf&version_check=1 HTTP/1.1" 200 12691 "-" "Mozilla/5.0 (compatible; SemrushBot/7~bl; +http://www.semrush.com/bot.html)" "www.tekmedicgloves.com"
185.191.171.26 - - [08/Sep/2022:20:30:31 -0700] "GET /phpMyAdmin/setup/?token=9a76f4433cc782745a577e5e92be0826&version_check=1 HTTP/1.1" 200 12691 "-" "Mozilla/5.0 (compatible; SemrushBot/7~bl; +http://www.semrush.com/bot.html)" "www.tekmedicgloves.com"
185.191.171.24 - - [08/Sep/2022:20:30:46 -0700] "GET /phpMyAdmin/setup/?token=abca0dd0a931c91423e697b2d0b0fa34&version_check=1 HTTP/1.1" 200 12687 "-" "Mozilla/5.0 (compatible; SemrushBot/7~bl; +http://www.semrush.com/bot.html)" "tekmedicgloves.com"
185.191.171.45 - - [08/Sep/2022:20:30:53 -0700] "GET /phpMyAdmin/setup/?token=c06d5d29dcc3220d5c341f669c8a680b&version_check=1 HTTP/1.1" 200 12687 "-" "Mozilla/5.0 (compatible; SemrushBot/7~bl; +http://www.semrush.com/bot.html)" "tekmedicgloves.com"
185.191.171.42 - - [08/Sep/2022:20:30:55 -0700] "GET /phpMyAdmin/setup/?token=ceb6c2f34e4c5dc133d0d9d92442758f&version_check=1 HTTP/1.1" 200 12691 "-" "Mozilla/5.0 (compatible; SemrushBot/7~bl; +http://www.semrush.com/bot.html)" "www.tekmedicgloves.com"
185.191.171.23 - - [08/Sep/2022:20:30:57 -0700] "GET /phpMyAdmin/setup/?token=3f0a6835057630109da4966d60c31b7c&version_check=1 HTTP/1.1" 200 12687 "-" "Mozilla/5.0 (compatible; SemrushBot/7~bl; +http://www.semrush.com/bot.html)" "tekmedicgloves.com"
185.191.171.9 - - [08/Sep/2022:20:31:18 -0700] "GET /phpMyAdmin/setup/?token=7745fdc2cbc91b8f951bf8c6a59afa37&version_check=1 HTTP/1.1" 200 12687 "-" "Mozilla/5.0 (compatible; SemrushBot/7~bl; +http://www.semrush.com/bot.html)" "tekmedicgloves.com"
185.191.171.6 - - [08/Sep/2022:20:31:26 -0700] "GET /phpMyAdmin/setup/?token=7532969be204e040fcd726606ea6883d&version_check=1 HTTP/1.1" 200 12691 "-" "Mozilla/5.0 (compatible; SemrushBot/7~bl; +http://www.semrush.com/bot.html)" "www.tekmedicgloves.com"
185.191.171.1 - - [08/Sep/2022:20:31:56 -0700] "GET /phpMyAdmin/setup/index.php?token=ef0efc278de5d7a3114322ee6bc507b4&version_check=1 HTTP/1.1" 200 12705 "-" "Mozilla/5.0 (compatible; SemrushBot/7~bl; +http://www.semrush.com/bot.html)" "tekmedicgloves.com"
185.191.171.35 - - [08/Sep/2022:20:32:13 -0700] "GET /phpMyAdmin/setup/?token=17f067df3069d938d47b204cdc42aae3&version_check=1 HTTP/1.1" 200 12687 "-" "Mozilla/5.0 (compatible; SemrushBot/7~bl; +http://www.semrush.com/bot.html)" "tekmedicgloves.com"
185.191.171.37 - - [08/Sep/2022:20:32:16 -0700] "GET /phpMyAdmin/setup/index.php?token=a66a498ac292177edae5cec07b910dcb&version_check=1 HTTP/1.1" 200 12709 "-" "Mozilla/5.0 (compatible; SemrushBot/7~bl; +http://www.semrush.com/bot.html)" "www.tekmedicgloves.com"
185.191.171.18 - - [08/Sep/2022:20:32:22 -0700] "GET /phpMyAdmin/setup/?token=ab97acacd65f2b35d040e966ccb0c75b&version_check=1 HTTP/1.1" 200 12687 "-" "Mozilla/5.0 (compatible; SemrushBot/7~bl; +http://www.semrush.com/bot.html)" "tekmedicgloves.com"
185.191.171.6 - - [08/Sep/2022:20:32:42 -0700] "GET /phpMyAdmin/setup/?token=3d95c59ddcda1009f1d07096dd9a035e&version_check=1 HTTP/1.1" 200 12687 "-" "Mozilla/5.0 (compatible; SemrushBot/7~bl; +http://www.semrush.com/bot.html)" "tekmedicgloves.com"
185.191.171.39 - - [08/Sep/2022:20:32:58 -0700] "GET /phpMyAdmin/setup/?token=6e6e5b63b625f63e8402aaf6c66d81b5&version_check=1 HTTP/1.1" 200 12691 "-" "Mozilla/5.0 (compatible; SemrushBot/7~bl; +http://www.semrush.com/bot.html)" "www.tekmedicgloves.com"
185.191.171.18 - - [08/Sep/2022:20:33:01 -0700] "GET /phpMyAdmin/setup/?token=c9fd744478b09c278d4051b161ebcd8d&version_check=1 HTTP/1.1" 200 12691 "-" "Mozilla/5.0 (compatible; SemrushBot/7~bl; +http://www.semrush.com/bot.html)" "www.tekmedicgloves.com"
185.191.171.9 - - [08/Sep/2022:20:33:04 -0700] "GET /phpMyAdmin/setup/?token=ad3091f29c78f771aef64328ddadcecb&version_check=1 HTTP/1.1" 200 12691 "-" "Mozilla/5.0 (compatible; SemrushBot/7~bl; +http://www.semrush.com/bot.html)" "www.tekmedicgloves.com"
185.191.171.35 - - [08/Sep/2022:20:33:05 -0700] "GET /phpMyAdmin/setup/?token=501f97967afd20d035cf169429fc945c&version_check=1 HTTP/1.1" 200 12687 "-" "Mozilla/5.0 (compatible; SemrushBot/7~bl; +http://www.semrush.com/bot.html)" "tekmedicgloves.com"
185.191.171.33 - - [08/Sep/2022:20:33:08 -0700] "GET /phpMyAdmin/setup/?token=e7e4845701af42d4e88f63b3063b0e5a&version_check=1 HTTP/1.1" 200 12687 "-" "Mozilla/5.0 (compatible; SemrushBot/7~bl; +http://www.semrush.com/bot.html)" "tekmedicgloves.com"
185.191.171.3 - - [08/Sep/2022:20:33:22 -0700] "GET /phpMyAdmin/setup/?token=b27ac994320430ec8078f6fa63a09a07&version_check=1 HTTP/1.1" 200 12691 "-" "Mozilla/5.0 (compatible; SemrushBot/7~bl; +http://www.semrush.com/bot.html)" "www.tekmedicgloves.com"
185.191.171.26 - - [08/Sep/2022:20:33:48 -0700] "GET /phpMyAdmin/setup/?token=21618d080ad0b400de0ea82630f3f2cb&version_check=1 HTTP/1.1" 200 12687 "-" "Mozilla/5.0 (compatible; SemrushBot/7~bl; +http://www.semrush.com/bot.html)" "tekmedicgloves.com"
185.191.171.14 - - [08/Sep/2022:20:33:51 -0700] "GET /phpMyAdmin/setup/?token=fe9614224c04f371df746f4d039626f8&version_check=1 HTTP/1.1" 200 12691 "-" "Mozilla/5.0 (compatible; SemrushBot/7~bl; +http://www.semrush.com/bot.html)" "www.tekmedicgloves.com"
185.191.171.38 - - [08/Sep/2022:20:33:53 -0700] "GET /phpMyAdmin/setup/?token=4ae9937c6a3bced77ddc5d0393328cec&version_check=1 HTTP/1.1" 200 12687 "-" "Mozilla/5.0 (compatible; SemrushBot/7~bl; +http://www.semrush.com/bot.html)" "tekmedicgloves.com"
185.191.171.36 - - [08/Sep/2022:20:34:21 -0700] "GET /phpMyAdmin/setup/?token=5b9be4b3578568ef55c0b7ac4fdfebc8&version_check=1 HTTP/1.1" 200 12691 "-" "Mozilla/5.0 (compatible; SemrushBot/7~bl; +http://www.semrush.com/bot.html)" "www.tekmedicgloves.com"
185.191.171.10 - - [08/Sep/2022:20:34:29 -0700] "GET /phpMyAdmin/setup/index.php?token=fce2695a112d1d9baeb89745a6bda81a&version_check=1 HTTP/1.1" 200 12705 "-" "Mozilla/5.0 (compatible; SemrushBot/7~bl; +http://www.semrush.com/bot.html)" "tekmedicgloves.com"
185.191.171.22 - - [08/Sep/2022:20:34:30 -0700] "GET /phpMyAdmin/setup/index.php?token=0d4320a7a254cfb6c6633ee51f3fad7c&version_check=1 HTTP/1.1" 200 12705 "-" "Mozilla/5.0 (compatible; SemrushBot/7~bl; +http://www.semrush.com/bot.html)" "tekmedicgloves.com"
185.191.171.15 - - [08/Sep/2022:20:34:35 -0700] "GET /phpMyAdmin/setup/?token=08330d33e741950254ba63f70eac6572&version_check=1 HTTP/1.1" 200 12691 "-" "Mozilla/5.0 (compatible; SemrushBot/7~bl; +http://www.semrush.com/bot.html)" "www.tekmedicgloves.com"
185.191.171.45 - - [08/Sep/2022:20:34:41 -0700] "GET /phpMyAdmin/setup/?token=15c8d94e20040c1a1dd17a97984efefa&version_check=1 HTTP/1.1" 200 12691 "-" "Mozilla/5.0 (compatible; SemrushBot/7~bl; +http://www.semrush.com/bot.html)" "www.tekmedicgloves.com"
185.191.171.13 - - [08/Sep/2022:20:34:59 -0700] "GET /phpMyAdmin/setup/?token=e3c94ba9780f39eb2cf50f5b5e2f05fe&version_check=1 HTTP/1.1" 200 12691 "-" "Mozilla/5.0 (compatible; SemrushBot/7~bl; +http://www.semrush.com/bot.html)" "www.tekmedicgloves.com"
185.191.171.42 - - [08/Sep/2022:20:34:59 -0700] "GET /phpMyAdmin/setup/?token=785b42ce514e5e5fdadbbe0d32ee1b7a&version_check=1 HTTP/1.1" 200 12687 "-" "Mozilla/5.0 (compatible; SemrushBot/7~bl; +http://www.semrush.com/bot.html)" "tekmedicgloves.com"
185.191.171.44 - - [08/Sep/2022:20:35:08 -0700] "GET /phpMyAdmin/setup/?token=2494b3b2b1a0bd54342016b11338695f&version_check=1 HTTP/1.1" 200 12687 "-" "Mozilla/5.0 (compatible; SemrushBot/7~bl; +http://www.semrush.com/bot.html)" "tekmedicgloves.com"
185.191.171.4 - - [08/Sep/2022:20:35:09 -0700] "GET /phpMyAdmin/setup/?token=dd08dbe525d80aecbd2d4b66c65d2437&version_check=1 HTTP/1.1" 200 12691 "-" "Mozilla/5.0 (compatible; SemrushBot/7~bl; +http://www.semrush.com/bot.html)" "www.tekmedicgloves.com"
185.191.171.4 - - [08/Sep/2022:20:35:12 -0700] "GET /phpMyAdmin/setup/?token=d12c3fffbc8638b7971fbee08f5c409a&version_check=1 HTTP/1.1" 200 12687 "-" "Mozilla/5.0 (compatible; SemrushBot/7~bl; +http://www.semrush.com/bot.html)" "tekmedicgloves.com"
185.191.171.33 - - [08/Sep/2022:20:35:26 -0700] "GET /phpMyAdmin/setup/index.php?token=3db3617bf78a06de8c53d1239be1d78f&version_check=1 HTTP/1.1" 200 12709 "-" "Mozilla/5.0 (compatible; SemrushBot/7~bl; +http://www.semrush.com/bot.html)" "www.tekmedicgloves.com"
185.191.171.12 - - [08/Sep/2022:20:35:47 -0700] "GET /phpMyAdmin/setup/index.php?token=1cb3f91dd1bef8c0610bfe3c0aee7fd0&version_check=1 HTTP/1.1" 200 12705 "-" "Mozilla/5.0 (compatible; SemrushBot/7~bl; +http://www.semrush.com/bot.html)" "tekmedicgloves.com"
185.191.171.2 - - [08/Sep/2022:20:35:51 -0700] "GET /phpMyAdmin/setup/?token=dda8c764f4e02ac6178482725ee50a40&version_check=1 HTTP/1.1" 200 12691 "-" "Mozilla/5.0 (compatible; SemrushBot/7~bl; +http://www.semrush.com/bot.html)" "www.tekmedicgloves.com"
185.191.171.7 - - [08/Sep/2022:20:36:00 -0700] "GET /phpMyAdmin/setup/?token=6072d49d96ab0f0c3f2b50381f5e355b&version_check=1 HTTP/1.1" 200 12687 "-" "Mozilla/5.0 (compatible; SemrushBot/7~bl; +http://www.semrush.com/bot.html)" "tekmedicgloves.com"
185.191.171.45 - - [08/Sep/2022:20:36:39 -0700] "GET /phpMyAdmin/setup/index.php?token=28e2388d6481709232a519e7eacafab9&version_check=1 HTTP/1.1" 200 12705 "-" "Mozilla/5.0 (compatible; SemrushBot/7~bl; +http://www.semrush.com/bot.html)" "tekmedicgloves.com"
185.191.171.25 - - [08/Sep/2022:20:36:42 -0700] "GET /phpMyAdmin/setup/index.php?token=abe19179b5e36ffa2ea6558575c9fc52&version_check=1 HTTP/1.1" 200 12709 "-" "Mozilla/5.0 (compatible; SemrushBot/7~bl; +http://www.semrush.com/bot.html)" "www.tekmedicgloves.com"
185.191.171.7 - - [08/Sep/2022:20:36:50 -0700] "GET /phpMyAdmin/setup/?token=722dd27506c59a202f2978767edd027e&version_check=1 HTTP/1.1" 200 12687 "-" "Mozilla/5.0 (compatible; SemrushBot/7~bl; +http://www.semrush.com/bot.html)" "tekmedicgloves.com"
185.191.171.4 - - [08/Sep/2022:20:37:31 -0700] "GET /phpMyAdmin/setup/index.php?token=eee2817ef6747dd7dd30a0dd91d2ab1c&version_check=1 HTTP/1.1" 200 12705 "-" "Mozilla/5.0 (compatible; SemrushBot/7~bl; +http://www.semrush.com/bot.html)" "tekmedicgloves.com"
185.191.171.15 - - [08/Sep/2022:20:37:31 -0700] "GET /phpMyAdmin/setup/?token=3676888bb72fcb1502a09c7bd7434ceb&version_check=1 HTTP/1.1" 200 12691 "-" "Mozilla/5.0 (compatible; SemrushBot/7~bl; +http://www.semrush.com/bot.html)" "www.tekmedicgloves.com"
185.191.171.6 - - [08/Sep/2022:20:37:37 -0700] "GET /phpMyAdmin/setup/?token=f2c4f7947f51b24e8697108c64892c56&version_check=1 HTTP/1.1" 200 12691 "-" "Mozilla/5.0 (compatible; SemrushBot/7~bl; +http://www.semrush.com/bot.html)" "www.tekmedicgloves.com"
185.191.171.42 - - [08/Sep/2022:20:37:40 -0700] "GET /phpMyAdmin/setup/?token=41e3515d0f8eeefac59f3a7def73f501&version_check=1 HTTP/1.1" 200 12691 "-" "Mozilla/5.0 (compatible; SemrushBot/7~bl; +http://www.semrush.com/bot.html)" "www.tekmedicgloves.com"
185.191.171.22 - - [08/Sep/2022:20:37:42 -0700] "GET /phpMyAdmin/setup/index.php?token=0231dfcce01fcae690a6e027cd73a85d&version_check=1 HTTP/1.1" 200 12709 "-" "Mozilla/5.0 (compatible; SemrushBot/7~bl; +http://www.semrush.com/bot.html)" "www.tekmedicgloves.com"
185.191.171.44 - - [08/Sep/2022:20:37:56 -0700] "GET /phpMyAdmin/setup/?token=294c23788429d66d988f2e24bdedbd8f&version_check=1 HTTP/1.1" 200 12687 "-" "Mozilla/5.0 (compatible; SemrushBot/7~bl; +http://www.semrush.com/bot.html)" "tekmedicgloves.com"
185.191.171.44 - - [08/Sep/2022:20:38:13 -0700] "GET /phpMyAdmin/setup/?token=afbf3cf23ece125e729abfb4f3d31f54&version_check=1 HTTP/1.1" 200 12687 "-" "Mozilla/5.0 (compatible; SemrushBot/7~bl; +http://www.semrush.com/bot.html)" "tekmedicgloves.com"
185.191.171.12 - - [08/Sep/2022:20:38:28 -0700] "GET /phpMyAdmin/setup/index.php?token=519ed7b72b784ad26641d82068174eeb&version_check=1 HTTP/1.1" 200 12705 "-" "Mozilla/5.0 (compatible; SemrushBot/7~bl; +http://www.semrush.com/bot.html)" "tekmedicgloves.com"
185.191.171.8 - - [08/Sep/2022:20:38:29 -0700] "GET /phpMyAdmin/setup/?token=b021fc0441baf683f49e4f7e71c4f78b&version_check=1 HTTP/1.1" 200 12687 "-" "Mozilla/5.0 (compatible; SemrushBot/7~bl; +http://www.semrush.com/bot.html)" "tekmedicgloves.com"
185.191.171.10 - - [08/Sep/2022:20:38:34 -0700] "GET /phpMyAdmin/setup/?token=aa7e1b4f0db72f591e1f75a110908f3a&version_check=1 HTTP/1.1" 200 12687 "-" "Mozilla/5.0 (compatible; SemrushBot/7~bl; +http://www.semrush.com/bot.html)" "tekmedicgloves.com"
185.191.171.14 - - [08/Sep/2022:20:38:38 -0700] "GET /phpMyAdmin/setup/?token=c1548ac8a94cc9262592e115b9893cce&version_check=1 HTTP/1.1" 200 12691 "-" "Mozilla/5.0 (compatible; SemrushBot/7~bl; +http://www.semrush.com/bot.html)" "www.tekmedicgloves.com"
185.191.171.6 - - [08/Sep/2022:20:38:38 -0700] "GET /phpMyAdmin/setup/index.php?token=fafc3fe0b8f247816f4cdc4d2568c723&version_check=1 HTTP/1.1" 200 12705 "-" "Mozilla/5.0 (compatible; SemrushBot/7~bl; +http://www.semrush.com/bot.html)" "tekmedicgloves.com"
185.191.171.11 - - [08/Sep/2022:20:39:23 -0700] "GET /phpMyAdmin/setup/?token=779d8513ab08eec08855e2df87880613&version_check=1 HTTP/1.1" 200 12691 "-" "Mozilla/5.0 (compatible; SemrushBot/7~bl; +http://www.semrush.com/bot.html)" "www.tekmedicgloves.com"
185.191.171.1 - - [08/Sep/2022:20:40:26 -0700] "GET /phpMyAdmin/setup/?token=ba6f8db49108febc3007f7cf5dc7c789&version_check=1 HTTP/1.1" 200 12691 "-" "Mozilla/5.0 (compatible; SemrushBot/7~bl; +http://www.semrush.com/bot.html)" "www.tekmedicgloves.com"
185.191.171.33 - - [08/Sep/2022:20:40:39 -0700] "GET /phpMyAdmin/setup/?token=e94356818f7e3b856ae00087ab6c018e&version_check=1 HTTP/1.1" 200 12691 "-" "Mozilla/5.0 (compatible; SemrushBot/7~bl; +http://www.semrush.com/bot.html)" "www.tekmedicgloves.com"
185.191.171.3 - - [08/Sep/2022:20:40:42 -0700] "GET /phpMyAdmin/setup/?token=dab2b4593e7402b4c25ee1444ffd1713&version_check=1 HTTP/1.1" 200 12687 "-" "Mozilla/5.0 (compatible; SemrushBot/7~bl; +http://www.semrush.com/bot.html)" "tekmedicgloves.com"
185.191.171.36 - - [08/Sep/2022:20:41:02 -0700] "GET /phpMyAdmin/setup/?token=8d12bfaaa5fcb21168a02a255f47214f&version_check=1 HTTP/1.1" 200 12687 "-" "Mozilla/5.0 (compatible; SemrushBot/7~bl; +http://www.semrush.com/bot.html)" "tekmedicgloves.com"
185.191.171.7 - - [08/Sep/2022:20:41:07 -0700] "GET /phpMyAdmin/setup/?token=4a5c91c677ee1ecf5e34ef3b363ea522&version_check=1 HTTP/1.1" 200 12687 "-" "Mozilla/5.0 (compatible; SemrushBot/7~bl; +http://www.semrush.com/bot.html)" "tekmedicgloves.com"
185.191.171.21 - - [08/Sep/2022:20:41:18 -0700] "GET /phpMyAdmin/setup/?token=57174aaa365ae73d4f44b428f01d0b88&version_check=1 HTTP/1.1" 200 12687 "-" "Mozilla/5.0 (compatible; SemrushBot/7~bl; +http://www.semrush.com/bot.html)" "tekmedicgloves.com"
185.191.171.34 - - [08/Sep/2022:20:41:18 -0700] "GET /phpMyAdmin/setup/?token=eaccd13ae07a8377a7c1707bcd62f37c&version_check=1 HTTP/1.1" 200 12691 "-" "Mozilla/5.0 (compatible; SemrushBot/7~bl; +http://www.semrush.com/bot.html)" "www.tekmedicgloves.com"
185.191.171.35 - - [08/Sep/2022:20:41:20 -0700] "GET /phpMyAdmin/setup/index.php?token=983e7fe0bfb6cf667162a7a040117c22&version_check=1 HTTP/1.1" 200 12709 "-" "Mozilla/5.0 (compatible; SemrushBot/7~bl; +http://www.semrush.com/bot.html)" "www.tekmedicgloves.com"
185.191.171.19 - - [08/Sep/2022:20:41:22 -0700] "GET /phpMyAdmin/setup/index.php?token=cdbf1c9b20bfff8884601d5160afb13c&version_check=1 HTTP/1.1" 200 12705 "-" "Mozilla/5.0 (compatible; SemrushBot/7~bl; +http://www.semrush.com/bot.html)" "tekmedicgloves.com"
185.191.171.15 - - [08/Sep/2022:20:41:26 -0700] "GET /phpMyAdmin/setup/?token=b10537becf18066fb93fc9a8000bc6fa&version_check=1 HTTP/1.1" 200 12691 "-" "Mozilla/5.0 (compatible; SemrushBot/7~bl; +http://www.semrush.com/bot.html)" "www.tekmedicgloves.com"
185.191.171.9 - - [08/Sep/2022:20:41:50 -0700] "GET /phpMyAdmin/setup/?token=0879a91e2b4bbac17249b0bed710f48e&version_check=1 HTTP/1.1" 200 12691 "-" "Mozilla/5.0 (compatible; SemrushBot/7~bl; +http://www.semrush.com/bot.html)" "www.tekmedicgloves.com"
185.191.171.40 - - [08/Sep/2022:20:42:00 -0700] "GET /phpMyAdmin/setup/?token=ce15b01eef195ff69d13e7650cb0051c&version_check=1 HTTP/1.1" 200 12691 "-" "Mozilla/5.0 (compatible; SemrushBot/7~bl; +http://www.semrush.com/bot.html)" "www.tekmedicgloves.com"
185.191.171.18 - - [08/Sep/2022:20:42:08 -0700] "GET /phpMyAdmin/setup/?token=d57f15f1a2a61a01940c0b80bfea947e&version_check=1 HTTP/1.1" 200 12691 "-" "Mozilla/5.0 (compatible; SemrushBot/7~bl; +http://www.semrush.com/bot.html)" "www.tekmedicgloves.com"
185.191.171.44 - - [08/Sep/2022:20:42:10 -0700] "GET /phpMyAdmin/setup/?token=c424a26650f889c2df90e07576e377a6&version_check=1 HTTP/1.1" 200 12691 "-" "Mozilla/5.0 (compatible; SemrushBot/7~bl; +http://www.semrush.com/bot.html)" "www.tekmedicgloves.com"
185.191.171.1 - - [08/Sep/2022:20:42:19 -0700] "GET /phpMyAdmin/setup/?token=8f09524514fb764010b6f1982ec40981&version_check=1 HTTP/1.1" 200 12691 "-" "Mozilla/5.0 (compatible; SemrushBot/7~bl; +http://www.semrush.com/bot.html)" "www.tekmedicgloves.com"
185.191.171.6 - - [08/Sep/2022:20:42:27 -0700] "GET /phpMyAdmin/setup/?token=c0db4258c95a018d4c375e50fb2c189b&version_check=1 HTTP/1.1" 200 12691 "-" "Mozilla/5.0 (compatible; SemrushBot/7~bl; +http://www.semrush.com/bot.html)" "www.tekmedicgloves.com"
185.191.171.44 - - [08/Sep/2022:20:42:30 -0700] "GET /phpMyAdmin/setup/index.php?token=acfa005dc10a07bd84222d3a1ec376b4&version_check=1 HTTP/1.1" 200 12709 "-" "Mozilla/5.0 (compatible; SemrushBot/7~bl; +http://www.semrush.com/bot.html)" "www.tekmedicgloves.com"
185.191.171.38 - - [08/Sep/2022:20:42:31 -0700] "GET /phpMyAdmin/setup/?token=b323a0c1110246cede015c40ca843b57&version_check=1 HTTP/1.1" 200 12687 "-" "Mozilla/5.0 (compatible; SemrushBot/7~bl; +http://www.semrush.com/bot.html)" "tekmedicgloves.com"
185.191.171.19 - - [08/Sep/2022:20:42:32 -0700] "GET /phpMyAdmin/setup/?token=838947dbb1824381c1426d5f180c7b55&version_check=1 HTTP/1.1" 200 12691 "-" "Mozilla/5.0 (compatible; SemrushBot/7~bl; +http://www.semrush.com/bot.html)" "www.tekmedicgloves.com"
185.191.171.38 - - [08/Sep/2022:20:42:35 -0700] "GET /phpMyAdmin/setup/?token=3f051e03d6d5af9a44bdbc1ed8af72d3&version_check=1 HTTP/1.1" 200 12687 "-" "Mozilla/5.0 (compatible; SemrushBot/7~bl; +http://www.semrush.com/bot.html)" "tekmedicgloves.com"
185.191.171.18 - - [08/Sep/2022:20:42:40 -0700] "GET /phpMyAdmin/setup/?token=2cd788f50d841eedad89da8dcde103f7&version_check=1 HTTP/1.1" 200 12687 "-" "Mozilla/5.0 (compatible; SemrushBot/7~bl; +http://www.semrush.com/bot.html)" "tekmedicgloves.com"
185.191.171.25 - - [08/Sep/2022:20:42:55 -0700] "GET /phpMyAdmin/setup/index.php?token=2b46b1fc77b686fa7e6b9cfaeebd9056&version_check=1 HTTP/1.1" 200 12705 "-" "Mozilla/5.0 (compatible; SemrushBot/7~bl; +http://www.semrush.com/bot.html)" "tekmedicgloves.com"
185.191.171.38 - - [08/Sep/2022:20:43:08 -0700] "GET /phpMyAdmin/setup/?token=cd9768c0d76756ecdaf8a0a685fe96e5&version_check=1 HTTP/1.1" 200 12691 "-" "Mozilla/5.0 (compatible; SemrushBot/7~bl; +http://www.semrush.com/bot.html)" "www.tekmedicgloves.com"
185.191.171.13 - - [08/Sep/2022:20:43:10 -0700] "GET /phpMyAdmin/setup/index.php?token=826a36fbcb29b6b5078651a5121b8813&version_check=1 HTTP/1.1" 200 12705 "-" "Mozilla/5.0 (compatible; SemrushBot/7~bl; +http://www.semrush.com/bot.html)" "tekmedicgloves.com"
185.191.171.36 - - [08/Sep/2022:20:43:24 -0700] "GET /phpMyAdmin/setup/?token=76b676a45f2e39d93a9c0329cc8eb0e2&version_check=1 HTTP/1.1" 200 12691 "-" "Mozilla/5.0 (compatible; SemrushBot/7~bl; +http://www.semrush.com/bot.html)" "www.tekmedicgloves.com"
185.191.171.38 - - [08/Sep/2022:20:43:44 -0700] "GET /phpMyAdmin/setup/?token=788befaa9e16673d4d01d9b252589ae6&version_check=1 HTTP/1.1" 200 12687 "-" "Mozilla/5.0 (compatible; SemrushBot/7~bl; +http://www.semrush.com/bot.html)" "tekmedicgloves.com"
185.191.171.9 - - [08/Sep/2022:20:44:06 -0700] "GET /phpMyAdmin/setup/?token=9d8aecdfa1306193bd84e07f3551703f&version_check=1 HTTP/1.1" 200 12687 "-" "Mozilla/5.0 (compatible; SemrushBot/7~bl; +http://www.semrush.com/bot.html)" "tekmedicgloves.com"
51.222.253.15 - - [08/Sep/2022:20:44:05 -0700] "GET /beta/products.php?cat=20&subcat=27 HTTP/1.1" 200 35564 "-" "Mozilla/5.0 (compatible; AhrefsBot/7.0; +http://ahrefs.com/robot/)" "tekmedicgloves.com"
185.191.171.17 - - [08/Sep/2022:20:44:15 -0700] "GET /phpMyAdmin/setup/?token=9ee7f4773accf51cff693152a472e8ee&version_check=1 HTTP/1.1" 200 12687 "-" "Mozilla/5.0 (compatible; SemrushBot/7~bl; +http://www.semrush.com/bot.html)" "tekmedicgloves.com"
185.191.171.11 - - [08/Sep/2022:20:44:17 -0700] "GET /phpMyAdmin/setup/?token=d6ad735ce5ba13c9181a108b4d719801&version_check=1 HTTP/1.1" 200 12687 "-" "Mozilla/5.0 (compatible; SemrushBot/7~bl; +http://www.semrush.com/bot.html)" "tekmedicgloves.com"
51.222.253.4 - - [08/Sep/2022:20:44:25 -0700] "GET /beta/wp-content/themes/CherryFramework/js/jquery.ba-resize.min.js HTTP/1.1" 200 616 "-" "Mozilla/5.0 (compatible; AhrefsBot/7.0; +http://ahrefs.com/robot/)" "tekmedicgloves.com"
51.222.253.5 - - [08/Sep/2022:20:44:25 -0700] "GET /beta/wp-content/themes/CherryFramework/js/jflickrfeed.js HTTP/1.1" 200 560 "-" "Mozilla/5.0 (compatible; AhrefsBot/7.0; +http://ahrefs.com/robot/)" "tekmedicgloves.com"
185.191.171.9 - - [08/Sep/2022:20:44:50 -0700] "GET /phpMyAdmin/setup/?token=1a538bd276f8bda379394caf25cb4c4f&version_check=1 HTTP/1.1" 200 12687 "-" "Mozilla/5.0 (compatible; SemrushBot/7~bl; +http://www.semrush.com/bot.html)" "tekmedicgloves.com"
51.222.253.1 - - [08/Sep/2022:20:44:55 -0700] "GET /beta/wp-content/plugins/cherry-plugin/lib/js/FlexSlider/flexslider.css HTTP/1.1" 200 1323 "-" "Mozilla/5.0 (compatible; AhrefsBot/7.0; +http://ahrefs.com/robot/)" "tekmedicgloves.com"
51.222.253.10 - - [08/Sep/2022:20:44:56 -0700] "GET /beta/wp-content/themes/theme48838/bootstrap/css/responsive.css HTTP/1.1" 200 4226 "-" "Mozilla/5.0 (compatible; AhrefsBot/7.0; +http://ahrefs.com/robot/)" "tekmedicgloves.com"
51.222.253.18 - - [08/Sep/2022:20:44:56 -0700] "GET /beta/wp-content/themes/theme48838/images/social/facebook.png HTTP/1.1" 200 1671 "-" "Mozilla/5.0 (compatible; AhrefsBot/7.0; +http://ahrefs.com/robot/)" "tekmedicgloves.com"
51.222.253.16 - - [08/Sep/2022:20:44:56 -0700] "GET /beta/wp-content/themes/theme48838/images/logo.png HTTP/1.1" 200 27710 "-" "Mozilla/5.0 (compatible; AhrefsBot/7.0; +http://ahrefs.com/robot/)" "tekmedicgloves.com"
51.222.253.8 - - [08/Sep/2022:20:44:56 -0700] "GET /beta/wp-content/themes/theme48838/images/social/rss.png HTTP/1.1" 200 2128 "-" "Mozilla/5.0 (compatible; AhrefsBot/7.0; +http://ahrefs.com/robot/)" "tekmedicgloves.com"
51.222.253.1 - - [08/Sep/2022:20:44:57 -0700] "GET /beta/wp-content/themes/CherryFramework/js/jplayer.playlist.min.js HTTP/1.1" 200 2404 "-" "Mozilla/5.0 (compatible; AhrefsBot/7.0; +http://ahrefs.com/robot/)" "tekmedicgloves.com"
51.222.253.2 - - [08/Sep/2022:20:44:57 -0700] "GET /beta/wp-content/themes/CherryFramework/js/superfish.js HTTP/1.1" 200 1280 "-" "Mozilla/5.0 (compatible; AhrefsBot/7.0; +http://ahrefs.com/robot/)" "tekmedicgloves.com"
51.222.253.11 - - [08/Sep/2022:20:44:57 -0700] "GET /beta/wp-content/plugins/cherry-plugin/lib/js/owl-carousel/owl.theme.css HTTP/1.1" 200 606 "-" "Mozilla/5.0 (compatible; AhrefsBot/7.0; +http://ahrefs.com/robot/)" "tekmedicgloves.com"
51.222.253.12 - - [08/Sep/2022:20:44:57 -0700] "GET /beta/wp-content/themes/theme48838/images/social/google.png HTTP/1.1" 200 1611 "-" "Mozilla/5.0 (compatible; AhrefsBot/7.0; +http://ahrefs.com/robot/)" "tekmedicgloves.com"
51.222.253.14 - - [08/Sep/2022:20:44:58 -0700] "GET /beta/wp-content/themes/theme48838/main-style.css HTTP/1.1" 200 4849 "-" "Mozilla/5.0 (compatible; AhrefsBot/7.0; +http://ahrefs.com/robot/)" "tekmedicgloves.com"
51.222.253.13 - - [08/Sep/2022:20:44:58 -0700] "GET /beta/wp-content/themes/CherryFramework/js/jquery.debouncedresize.js HTTP/1.1" 200 226 "-" "Mozilla/5.0 (compatible; AhrefsBot/7.0; +http://ahrefs.com/robot/)" "tekmedicgloves.com"
51.222.253.14 - - [08/Sep/2022:20:44:58 -0700] "GET /beta/wp-content/themes/CherryFramework/bootstrap/js/bootstrap.min.js HTTP/1.1" 200 7654 "-" "Mozilla/5.0 (compatible; AhrefsBot/7.0; +http://ahrefs.com/robot/)" "tekmedicgloves.com"
51.222.253.18 - - [08/Sep/2022:20:44:58 -0700] "GET /beta/wp-content/plugins/contact-form-7/includes/js/scripts.js HTTP/1.1" 200 1850 "-" "Mozilla/5.0 (compatible; AhrefsBot/7.0; +http://ahrefs.com/robot/)" "tekmedicgloves.com"
51.222.253.1 - - [08/Sep/2022:20:44:59 -0700] "GET /beta/wp-content/plugins/cherry-plugin/lib/js/jquery.easing.1.3.js HTTP/1.1" 200 814 "-" "Mozilla/5.0 (compatible; AhrefsBot/7.0; +http://ahrefs.com/robot/)" "tekmedicgloves.com"
51.222.253.9 - - [08/Sep/2022:20:44:59 -0700] "GET /beta/wp-content/plugins/cherry-plugin/includes/css/cherry-plugin.css HTTP/1.1" 200 4752 "-" "Mozilla/5.0 (compatible; AhrefsBot/7.0; +http://ahrefs.com/robot/)" "tekmedicgloves.com"
51.222.253.9 - - [08/Sep/2022:20:44:59 -0700] "GET /beta/wp-content/themes/CherryFramework/js/jquery.jplayer.min.js HTTP/1.1" 200 11945 "-" "Mozilla/5.0 (compatible; AhrefsBot/7.0; +http://ahrefs.com/robot/)" "tekmedicgloves.com"
51.222.253.18 - - [08/Sep/2022:20:44:59 -0700] "GET /beta/wp-content/themes/CherryFramework/css/camera.css HTTP/1.1" 200 3117 "-" "Mozilla/5.0 (compatible; AhrefsBot/7.0; +http://ahrefs.com/robot/)" "tekmedicgloves.com"
51.222.253.13 - - [08/Sep/2022:20:45:00 -0700] "GET /beta/wp-content/plugins/cherry-plugin/lib/js/elasti-carousel/jquery.elastislide.js HTTP/1.1" 200 1963 "-" "Mozilla/5.0 (compatible; AhrefsBot/7.0; +http://ahrefs.com/robot/)" "tekmedicgloves.com"
51.222.253.13 - - [08/Sep/2022:20:45:00 -0700] "GET /beta/wp-content/themes/CherryFramework/js/jquery-1.7.2.min.js HTTP/1.1" 200 33630 "-" "Mozilla/5.0 (compatible; AhrefsBot/7.0; +http://ahrefs.com/robot/)" "tekmedicgloves.com"
51.222.253.10 - - [08/Sep/2022:20:45:00 -0700] "GET /beta/wp-content/themes/CherryFramework/css/magnific-popup.css HTTP/1.1" 200 2166 "-" "Mozilla/5.0 (compatible; AhrefsBot/7.0; +http://ahrefs.com/robot/)" "tekmedicgloves.com"
51.222.253.9 - - [08/Sep/2022:20:45:01 -0700] "GET /beta/wp-content/plugins/cherry-plugin/lib/js/FlexSlider/jquery.flexslider-min.js HTTP/1.1" 200 5177 "-" "Mozilla/5.0 (compatible; AhrefsBot/7.0; +http://ahrefs.com/robot/)" "tekmedicgloves.com"
51.222.253.14 - - [08/Sep/2022:20:45:01 -0700] "GET /beta/wp-content/themes/CherryFramework/js/jquery.magnific-popup.min.js HTTP/1.1" 200 7493 "-" "Mozilla/5.0 (compatible; AhrefsBot/7.0; +http://ahrefs.com/robot/)" "tekmedicgloves.com"
51.222.253.3 - - [08/Sep/2022:20:45:01 -0700] "GET /beta/wp-content/themes/theme48838/images/social/twitter.png HTTP/1.1" 200 1861 "-" "Mozilla/5.0 (compatible; AhrefsBot/7.0; +http://ahrefs.com/robot/)" "tekmedicgloves.com"
51.222.253.13 - - [08/Sep/2022:20:45:01 -0700] "GET /beta/wp-content/themes/theme48838/bootstrap/css/bootstrap.css HTTP/1.1" 200 15793 "-" "Mozilla/5.0 (compatible; AhrefsBot/7.0; +http://ahrefs.com/robot/)" "tekmedicgloves.com"
51.222.253.14 - - [08/Sep/2022:20:45:02 -0700] "GET /beta/wp-content/themes/CherryFramework/js/custom.js HTTP/1.1" 200 2131 "-" "Mozilla/5.0 (compatible; AhrefsBot/7.0; +http://ahrefs.com/robot/)" "tekmedicgloves.com"
51.222.253.16 - - [08/Sep/2022:20:45:02 -0700] "GET /beta/wp-content/themes/CherryFramework/js/jquery.mobilemenu.js HTTP/1.1" 200 908 "-" "Mozilla/5.0 (compatible; AhrefsBot/7.0; +http://ahrefs.com/robot/)" "tekmedicgloves.com"
51.222.253.9 - - [08/Sep/2022:20:45:02 -0700] "GET /beta/images/product/20141111050756_3734D-Tekmedic-InoSafe-A2-Poster-Outstanding-Concept.jpg HTTP/1.1" 200 1724750 "-" "Mozilla/5.0 (compatible; AhrefsBot/7.0; +http://ahrefs.com/robot/)" "tekmedicgloves.com"
51.222.253.8 - - [08/Sep/2022:20:45:04 -0700] "GET /beta/wp-content/themes/CherryFramework/js/camera.min.js HTTP/1.1" 200 8551 "-" "Mozilla/5.0 (compatible; AhrefsBot/7.0; +http://ahrefs.com/robot/)" "tekmedicgloves.com"
51.222.253.17 - - [08/Sep/2022:20:45:05 -0700] "GET /beta/wp-content/themes/CherryFramework/js/modernizr.js HTTP/1.1" 200 5141 "-" "Mozilla/5.0 (compatible; AhrefsBot/7.0; +http://ahrefs.com/robot/)" "tekmedicgloves.com"
51.222.253.14 - - [08/Sep/2022:20:45:05 -0700] "GET /beta/wp-includes/js/swfobject.js HTTP/1.1" 404 88 "-" "Mozilla/5.0 (compatible; AhrefsBot/7.0; +http://ahrefs.com/robot/)" "tekmedicgloves.com"
51.222.253.3 - - [08/Sep/2022:20:45:05 -0700] "GET /beta/wp-content/themes/CherryFramework/js/jquery.mobile.customized.min.js HTTP/1.1" 200 6409 "-" "Mozilla/5.0 (compatible; AhrefsBot/7.0; +http://ahrefs.com/robot/)" "tekmedicgloves.com"
51.222.253.11 - - [08/Sep/2022:20:45:06 -0700] "GET /beta/wp-content/plugins/contact-form-7/includes/js/jquery.form.min.js HTTP/1.1" 200 5878 "-" "Mozilla/5.0 (compatible; AhrefsBot/7.0; +http://ahrefs.com/robot/)" "tekmedicgloves.com"
51.222.253.13 - - [08/Sep/2022:20:45:06 -0700] "GET /beta/wp-includes/js/comment-reply.min.js HTTP/1.1" 404 88 "-" "Mozilla/5.0 (compatible; AhrefsBot/7.0; +http://ahrefs.com/robot/)" "tekmedicgloves.com"
51.222.253.6 - - [08/Sep/2022:20:45:06 -0700] "GET /beta/wp-content/plugins/cherry-plugin/includes/js/cherry-plugin.js HTTP/1.1" 200 438 "-" "Mozilla/5.0 (compatible; AhrefsBot/7.0; +http://ahrefs.com/robot/)" "tekmedicgloves.com"
51.222.253.18 - - [08/Sep/2022:20:45:06 -0700] "GET /beta/wp-content/plugins/cherry-plugin/lib/js/owl-carousel/owl.carousel.css HTTP/1.1" 200 1119 "-" "Mozilla/5.0 (compatible; AhrefsBot/7.0; +http://ahrefs.com/robot/)" "tekmedicgloves.com"
51.222.253.4 - - [08/Sep/2022:20:45:07 -0700] "GET /beta/wp-content/plugins/contact-form-7/includes/css/styles.css HTTP/1.1" 200 392 "-" "Mozilla/5.0 (compatible; AhrefsBot/7.0; +http://ahrefs.com/robot/)" "tekmedicgloves.com"
51.222.253.8 - - [08/Sep/2022:20:45:07 -0700] "GET /beta/wp-content/themes/CherryFramework/js/jquery.isotope.js HTTP/1.1" 200 4845 "-" "Mozilla/5.0 (compatible; AhrefsBot/7.0; +http://ahrefs.com/robot/)" "tekmedicgloves.com"
185.191.171.1 - - [08/Sep/2022:20:45:12 -0700] "GET /phpMyAdmin/setup/?token=1f3ff14a1d743f0b4941f70b77758fd3&version_check=1 HTTP/1.1" 200 12691 "-" "Mozilla/5.0 (compatible; SemrushBot/7~bl; +http://www.semrush.com/bot.html)" "www.tekmedicgloves.com"
185.191.171.36 - - [08/Sep/2022:20:45:18 -0700] "GET /phpMyAdmin/setup/?token=99f270dc0ceffc58a017ce5dad936aee&version_check=1 HTTP/1.1" 200 12691 "-" "Mozilla/5.0 (compatible; SemrushBot/7~bl; +http://www.semrush.com/bot.html)" "www.tekmedicgloves.com"
185.191.171.16 - - [08/Sep/2022:20:45:26 -0700] "GET /phpMyAdmin/setup/?token=b62774015eb1ae1a704dba174ab760d3&version_check=1 HTTP/1.1" 200 12687 "-" "Mozilla/5.0 (compatible; SemrushBot/7~bl; +http://www.semrush.com/bot.html)" "tekmedicgloves.com"
185.191.171.4 - - [08/Sep/2022:20:45:29 -0700] "GET /phpMyAdmin/setup/?token=de2c6a545311b8849d64008cf7f5c420&version_check=1 HTTP/1.1" 200 12691 "-" "Mozilla/5.0 (compatible; SemrushBot/7~bl; +http://www.semrush.com/bot.html)" "www.tekmedicgloves.com"
185.191.171.6 - - [08/Sep/2022:20:46:02 -0700] "GET /phpMyAdmin/setup/?token=00625133390b6f9c92bbddf86724acde&version_check=1 HTTP/1.1" 200 12687 "-" "Mozilla/5.0 (compatible; SemrushBot/7~bl; +http://www.semrush.com/bot.html)" "tekmedicgloves.com"
185.191.171.7 - - [08/Sep/2022:20:46:15 -0700] "GET /phpMyAdmin/setup/index.php?token=0e75c915693bb9760ff1f7a0b4d7b917&version_check=1 HTTP/1.1" 200 12705 "-" "Mozilla/5.0 (compatible; SemrushBot/7~bl; +http://www.semrush.com/bot.html)" "tekmedicgloves.com"
185.191.171.24 - - [08/Sep/2022:20:46:34 -0700] "GET /phpMyAdmin/setup/index.php?token=47218fd9a3028d8b90ed4b147a926e0d&version_check=1 HTTP/1.1" 200 12705 "-" "Mozilla/5.0 (compatible; SemrushBot/7~bl; +http://www.semrush.com/bot.html)" "tekmedicgloves.com"
185.191.171.9 - - [08/Sep/2022:20:46:56 -0700] "GET /phpMyAdmin/setup/index.php?token=defb75a06a0535b4bff4d6efbb10e2fb&version_check=1 HTTP/1.1" 200 12705 "-" "Mozilla/5.0 (compatible; SemrushBot/7~bl; +http://www.semrush.com/bot.html)" "tekmedicgloves.com"
185.191.171.7 - - [08/Sep/2022:20:47:04 -0700] "GET /phpMyAdmin/setup/?token=9f423b78e75625d59f9a564c778d0748&version_check=1 HTTP/1.1" 200 12691 "-" "Mozilla/5.0 (compatible; SemrushBot/7~bl; +http://www.semrush.com/bot.html)" "www.tekmedicgloves.com"
185.191.171.20 - - [08/Sep/2022:20:47:09 -0700] "GET /phpMyAdmin/setup/?token=da594ba6ef15e083309cb492fac956b2&version_check=1 HTTP/1.1" 200 12691 "-" "Mozilla/5.0 (compatible; SemrushBot/7~bl; +http://www.semrush.com/bot.html)" "www.tekmedicgloves.com"
185.191.171.8 - - [08/Sep/2022:20:47:30 -0700] "GET /phpMyAdmin/setup/?token=b1253b12c869966170dfb33a88136018&version_check=1 HTTP/1.1" 200 12691 "-" "Mozilla/5.0 (compatible; SemrushBot/7~bl; +http://www.semrush.com/bot.html)" "www.tekmedicgloves.com"
185.191.171.35 - - [08/Sep/2022:20:47:31 -0700] "GET /phpMyAdmin/setup/index.php?token=06350feff019319bf860bfb39f6acd84&version_check=1 HTTP/1.1" 200 12705 "-" "Mozilla/5.0 (compatible; SemrushBot/7~bl; +http://www.semrush.com/bot.html)" "tekmedicgloves.com"
185.191.171.44 - - [08/Sep/2022:20:47:46 -0700] "GET /phpMyAdmin/setup/?token=d2e0c3deb2752cc2f8a26a3189047d8f&version_check=1 HTTP/1.1" 200 12687 "-" "Mozilla/5.0 (compatible; SemrushBot/7~bl; +http://www.semrush.com/bot.html)" "tekmedicgloves.com"
185.191.171.44 - - [08/Sep/2022:20:47:50 -0700] "GET /phpMyAdmin/setup/?token=50aee0bd26d2c61db48cae35bdb1e376&version_check=1 HTTP/1.1" 200 12687 "-" "Mozilla/5.0 (compatible; SemrushBot/7~bl; +http://www.semrush.com/bot.html)" "tekmedicgloves.com"
185.191.171.37 - - [08/Sep/2022:20:47:55 -0700] "GET /phpMyAdmin/setup/?token=7582165c57fafca975d98c721275fb7f&version_check=1 HTTP/1.1" 200 12687 "-" "Mozilla/5.0 (compatible; SemrushBot/7~bl; +http://www.semrush.com/bot.html)" "tekmedicgloves.com"
185.191.171.10 - - [08/Sep/2022:20:48:18 -0700] "GET /phpMyAdmin/setup/?token=c29cf6d2418147808780cbae3c21fe0b&version_check=1 HTTP/1.1" 200 12687 "-" "Mozilla/5.0 (compatible; SemrushBot/7~bl; +http://www.semrush.com/bot.html)" "tekmedicgloves.com"
77.88.5.245 - - [08/Sep/2022:20:48:19 -0700] "GET /robots.txt HTTP/1.1" 404 73 "-" "Mozilla/5.0 (compatible; YandexBot/3.0; +http://yandex.com/bots)" "tekmedicgloves.com"
185.191.171.44 - - [08/Sep/2022:20:48:19 -0700] "GET /phpMyAdmin/setup/?token=7e9387dd08ad48b279855eb1969f4300&version_check=1 HTTP/1.1" 200 12691 "-" "Mozilla/5.0 (compatible; SemrushBot/7~bl; +http://www.semrush.com/bot.html)" "www.tekmedicgloves.com"
77.88.5.126 - - [08/Sep/2022:20:48:22 -0700] "GET /beta/products.php?cat=22&id=14 HTTP/1.1" 200 55229 "-" "Mozilla/5.0 (compatible; YandexBot/3.0; +http://yandex.com/bots)" "tekmedicgloves.com"
185.191.171.37 - - [08/Sep/2022:20:48:26 -0700] "GET /phpMyAdmin/setup/?token=1c962a9024b4b4774338a5df35dde88b&version_check=1 HTTP/1.1" 200 12687 "-" "Mozilla/5.0 (compatible; SemrushBot/7~bl; +http://www.semrush.com/bot.html)" "tekmedicgloves.com"
185.191.171.9 - - [08/Sep/2022:20:48:34 -0700] "GET /phpMyAdmin/setup/?token=65ae71527a755ce1171d41b3d2027b50&version_check=1 HTTP/1.1" 200 12691 "-" "Mozilla/5.0 (compatible; SemrushBot/7~bl; +http://www.semrush.com/bot.html)" "www.tekmedicgloves.com"
185.191.171.44 - - [08/Sep/2022:20:48:37 -0700] "GET /phpMyAdmin/setup/?token=57a2699d56e1b244b0f0715314795e49&version_check=1 HTTP/1.1" 200 12687 "-" "Mozilla/5.0 (compatible; SemrushBot/7~bl; +http://www.semrush.com/bot.html)" "tekmedicgloves.com"
185.191.171.35 - - [08/Sep/2022:20:49:01 -0700] "GET /phpMyAdmin/setup/index.php?token=e6b1ae9aa0e6dc5246e6414988c1a9b0&version_check=1 HTTP/1.1" 200 12705 "-" "Mozilla/5.0 (compatible; SemrushBot/7~bl; +http://www.semrush.com/bot.html)" "tekmedicgloves.com"
185.191.171.6 - - [08/Sep/2022:20:49:04 -0700] "GET /phpMyAdmin/setup/index.php?token=13c33b676e628ff79de9dc6021c4c7c1&version_check=1 HTTP/1.1" 200 12705 "-" "Mozilla/5.0 (compatible; SemrushBot/7~bl; +http://www.semrush.com/bot.html)" "tekmedicgloves.com"
185.191.171.8 - - [08/Sep/2022:20:49:12 -0700] "GET /phpMyAdmin/setup/?token=a16e30ba9df41e326533abacdda436d9&version_check=1 HTTP/1.1" 200 12691 "-" "Mozilla/5.0 (compatible; SemrushBot/7~bl; +http://www.semrush.com/bot.html)" "www.tekmedicgloves.com"
185.191.171.19 - - [08/Sep/2022:20:49:36 -0700] "GET /phpMyAdmin/setup/?token=9b777b4535005159952a8a2ac38a4472&version_check=1 HTTP/1.1" 200 12691 "-" "Mozilla/5.0 (compatible; SemrushBot/7~bl; +http://www.semrush.com/bot.html)" "www.tekmedicgloves.com"
185.191.171.17 - - [08/Sep/2022:20:49:55 -0700] "GET /phpMyAdmin/setup/?token=e5a5eb65ec4e03605755fb54d5408308&version_check=1 HTTP/1.1" 200 12691 "-" "Mozilla/5.0 (compatible; SemrushBot/7~bl; +http://www.semrush.com/bot.html)" "www.tekmedicgloves.com"
185.191.171.34 - - [08/Sep/2022:20:50:27 -0700] "GET /phpMyAdmin/setup/?token=c4e4ad7eb82650bfc346b45af1dd2607&version_check=1 HTTP/1.1" 200 12687 "-" "Mozilla/5.0 (compatible; SemrushBot/7~bl; +http://www.semrush.com/bot.html)" "tekmedicgloves.com"
185.191.171.12 - - [08/Sep/2022:20:50:33 -0700] "GET /phpMyAdmin/setup/?token=23458c270ae5fb66ff0fb4e9894c3409&version_check=1 HTTP/1.1" 200 12687 "-" "Mozilla/5.0 (compatible; SemrushBot/7~bl; +http://www.semrush.com/bot.html)" "tekmedicgloves.com"
185.191.171.9 - - [08/Sep/2022:20:50:43 -0700] "GET /phpMyAdmin/setup/?token=9ababac77a80791a421f6959706c7895&version_check=1 HTTP/1.1" 200 12691 "-" "Mozilla/5.0 (compatible; SemrushBot/7~bl; +http://www.semrush.com/bot.html)" "www.tekmedicgloves.com"
185.191.171.45 - - [08/Sep/2022:20:50:47 -0700] "GET /phpMyAdmin/setup/?token=70a08253647e2ae7332094b3aa4e0683&version_check=1 HTTP/1.1" 200 12691 "-" "Mozilla/5.0 (compatible; SemrushBot/7~bl; +http://www.semrush.com/bot.html)" "www.tekmedicgloves.com"
185.191.171.40 - - [08/Sep/2022:20:50:51 -0700] "GET /robots.txt HTTP/1.1" 404 88 "-" "Mozilla/5.0 (compatible; SemrushBot/7~bl; +http://www.semrush.com/bot.html)" "tekmedicgloves.com"
185.191.171.20 - - [08/Sep/2022:20:50:51 -0700] "GET /phpMyAdmin/setup/index.php?token=c95015b2b531e999a2b974cee0bbaa31&version_check=1 HTTP/1.1" 200 12705 "-" "Mozilla/5.0 (compatible; SemrushBot/7~bl; +http://www.semrush.com/bot.html)" "tekmedicgloves.com"
