185.191.171.12 - - [09/Sep/2022:03:53:06 -0700] "GET /phpMyAdmin/setup/?token=0a03cb15c4737b13eed6e0fcb4253e12&version_check=1 HTTP/1.1" 200 12691 "-" "Mozilla/5.0 (compatible; SemrushBot/7~bl; +http://www.semrush.com/bot.html)" "www.tekmedicgloves.com"
185.191.171.36 - - [09/Sep/2022:03:53:17 -0700] "GET /phpMyAdmin/setup/?token=1c5a2a089ac0faaf625ac818d8ed7c71&version_check=1 HTTP/1.1" 200 12691 "-" "Mozilla/5.0 (compatible; SemrushBot/7~bl; +http://www.semrush.com/bot.html)" "www.tekmedicgloves.com"
185.191.171.25 - - [09/Sep/2022:03:53:20 -0700] "GET /phpMyAdmin/setup/?token=d9614876b26ade5f91c0840245eb64cb&version_check=1 HTTP/1.1" 200 12687 "-" "Mozilla/5.0 (compatible; SemrushBot/7~bl; +http://www.semrush.com/bot.html)" "tekmedicgloves.com"
185.191.171.16 - - [09/Sep/2022:03:53:25 -0700] "GET /phpMyAdmin/setup/?token=a3b02f1b812f675cdb461af94ad494cb&version_check=1 HTTP/1.1" 200 12687 "-" "Mozilla/5.0 (compatible; SemrushBot/7~bl; +http://www.semrush.com/bot.html)" "tekmedicgloves.com"
185.191.171.16 - - [09/Sep/2022:03:53:31 -0700] "GET /phpMyAdmin/setup/?token=4b6c8737e8f8b76fa966accbfd8798e1&version_check=1 HTTP/1.1" 200 12687 "-" "Mozilla/5.0 (compatible; SemrushBot/7~bl; +http://www.semrush.com/bot.html)" "tekmedicgloves.com"
185.191.171.2 - - [09/Sep/2022:03:53:32 -0700] "GET /phpMyAdmin/setup/?token=efb12411df0da553fb4e4ea3311b8820&version_check=1 HTTP/1.1" 200 12691 "-" "Mozilla/5.0 (compatible; SemrushBot/7~bl; +http://www.semrush.com/bot.html)" "www.tekmedicgloves.com"
185.191.171.38 - - [09/Sep/2022:03:53:37 -0700] "GET /phpMyAdmin/setup/?token=92212b3a02cbf5b0f2dced37855b3629&version_check=1 HTTP/1.1" 200 12691 "-" "Mozilla/5.0 (compatible; SemrushBot/7~bl; +http://www.semrush.com/bot.html)" "www.tekmedicgloves.com"
185.191.171.16 - - [09/Sep/2022:03:54:14 -0700] "GET /phpMyAdmin/setup/?token=910b81d52a7681eba07158ed1cde0874&version_check=1 HTTP/1.1" 200 12687 "-" "Mozilla/5.0 (compatible; SemrushBot/7~bl; +http://www.semrush.com/bot.html)" "tekmedicgloves.com"
185.191.171.38 - - [09/Sep/2022:03:54:37 -0700] "GET /phpMyAdmin/setup/?token=bf80ef62e7889bb3c677fc4591235356&version_check=1 HTTP/1.1" 200 12691 "-" "Mozilla/5.0 (compatible; SemrushBot/7~bl; +http://www.semrush.com/bot.html)" "www.tekmedicgloves.com"
185.191.171.10 - - [09/Sep/2022:03:54:41 -0700] "GET /phpMyAdmin/setup/?token=9c31b151ef97680beef391ecfb6112c8&version_check=1 HTTP/1.1" 200 12687 "-" "Mozilla/5.0 (compatible; SemrushBot/7~bl; +http://www.semrush.com/bot.html)" "tekmedicgloves.com"
185.191.171.33 - - [09/Sep/2022:03:54:43 -0700] "GET /phpMyAdmin/setup/?token=5c8675c1e2ea492df54b21547cd86c37&version_check=1 HTTP/1.1" 200 12687 "-" "Mozilla/5.0 (compatible; SemrushBot/7~bl; +http://www.semrush.com/bot.html)" "tekmedicgloves.com"
185.191.171.7 - - [09/Sep/2022:03:54:46 -0700] "GET /phpMyAdmin/setup/?token=f4a0d1cd5799a8bbe65c0417ff093cdf&version_check=1 HTTP/1.1" 200 12691 "-" "Mozilla/5.0 (compatible; SemrushBot/7~bl; +http://www.semrush.com/bot.html)" "www.tekmedicgloves.com"
185.191.171.3 - - [09/Sep/2022:03:54:46 -0700] "GET /phpMyAdmin/setup/?token=28a77c5695f792fb3166ff7f1fc1e47c&version_check=1 HTTP/1.1" 200 12687 "-" "Mozilla/5.0 (compatible; SemrushBot/7~bl; +http://www.semrush.com/bot.html)" "tekmedicgloves.com"
185.191.171.23 - - [09/Sep/2022:03:54:58 -0700] "GET /phpMyAdmin/setup/?token=be0e5ec03d558d77e99cf61c1c702887&version_check=1 HTTP/1.1" 200 12691 "-" "Mozilla/5.0 (compatible; SemrushBot/7~bl; +http://www.semrush.com/bot.html)" "www.tekmedicgloves.com"
185.191.171.18 - - [09/Sep/2022:03:54:58 -0700] "GET /phpMyAdmin/setup/?token=39cfc104975a228e0950695b933d4f76&version_check=1 HTTP/1.1" 200 12687 "-" "Mozilla/5.0 (compatible; SemrushBot/7~bl; +http://www.semrush.com/bot.html)" "tekmedicgloves.com"
185.191.171.10 - - [09/Sep/2022:03:55:14 -0700] "GET /phpMyAdmin/setup/?token=4be24f929ce7b7a7c0d467d6dc79af8c&version_check=1 HTTP/1.1" 200 12691 "-" "Mozilla/5.0 (compatible; SemrushBot/7~bl; +http://www.semrush.com/bot.html)" "www.tekmedicgloves.com"
185.191.171.11 - - [09/Sep/2022:03:55:16 -0700] "GET /phpMyAdmin/setup/?token=21d7566025a99e8f9d3711f23852748c&version_check=1 HTTP/1.1" 200 12687 "-" "Mozilla/5.0 (compatible; SemrushBot/7~bl; +http://www.semrush.com/bot.html)" "tekmedicgloves.com"
185.191.171.43 - - [09/Sep/2022:03:55:24 -0700] "GET /phpMyAdmin/setup/?token=e2b3684335d7f0079d2d111302b07d0a&version_check=1 HTTP/1.1" 200 12691 "-" "Mozilla/5.0 (compatible; SemrushBot/7~bl; +http://www.semrush.com/bot.html)" "www.tekmedicgloves.com"
185.191.171.39 - - [09/Sep/2022:03:55:32 -0700] "GET /phpMyAdmin/setup/?token=7bc0485196bba567c1893b44cb2e0dee&version_check=1 HTTP/1.1" 200 12687 "-" "Mozilla/5.0 (compatible; SemrushBot/7~bl; +http://www.semrush.com/bot.html)" "tekmedicgloves.com"
185.191.171.35 - - [09/Sep/2022:03:55:32 -0700] "GET /phpMyAdmin/setup/?token=20f062617c2f3e1a9d9ee0cf85a05190&version_check=1 HTTP/1.1" 200 12691 "-" "Mozilla/5.0 (compatible; SemrushBot/7~bl; +http://www.semrush.com/bot.html)" "www.tekmedicgloves.com"
185.191.171.33 - - [09/Sep/2022:03:55:44 -0700] "GET /phpMyAdmin/setup/?token=6e57890a019dd2db442525c80167ceb9&version_check=1 HTTP/1.1" 200 12691 "-" "Mozilla/5.0 (compatible; SemrushBot/7~bl; +http://www.semrush.com/bot.html)" "www.tekmedicgloves.com"
185.191.171.3 - - [09/Sep/2022:03:55:56 -0700] "GET /phpMyAdmin/setup/?token=a9c6d5ec2c790fc774c14f19cb892383&version_check=1 HTTP/1.1" 200 12691 "-" "Mozilla/5.0 (compatible; SemrushBot/7~bl; +http://www.semrush.com/bot.html)" "www.tekmedicgloves.com"
185.191.171.20 - - [09/Sep/2022:03:56:28 -0700] "GET /phpMyAdmin/setup/?token=227ebcfb57d9438de69067537b3d662c&version_check=1 HTTP/1.1" 200 12691 "-" "Mozilla/5.0 (compatible; SemrushBot/7~bl; +http://www.semrush.com/bot.html)" "www.tekmedicgloves.com"
185.191.171.4 - - [09/Sep/2022:03:56:47 -0700] "GET /phpMyAdmin/setup/?token=d72cb63be007b83ad6a1daea2e6030de&version_check=1 HTTP/1.1" 200 12687 "-" "Mozilla/5.0 (compatible; SemrushBot/7~bl; +http://www.semrush.com/bot.html)" "tekmedicgloves.com"
185.191.171.10 - - [09/Sep/2022:03:57:18 -0700] "GET /robots.txt HTTP/1.1" 404 88 "-" "Mozilla/5.0 (compatible; SemrushBot/7~bl; +http://www.semrush.com/bot.html)" "tekmedicgloves.com"
185.191.171.25 - - [09/Sep/2022:03:57:18 -0700] "GET /phpMyAdmin/setup/index.php?token=7f167606143f1367efc13bb16aba5a24&version_check=1 HTTP/1.1" 200 12705 "-" "Mozilla/5.0 (compatible; SemrushBot/7~bl; +http://www.semrush.com/bot.html)" "tekmedicgloves.com"
185.191.171.18 - - [09/Sep/2022:03:57:28 -0700] "GET /phpMyAdmin/setup/?token=b88bf011109ab9fc97549c7257717e7c&version_check=1 HTTP/1.1" 200 12687 "-" "Mozilla/5.0 (compatible; SemrushBot/7~bl; +http://www.semrush.com/bot.html)" "tekmedicgloves.com"
185.191.171.23 - - [09/Sep/2022:03:57:40 -0700] "GET /phpMyAdmin/setup/?token=f32fa981b834219131b25630e76423ac&version_check=1 HTTP/1.1" 200 12691 "-" "Mozilla/5.0 (compatible; SemrushBot/7~bl; +http://www.semrush.com/bot.html)" "www.tekmedicgloves.com"
185.191.171.36 - - [09/Sep/2022:03:57:46 -0700] "GET /phpMyAdmin/setup/?token=fb2a01ea411fed86fe3dbf0fe853af7d&version_check=1 HTTP/1.1" 200 12691 "-" "Mozilla/5.0 (compatible; SemrushBot/7~bl; +http://www.semrush.com/bot.html)" "www.tekmedicgloves.com"
185.191.171.25 - - [09/Sep/2022:03:57:58 -0700] "GET /phpMyAdmin/setup/?token=43c0e9dd8f035a1f19d2973a456eaa1d&version_check=1 HTTP/1.1" 200 12687 "-" "Mozilla/5.0 (compatible; SemrushBot/7~bl; +http://www.semrush.com/bot.html)" "tekmedicgloves.com"
185.191.171.15 - - [09/Sep/2022:03:58:05 -0700] "GET /phpMyAdmin/setup/?token=cd4adbb6cb1253c37769c90c79bbe938&version_check=1 HTTP/1.1" 200 12691 "-" "Mozilla/5.0 (compatible; SemrushBot/7~bl; +http://www.semrush.com/bot.html)" "www.tekmedicgloves.com"
185.191.171.17 - - [09/Sep/2022:03:58:11 -0700] "GET /phpMyAdmin/setup/?token=30054cd5fa70978dc7b4f527a12b100a&version_check=1 HTTP/1.1" 200 12687 "-" "Mozilla/5.0 (compatible; SemrushBot/7~bl; +http://www.semrush.com/bot.html)" "tekmedicgloves.com"
185.191.171.15 - - [09/Sep/2022:03:58:26 -0700] "GET /phpMyAdmin/setup/?token=135cd51444dfc8ca4c27c8c6ef8d777c&version_check=1 HTTP/1.1" 200 12691 "-" "Mozilla/5.0 (compatible; SemrushBot/7~bl; +http://www.semrush.com/bot.html)" "www.tekmedicgloves.com"
185.191.171.2 - - [09/Sep/2022:03:58:30 -0700] "GET /phpMyAdmin/setup/?token=df5b7e1d6a8f05e74e094dd26f6083d7&version_check=1 HTTP/1.1" 200 12687 "-" "Mozilla/5.0 (compatible; SemrushBot/7~bl; +http://www.semrush.com/bot.html)" "tekmedicgloves.com"
185.191.171.1 - - [09/Sep/2022:03:58:32 -0700] "GET /phpMyAdmin/setup/index.php?token=d143909baf93f4dfab35f67fa0696e15&version_check=1 HTTP/1.1" 200 12709 "-" "Mozilla/5.0 (compatible; SemrushBot/7~bl; +http://www.semrush.com/bot.html)" "www.tekmedicgloves.com"
185.191.171.42 - - [09/Sep/2022:03:58:40 -0700] "GET /phpMyAdmin/setup/?token=4225347172eb64dabde8b21b042bf20f&version_check=1 HTTP/1.1" 200 12687 "-" "Mozilla/5.0 (compatible; SemrushBot/7~bl; +http://www.semrush.com/bot.html)" "tekmedicgloves.com"
185.191.171.20 - - [09/Sep/2022:03:58:53 -0700] "GET /phpMyAdmin/setup/?token=f8aa45c14a2b099b40bfdc37cb5c8693&version_check=1 HTTP/1.1" 200 12691 "-" "Mozilla/5.0 (compatible; SemrushBot/7~bl; +http://www.semrush.com/bot.html)" "www.tekmedicgloves.com"
185.191.171.45 - - [09/Sep/2022:03:59:01 -0700] "GET /phpMyAdmin/setup/?token=ae32126f2efd5bc550066a44127845a8&version_check=1 HTTP/1.1" 200 12687 "-" "Mozilla/5.0 (compatible; SemrushBot/7~bl; +http://www.semrush.com/bot.html)" "tekmedicgloves.com"
185.191.171.2 - - [09/Sep/2022:03:59:02 -0700] "GET /phpMyAdmin/setup/?token=82b4c1b73dcbf6ff4c1a4d721450655f&version_check=1 HTTP/1.1" 200 12691 "-" "Mozilla/5.0 (compatible; SemrushBot/7~bl; +http://www.semrush.com/bot.html)" "www.tekmedicgloves.com"
185.191.171.16 - - [09/Sep/2022:03:59:09 -0700] "GET /phpMyAdmin/setup/index.php?token=483c805ad1d1e8343af24cfe0d561ed5&version_check=1 HTTP/1.1" 200 12705 "-" "Mozilla/5.0 (compatible; SemrushBot/7~bl; +http://www.semrush.com/bot.html)" "tekmedicgloves.com"
185.191.171.3 - - [09/Sep/2022:03:59:10 -0700] "GET /phpMyAdmin/setup/index.php?token=8a50b5462027157d5fd16cbb0e7c331d&version_check=1 HTTP/1.1" 200 12705 "-" "Mozilla/5.0 (compatible; SemrushBot/7~bl; +http://www.semrush.com/bot.html)" "tekmedicgloves.com"
185.191.171.4 - - [09/Sep/2022:03:59:11 -0700] "GET /phpMyAdmin/setup/?token=7703400eb973158a03aa693b94dcca5a&version_check=1 HTTP/1.1" 200 12691 "-" "Mozilla/5.0 (compatible; SemrushBot/7~bl; +http://www.semrush.com/bot.html)" "www.tekmedicgloves.com"
185.191.171.16 - - [09/Sep/2022:03:59:28 -0700] "GET /phpMyAdmin/setup/?token=5adaa98560214d4bdb964846d14dca1f&version_check=1 HTTP/1.1" 200 12691 "-" "Mozilla/5.0 (compatible; SemrushBot/7~bl; +http://www.semrush.com/bot.html)" "www.tekmedicgloves.com"
185.191.171.35 - - [09/Sep/2022:03:59:30 -0700] "GET /phpMyAdmin/setup/?token=ba0d8b07fe787becd1ee24804ce1795c&version_check=1 HTTP/1.1" 200 12691 "-" "Mozilla/5.0 (compatible; SemrushBot/7~bl; +http://www.semrush.com/bot.html)" "www.tekmedicgloves.com"
185.191.171.15 - - [09/Sep/2022:03:59:47 -0700] "GET /phpMyAdmin/setup/?token=cd7993e75f3718dcce7a558430d36d5d&version_check=1 HTTP/1.1" 200 12687 "-" "Mozilla/5.0 (compatible; SemrushBot/7~bl; +http://www.semrush.com/bot.html)" "tekmedicgloves.com"
185.191.171.6 - - [09/Sep/2022:04:00:09 -0700] "GET /phpMyAdmin/setup/index.php?token=21d691e0d75aff0cdaf49bdd02bed53a&version_check=1 HTTP/1.1" 200 12705 "-" "Mozilla/5.0 (compatible; SemrushBot/7~bl; +http://www.semrush.com/bot.html)" "tekmedicgloves.com"
185.191.171.16 - - [09/Sep/2022:04:00:19 -0700] "GET /phpMyAdmin/setup/index.php?token=bd24bc3ea2e59e26d38b05464bf0c67c&version_check=1 HTTP/1.1" 200 12705 "-" "Mozilla/5.0 (compatible; SemrushBot/7~bl; +http://www.semrush.com/bot.html)" "tekmedicgloves.com"
185.191.171.8 - - [09/Sep/2022:04:00:30 -0700] "GET /phpMyAdmin/setup/?token=c0ff11bdf42d14a4510bc0bbda3b11f6&version_check=1 HTTP/1.1" 200 12691 "-" "Mozilla/5.0 (compatible; SemrushBot/7~bl; +http://www.semrush.com/bot.html)" "www.tekmedicgloves.com"
185.191.171.38 - - [09/Sep/2022:04:00:41 -0700] "GET /phpMyAdmin/setup/?token=55a4159354791b55193fed2bddcd5b51&version_check=1 HTTP/1.1" 200 12691 "-" "Mozilla/5.0 (compatible; SemrushBot/7~bl; +http://www.semrush.com/bot.html)" "www.tekmedicgloves.com"
185.191.171.11 - - [09/Sep/2022:04:00:54 -0700] "GET /phpMyAdmin/setup/?token=c507dbbb80a41183aa0f3572bcf23290&version_check=1 HTTP/1.1" 200 12687 "-" "Mozilla/5.0 (compatible; SemrushBot/7~bl; +http://www.semrush.com/bot.html)" "tekmedicgloves.com"
185.191.171.26 - - [09/Sep/2022:04:01:01 -0700] "GET /phpMyAdmin/setup/?token=3b6cfb083d3aa56b60c7595e34806d7a&version_check=1 HTTP/1.1" 200 12687 "-" "Mozilla/5.0 (compatible; SemrushBot/7~bl; +http://www.semrush.com/bot.html)" "tekmedicgloves.com"
185.191.171.23 - - [09/Sep/2022:04:01:04 -0700] "GET /phpMyAdmin/setup/?token=52376f3a99ca1fbe5344ed3778a8853a&version_check=1 HTTP/1.1" 200 12691 "-" "Mozilla/5.0 (compatible; SemrushBot/7~bl; +http://www.semrush.com/bot.html)" "www.tekmedicgloves.com"
185.191.171.23 - - [09/Sep/2022:04:01:08 -0700] "GET /phpMyAdmin/setup/?token=eccc5aa2a61f4471d3e17527516f76f4&version_check=1 HTTP/1.1" 200 12691 "-" "Mozilla/5.0 (compatible; SemrushBot/7~bl; +http://www.semrush.com/bot.html)" "www.tekmedicgloves.com"
185.191.171.43 - - [09/Sep/2022:04:01:09 -0700] "GET /phpMyAdmin/setup/?token=0c3238c90c1f967d49fd8e4e5064f20c&version_check=1 HTTP/1.1" 200 12687 "-" "Mozilla/5.0 (compatible; SemrushBot/7~bl; +http://www.semrush.com/bot.html)" "tekmedicgloves.com"
185.191.171.24 - - [09/Sep/2022:04:01:51 -0700] "GET /phpMyAdmin/setup/?token=b5ba967821fbd8600b07ddd65048692b&version_check=1 HTTP/1.1" 200 12687 "-" "Mozilla/5.0 (compatible; SemrushBot/7~bl; +http://www.semrush.com/bot.html)" "tekmedicgloves.com"
185.191.171.14 - - [09/Sep/2022:04:01:59 -0700] "GET /phpMyAdmin/setup/?token=87001b062ae48d9e36cf7e83adcafbca&version_check=1 HTTP/1.1" 200 12691 "-" "Mozilla/5.0 (compatible; SemrushBot/7~bl; +http://www.semrush.com/bot.html)" "www.tekmedicgloves.com"
185.191.171.33 - - [09/Sep/2022:04:02:37 -0700] "GET /phpMyAdmin/setup/?token=13fca23b0ab068373dfd0efece2e7188&version_check=1 HTTP/1.1" 200 12691 "-" "Mozilla/5.0 (compatible; SemrushBot/7~bl; +http://www.semrush.com/bot.html)" "www.tekmedicgloves.com"
185.191.171.4 - - [09/Sep/2022:04:02:46 -0700] "GET /phpMyAdmin/setup/?token=56a48d26000c3b07e317ff1905b837d5&version_check=1 HTTP/1.1" 200 12691 "-" "Mozilla/5.0 (compatible; SemrushBot/7~bl; +http://www.semrush.com/bot.html)" "www.tekmedicgloves.com"
185.191.171.5 - - [09/Sep/2022:04:02:48 -0700] "GET /phpMyAdmin/setup/?token=885523eca67ba2337775dda5df7c24af&version_check=1 HTTP/1.1" 200 12687 "-" "Mozilla/5.0 (compatible; SemrushBot/7~bl; +http://www.semrush.com/bot.html)" "tekmedicgloves.com"
185.191.171.45 - - [09/Sep/2022:04:02:59 -0700] "GET /phpMyAdmin/setup/?token=001b2d242980e5a2b0d30560a46a8b04&version_check=1 HTTP/1.1" 200 12691 "-" "Mozilla/5.0 (compatible; SemrushBot/7~bl; +http://www.semrush.com/bot.html)" "www.tekmedicgloves.com"
185.191.171.37 - - [09/Sep/2022:04:03:08 -0700] "GET /phpMyAdmin/setup/?token=0ec854fcf06475217ad967fd0bb2ddf1&version_check=1 HTTP/1.1" 200 12691 "-" "Mozilla/5.0 (compatible; SemrushBot/7~bl; +http://www.semrush.com/bot.html)" "www.tekmedicgloves.com"
185.191.171.43 - - [09/Sep/2022:04:03:29 -0700] "GET /phpMyAdmin/setup/?token=7d867225d3a99c983e775d860c27999d&version_check=1 HTTP/1.1" 200 12691 "-" "Mozilla/5.0 (compatible; SemrushBot/7~bl; +http://www.semrush.com/bot.html)" "www.tekmedicgloves.com"
185.191.171.33 - - [09/Sep/2022:04:03:38 -0700] "GET /phpMyAdmin/setup/?token=87f045663a229d9db6f592026df4af70&version_check=1 HTTP/1.1" 200 12687 "-" "Mozilla/5.0 (compatible; SemrushBot/7~bl; +http://www.semrush.com/bot.html)" "tekmedicgloves.com"
185.191.171.24 - - [09/Sep/2022:04:03:41 -0700] "GET /phpMyAdmin/setup/index.php?token=6d7d8f145c49b6bb9d3afae0f0bc5618&version_check=1 HTTP/1.1" 200 12705 "-" "Mozilla/5.0 (compatible; SemrushBot/7~bl; +http://www.semrush.com/bot.html)" "tekmedicgloves.com"
185.191.171.19 - - [09/Sep/2022:04:03:43 -0700] "GET /phpMyAdmin/setup/?token=e94eb4a54efe990c24e35745624196e5&version_check=1 HTTP/1.1" 200 12691 "-" "Mozilla/5.0 (compatible; SemrushBot/7~bl; +http://www.semrush.com/bot.html)" "www.tekmedicgloves.com"
185.191.171.33 - - [09/Sep/2022:04:03:45 -0700] "GET /phpMyAdmin/setup/?token=2f702d82e7a50882436152a0e57337ca&version_check=1 HTTP/1.1" 200 12687 "-" "Mozilla/5.0 (compatible; SemrushBot/7~bl; +http://www.semrush.com/bot.html)" "tekmedicgloves.com"
185.191.171.39 - - [09/Sep/2022:04:04:03 -0700] "GET /phpMyAdmin/setup/index.php?token=f8241974482df5482725633907d41dfb&version_check=1 HTTP/1.1" 200 12705 "-" "Mozilla/5.0 (compatible; SemrushBot/7~bl; +http://www.semrush.com/bot.html)" "tekmedicgloves.com"
40.77.167.24 - - [09/Sep/2022:04:04:07 -0700] "GET /beta/team-view/sam-kromstain/wsdindex.html HTTP/1.1" 404 88 "-" "Mozilla/5.0 (compatible; bingbot/2.0; +http://www.bing.com/bingbot.htm)" "tekmedicgloves.com"
185.191.171.24 - - [09/Sep/2022:04:04:35 -0700] "GET /phpMyAdmin/setup/?token=5b48898be0704836e3cc8cc70c946f4f&version_check=1 HTTP/1.1" 200 12687 "-" "Mozilla/5.0 (compatible; SemrushBot/7~bl; +http://www.semrush.com/bot.html)" "tekmedicgloves.com"
185.191.171.33 - - [09/Sep/2022:04:04:48 -0700] "GET /phpMyAdmin/setup/?token=cc1be418ec32885f5b67337d1a8409f2&version_check=1 HTTP/1.1" 200 12687 "-" "Mozilla/5.0 (compatible; SemrushBot/7~bl; +http://www.semrush.com/bot.html)" "tekmedicgloves.com"
185.191.171.4 - - [09/Sep/2022:04:04:55 -0700] "GET /phpMyAdmin/setup/index.php?token=bb36839f937e5b76ad0a87359b767007&version_check=1 HTTP/1.1" 200 12709 "-" "Mozilla/5.0 (compatible; SemrushBot/7~bl; +http://www.semrush.com/bot.html)" "www.tekmedicgloves.com"
185.191.171.6 - - [09/Sep/2022:04:05:17 -0700] "GET /robots.txt HTTP/1.1" 404 88 "-" "Mozilla/5.0 (compatible; SemrushBot/7~bl; +http://www.semrush.com/bot.html)" "www.tekmedicgloves.com"
185.191.171.26 - - [09/Sep/2022:04:05:18 -0700] "GET /phpMyAdmin/setup/?token=a5b81b71f11f182ea235e763e36ede9d&version_check=1 HTTP/1.1" 200 12691 "-" "Mozilla/5.0 (compatible; SemrushBot/7~bl; +http://www.semrush.com/bot.html)" "www.tekmedicgloves.com"
185.191.171.43 - - [09/Sep/2022:04:05:31 -0700] "GET /phpMyAdmin/setup/?token=415bc8e9fae856707e3259d343b45fac&version_check=1 HTTP/1.1" 200 12687 "-" "Mozilla/5.0 (compatible; SemrushBot/7~bl; +http://www.semrush.com/bot.html)" "tekmedicgloves.com"
185.191.171.35 - - [09/Sep/2022:04:05:43 -0700] "GET /phpMyAdmin/setup/?token=3f0c94323c3b361d4cabed6774b57087&version_check=1 HTTP/1.1" 200 12691 "-" "Mozilla/5.0 (compatible; SemrushBot/7~bl; +http://www.semrush.com/bot.html)" "www.tekmedicgloves.com"
185.191.171.13 - - [09/Sep/2022:04:05:56 -0700] "GET /phpMyAdmin/setup/?token=766a7806cbb3198147748ebc1c357d78&version_check=1 HTTP/1.1" 200 12687 "-" "Mozilla/5.0 (compatible; SemrushBot/7~bl; +http://www.semrush.com/bot.html)" "tekmedicgloves.com"
185.191.171.6 - - [09/Sep/2022:04:06:09 -0700] "GET /phpMyAdmin/setup/?token=4cc5126078284761aebaaeb705a8337e&version_check=1 HTTP/1.1" 200 12687 "-" "Mozilla/5.0 (compatible; SemrushBot/7~bl; +http://www.semrush.com/bot.html)" "tekmedicgloves.com"
185.191.171.8 - - [09/Sep/2022:04:06:19 -0700] "GET /phpMyAdmin/setup/index.php?token=743638e6b2b64e67dfe78ea11fa6ac4b&version_check=1 HTTP/1.1" 200 12705 "-" "Mozilla/5.0 (compatible; SemrushBot/7~bl; +http://www.semrush.com/bot.html)" "tekmedicgloves.com"
185.191.171.24 - - [09/Sep/2022:04:06:22 -0700] "GET /phpMyAdmin/setup/?token=ae5859d9c93d034cc1443f33bf9ea977&version_check=1 HTTP/1.1" 200 12691 "-" "Mozilla/5.0 (compatible; SemrushBot/7~bl; +http://www.semrush.com/bot.html)" "www.tekmedicgloves.com"
185.191.171.25 - - [09/Sep/2022:04:06:39 -0700] "GET /phpMyAdmin/setup/?token=1cee4144b814173305b0d786cb2f93a5&version_check=1 HTTP/1.1" 200 12691 "-" "Mozilla/5.0 (compatible; SemrushBot/7~bl; +http://www.semrush.com/bot.html)" "www.tekmedicgloves.com"
185.191.171.40 - - [09/Sep/2022:04:06:42 -0700] "GET /phpMyAdmin/setup/?token=bd9f4ffa0659a5ae8e8905e172d3f36a&version_check=1 HTTP/1.1" 200 12687 "-" "Mozilla/5.0 (compatible; SemrushBot/7~bl; +http://www.semrush.com/bot.html)" "tekmedicgloves.com"
185.191.171.25 - - [09/Sep/2022:04:06:44 -0700] "GET /phpMyAdmin/setup/?token=f5334f60f4d1ff81e5b7456b9ff82be9&version_check=1 HTTP/1.1" 200 12687 "-" "Mozilla/5.0 (compatible; SemrushBot/7~bl; +http://www.semrush.com/bot.html)" "tekmedicgloves.com"
185.191.171.19 - - [09/Sep/2022:04:06:50 -0700] "GET /phpMyAdmin/setup/?token=a741d18bb3c7e8bee9f09680fabf38ce&version_check=1 HTTP/1.1" 200 12687 "-" "Mozilla/5.0 (compatible; SemrushBot/7~bl; +http://www.semrush.com/bot.html)" "tekmedicgloves.com"
185.191.171.39 - - [09/Sep/2022:04:06:55 -0700] "GET /phpMyAdmin/setup/index.php?token=7c4b08dbbbefe80996aeced573e6ab1e&version_check=1 HTTP/1.1" 200 12709 "-" "Mozilla/5.0 (compatible; SemrushBot/7~bl; +http://www.semrush.com/bot.html)" "www.tekmedicgloves.com"
185.191.171.3 - - [09/Sep/2022:04:06:57 -0700] "GET /phpMyAdmin/setup/index.php?token=c10a8c0627537aff24ffbd283683fd04&version_check=1 HTTP/1.1" 200 12709 "-" "Mozilla/5.0 (compatible; SemrushBot/7~bl; +http://www.semrush.com/bot.html)" "www.tekmedicgloves.com"
185.191.171.18 - - [09/Sep/2022:04:07:00 -0700] "GET /phpMyAdmin/setup/?token=86f81d71356386bd499e185536b4dee7&version_check=1 HTTP/1.1" 200 12691 "-" "Mozilla/5.0 (compatible; SemrushBot/7~bl; +http://www.semrush.com/bot.html)" "www.tekmedicgloves.com"
185.191.171.2 - - [09/Sep/2022:04:07:09 -0700] "GET /phpMyAdmin/setup/?token=06fe84ac70d85c388b01d8cdbca34fb2&version_check=1 HTTP/1.1" 200 12687 "-" "Mozilla/5.0 (compatible; SemrushBot/7~bl; +http://www.semrush.com/bot.html)" "tekmedicgloves.com"
185.191.171.1 - - [09/Sep/2022:04:07:11 -0700] "GET /phpMyAdmin/setup/?token=5881398c0aa33717a6b5572b73fcd9d9&version_check=1 HTTP/1.1" 200 12691 "-" "Mozilla/5.0 (compatible; SemrushBot/7~bl; +http://www.semrush.com/bot.html)" "www.tekmedicgloves.com"
185.191.171.10 - - [09/Sep/2022:04:07:19 -0700] "GET /phpMyAdmin/setup/?token=e0bd54b8e06ddc52c7fc25795589047b&version_check=1 HTTP/1.1" 200 12687 "-" "Mozilla/5.0 (compatible; SemrushBot/7~bl; +http://www.semrush.com/bot.html)" "tekmedicgloves.com"
185.191.171.17 - - [09/Sep/2022:04:07:25 -0700] "GET /phpMyAdmin/setup/?token=04fad5f5f9f4ad08eba4f7fad2aa30cb&version_check=1 HTTP/1.1" 200 12691 "-" "Mozilla/5.0 (compatible; SemrushBot/7~bl; +http://www.semrush.com/bot.html)" "www.tekmedicgloves.com"
185.191.171.5 - - [09/Sep/2022:04:07:34 -0700] "GET /phpMyAdmin/setup/index.php?token=b1b14ad4a747d205f40208a6dc443a2f&version_check=1 HTTP/1.1" 200 12705 "-" "Mozilla/5.0 (compatible; SemrushBot/7~bl; +http://www.semrush.com/bot.html)" "tekmedicgloves.com"
185.191.171.10 - - [09/Sep/2022:04:07:39 -0700] "GET /phpMyAdmin/setup/?token=b6884ece9aaa7118a0155b86f57a9745&version_check=1 HTTP/1.1" 200 12687 "-" "Mozilla/5.0 (compatible; SemrushBot/7~bl; +http://www.semrush.com/bot.html)" "tekmedicgloves.com"
185.191.171.40 - - [09/Sep/2022:04:07:45 -0700] "GET /phpMyAdmin/setup/index.php?token=082d6484069eb4ec488d6ca993fc4adb&version_check=1 HTTP/1.1" 200 12709 "-" "Mozilla/5.0 (compatible; SemrushBot/7~bl; +http://www.semrush.com/bot.html)" "www.tekmedicgloves.com"
185.191.171.12 - - [09/Sep/2022:04:07:57 -0700] "GET /phpMyAdmin/setup/?token=35f78ed96383d2012e7bef14b263d3de&version_check=1 HTTP/1.1" 200 12691 "-" "Mozilla/5.0 (compatible; SemrushBot/7~bl; +http://www.semrush.com/bot.html)" "www.tekmedicgloves.com"
185.191.171.22 - - [09/Sep/2022:04:08:17 -0700] "GET /phpMyAdmin/setup/?token=63b3ababf114a339b79193dc03257e1b&version_check=1 HTTP/1.1" 200 12687 "-" "Mozilla/5.0 (compatible; SemrushBot/7~bl; +http://www.semrush.com/bot.html)" "tekmedicgloves.com"
185.191.171.3 - - [09/Sep/2022:04:08:22 -0700] "GET /phpMyAdmin/setup/?token=e85fa61eada52188762c7930aaa5a4c1&version_check=1 HTTP/1.1" 200 12687 "-" "Mozilla/5.0 (compatible; SemrushBot/7~bl; +http://www.semrush.com/bot.html)" "tekmedicgloves.com"
185.191.171.22 - - [09/Sep/2022:04:08:27 -0700] "GET /phpMyAdmin/setup/?token=f925e4085596f602fe3574b99c3c999a&version_check=1 HTTP/1.1" 200 12691 "-" "Mozilla/5.0 (compatible; SemrushBot/7~bl; +http://www.semrush.com/bot.html)" "www.tekmedicgloves.com"
185.191.171.33 - - [09/Sep/2022:04:09:05 -0700] "GET /phpMyAdmin/setup/?token=32ab8c9c298f4327d5706a2c265243be&version_check=1 HTTP/1.1" 200 12687 "-" "Mozilla/5.0 (compatible; SemrushBot/7~bl; +http://www.semrush.com/bot.html)" "tekmedicgloves.com"
185.191.171.36 - - [09/Sep/2022:04:09:11 -0700] "GET /phpMyAdmin/setup/?token=d8edd11c4fa508c313815572551c6a6b&version_check=1 HTTP/1.1" 200 12691 "-" "Mozilla/5.0 (compatible; SemrushBot/7~bl; +http://www.semrush.com/bot.html)" "www.tekmedicgloves.com"
185.191.171.39 - - [09/Sep/2022:04:09:16 -0700] "GET /phpMyAdmin/setup/index.php?token=fb4ce7d1c93f69650420b97637d99323&version_check=1 HTTP/1.1" 200 12705 "-" "Mozilla/5.0 (compatible; SemrushBot/7~bl; +http://www.semrush.com/bot.html)" "tekmedicgloves.com"
185.191.171.6 - - [09/Sep/2022:04:09:32 -0700] "GET /phpMyAdmin/setup/?token=60ec05d527c0d4c70d06cb98ae159b89&version_check=1 HTTP/1.1" 200 12691 "-" "Mozilla/5.0 (compatible; SemrushBot/7~bl; +http://www.semrush.com/bot.html)" "www.tekmedicgloves.com"
185.191.171.16 - - [09/Sep/2022:04:09:40 -0700] "GET /phpMyAdmin/setup/?token=ba4c63d0a09bd2ac6c378c406a578225&version_check=1 HTTP/1.1" 200 12687 "-" "Mozilla/5.0 (compatible; SemrushBot/7~bl; +http://www.semrush.com/bot.html)" "tekmedicgloves.com"
185.191.171.26 - - [09/Sep/2022:04:09:43 -0700] "GET /phpMyAdmin/setup/?token=45e63d71c9da249790db829b1854eccd&version_check=1 HTTP/1.1" 200 12691 "-" "Mozilla/5.0 (compatible; SemrushBot/7~bl; +http://www.semrush.com/bot.html)" "www.tekmedicgloves.com"
185.191.171.17 - - [09/Sep/2022:04:09:53 -0700] "GET /phpMyAdmin/setup/?token=7fbd3aeacf307ef48fbb6f2bd35739a8&version_check=1 HTTP/1.1" 200 12691 "-" "Mozilla/5.0 (compatible; SemrushBot/7~bl; +http://www.semrush.com/bot.html)" "www.tekmedicgloves.com"
185.191.171.24 - - [09/Sep/2022:04:10:17 -0700] "GET /phpMyAdmin/setup/?token=f43320eb66d20c9ee11d499a0346dbd5&version_check=1 HTTP/1.1" 200 12687 "-" "Mozilla/5.0 (compatible; SemrushBot/7~bl; +http://www.semrush.com/bot.html)" "tekmedicgloves.com"
185.191.171.39 - - [09/Sep/2022:04:10:23 -0700] "GET /phpMyAdmin/setup/?token=4091078127a73bf1bedc1e0d0a0fe051&version_check=1 HTTP/1.1" 200 12691 "-" "Mozilla/5.0 (compatible; SemrushBot/7~bl; +http://www.semrush.com/bot.html)" "www.tekmedicgloves.com"
185.191.171.4 - - [09/Sep/2022:04:10:23 -0700] "GET /phpMyAdmin/setup/?token=e8aaca294b21f9d7e117ae4655c94f8d&version_check=1 HTTP/1.1" 200 12687 "-" "Mozilla/5.0 (compatible; SemrushBot/7~bl; +http://www.semrush.com/bot.html)" "tekmedicgloves.com"
185.191.171.40 - - [09/Sep/2022:04:10:33 -0700] "GET /phpMyAdmin/setup/index.php?token=ef2d54b31f3a79d6c1bfb12eb2a3db7f&version_check=1 HTTP/1.1" 200 12705 "-" "Mozilla/5.0 (compatible; SemrushBot/7~bl; +http://www.semrush.com/bot.html)" "tekmedicgloves.com"
185.191.171.6 - - [09/Sep/2022:04:10:55 -0700] "GET /phpMyAdmin/setup/?token=727b9e137c7fedc93faa74e4bf3b28b4&version_check=1 HTTP/1.1" 200 12691 "-" "Mozilla/5.0 (compatible; SemrushBot/7~bl; +http://www.semrush.com/bot.html)" "www.tekmedicgloves.com"
185.191.171.36 - - [09/Sep/2022:04:11:15 -0700] "GET /phpMyAdmin/setup/?token=350459828fa960755f295557cdb2091e&version_check=1 HTTP/1.1" 200 12691 "-" "Mozilla/5.0 (compatible; SemrushBot/7~bl; +http://www.semrush.com/bot.html)" "www.tekmedicgloves.com"
185.191.171.16 - - [09/Sep/2022:04:11:19 -0700] "GET /phpMyAdmin/setup/index.php?token=aa875d6b0fa311044818bdee87602566&version_check=1 HTTP/1.1" 200 12705 "-" "Mozilla/5.0 (compatible; SemrushBot/7~bl; +http://www.semrush.com/bot.html)" "tekmedicgloves.com"
185.191.171.38 - - [09/Sep/2022:04:11:20 -0700] "GET /phpMyAdmin/setup/?token=de2f48d5423c31d4d41507656d0a7293&version_check=1 HTTP/1.1" 200 12687 "-" "Mozilla/5.0 (compatible; SemrushBot/7~bl; +http://www.semrush.com/bot.html)" "tekmedicgloves.com"
185.191.171.40 - - [09/Sep/2022:04:11:22 -0700] "GET /phpMyAdmin/setup/index.php?token=9a77f89b7401b7f945e558bd98b05c70&version_check=1 HTTP/1.1" 200 12705 "-" "Mozilla/5.0 (compatible; SemrushBot/7~bl; +http://www.semrush.com/bot.html)" "tekmedicgloves.com"
185.191.171.24 - - [09/Sep/2022:04:12:16 -0700] "GET /phpMyAdmin/setup/index.php?token=0af2df4e24d00c4f5c1a1a9dd2cac1a9&version_check=1 HTTP/1.1" 200 12705 "-" "Mozilla/5.0 (compatible; SemrushBot/7~bl; +http://www.semrush.com/bot.html)" "tekmedicgloves.com"
185.191.171.23 - - [09/Sep/2022:04:12:20 -0700] "GET /phpMyAdmin/setup/?token=fb0619f3664d1775ec199fad538b0572&version_check=1 HTTP/1.1" 200 12687 "-" "Mozilla/5.0 (compatible; SemrushBot/7~bl; +http://www.semrush.com/bot.html)" "tekmedicgloves.com"
185.191.171.14 - - [09/Sep/2022:04:12:28 -0700] "GET /phpMyAdmin/setup/?token=ea9464903a685603dddbe5863190f78c&version_check=1 HTTP/1.1" 200 12687 "-" "Mozilla/5.0 (compatible; SemrushBot/7~bl; +http://www.semrush.com/bot.html)" "tekmedicgloves.com"
185.191.171.10 - - [09/Sep/2022:04:12:31 -0700] "GET /phpMyAdmin/setup/?token=608354eb581fcacf62d984e8891561da&version_check=1 HTTP/1.1" 200 12687 "-" "Mozilla/5.0 (compatible; SemrushBot/7~bl; +http://www.semrush.com/bot.html)" "tekmedicgloves.com"
185.191.171.39 - - [09/Sep/2022:04:12:32 -0700] "GET /phpMyAdmin/setup/index.php?token=8f5a371431f83c2641a9b35f8d72fc06&version_check=1 HTTP/1.1" 200 12705 "-" "Mozilla/5.0 (compatible; SemrushBot/7~bl; +http://www.semrush.com/bot.html)" "tekmedicgloves.com"
185.191.171.8 - - [09/Sep/2022:04:12:44 -0700] "GET /phpMyAdmin/setup/?token=3a4a1daf2fdcc6890668ca626e168674&version_check=1 HTTP/1.1" 200 12687 "-" "Mozilla/5.0 (compatible; SemrushBot/7~bl; +http://www.semrush.com/bot.html)" "tekmedicgloves.com"
185.191.171.26 - - [09/Sep/2022:04:12:45 -0700] "GET /phpMyAdmin/setup/?token=2837cd7f3ef15c1cc3f95b201f00c83a&version_check=1 HTTP/1.1" 200 12691 "-" "Mozilla/5.0 (compatible; SemrushBot/7~bl; +http://www.semrush.com/bot.html)" "www.tekmedicgloves.com"
185.191.171.35 - - [09/Sep/2022:04:12:47 -0700] "GET /phpMyAdmin/setup/?token=d6755fa808f6ecf5b5350423739bacd1&version_check=1 HTTP/1.1" 200 12691 "-" "Mozilla/5.0 (compatible; SemrushBot/7~bl; +http://www.semrush.com/bot.html)" "www.tekmedicgloves.com"
185.191.171.25 - - [09/Sep/2022:04:12:50 -0700] "GET /phpMyAdmin/setup/?token=4d3a1875e6e0549827b96dafc5575dee&version_check=1 HTTP/1.1" 200 12691 "-" "Mozilla/5.0 (compatible; SemrushBot/7~bl; +http://www.semrush.com/bot.html)" "www.tekmedicgloves.com"
185.191.171.45 - - [09/Sep/2022:04:12:52 -0700] "GET /phpMyAdmin/setup/?token=818be59a96bf1a44ada3899985e0c9ad&version_check=1 HTTP/1.1" 200 12691 "-" "Mozilla/5.0 (compatible; SemrushBot/7~bl; +http://www.semrush.com/bot.html)" "www.tekmedicgloves.com"
185.191.171.21 - - [09/Sep/2022:04:13:04 -0700] "GET /phpMyAdmin/setup/index.php?token=d81b6fb8268c9d108ac7ce669a856cc3&version_check=1 HTTP/1.1" 200 12709 "-" "Mozilla/5.0 (compatible; SemrushBot/7~bl; +http://www.semrush.com/bot.html)" "www.tekmedicgloves.com"
185.191.171.13 - - [09/Sep/2022:04:13:06 -0700] "GET /phpMyAdmin/setup/?token=4124b32464d96ebf46566db54c0c27ae&version_check=1 HTTP/1.1" 200 12691 "-" "Mozilla/5.0 (compatible; SemrushBot/7~bl; +http://www.semrush.com/bot.html)" "www.tekmedicgloves.com"
185.191.171.13 - - [09/Sep/2022:04:13:25 -0700] "GET /phpMyAdmin/setup/?token=26596c7828741c73425182bba897c25e&version_check=1 HTTP/1.1" 200 12691 "-" "Mozilla/5.0 (compatible; SemrushBot/7~bl; +http://www.semrush.com/bot.html)" "www.tekmedicgloves.com"
185.191.171.38 - - [09/Sep/2022:04:13:28 -0700] "GET /phpMyAdmin/setup/?token=d4f9be5caf503a2d63bb92e818201d9e&version_check=1 HTTP/1.1" 200 12691 "-" "Mozilla/5.0 (compatible; SemrushBot/7~bl; +http://www.semrush.com/bot.html)" "www.tekmedicgloves.com"
185.191.171.39 - - [09/Sep/2022:04:13:46 -0700] "GET /phpMyAdmin/setup/index.php?token=bfd50b8d1ab4476c25a03ad87a83438c&version_check=1 HTTP/1.1" 200 12705 "-" "Mozilla/5.0 (compatible; SemrushBot/7~bl; +http://www.semrush.com/bot.html)" "tekmedicgloves.com"
185.191.171.9 - - [09/Sep/2022:04:13:47 -0700] "GET /phpMyAdmin/setup/?token=7d37ac6c71c1b3d79a4de02d98ee26f8&version_check=1 HTTP/1.1" 200 12687 "-" "Mozilla/5.0 (compatible; SemrushBot/7~bl; +http://www.semrush.com/bot.html)" "tekmedicgloves.com"
185.191.171.38 - - [09/Sep/2022:04:13:49 -0700] "GET /phpMyAdmin/setup/?token=0051f670b4041c235132b534cd623139&version_check=1 HTTP/1.1" 200 12687 "-" "Mozilla/5.0 (compatible; SemrushBot/7~bl; +http://www.semrush.com/bot.html)" "tekmedicgloves.com"
185.191.171.18 - - [09/Sep/2022:04:14:04 -0700] "GET /phpMyAdmin/setup/?token=767d65a2e65a46cd13d26d7f20934228&version_check=1 HTTP/1.1" 200 12691 "-" "Mozilla/5.0 (compatible; SemrushBot/7~bl; +http://www.semrush.com/bot.html)" "www.tekmedicgloves.com"
185.191.171.10 - - [09/Sep/2022:04:14:11 -0700] "GET /phpMyAdmin/setup/index.php?token=8182ca4b49d1144ef356a2e92191f207&version_check=1 HTTP/1.1" 200 12705 "-" "Mozilla/5.0 (compatible; SemrushBot/7~bl; +http://www.semrush.com/bot.html)" "tekmedicgloves.com"
185.191.171.10 - - [09/Sep/2022:04:14:14 -0700] "GET /phpMyAdmin/setup/?token=d1d8bb2f4ca1b3154be9b6e84329460a&version_check=1 HTTP/1.1" 200 12687 "-" "Mozilla/5.0 (compatible; SemrushBot/7~bl; +http://www.semrush.com/bot.html)" "tekmedicgloves.com"
185.191.171.14 - - [09/Sep/2022:04:14:15 -0700] "GET /phpMyAdmin/setup/?token=a805046e44bb2813cf2538960e2cf6ee&version_check=1 HTTP/1.1" 200 12691 "-" "Mozilla/5.0 (compatible; SemrushBot/7~bl; +http://www.semrush.com/bot.html)" "www.tekmedicgloves.com"
185.191.171.22 - - [09/Sep/2022:04:14:24 -0700] "GET /phpMyAdmin/setup/index.php?token=5de4902eff7ad0aa112101dc61e90a16&version_check=1 HTTP/1.1" 200 12705 "-" "Mozilla/5.0 (compatible; SemrushBot/7~bl; +http://www.semrush.com/bot.html)" "tekmedicgloves.com"
185.191.171.43 - - [09/Sep/2022:04:14:28 -0700] "GET /phpMyAdmin/setup/?token=5e0e6d0a70574d36aacd8181446d7d9d&version_check=1 HTTP/1.1" 200 12687 "-" "Mozilla/5.0 (compatible; SemrushBot/7~bl; +http://www.semrush.com/bot.html)" "tekmedicgloves.com"
185.191.171.12 - - [09/Sep/2022:04:14:46 -0700] "GET /phpMyAdmin/setup/?token=34d637963da9d5644cc0df31d089ad6e&version_check=1 HTTP/1.1" 200 12691 "-" "Mozilla/5.0 (compatible; SemrushBot/7~bl; +http://www.semrush.com/bot.html)" "www.tekmedicgloves.com"
185.191.171.44 - - [09/Sep/2022:04:14:51 -0700] "GET /phpMyAdmin/setup/index.php?token=347bf8e433a743fffb6e2f6c4b190b46&version_check=1 HTTP/1.1" 200 12705 "-" "Mozilla/5.0 (compatible; SemrushBot/7~bl; +http://www.semrush.com/bot.html)" "tekmedicgloves.com"
185.191.171.4 - - [09/Sep/2022:04:15:04 -0700] "GET /phpMyAdmin/setup/index.php?token=93d09b36d8448dbefd67aac12b2e4b3e&version_check=1 HTTP/1.1" 200 12705 "-" "Mozilla/5.0 (compatible; SemrushBot/7~bl; +http://www.semrush.com/bot.html)" "tekmedicgloves.com"
185.191.171.6 - - [09/Sep/2022:04:15:11 -0700] "GET /phpMyAdmin/setup/?token=e55fc420d81a8f4aee6f0c773394cb41&version_check=1 HTTP/1.1" 200 12691 "-" "Mozilla/5.0 (compatible; SemrushBot/7~bl; +http://www.semrush.com/bot.html)" "www.tekmedicgloves.com"
185.191.171.1 - - [09/Sep/2022:04:15:14 -0700] "GET /phpMyAdmin/setup/?token=d54df6c7175218462181e54b3f9c68f0&version_check=1 HTTP/1.1" 200 12691 "-" "Mozilla/5.0 (compatible; SemrushBot/7~bl; +http://www.semrush.com/bot.html)" "www.tekmedicgloves.com"
185.191.171.24 - - [09/Sep/2022:04:15:16 -0700] "GET /phpMyAdmin/setup/?token=80e328361274a3bbd40d1faec660110a&version_check=1 HTTP/1.1" 200 12691 "-" "Mozilla/5.0 (compatible; SemrushBot/7~bl; +http://www.semrush.com/bot.html)" "www.tekmedicgloves.com"
185.191.171.22 - - [09/Sep/2022:04:15:35 -0700] "GET /phpMyAdmin/setup/index.php?token=0f48c78c916eec55fb4b16cd3cdd040a&version_check=1 HTTP/1.1" 200 12705 "-" "Mozilla/5.0 (compatible; SemrushBot/7~bl; +http://www.semrush.com/bot.html)" "tekmedicgloves.com"
185.191.171.39 - - [09/Sep/2022:04:15:45 -0700] "GET /phpMyAdmin/setup/?token=1ab42c4a7bee7790a557ffa3ce8f78f4&version_check=1 HTTP/1.1" 200 12691 "-" "Mozilla/5.0 (compatible; SemrushBot/7~bl; +http://www.semrush.com/bot.html)" "www.tekmedicgloves.com"
185.191.171.17 - - [09/Sep/2022:04:16:01 -0700] "GET /phpMyAdmin/setup/index.php?token=92c71bb0bf50e3459580d5ba381ec9d3&version_check=1 HTTP/1.1" 200 12705 "-" "Mozilla/5.0 (compatible; SemrushBot/7~bl; +http://www.semrush.com/bot.html)" "tekmedicgloves.com"
185.191.171.24 - - [09/Sep/2022:04:16:12 -0700] "GET /phpMyAdmin/setup/?token=a40b2935768770c43bab943aa3ede1de&version_check=1 HTTP/1.1" 200 12691 "-" "Mozilla/5.0 (compatible; SemrushBot/7~bl; +http://www.semrush.com/bot.html)" "www.tekmedicgloves.com"
185.191.171.6 - - [09/Sep/2022:04:16:33 -0700] "GET /phpMyAdmin/setup/?token=a5a6dfdca1dfb5d5264b9a6ebf71acb1&version_check=1 HTTP/1.1" 200 12691 "-" "Mozilla/5.0 (compatible; SemrushBot/7~bl; +http://www.semrush.com/bot.html)" "www.tekmedicgloves.com"
185.191.171.39 - - [09/Sep/2022:04:16:43 -0700] "GET /phpMyAdmin/setup/?token=85b4dc751a7463564aab614dc96326d4&version_check=1 HTTP/1.1" 200 12687 "-" "Mozilla/5.0 (compatible; SemrushBot/7~bl; +http://www.semrush.com/bot.html)" "tekmedicgloves.com"
185.191.171.39 - - [09/Sep/2022:04:17:18 -0700] "GET /phpMyAdmin/setup/?token=0c9442ce023cbe133fcb8430f8a3d5df&version_check=1 HTTP/1.1" 200 12691 "-" "Mozilla/5.0 (compatible; SemrushBot/7~bl; +http://www.semrush.com/bot.html)" "www.tekmedicgloves.com"
185.191.171.1 - - [09/Sep/2022:04:17:32 -0700] "GET /phpMyAdmin/setup/?token=7114834b2badc308b9f8c45fb19ebb83&version_check=1 HTTP/1.1" 200 12691 "-" "Mozilla/5.0 (compatible; SemrushBot/7~bl; +http://www.semrush.com/bot.html)" "www.tekmedicgloves.com"
185.191.171.26 - - [09/Sep/2022:04:17:37 -0700] "GET /phpMyAdmin/setup/index.php?token=777f73c2bd3a6c2615c254cbd7c9241d&version_check=1 HTTP/1.1" 200 12705 "-" "Mozilla/5.0 (compatible; SemrushBot/7~bl; +http://www.semrush.com/bot.html)" "tekmedicgloves.com"
185.191.171.26 - - [09/Sep/2022:04:17:40 -0700] "GET /phpMyAdmin/setup/?token=2650b85ee6d247865395cb20f0c94d63&version_check=1 HTTP/1.1" 200 12687 "-" "Mozilla/5.0 (compatible; SemrushBot/7~bl; +http://www.semrush.com/bot.html)" "tekmedicgloves.com"
185.191.171.43 - - [09/Sep/2022:04:18:06 -0700] "GET /phpMyAdmin/setup/?token=dbcac3e1ae894991098c874599ba31aa&version_check=1 HTTP/1.1" 200 12687 "-" "Mozilla/5.0 (compatible; SemrushBot/7~bl; +http://www.semrush.com/bot.html)" "tekmedicgloves.com"
185.191.171.17 - - [09/Sep/2022:04:18:09 -0700] "GET /phpMyAdmin/setup/?token=1ebb82eefde931a8713370fec35280d3&version_check=1 HTTP/1.1" 200 12687 "-" "Mozilla/5.0 (compatible; SemrushBot/7~bl; +http://www.semrush.com/bot.html)" "tekmedicgloves.com"
185.191.171.10 - - [09/Sep/2022:04:18:30 -0700] "GET /phpMyAdmin/setup/?token=945663d3e356cb85434300acf2827ec1&version_check=1 HTTP/1.1" 200 12687 "-" "Mozilla/5.0 (compatible; SemrushBot/7~bl; +http://www.semrush.com/bot.html)" "tekmedicgloves.com"
185.191.171.19 - - [09/Sep/2022:04:18:32 -0700] "GET /phpMyAdmin/setup/index.php?token=b8640d79e499bac6ef54db8ddff95a32&version_check=1 HTTP/1.1" 200 12705 "-" "Mozilla/5.0 (compatible; SemrushBot/7~bl; +http://www.semrush.com/bot.html)" "tekmedicgloves.com"
185.191.171.26 - - [09/Sep/2022:04:18:37 -0700] "GET /phpMyAdmin/setup/index.php?token=9933ac135aebeeb76e71ce92f25e0098&version_check=1 HTTP/1.1" 200 12705 "-" "Mozilla/5.0 (compatible; SemrushBot/7~bl; +http://www.semrush.com/bot.html)" "tekmedicgloves.com"
185.191.171.20 - - [09/Sep/2022:04:18:52 -0700] "GET /phpMyAdmin/setup/?token=e5d9d0e038de628e7828d4943c39016c&version_check=1 HTTP/1.1" 200 12691 "-" "Mozilla/5.0 (compatible; SemrushBot/7~bl; +http://www.semrush.com/bot.html)" "www.tekmedicgloves.com"
185.191.171.34 - - [09/Sep/2022:04:18:53 -0700] "GET /phpMyAdmin/setup/index.php?token=f42d512c854d7b7b556bf555d205efc8&version_check=1 HTTP/1.1" 200 12705 "-" "Mozilla/5.0 (compatible; SemrushBot/7~bl; +http://www.semrush.com/bot.html)" "tekmedicgloves.com"
185.191.171.39 - - [09/Sep/2022:04:19:12 -0700] "GET /phpMyAdmin/setup/?token=4f97c7697ba9394b5f29d7c1fc7bc6aa&version_check=1 HTTP/1.1" 200 12687 "-" "Mozilla/5.0 (compatible; SemrushBot/7~bl; +http://www.semrush.com/bot.html)" "tekmedicgloves.com"
185.191.171.26 - - [09/Sep/2022:04:19:17 -0700] "GET /phpMyAdmin/setup/?token=8d7f8d59efc7e8a785b2ccbbcc97c7a2&version_check=1 HTTP/1.1" 200 12687 "-" "Mozilla/5.0 (compatible; SemrushBot/7~bl; +http://www.semrush.com/bot.html)" "tekmedicgloves.com"
185.191.171.11 - - [09/Sep/2022:04:19:22 -0700] "GET /phpMyAdmin/setup/?token=e1a974c35fff012e624cfaa4614edd69&version_check=1 HTTP/1.1" 200 12691 "-" "Mozilla/5.0 (compatible; SemrushBot/7~bl; +http://www.semrush.com/bot.html)" "www.tekmedicgloves.com"
185.191.171.12 - - [09/Sep/2022:04:19:24 -0700] "GET /phpMyAdmin/setup/?token=acfdfdf82f863f89198940cdc3ab15b6&version_check=1 HTTP/1.1" 200 12691 "-" "Mozilla/5.0 (compatible; SemrushBot/7~bl; +http://www.semrush.com/bot.html)" "www.tekmedicgloves.com"
185.191.171.8 - - [09/Sep/2022:04:19:35 -0700] "GET /phpMyAdmin/setup/?token=6f08ea97a1c2f6d72f75643a80d072e0&version_check=1 HTTP/1.1" 200 12687 "-" "Mozilla/5.0 (compatible; SemrushBot/7~bl; +http://www.semrush.com/bot.html)" "tekmedicgloves.com"
185.191.171.6 - - [09/Sep/2022:04:19:46 -0700] "GET /phpMyAdmin/setup/?token=f38162d6b853034f5b86f73cf02e791d&version_check=1 HTTP/1.1" 200 12691 "-" "Mozilla/5.0 (compatible; SemrushBot/7~bl; +http://www.semrush.com/bot.html)" "www.tekmedicgloves.com"
185.191.171.13 - - [09/Sep/2022:04:19:52 -0700] "GET /phpMyAdmin/setup/?token=30a6e2845e9f02d2a871b47ce65f80d6&version_check=1 HTTP/1.1" 200 12687 "-" "Mozilla/5.0 (compatible; SemrushBot/7~bl; +http://www.semrush.com/bot.html)" "tekmedicgloves.com"
185.191.171.36 - - [09/Sep/2022:04:19:54 -0700] "GET /phpMyAdmin/setup/?token=23c84a7e4c2ba3855c9e3062e3b03a01&version_check=1 HTTP/1.1" 200 12691 "-" "Mozilla/5.0 (compatible; SemrushBot/7~bl; +http://www.semrush.com/bot.html)" "www.tekmedicgloves.com"
185.191.171.6 - - [09/Sep/2022:04:19:59 -0700] "GET /phpMyAdmin/setup/index.php?token=4b85713f398da593c8276e18269e204d&version_check=1 HTTP/1.1" 200 12709 "-" "Mozilla/5.0 (compatible; SemrushBot/7~bl; +http://www.semrush.com/bot.html)" "www.tekmedicgloves.com"
143.198.146.134 - - [09/Sep/2022:04:20:01 -0700] "POST /ALFA_DATA/alfacgiapi/perl.alfa HTTP/1.1" 404 73 "www.google.com" "Mozlila/5.0 (Linux; Android 7.0; SM-G892A Bulid/NRD90M; wv) AppleWebKit/537.36 (KHTML, like Gecko) Version/4.0 Chrome/60.0.3112.107 Moblie Safari/537.36" "tekmedicgloves.com"
143.198.146.134 - - [09/Sep/2022:04:20:01 -0700] "GET / HTTP/1.1" 200 696 "-" "Mozlila/5.0 (Linux; Android 7.0; SM-G892A Bulid/NRD90M; wv) AppleWebKit/537.36 (KHTML, like Gecko) Version/4.0 Chrome/60.0.3112.107 Moblie Safari/537.36" "tekmedicgloves.com"
143.198.146.134 - - [09/Sep/2022:04:20:01 -0700] "POST /wp-plain.php HTTP/1.1" 404 73 "www.google.com" "Mozilla/5.0 (Linux; Android 7.0; SM-G892A Bulid/NRD90M; wv) AppleWebKit/537.36 (KHTML, like Gecko) Version/4.0 Chrome/60.0.3112.107 Moblie Safari/537.36" "tekmedicgloves.com"
143.198.146.134 - - [09/Sep/2022:04:20:01 -0700] "POST /alfacgiapi/perl.alfa HTTP/1.1" 404 73 "www.google.com" "Mozlila/5.0 (Linux; Android 7.0; SM-G892A Bulid/NRD90M; wv) AppleWebKit/537.36 (KHTML, like Gecko) Version/4.0 Chrome/60.0.3112.107 Moblie Safari/537.36" "tekmedicgloves.com"
143.198.146.134 - - [09/Sep/2022:04:20:01 -0700] "GET /ucbknxio.php?Fox=d3wL7 HTTP/1.1" 404 73 "www.google.com" "Mozilla/5.0 (Linux; Android 7.0; SM-G892A Bulid/NRD90M; wv) AppleWebKit/537.36 (KHTML, like Gecko) Version/4.0 Chrome/60.0.3112.107 Moblie Safari/537.36" "tekmedicgloves.com"
143.198.146.134 - - [09/Sep/2022:04:20:01 -0700] "GET /sjcvxnbh.php?Fox=d3wL7 HTTP/1.1" 404 73 "www.google.com" "Mozilla/5.0 (Linux; Android 7.0; SM-G892A Bulid/NRD90M; wv) AppleWebKit/537.36 (KHTML, like Gecko) Version/4.0 Chrome/60.0.3112.107 Moblie Safari/537.36" "tekmedicgloves.com"
185.191.171.3 - - [09/Sep/2022:04:20:15 -0700] "GET /phpMyAdmin/setup/?token=1efd0cba8370d48509161d903fb89119&version_check=1 HTTP/1.1" 200 12691 "-" "Mozilla/5.0 (compatible; SemrushBot/7~bl; +http://www.semrush.com/bot.html)" "www.tekmedicgloves.com"
185.191.171.9 - - [09/Sep/2022:04:20:18 -0700] "GET /phpMyAdmin/setup/?token=4d48b18ea5e6dd550ce98bc634bf9d48&version_check=1 HTTP/1.1" 200 12691 "-" "Mozilla/5.0 (compatible; SemrushBot/7~bl; +http://www.semrush.com/bot.html)" "www.tekmedicgloves.com"
185.191.171.20 - - [09/Sep/2022:04:20:52 -0700] "GET /phpMyAdmin/setup/?token=cf7484007f3eaa25491a873ec3f1338c&version_check=1 HTTP/1.1" 200 12687 "-" "Mozilla/5.0 (compatible; SemrushBot/7~bl; +http://www.semrush.com/bot.html)" "tekmedicgloves.com"
185.191.171.5 - - [09/Sep/2022:04:21:01 -0700] "GET /phpMyAdmin/setup/?token=72f1ec2aac5efbcd86687776f63731ce&version_check=1 HTTP/1.1" 200 12687 "-" "Mozilla/5.0 (compatible; SemrushBot/7~bl; +http://www.semrush.com/bot.html)" "tekmedicgloves.com"
185.191.171.2 - - [09/Sep/2022:04:21:10 -0700] "GET /phpMyAdmin/setup/?token=f5c92166e99ba55a696a03bb84f29c5b&version_check=1 HTTP/1.1" 200 12691 "-" "Mozilla/5.0 (compatible; SemrushBot/7~bl; +http://www.semrush.com/bot.html)" "www.tekmedicgloves.com"
185.191.171.2 - - [09/Sep/2022:04:21:21 -0700] "GET /phpMyAdmin/setup/index.php?token=a0d69bb9ed5bfeeadce118a0a36697fa&version_check=1 HTTP/1.1" 200 12709 "-" "Mozilla/5.0 (compatible; SemrushBot/7~bl; +http://www.semrush.com/bot.html)" "www.tekmedicgloves.com"
185.191.171.10 - - [09/Sep/2022:04:21:24 -0700] "GET /phpMyAdmin/setup/?token=e48141fdbe5f29620c50bee4892e9ede&version_check=1 HTTP/1.1" 200 12691 "-" "Mozilla/5.0 (compatible; SemrushBot/7~bl; +http://www.semrush.com/bot.html)" "www.tekmedicgloves.com"
185.191.171.10 - - [09/Sep/2022:04:21:43 -0700] "GET /phpMyAdmin/setup/?token=fae197c53f6ab01629801b03ad6c97a1&version_check=1 HTTP/1.1" 200 12691 "-" "Mozilla/5.0 (compatible; SemrushBot/7~bl; +http://www.semrush.com/bot.html)" "www.tekmedicgloves.com"
185.191.171.44 - - [09/Sep/2022:04:21:47 -0700] "GET /phpMyAdmin/setup/?token=c3ca4725fbebd3dbb20ebd59e68bf043&version_check=1 HTTP/1.1" 200 12691 "-" "Mozilla/5.0 (compatible; SemrushBot/7~bl; +http://www.semrush.com/bot.html)" "www.tekmedicgloves.com"
185.191.171.8 - - [09/Sep/2022:04:21:49 -0700] "GET /phpMyAdmin/setup/?token=00b028188ae8b35b3feda1c24e52256f&version_check=1 HTTP/1.1" 200 12691 "-" "Mozilla/5.0 (compatible; SemrushBot/7~bl; +http://www.semrush.com/bot.html)" "www.tekmedicgloves.com"
185.191.171.34 - - [09/Sep/2022:04:21:49 -0700] "GET /phpMyAdmin/setup/?token=828e17054a763e169ec805abbae11b3a&version_check=1 HTTP/1.1" 200 12687 "-" "Mozilla/5.0 (compatible; SemrushBot/7~bl; +http://www.semrush.com/bot.html)" "tekmedicgloves.com"
185.191.171.45 - - [09/Sep/2022:04:21:56 -0700] "GET /phpMyAdmin/setup/?token=aa6de5232d716f2a6e89554440e1b57a&version_check=1 HTTP/1.1" 200 12691 "-" "Mozilla/5.0 (compatible; SemrushBot/7~bl; +http://www.semrush.com/bot.html)" "www.tekmedicgloves.com"
185.191.171.7 - - [09/Sep/2022:04:22:17 -0700] "GET /phpMyAdmin/setup/?token=aced73d5920854901f1a8a93aa4218c7&version_check=1 HTTP/1.1" 200 12687 "-" "Mozilla/5.0 (compatible; SemrushBot/7~bl; +http://www.semrush.com/bot.html)" "tekmedicgloves.com"
185.191.171.9 - - [09/Sep/2022:04:22:19 -0700] "GET /phpMyAdmin/setup/?token=bddba305eb9a0c727bf0420c6e05aa83&version_check=1 HTTP/1.1" 200 12687 "-" "Mozilla/5.0 (compatible; SemrushBot/7~bl; +http://www.semrush.com/bot.html)" "tekmedicgloves.com"
185.191.171.14 - - [09/Sep/2022:04:22:25 -0700] "GET /phpMyAdmin/setup/index.php?token=f470ea7313aae44469e02726587a4003&version_check=1 HTTP/1.1" 200 12705 "-" "Mozilla/5.0 (compatible; SemrushBot/7~bl; +http://www.semrush.com/bot.html)" "tekmedicgloves.com"
185.191.171.18 - - [09/Sep/2022:04:22:36 -0700] "GET /phpMyAdmin/setup/?token=2d8f3a029da4eebabe9e992440a98fa2&version_check=1 HTTP/1.1" 200 12687 "-" "Mozilla/5.0 (compatible; SemrushBot/7~bl; +http://www.semrush.com/bot.html)" "tekmedicgloves.com"
185.191.171.3 - - [09/Sep/2022:04:22:38 -0700] "GET /phpMyAdmin/setup/?token=702fa01c0f0da7158345135079b3af51&version_check=1 HTTP/1.1" 200 12687 "-" "Mozilla/5.0 (compatible; SemrushBot/7~bl; +http://www.semrush.com/bot.html)" "tekmedicgloves.com"
185.191.171.4 - - [09/Sep/2022:04:22:48 -0700] "GET /phpMyAdmin/setup/index.php?token=ed6ed6e9f8603aae41937c4e932f6d4b&version_check=1 HTTP/1.1" 200 12709 "-" "Mozilla/5.0 (compatible; SemrushBot/7~bl; +http://www.semrush.com/bot.html)" "www.tekmedicgloves.com"
185.191.171.15 - - [09/Sep/2022:04:22:55 -0700] "GET /phpMyAdmin/setup/?token=c68d80918ab0881dbcaff7ba92b3a609&version_check=1 HTTP/1.1" 200 12687 "-" "Mozilla/5.0 (compatible; SemrushBot/7~bl; +http://www.semrush.com/bot.html)" "tekmedicgloves.com"
185.191.171.5 - - [09/Sep/2022:04:22:56 -0700] "GET /phpMyAdmin/setup/?token=bfc29ce60a243c8ae74408a25744cb98&version_check=1 HTTP/1.1" 200 12691 "-" "Mozilla/5.0 (compatible; SemrushBot/7~bl; +http://www.semrush.com/bot.html)" "www.tekmedicgloves.com"
185.191.171.5 - - [09/Sep/2022:04:22:58 -0700] "GET /phpMyAdmin/setup/?token=f9d0ea867d15fe121da4607d73343476&version_check=1 HTTP/1.1" 200 12687 "-" "Mozilla/5.0 (compatible; SemrushBot/7~bl; +http://www.semrush.com/bot.html)" "tekmedicgloves.com"
185.191.171.12 - - [09/Sep/2022:04:23:13 -0700] "GET /phpMyAdmin/setup/?token=d6e5cd2036c51624935e797416727031&version_check=1 HTTP/1.1" 200 12687 "-" "Mozilla/5.0 (compatible; SemrushBot/7~bl; +http://www.semrush.com/bot.html)" "tekmedicgloves.com"
185.191.171.21 - - [09/Sep/2022:04:23:27 -0700] "GET /phpMyAdmin/setup/index.php?token=e1e01bf9699403e1e8ca8833d1c29e06&version_check=1 HTTP/1.1" 200 12705 "-" "Mozilla/5.0 (compatible; SemrushBot/7~bl; +http://www.semrush.com/bot.html)" "tekmedicgloves.com"
