185.191.171.14 - - [09/Sep/2022:06:18:42 -0700] "GET /phpMyAdmin/setup/?token=ca84f306c4eb6a8ad01c43403abff24f&version_check=1 HTTP/1.1" 200 12687 "-" "Mozilla/5.0 (compatible; SemrushBot/7~bl; +http://www.semrush.com/bot.html)" "tekmedicgloves.com"
185.191.171.23 - - [09/Sep/2022:06:18:47 -0700] "GET /phpMyAdmin/setup/index.php?token=7babc88e4a99c909f656b9a018513547&version_check=1 HTTP/1.1" 200 12709 "-" "Mozilla/5.0 (compatible; SemrushBot/7~bl; +http://www.semrush.com/bot.html)" "www.tekmedicgloves.com"
185.191.171.45 - - [09/Sep/2022:06:18:55 -0700] "GET /phpMyAdmin/setup/?token=8a848412fde5ff826767ff1ccdeb7d63&version_check=1 HTTP/1.1" 200 12687 "-" "Mozilla/5.0 (compatible; SemrushBot/7~bl; +http://www.semrush.com/bot.html)" "tekmedicgloves.com"
185.191.171.4 - - [09/Sep/2022:06:19:33 -0700] "GET /phpMyAdmin/setup/?token=dbdac18d637ee30ec6fe197a94803550&version_check=1 HTTP/1.1" 200 12691 "-" "Mozilla/5.0 (compatible; SemrushBot/7~bl; +http://www.semrush.com/bot.html)" "www.tekmedicgloves.com"
185.191.171.22 - - [09/Sep/2022:06:19:41 -0700] "GET /phpMyAdmin/setup/?token=ce3bcc7ac4eab2633624a66215ea9799&version_check=1 HTTP/1.1" 200 12687 "-" "Mozilla/5.0 (compatible; SemrushBot/7~bl; +http://www.semrush.com/bot.html)" "tekmedicgloves.com"
185.191.171.40 - - [09/Sep/2022:06:20:07 -0700] "GET /phpMyAdmin/setup/?token=e91c80e50f262539f1f4eb4667bc3ad7&version_check=1 HTTP/1.1" 200 12691 "-" "Mozilla/5.0 (compatible; SemrushBot/7~bl; +http://www.semrush.com/bot.html)" "www.tekmedicgloves.com"
185.191.171.5 - - [09/Sep/2022:06:20:12 -0700] "GET /phpMyAdmin/setup/?token=48ee2a0dcf91b5a2a6501bcdf840c918&version_check=1 HTTP/1.1" 200 12687 "-" "Mozilla/5.0 (compatible; SemrushBot/7~bl; +http://www.semrush.com/bot.html)" "tekmedicgloves.com"
185.191.171.11 - - [09/Sep/2022:06:20:25 -0700] "GET /phpMyAdmin/setup/?token=7bc011ad1b4f514da821bae2052ea43f&version_check=1 HTTP/1.1" 200 12687 "-" "Mozilla/5.0 (compatible; SemrushBot/7~bl; +http://www.semrush.com/bot.html)" "tekmedicgloves.com"
185.191.171.36 - - [09/Sep/2022:06:20:31 -0700] "GET /phpMyAdmin/setup/index.php?token=218661d81bac21585005685767b2ad05&version_check=1 HTTP/1.1" 200 12705 "-" "Mozilla/5.0 (compatible; SemrushBot/7~bl; +http://www.semrush.com/bot.html)" "tekmedicgloves.com"
185.191.171.36 - - [09/Sep/2022:06:21:02 -0700] "GET /phpMyAdmin/setup/?token=0e113bd5b4e3277ccde7510e2830dc82&version_check=1 HTTP/1.1" 200 12691 "-" "Mozilla/5.0 (compatible; SemrushBot/7~bl; +http://www.semrush.com/bot.html)" "www.tekmedicgloves.com"
185.191.171.37 - - [09/Sep/2022:06:21:06 -0700] "GET /phpMyAdmin/setup/?token=015106f3db14b82fcba537d430596be5&version_check=1 HTTP/1.1" 200 12691 "-" "Mozilla/5.0 (compatible; SemrushBot/7~bl; +http://www.semrush.com/bot.html)" "www.tekmedicgloves.com"
185.191.171.16 - - [09/Sep/2022:06:21:08 -0700] "GET /phpMyAdmin/setup/index.php?token=8873aa9c59ff57ee42e809e0e34d12fa&version_check=1 HTTP/1.1" 200 12705 "-" "Mozilla/5.0 (compatible; SemrushBot/7~bl; +http://www.semrush.com/bot.html)" "tekmedicgloves.com"
185.191.171.14 - - [09/Sep/2022:06:21:13 -0700] "GET /phpMyAdmin/setup/?token=dac3bb6974295edfe609a7d6ef558438&version_check=1 HTTP/1.1" 200 12691 "-" "Mozilla/5.0 (compatible; SemrushBot/7~bl; +http://www.semrush.com/bot.html)" "www.tekmedicgloves.com"
185.191.171.34 - - [09/Sep/2022:06:21:16 -0700] "GET /phpMyAdmin/setup/index.php?token=c3c5cad7ec82b002c1ff7c9369cf014e&version_check=1 HTTP/1.1" 200 12705 "-" "Mozilla/5.0 (compatible; SemrushBot/7~bl; +http://www.semrush.com/bot.html)" "tekmedicgloves.com"
185.191.171.10 - - [09/Sep/2022:06:21:22 -0700] "GET /phpMyAdmin/setup/?token=612b575163b0b2764f2e4e4e013d43c7&version_check=1 HTTP/1.1" 200 12691 "-" "Mozilla/5.0 (compatible; SemrushBot/7~bl; +http://www.semrush.com/bot.html)" "www.tekmedicgloves.com"
185.191.171.33 - - [09/Sep/2022:06:21:41 -0700] "GET /phpMyAdmin/setup/index.php?token=1fb1838dea9d586463df9af4899e31b1&version_check=1 HTTP/1.1" 200 12705 "-" "Mozilla/5.0 (compatible; SemrushBot/7~bl; +http://www.semrush.com/bot.html)" "tekmedicgloves.com"
185.191.171.17 - - [09/Sep/2022:06:21:59 -0700] "GET /phpMyAdmin/setup/?token=7a496429eb8fe22f800f73af51aa4f12&version_check=1 HTTP/1.1" 200 12691 "-" "Mozilla/5.0 (compatible; SemrushBot/7~bl; +http://www.semrush.com/bot.html)" "www.tekmedicgloves.com"
185.191.171.20 - - [09/Sep/2022:06:22:09 -0700] "GET /phpMyAdmin/setup/index.php?token=8e4068ee804e6db2c8453bf4a0dbdc62&version_check=1 HTTP/1.1" 200 12705 "-" "Mozilla/5.0 (compatible; SemrushBot/7~bl; +http://www.semrush.com/bot.html)" "tekmedicgloves.com"
185.191.171.10 - - [09/Sep/2022:06:22:15 -0700] "GET /phpMyAdmin/setup/?token=93829c4950054a9eb691c3548fe96a1f&version_check=1 HTTP/1.1" 200 12691 "-" "Mozilla/5.0 (compatible; SemrushBot/7~bl; +http://www.semrush.com/bot.html)" "www.tekmedicgloves.com"
185.191.171.20 - - [09/Sep/2022:06:22:27 -0700] "GET /phpMyAdmin/setup/?token=23b64513ad74820517ce634d56ab602b&version_check=1 HTTP/1.1" 200 12691 "-" "Mozilla/5.0 (compatible; SemrushBot/7~bl; +http://www.semrush.com/bot.html)" "www.tekmedicgloves.com"
185.191.171.12 - - [09/Sep/2022:06:22:30 -0700] "GET /phpMyAdmin/setup/?token=374d4af858a293e9fbabcd6f1ca45066&version_check=1 HTTP/1.1" 200 12687 "-" "Mozilla/5.0 (compatible; SemrushBot/7~bl; +http://www.semrush.com/bot.html)" "tekmedicgloves.com"
185.191.171.37 - - [09/Sep/2022:06:22:33 -0700] "GET /phpMyAdmin/setup/?token=675a6006ee11fea0de4617757e30b1cc&version_check=1 HTTP/1.1" 200 12687 "-" "Mozilla/5.0 (compatible; SemrushBot/7~bl; +http://www.semrush.com/bot.html)" "tekmedicgloves.com"
185.191.171.37 - - [09/Sep/2022:06:23:03 -0700] "GET /phpMyAdmin/setup/?token=15a52a02f9df3247f08511e505bbca10&version_check=1 HTTP/1.1" 200 12691 "-" "Mozilla/5.0 (compatible; SemrushBot/7~bl; +http://www.semrush.com/bot.html)" "www.tekmedicgloves.com"
185.191.171.13 - - [09/Sep/2022:06:23:08 -0700] "GET /phpMyAdmin/setup/?token=df9426cfc88a66b404cd20af7744176c&version_check=1 HTTP/1.1" 200 12687 "-" "Mozilla/5.0 (compatible; SemrushBot/7~bl; +http://www.semrush.com/bot.html)" "tekmedicgloves.com"
185.191.171.20 - - [09/Sep/2022:06:23:22 -0700] "GET /phpMyAdmin/setup/?token=7f0f155d4f848968741532272eba6a90&version_check=1 HTTP/1.1" 200 12687 "-" "Mozilla/5.0 (compatible; SemrushBot/7~bl; +http://www.semrush.com/bot.html)" "tekmedicgloves.com"
185.191.171.38 - - [09/Sep/2022:06:23:24 -0700] "GET /phpMyAdmin/setup/?token=6e2eba903e93a5a07d15d169fed2a873&version_check=1 HTTP/1.1" 200 12687 "-" "Mozilla/5.0 (compatible; SemrushBot/7~bl; +http://www.semrush.com/bot.html)" "tekmedicgloves.com"
185.191.171.21 - - [09/Sep/2022:06:23:27 -0700] "GET /phpMyAdmin/setup/?token=2bad07b36ce1bb22ac1c1a5c13aef899&version_check=1 HTTP/1.1" 200 12691 "-" "Mozilla/5.0 (compatible; SemrushBot/7~bl; +http://www.semrush.com/bot.html)" "www.tekmedicgloves.com"
185.191.171.5 - - [09/Sep/2022:06:23:28 -0700] "GET /phpMyAdmin/setup/?token=24e531ed62c847b34029be923cd61e76&version_check=1 HTTP/1.1" 200 12691 "-" "Mozilla/5.0 (compatible; SemrushBot/7~bl; +http://www.semrush.com/bot.html)" "www.tekmedicgloves.com"
185.191.171.44 - - [09/Sep/2022:06:23:31 -0700] "GET /phpMyAdmin/setup/index.php?token=0e7f74b8cf191a7007dee208330093b2&version_check=1 HTTP/1.1" 200 12709 "-" "Mozilla/5.0 (compatible; SemrushBot/7~bl; +http://www.semrush.com/bot.html)" "www.tekmedicgloves.com"
185.191.171.43 - - [09/Sep/2022:06:23:56 -0700] "GET /phpMyAdmin/setup/?token=903e657417be8f11eb3754bb1409e4eb&version_check=1 HTTP/1.1" 200 12691 "-" "Mozilla/5.0 (compatible; SemrushBot/7~bl; +http://www.semrush.com/bot.html)" "www.tekmedicgloves.com"
185.191.171.8 - - [09/Sep/2022:06:23:59 -0700] "GET /phpMyAdmin/setup/?token=46e8474986046291d68b2818577500a8&version_check=1 HTTP/1.1" 200 12687 "-" "Mozilla/5.0 (compatible; SemrushBot/7~bl; +http://www.semrush.com/bot.html)" "tekmedicgloves.com"
185.191.171.14 - - [09/Sep/2022:06:24:11 -0700] "GET /phpMyAdmin/setup/?token=33da102ab88773fa7d12c9faa56e4d9a&version_check=1 HTTP/1.1" 200 12691 "-" "Mozilla/5.0 (compatible; SemrushBot/7~bl; +http://www.semrush.com/bot.html)" "www.tekmedicgloves.com"
185.191.171.10 - - [09/Sep/2022:06:24:22 -0700] "GET /phpMyAdmin/setup/index.php?token=fb1936e97d1c2485f9f81911bbb71e79&version_check=1 HTTP/1.1" 200 12709 "-" "Mozilla/5.0 (compatible; SemrushBot/7~bl; +http://www.semrush.com/bot.html)" "www.tekmedicgloves.com"
185.191.171.11 - - [09/Sep/2022:06:24:23 -0700] "GET /phpMyAdmin/setup/index.php?token=a9fa0afb2bb6f9c3ed21a57385a50f6a&version_check=1 HTTP/1.1" 200 12705 "-" "Mozilla/5.0 (compatible; SemrushBot/7~bl; +http://www.semrush.com/bot.html)" "tekmedicgloves.com"
185.191.171.20 - - [09/Sep/2022:06:24:45 -0700] "GET /phpMyAdmin/setup/index.php?token=ca1a99bdf5bfd52faa6f692031bd8d10&version_check=1 HTTP/1.1" 200 12705 "-" "Mozilla/5.0 (compatible; SemrushBot/7~bl; +http://www.semrush.com/bot.html)" "tekmedicgloves.com"
185.191.171.43 - - [09/Sep/2022:06:24:49 -0700] "GET /phpMyAdmin/setup/?token=f284159e57d5965859b10ecfa00e173d&version_check=1 HTTP/1.1" 200 12691 "-" "Mozilla/5.0 (compatible; SemrushBot/7~bl; +http://www.semrush.com/bot.html)" "www.tekmedicgloves.com"
185.191.171.16 - - [09/Sep/2022:06:25:00 -0700] "GET /phpMyAdmin/setup/?token=c3350e4b66284cbb25f727565878dcd1&version_check=1 HTTP/1.1" 200 12687 "-" "Mozilla/5.0 (compatible; SemrushBot/7~bl; +http://www.semrush.com/bot.html)" "tekmedicgloves.com"
185.191.171.40 - - [09/Sep/2022:06:25:03 -0700] "GET /phpMyAdmin/setup/index.php?token=1d95f536123949365ee0710824f4383c&version_check=1 HTTP/1.1" 200 12705 "-" "Mozilla/5.0 (compatible; SemrushBot/7~bl; +http://www.semrush.com/bot.html)" "tekmedicgloves.com"
185.191.171.20 - - [09/Sep/2022:06:25:04 -0700] "GET /phpMyAdmin/setup/?token=3aca671e46b8267c6a71efcc299de69a&version_check=1 HTTP/1.1" 200 12687 "-" "Mozilla/5.0 (compatible; SemrushBot/7~bl; +http://www.semrush.com/bot.html)" "tekmedicgloves.com"
185.191.171.2 - - [09/Sep/2022:06:25:14 -0700] "GET /phpMyAdmin/setup/?token=81e3b4c45676e32c61807e5f3f47282b&version_check=1 HTTP/1.1" 200 12687 "-" "Mozilla/5.0 (compatible; SemrushBot/7~bl; +http://www.semrush.com/bot.html)" "tekmedicgloves.com"
185.191.171.16 - - [09/Sep/2022:06:25:38 -0700] "GET /phpMyAdmin/setup/?token=df778275d1fcd575e600c61ebd669cf6&version_check=1 HTTP/1.1" 200 12687 "-" "Mozilla/5.0 (compatible; SemrushBot/7~bl; +http://www.semrush.com/bot.html)" "tekmedicgloves.com"
185.191.171.4 - - [09/Sep/2022:06:25:54 -0700] "GET /phpMyAdmin/setup/?token=5c808afabcd270782ccd5135c6f74db0&version_check=1 HTTP/1.1" 200 12691 "-" "Mozilla/5.0 (compatible; SemrushBot/7~bl; +http://www.semrush.com/bot.html)" "www.tekmedicgloves.com"
185.191.171.16 - - [09/Sep/2022:06:25:56 -0700] "GET /phpMyAdmin/setup/index.php?token=2494816ffbcad9984a5f7e0aed89e0f5&version_check=1 HTTP/1.1" 200 12705 "-" "Mozilla/5.0 (compatible; SemrushBot/7~bl; +http://www.semrush.com/bot.html)" "tekmedicgloves.com"
185.191.171.22 - - [09/Sep/2022:06:26:00 -0700] "GET /phpMyAdmin/setup/index.php?token=f369571a1c73631c018c35fb2d34d7ad&version_check=1 HTTP/1.1" 200 12705 "-" "Mozilla/5.0 (compatible; SemrushBot/7~bl; +http://www.semrush.com/bot.html)" "tekmedicgloves.com"
185.191.171.33 - - [09/Sep/2022:06:26:03 -0700] "GET /phpMyAdmin/setup/?token=103c931656b0c9bc59b619580c66439e&version_check=1 HTTP/1.1" 200 12687 "-" "Mozilla/5.0 (compatible; SemrushBot/7~bl; +http://www.semrush.com/bot.html)" "tekmedicgloves.com"
185.191.171.40 - - [09/Sep/2022:06:26:28 -0700] "GET /phpMyAdmin/setup/?token=016da312d042272b5742c3336e6bd9ad&version_check=1 HTTP/1.1" 200 12691 "-" "Mozilla/5.0 (compatible; SemrushBot/7~bl; +http://www.semrush.com/bot.html)" "www.tekmedicgloves.com"
185.191.171.41 - - [09/Sep/2022:06:26:39 -0700] "GET /phpMyAdmin/setup/?token=11ed4f1471aa3e79599517a9d983d8ad&version_check=1 HTTP/1.1" 200 12687 "-" "Mozilla/5.0 (compatible; SemrushBot/7~bl; +http://www.semrush.com/bot.html)" "tekmedicgloves.com"
185.191.171.15 - - [09/Sep/2022:06:26:51 -0700] "GET /robots.txt HTTP/1.1" 404 88 "-" "Mozilla/5.0 (compatible; SemrushBot/7~bl; +http://www.semrush.com/bot.html)" "www.tekmedicgloves.com"
185.191.171.13 - - [09/Sep/2022:06:26:52 -0700] "GET /phpMyAdmin/setup/?token=79248366b2d36fbf92c5e98e01d2cc9a&version_check=1 HTTP/1.1" 200 12691 "-" "Mozilla/5.0 (compatible; SemrushBot/7~bl; +http://www.semrush.com/bot.html)" "www.tekmedicgloves.com"
185.191.171.38 - - [09/Sep/2022:06:26:53 -0700] "GET /phpMyAdmin/setup/?token=cec200b6f53232199527a166c035f4d3&version_check=1 HTTP/1.1" 200 12691 "-" "Mozilla/5.0 (compatible; SemrushBot/7~bl; +http://www.semrush.com/bot.html)" "www.tekmedicgloves.com"
185.191.171.24 - - [09/Sep/2022:06:26:56 -0700] "GET /phpMyAdmin/setup/index.php?token=d5d4616d650e7bdc8965711e1390af6c&version_check=1 HTTP/1.1" 200 12709 "-" "Mozilla/5.0 (compatible; SemrushBot/7~bl; +http://www.semrush.com/bot.html)" "www.tekmedicgloves.com"
185.191.171.41 - - [09/Sep/2022:06:27:00 -0700] "GET /phpMyAdmin/setup/?token=6d2b6d5ac62225a9a068a74c7086f2f6&version_check=1 HTTP/1.1" 200 12687 "-" "Mozilla/5.0 (compatible; SemrushBot/7~bl; +http://www.semrush.com/bot.html)" "tekmedicgloves.com"
185.191.171.26 - - [09/Sep/2022:06:27:11 -0700] "GET /phpMyAdmin/setup/?token=c42537bca9b6fda241a81f9fbde82097&version_check=1 HTTP/1.1" 200 12691 "-" "Mozilla/5.0 (compatible; SemrushBot/7~bl; +http://www.semrush.com/bot.html)" "www.tekmedicgloves.com"
185.191.171.19 - - [09/Sep/2022:06:27:32 -0700] "GET /phpMyAdmin/setup/?token=59c97b9d3db8ee0be74eaff9563615cf&version_check=1 HTTP/1.1" 200 12687 "-" "Mozilla/5.0 (compatible; SemrushBot/7~bl; +http://www.semrush.com/bot.html)" "tekmedicgloves.com"
185.191.171.22 - - [09/Sep/2022:06:27:52 -0700] "GET /phpMyAdmin/setup/?token=0192630e9882c31ceadbc898f44f7897&version_check=1 HTTP/1.1" 200 12691 "-" "Mozilla/5.0 (compatible; SemrushBot/7~bl; +http://www.semrush.com/bot.html)" "www.tekmedicgloves.com"
185.191.171.40 - - [09/Sep/2022:06:27:52 -0700] "GET /phpMyAdmin/setup/?token=fc1f073f999157a105b45779fac4e8de&version_check=1 HTTP/1.1" 200 12687 "-" "Mozilla/5.0 (compatible; SemrushBot/7~bl; +http://www.semrush.com/bot.html)" "tekmedicgloves.com"
185.191.171.26 - - [09/Sep/2022:06:28:02 -0700] "GET /phpMyAdmin/setup/?token=35311dbb2bee8b7ce2eb10470ca9e742&version_check=1 HTTP/1.1" 200 12691 "-" "Mozilla/5.0 (compatible; SemrushBot/7~bl; +http://www.semrush.com/bot.html)" "www.tekmedicgloves.com"
185.191.171.41 - - [09/Sep/2022:06:28:05 -0700] "GET /phpMyAdmin/setup/?token=4d21385ffa4c245aa7ab23addae054a1&version_check=1 HTTP/1.1" 200 12687 "-" "Mozilla/5.0 (compatible; SemrushBot/7~bl; +http://www.semrush.com/bot.html)" "tekmedicgloves.com"
185.191.171.35 - - [09/Sep/2022:06:28:15 -0700] "GET /phpMyAdmin/setup/?token=cb00551133b72ec617af57ec7ac24c6f&version_check=1 HTTP/1.1" 200 12691 "-" "Mozilla/5.0 (compatible; SemrushBot/7~bl; +http://www.semrush.com/bot.html)" "www.tekmedicgloves.com"
114.119.139.220 - - [09/Sep/2022:06:28:19 -0700] "GET /beta/products.php?cat=24&subcat=41&id=19 HTTP/1.1" 200 56917 "https://tekmedicgloves.com/beta/products.php?cat=24&subcat=41" "Mozilla/5.0 (Linux; Android 7.0;) AppleWebKit/537.36 (KHTML, like Gecko) Mobile Safari/537.36 (compatible; PetalBot;+https://webmaster.petalsearch.com/site/petalbot)" "tekmedicgloves.com"
185.191.171.10 - - [09/Sep/2022:06:28:20 -0700] "GET /phpMyAdmin/setup/?token=62bc580a11219f17388410132735560e&version_check=1 HTTP/1.1" 200 12691 "-" "Mozilla/5.0 (compatible; SemrushBot/7~bl; +http://www.semrush.com/bot.html)" "www.tekmedicgloves.com"
185.191.171.21 - - [09/Sep/2022:06:28:38 -0700] "GET /phpMyAdmin/setup/?token=8cbe4675928211535bd98572b49f4668&version_check=1 HTTP/1.1" 200 12687 "-" "Mozilla/5.0 (compatible; SemrushBot/7~bl; +http://www.semrush.com/bot.html)" "tekmedicgloves.com"
185.191.171.3 - - [09/Sep/2022:06:28:41 -0700] "GET /phpMyAdmin/setup/?token=d421b2380da9678556e7783509dc28d6&version_check=1 HTTP/1.1" 200 12691 "-" "Mozilla/5.0 (compatible; SemrushBot/7~bl; +http://www.semrush.com/bot.html)" "www.tekmedicgloves.com"
185.191.171.9 - - [09/Sep/2022:06:28:53 -0700] "GET /phpMyAdmin/setup/index.php?token=ccfdf5ec2328e0d3fd70efa598e82ebe&version_check=1 HTTP/1.1" 200 12705 "-" "Mozilla/5.0 (compatible; SemrushBot/7~bl; +http://www.semrush.com/bot.html)" "tekmedicgloves.com"
185.191.171.40 - - [09/Sep/2022:06:28:53 -0700] "GET /phpMyAdmin/setup/?token=8226d9cb249814991583df27fad7afd0&version_check=1 HTTP/1.1" 200 12691 "-" "Mozilla/5.0 (compatible; SemrushBot/7~bl; +http://www.semrush.com/bot.html)" "www.tekmedicgloves.com"
185.191.171.22 - - [09/Sep/2022:06:29:06 -0700] "GET /phpMyAdmin/setup/index.php?token=ab16829cccd280554b1df8ac87ef6aa7&version_check=1 HTTP/1.1" 200 12709 "-" "Mozilla/5.0 (compatible; SemrushBot/7~bl; +http://www.semrush.com/bot.html)" "www.tekmedicgloves.com"
185.191.171.8 - - [09/Sep/2022:06:29:10 -0700] "GET /phpMyAdmin/setup/index.php?token=ab6218e163df096013feedafdb1db723&version_check=1 HTTP/1.1" 200 12705 "-" "Mozilla/5.0 (compatible; SemrushBot/7~bl; +http://www.semrush.com/bot.html)" "tekmedicgloves.com"
185.191.171.15 - - [09/Sep/2022:06:29:21 -0700] "GET /phpMyAdmin/setup/?token=9d15b547bc2791bd1dec956d0dd3a1ef&version_check=1 HTTP/1.1" 200 12687 "-" "Mozilla/5.0 (compatible; SemrushBot/7~bl; +http://www.semrush.com/bot.html)" "tekmedicgloves.com"
185.191.171.6 - - [09/Sep/2022:06:29:28 -0700] "GET /phpMyAdmin/setup/?token=20bc4ba25086f173918921b398efc04d&version_check=1 HTTP/1.1" 200 12691 "-" "Mozilla/5.0 (compatible; SemrushBot/7~bl; +http://www.semrush.com/bot.html)" "www.tekmedicgloves.com"
185.191.171.20 - - [09/Sep/2022:06:29:46 -0700] "GET /phpMyAdmin/setup/index.php?token=bcbe76f56488a0d396e3c63eb7536cb2&version_check=1 HTTP/1.1" 200 12705 "-" "Mozilla/5.0 (compatible; SemrushBot/7~bl; +http://www.semrush.com/bot.html)" "tekmedicgloves.com"
185.191.171.10 - - [09/Sep/2022:06:30:29 -0700] "GET /phpMyAdmin/setup/index.php?token=015054d21c43a25c4e3aae690ccd0f27&version_check=1 HTTP/1.1" 200 12705 "-" "Mozilla/5.0 (compatible; SemrushBot/7~bl; +http://www.semrush.com/bot.html)" "tekmedicgloves.com"
185.191.171.45 - - [09/Sep/2022:06:30:33 -0700] "GET /phpMyAdmin/setup/index.php?token=7ed4fc56b118dab191fccf09e2e047fb&version_check=1 HTTP/1.1" 200 12705 "-" "Mozilla/5.0 (compatible; SemrushBot/7~bl; +http://www.semrush.com/bot.html)" "tekmedicgloves.com"
185.191.171.15 - - [09/Sep/2022:06:30:35 -0700] "GET /phpMyAdmin/setup/?token=ddaee658a101042e4ae91289bb61c71e&version_check=1 HTTP/1.1" 200 12687 "-" "Mozilla/5.0 (compatible; SemrushBot/7~bl; +http://www.semrush.com/bot.html)" "tekmedicgloves.com"
185.191.171.8 - - [09/Sep/2022:06:30:48 -0700] "GET /phpMyAdmin/setup/?token=5343edcdf0ab92845929a0ff2fb987b7&version_check=1 HTTP/1.1" 200 12687 "-" "Mozilla/5.0 (compatible; SemrushBot/7~bl; +http://www.semrush.com/bot.html)" "tekmedicgloves.com"
185.191.171.44 - - [09/Sep/2022:06:30:50 -0700] "GET /phpMyAdmin/setup/?token=b36a2073a8d2178a8362f9f155c2f19a&version_check=1 HTTP/1.1" 200 12687 "-" "Mozilla/5.0 (compatible; SemrushBot/7~bl; +http://www.semrush.com/bot.html)" "tekmedicgloves.com"
185.191.171.44 - - [09/Sep/2022:06:30:53 -0700] "GET /phpMyAdmin/setup/?token=aa823aec137e3b53fe3d3b42de6fb0ed&version_check=1 HTTP/1.1" 200 12691 "-" "Mozilla/5.0 (compatible; SemrushBot/7~bl; +http://www.semrush.com/bot.html)" "www.tekmedicgloves.com"
185.191.171.44 - - [09/Sep/2022:06:30:54 -0700] "GET /phpMyAdmin/setup/?token=08f9a1f694321b91abc30e33ec990df5&version_check=1 HTTP/1.1" 200 12687 "-" "Mozilla/5.0 (compatible; SemrushBot/7~bl; +http://www.semrush.com/bot.html)" "tekmedicgloves.com"
185.191.171.7 - - [09/Sep/2022:06:31:06 -0700] "GET /phpMyAdmin/setup/?token=d5de0546e04da5e86d96933367d87b70&version_check=1 HTTP/1.1" 200 12691 "-" "Mozilla/5.0 (compatible; SemrushBot/7~bl; +http://www.semrush.com/bot.html)" "www.tekmedicgloves.com"
185.191.171.16 - - [09/Sep/2022:06:31:20 -0700] "GET /phpMyAdmin/setup/index.php?token=0bc813d53507fd6f143022c288bb14b3&version_check=1 HTTP/1.1" 200 12705 "-" "Mozilla/5.0 (compatible; SemrushBot/7~bl; +http://www.semrush.com/bot.html)" "tekmedicgloves.com"
185.191.171.24 - - [09/Sep/2022:06:31:23 -0700] "GET /phpMyAdmin/setup/?token=2f3156ef7802ecf05b1227f4a56ebf5d&version_check=1 HTTP/1.1" 200 12691 "-" "Mozilla/5.0 (compatible; SemrushBot/7~bl; +http://www.semrush.com/bot.html)" "www.tekmedicgloves.com"
185.191.171.2 - - [09/Sep/2022:06:31:47 -0700] "GET /phpMyAdmin/setup/?token=d53833416dec0db224cb42e73059417f&version_check=1 HTTP/1.1" 200 12691 "-" "Mozilla/5.0 (compatible; SemrushBot/7~bl; +http://www.semrush.com/bot.html)" "www.tekmedicgloves.com"
185.191.171.44 - - [09/Sep/2022:06:31:49 -0700] "GET /phpMyAdmin/setup/?token=0863511989aec5e92a14f063747e0126&version_check=1 HTTP/1.1" 200 12691 "-" "Mozilla/5.0 (compatible; SemrushBot/7~bl; +http://www.semrush.com/bot.html)" "www.tekmedicgloves.com"
185.191.171.8 - - [09/Sep/2022:06:31:53 -0700] "GET /phpMyAdmin/setup/?token=2b9c93288f1634f93e369f82d6674de6&version_check=1 HTTP/1.1" 200 12691 "-" "Mozilla/5.0 (compatible; SemrushBot/7~bl; +http://www.semrush.com/bot.html)" "www.tekmedicgloves.com"
185.191.171.39 - - [09/Sep/2022:06:31:59 -0700] "GET /phpMyAdmin/setup/index.php?token=47398065e9776148aa3124cb7a7738da&version_check=1 HTTP/1.1" 200 12705 "-" "Mozilla/5.0 (compatible; SemrushBot/7~bl; +http://www.semrush.com/bot.html)" "tekmedicgloves.com"
185.191.171.45 - - [09/Sep/2022:06:32:14 -0700] "GET /phpMyAdmin/setup/?token=f03411e5c25a84728a0c585027cc9105&version_check=1 HTTP/1.1" 200 12687 "-" "Mozilla/5.0 (compatible; SemrushBot/7~bl; +http://www.semrush.com/bot.html)" "tekmedicgloves.com"
185.191.171.40 - - [09/Sep/2022:06:32:29 -0700] "GET /phpMyAdmin/setup/?token=2c71a96c6b9bb070b3f22cdd9cb24710&version_check=1 HTTP/1.1" 200 12691 "-" "Mozilla/5.0 (compatible; SemrushBot/7~bl; +http://www.semrush.com/bot.html)" "www.tekmedicgloves.com"
185.191.171.42 - - [09/Sep/2022:06:32:33 -0700] "GET /phpMyAdmin/setup/?token=577c7787de06732327b0f4348c6b986a&version_check=1 HTTP/1.1" 200 12691 "-" "Mozilla/5.0 (compatible; SemrushBot/7~bl; +http://www.semrush.com/bot.html)" "www.tekmedicgloves.com"
185.191.171.5 - - [09/Sep/2022:06:32:39 -0700] "GET /phpMyAdmin/setup/?token=4e4c24234de6b25ed9870153d4432326&version_check=1 HTTP/1.1" 200 12687 "-" "Mozilla/5.0 (compatible; SemrushBot/7~bl; +http://www.semrush.com/bot.html)" "tekmedicgloves.com"
185.191.171.8 - - [09/Sep/2022:06:32:42 -0700] "GET /phpMyAdmin/setup/?token=284896950f79aed515b5684f7967aecb&version_check=1 HTTP/1.1" 200 12691 "-" "Mozilla/5.0 (compatible; SemrushBot/7~bl; +http://www.semrush.com/bot.html)" "www.tekmedicgloves.com"
185.191.171.34 - - [09/Sep/2022:06:32:53 -0700] "GET /phpMyAdmin/setup/?token=610c3e82ad454dcb27c38a873de740a0&version_check=1 HTTP/1.1" 200 12691 "-" "Mozilla/5.0 (compatible; SemrushBot/7~bl; +http://www.semrush.com/bot.html)" "www.tekmedicgloves.com"
185.191.171.3 - - [09/Sep/2022:06:32:56 -0700] "GET /phpMyAdmin/setup/?token=82c58c9660cb013bf71cf3738bde8b66&version_check=1 HTTP/1.1" 200 12687 "-" "Mozilla/5.0 (compatible; SemrushBot/7~bl; +http://www.semrush.com/bot.html)" "tekmedicgloves.com"
185.191.171.36 - - [09/Sep/2022:06:33:03 -0700] "GET /phpMyAdmin/setup/index.php?token=f15de65752cf7b83d309bf79c9cd2e9a&version_check=1 HTTP/1.1" 200 12709 "-" "Mozilla/5.0 (compatible; SemrushBot/7~bl; +http://www.semrush.com/bot.html)" "www.tekmedicgloves.com"
185.191.171.3 - - [09/Sep/2022:06:33:15 -0700] "GET /phpMyAdmin/setup/?token=13d38cf0aa677418800eeae19c124f44&version_check=1 HTTP/1.1" 200 12691 "-" "Mozilla/5.0 (compatible; SemrushBot/7~bl; +http://www.semrush.com/bot.html)" "www.tekmedicgloves.com"
185.191.171.23 - - [09/Sep/2022:06:33:16 -0700] "GET /phpMyAdmin/setup/?token=8262228ba83a6969b432c5a4ccc08ddc&version_check=1 HTTP/1.1" 200 12687 "-" "Mozilla/5.0 (compatible; SemrushBot/7~bl; +http://www.semrush.com/bot.html)" "tekmedicgloves.com"
185.191.171.7 - - [09/Sep/2022:06:33:32 -0700] "GET /phpMyAdmin/setup/index.php?token=158e910f72c35d00b5e2d4e94071576e&version_check=1 HTTP/1.1" 200 12705 "-" "Mozilla/5.0 (compatible; SemrushBot/7~bl; +http://www.semrush.com/bot.html)" "tekmedicgloves.com"
185.191.171.39 - - [09/Sep/2022:06:33:33 -0700] "GET /phpMyAdmin/setup/?token=6d13d61f10e9f10bb36d15e89dbab049&version_check=1 HTTP/1.1" 200 12691 "-" "Mozilla/5.0 (compatible; SemrushBot/7~bl; +http://www.semrush.com/bot.html)" "www.tekmedicgloves.com"
185.191.171.9 - - [09/Sep/2022:06:34:10 -0700] "GET /phpMyAdmin/setup/?token=d52d60664d579914c74be7bad73696ce&version_check=1 HTTP/1.1" 200 12691 "-" "Mozilla/5.0 (compatible; SemrushBot/7~bl; +http://www.semrush.com/bot.html)" "www.tekmedicgloves.com"
185.191.171.7 - - [09/Sep/2022:06:34:11 -0700] "GET /phpMyAdmin/setup/index.php?token=f83f4ecb2a2fd2398736f39c0c71074c&version_check=1 HTTP/1.1" 200 12705 "-" "Mozilla/5.0 (compatible; SemrushBot/7~bl; +http://www.semrush.com/bot.html)" "tekmedicgloves.com"
185.191.171.42 - - [09/Sep/2022:06:34:22 -0700] "GET /phpMyAdmin/setup/?token=aa0f938c7d778ef6677f454bf9c8192e&version_check=1 HTTP/1.1" 200 12691 "-" "Mozilla/5.0 (compatible; SemrushBot/7~bl; +http://www.semrush.com/bot.html)" "www.tekmedicgloves.com"
185.191.171.15 - - [09/Sep/2022:06:34:27 -0700] "GET /phpMyAdmin/setup/?token=8322bbe64484f62c63431ba3613dcbc1&version_check=1 HTTP/1.1" 200 12687 "-" "Mozilla/5.0 (compatible; SemrushBot/7~bl; +http://www.semrush.com/bot.html)" "tekmedicgloves.com"
185.191.171.1 - - [09/Sep/2022:06:34:46 -0700] "GET /phpMyAdmin/setup/?token=13f0cf61c52782ea1720f83a52cc3850&version_check=1 HTTP/1.1" 200 12691 "-" "Mozilla/5.0 (compatible; SemrushBot/7~bl; +http://www.semrush.com/bot.html)" "www.tekmedicgloves.com"
185.191.171.44 - - [09/Sep/2022:06:34:47 -0700] "GET /phpMyAdmin/setup/?token=3f87be7bd6bd6ecdebaea133e1de7d31&version_check=1 HTTP/1.1" 200 12687 "-" "Mozilla/5.0 (compatible; SemrushBot/7~bl; +http://www.semrush.com/bot.html)" "tekmedicgloves.com"
185.191.171.42 - - [09/Sep/2022:06:35:09 -0700] "GET /phpMyAdmin/setup/?token=a3d109ab61f94090c9d18e5790064197&version_check=1 HTTP/1.1" 200 12691 "-" "Mozilla/5.0 (compatible; SemrushBot/7~bl; +http://www.semrush.com/bot.html)" "www.tekmedicgloves.com"
185.191.171.45 - - [09/Sep/2022:06:35:17 -0700] "GET /phpMyAdmin/setup/?token=30f78129e2e39e5fa4ee1a3632172304&version_check=1 HTTP/1.1" 200 12687 "-" "Mozilla/5.0 (compatible; SemrushBot/7~bl; +http://www.semrush.com/bot.html)" "tekmedicgloves.com"
185.191.171.7 - - [09/Sep/2022:06:35:18 -0700] "GET /phpMyAdmin/setup/?token=57cbaca1433a4093b1c15f56e8443c7f&version_check=1 HTTP/1.1" 200 12687 "-" "Mozilla/5.0 (compatible; SemrushBot/7~bl; +http://www.semrush.com/bot.html)" "tekmedicgloves.com"
185.191.171.4 - - [09/Sep/2022:06:35:24 -0700] "GET /phpMyAdmin/setup/?token=2df192e49f2fdcc4e432c2b763bad837&version_check=1 HTTP/1.1" 200 12691 "-" "Mozilla/5.0 (compatible; SemrushBot/7~bl; +http://www.semrush.com/bot.html)" "www.tekmedicgloves.com"
185.191.171.9 - - [09/Sep/2022:06:35:29 -0700] "GET /phpMyAdmin/setup/?token=944412e56d25b85c549ceb8ddc5d4de7&version_check=1 HTTP/1.1" 200 12691 "-" "Mozilla/5.0 (compatible; SemrushBot/7~bl; +http://www.semrush.com/bot.html)" "www.tekmedicgloves.com"
185.191.171.42 - - [09/Sep/2022:06:36:27 -0700] "GET /phpMyAdmin/setup/?token=114c64701e3a65b198022c7c9500c5a4&version_check=1 HTTP/1.1" 200 12687 "-" "Mozilla/5.0 (compatible; SemrushBot/7~bl; +http://www.semrush.com/bot.html)" "tekmedicgloves.com"
185.191.171.13 - - [09/Sep/2022:06:36:32 -0700] "GET /phpMyAdmin/setup/?token=bcc011c95c255d7f504f861f6539901e&version_check=1 HTTP/1.1" 200 12687 "-" "Mozilla/5.0 (compatible; SemrushBot/7~bl; +http://www.semrush.com/bot.html)" "tekmedicgloves.com"
185.191.171.14 - - [09/Sep/2022:06:36:53 -0700] "GET /robots.txt HTTP/1.1" 404 88 "-" "Mozilla/5.0 (compatible; SemrushBot/7~bl; +http://www.semrush.com/bot.html)" "tekmedicgloves.com"
185.191.171.38 - - [09/Sep/2022:06:36:53 -0700] "GET /phpMyAdmin/setup/index.php?token=a7477a112454dfa60dcbf9d3897b8dba&version_check=1 HTTP/1.1" 200 12705 "-" "Mozilla/5.0 (compatible; SemrushBot/7~bl; +http://www.semrush.com/bot.html)" "tekmedicgloves.com"
185.191.171.1 - - [09/Sep/2022:06:37:07 -0700] "GET /phpMyAdmin/setup/?token=e0ca9e832d5e833dac0193b54c240d93&version_check=1 HTTP/1.1" 200 12691 "-" "Mozilla/5.0 (compatible; SemrushBot/7~bl; +http://www.semrush.com/bot.html)" "www.tekmedicgloves.com"
185.191.171.23 - - [09/Sep/2022:06:37:11 -0700] "GET /phpMyAdmin/setup/index.php?token=4ba20b318f38a78c22212f08feb1da80&version_check=1 HTTP/1.1" 200 12705 "-" "Mozilla/5.0 (compatible; SemrushBot/7~bl; +http://www.semrush.com/bot.html)" "tekmedicgloves.com"
185.191.171.45 - - [09/Sep/2022:06:37:16 -0700] "GET /phpMyAdmin/setup/?token=919e1eb31b92a683a872813bbcb99e3b&version_check=1 HTTP/1.1" 200 12691 "-" "Mozilla/5.0 (compatible; SemrushBot/7~bl; +http://www.semrush.com/bot.html)" "www.tekmedicgloves.com"
185.191.171.8 - - [09/Sep/2022:06:37:16 -0700] "GET /phpMyAdmin/setup/index.php?token=fb6956ea51b2d116a0526faa9107f881&version_check=1 HTTP/1.1" 200 12705 "-" "Mozilla/5.0 (compatible; SemrushBot/7~bl; +http://www.semrush.com/bot.html)" "tekmedicgloves.com"
185.191.171.26 - - [09/Sep/2022:06:37:22 -0700] "GET /phpMyAdmin/setup/?token=1363785aebc4c6e565163080636cf7ce&version_check=1 HTTP/1.1" 200 12687 "-" "Mozilla/5.0 (compatible; SemrushBot/7~bl; +http://www.semrush.com/bot.html)" "tekmedicgloves.com"
185.191.171.44 - - [09/Sep/2022:06:37:31 -0700] "GET /phpMyAdmin/setup/?token=1406d8d53912f9cbf2b078f257c80501&version_check=1 HTTP/1.1" 200 12687 "-" "Mozilla/5.0 (compatible; SemrushBot/7~bl; +http://www.semrush.com/bot.html)" "tekmedicgloves.com"
185.191.171.38 - - [09/Sep/2022:06:37:33 -0700] "GET /phpMyAdmin/setup/?token=0fa8e33c728f2d936107bbbe7b4fcb0b&version_check=1 HTTP/1.1" 200 12687 "-" "Mozilla/5.0 (compatible; SemrushBot/7~bl; +http://www.semrush.com/bot.html)" "tekmedicgloves.com"
185.191.171.40 - - [09/Sep/2022:06:37:35 -0700] "GET /phpMyAdmin/setup/?token=8b89cf7da5565cf621555cf1c401bdae&version_check=1 HTTP/1.1" 200 12691 "-" "Mozilla/5.0 (compatible; SemrushBot/7~bl; +http://www.semrush.com/bot.html)" "www.tekmedicgloves.com"
185.191.171.45 - - [09/Sep/2022:06:37:41 -0700] "GET /phpMyAdmin/setup/?token=aac8447b19a5c2547885741c2878da58&version_check=1 HTTP/1.1" 200 12691 "-" "Mozilla/5.0 (compatible; SemrushBot/7~bl; +http://www.semrush.com/bot.html)" "www.tekmedicgloves.com"
185.191.171.44 - - [09/Sep/2022:06:37:48 -0700] "GET /phpMyAdmin/setup/?token=5d46634ce12e1c35b3a44fbd03a6f3d8&version_check=1 HTTP/1.1" 200 12687 "-" "Mozilla/5.0 (compatible; SemrushBot/7~bl; +http://www.semrush.com/bot.html)" "tekmedicgloves.com"
185.191.171.22 - - [09/Sep/2022:06:37:51 -0700] "GET /phpMyAdmin/setup/?token=242703b79d0423fe32b53e519af5e280&version_check=1 HTTP/1.1" 200 12691 "-" "Mozilla/5.0 (compatible; SemrushBot/7~bl; +http://www.semrush.com/bot.html)" "www.tekmedicgloves.com"
185.191.171.15 - - [09/Sep/2022:06:37:54 -0700] "GET /phpMyAdmin/setup/?token=b5537ed52b84ff0c9d23815f038a9427&version_check=1 HTTP/1.1" 200 12691 "-" "Mozilla/5.0 (compatible; SemrushBot/7~bl; +http://www.semrush.com/bot.html)" "www.tekmedicgloves.com"
185.191.171.14 - - [09/Sep/2022:06:37:58 -0700] "GET /phpMyAdmin/setup/?token=e6f50a9ad1abd1df3dd9cec1b039d68a&version_check=1 HTTP/1.1" 200 12691 "-" "Mozilla/5.0 (compatible; SemrushBot/7~bl; +http://www.semrush.com/bot.html)" "www.tekmedicgloves.com"
185.191.171.4 - - [09/Sep/2022:06:38:06 -0700] "GET /phpMyAdmin/setup/index.php?token=c6c6cdcd4e17cb258f2b3cbcd105ee77&version_check=1 HTTP/1.1" 200 12705 "-" "Mozilla/5.0 (compatible; SemrushBot/7~bl; +http://www.semrush.com/bot.html)" "tekmedicgloves.com"
185.191.171.21 - - [09/Sep/2022:06:38:18 -0700] "GET /phpMyAdmin/setup/index.php?token=dab269394b5ac61c68debd1d371aa00c&version_check=1 HTTP/1.1" 200 12705 "-" "Mozilla/5.0 (compatible; SemrushBot/7~bl; +http://www.semrush.com/bot.html)" "tekmedicgloves.com"
185.191.171.12 - - [09/Sep/2022:06:38:22 -0700] "GET /phpMyAdmin/setup/index.php?token=07a442b2985ffadd81918d24099b3bed&version_check=1 HTTP/1.1" 200 12709 "-" "Mozilla/5.0 (compatible; SemrushBot/7~bl; +http://www.semrush.com/bot.html)" "www.tekmedicgloves.com"
185.191.171.2 - - [09/Sep/2022:06:38:26 -0700] "GET /phpMyAdmin/setup/?token=d02989dd0fd790ca6731bdb2909fb02b&version_check=1 HTTP/1.1" 200 12691 "-" "Mozilla/5.0 (compatible; SemrushBot/7~bl; +http://www.semrush.com/bot.html)" "www.tekmedicgloves.com"
185.191.171.33 - - [09/Sep/2022:06:38:41 -0700] "GET /phpMyAdmin/setup/?token=a1f0af8dc8c9a98efbe3ef864f7f42c5&version_check=1 HTTP/1.1" 200 12691 "-" "Mozilla/5.0 (compatible; SemrushBot/7~bl; +http://www.semrush.com/bot.html)" "www.tekmedicgloves.com"
185.191.171.21 - - [09/Sep/2022:06:39:10 -0700] "GET /phpMyAdmin/setup/?token=68d529663a5a0718c89a7a9143ecef9f&version_check=1 HTTP/1.1" 200 12691 "-" "Mozilla/5.0 (compatible; SemrushBot/7~bl; +http://www.semrush.com/bot.html)" "www.tekmedicgloves.com"
185.191.171.25 - - [09/Sep/2022:06:39:11 -0700] "GET /phpMyAdmin/setup/index.php?token=e2edce15a1cb7b2ef29c06b7e41a506c&version_check=1 HTTP/1.1" 200 12705 "-" "Mozilla/5.0 (compatible; SemrushBot/7~bl; +http://www.semrush.com/bot.html)" "tekmedicgloves.com"
114.119.139.246 - - [09/Sep/2022:06:39:09 -0700] "GET /beta/products.php?cat=23&subcat=40 HTTP/1.1" 200 35448 "http://tekmedicgloves.com/beta/products.php?cat=22&subcat=37&id=14" "Mozilla/5.0 (Linux; Android 7.0;) AppleWebKit/537.36 (KHTML, like Gecko) Mobile Safari/537.36 (compatible; PetalBot;+https://webmaster.petalsearch.com/site/petalbot)" "tekmedicgloves.com"
185.191.171.3 - - [09/Sep/2022:06:39:21 -0700] "GET /phpMyAdmin/setup/?token=d021b5c30bf5e23ad379a1ea40c2c482&version_check=1 HTTP/1.1" 200 12687 "-" "Mozilla/5.0 (compatible; SemrushBot/7~bl; +http://www.semrush.com/bot.html)" "tekmedicgloves.com"
185.191.171.5 - - [09/Sep/2022:06:39:32 -0700] "GET /phpMyAdmin/setup/index.php?token=c155fb9f8547a00f5591c8df8326560b&version_check=1 HTTP/1.1" 200 12705 "-" "Mozilla/5.0 (compatible; SemrushBot/7~bl; +http://www.semrush.com/bot.html)" "tekmedicgloves.com"
185.191.171.2 - - [09/Sep/2022:06:39:42 -0700] "GET /phpMyAdmin/setup/?token=0fd2fbe60383c75c5bad7912aeab0977&version_check=1 HTTP/1.1" 200 12687 "-" "Mozilla/5.0 (compatible; SemrushBot/7~bl; +http://www.semrush.com/bot.html)" "tekmedicgloves.com"
185.191.171.19 - - [09/Sep/2022:06:39:51 -0700] "GET /phpMyAdmin/setup/index.php?token=8cf348c3ec0514ae65e2b56dc493567a&version_check=1 HTTP/1.1" 200 12705 "-" "Mozilla/5.0 (compatible; SemrushBot/7~bl; +http://www.semrush.com/bot.html)" "tekmedicgloves.com"
185.191.171.18 - - [09/Sep/2022:06:40:12 -0700] "GET /phpMyAdmin/setup/?token=771d16c6a13dc19d80b42063b8ae26c0&version_check=1 HTTP/1.1" 200 12687 "-" "Mozilla/5.0 (compatible; SemrushBot/7~bl; +http://www.semrush.com/bot.html)" "tekmedicgloves.com"
185.191.171.8 - - [09/Sep/2022:06:40:38 -0700] "GET /phpMyAdmin/setup/?token=6792f30d5a33783464ec387b3f723a39&version_check=1 HTTP/1.1" 200 12691 "-" "Mozilla/5.0 (compatible; SemrushBot/7~bl; +http://www.semrush.com/bot.html)" "www.tekmedicgloves.com"
185.191.171.25 - - [09/Sep/2022:06:40:41 -0700] "GET /phpMyAdmin/setup/?token=f49b3f3d8c6d52782d5d63c23367ff4e&version_check=1 HTTP/1.1" 200 12691 "-" "Mozilla/5.0 (compatible; SemrushBot/7~bl; +http://www.semrush.com/bot.html)" "www.tekmedicgloves.com"
185.191.171.12 - - [09/Sep/2022:06:40:44 -0700] "GET /phpMyAdmin/setup/?token=f0f7822988958470b834d3fe833c957e&version_check=1 HTTP/1.1" 200 12691 "-" "Mozilla/5.0 (compatible; SemrushBot/7~bl; +http://www.semrush.com/bot.html)" "www.tekmedicgloves.com"
185.191.171.6 - - [09/Sep/2022:06:40:59 -0700] "GET /phpMyAdmin/setup/?token=5048ccd86a758ca77553b8ffe6794f12&version_check=1 HTTP/1.1" 200 12691 "-" "Mozilla/5.0 (compatible; SemrushBot/7~bl; +http://www.semrush.com/bot.html)" "www.tekmedicgloves.com"
185.191.171.4 - - [09/Sep/2022:06:41:18 -0700] "GET /phpMyAdmin/setup/?token=37a36d1c54e68f5a6ec90fee07217304&version_check=1 HTTP/1.1" 200 12691 "-" "Mozilla/5.0 (compatible; SemrushBot/7~bl; +http://www.semrush.com/bot.html)" "www.tekmedicgloves.com"
185.191.171.13 - - [09/Sep/2022:06:41:40 -0700] "GET /phpMyAdmin/setup/?token=5853b64d91f2551fe4792cb530ee62bc&version_check=1 HTTP/1.1" 200 12691 "-" "Mozilla/5.0 (compatible; SemrushBot/7~bl; +http://www.semrush.com/bot.html)" "www.tekmedicgloves.com"
185.191.171.38 - - [09/Sep/2022:06:41:40 -0700] "GET /phpMyAdmin/setup/?token=713277619d1b81d55165d2f188f0d1be&version_check=1 HTTP/1.1" 200 12687 "-" "Mozilla/5.0 (compatible; SemrushBot/7~bl; +http://www.semrush.com/bot.html)" "tekmedicgloves.com"
185.191.171.18 - - [09/Sep/2022:06:41:42 -0700] "GET /phpMyAdmin/setup/?token=d0899d3b3634f3e35e1658382f2f374f&version_check=1 HTTP/1.1" 200 12691 "-" "Mozilla/5.0 (compatible; SemrushBot/7~bl; +http://www.semrush.com/bot.html)" "www.tekmedicgloves.com"
185.191.171.3 - - [09/Sep/2022:06:42:00 -0700] "GET /phpMyAdmin/setup/?token=fe255aa1a12581e27109ec82e6a6b2d5&version_check=1 HTTP/1.1" 200 12687 "-" "Mozilla/5.0 (compatible; SemrushBot/7~bl; +http://www.semrush.com/bot.html)" "tekmedicgloves.com"
185.191.171.39 - - [09/Sep/2022:06:42:01 -0700] "GET /phpMyAdmin/setup/?token=011bdc7c78b371ac8d5378fe69364584&version_check=1 HTTP/1.1" 200 12691 "-" "Mozilla/5.0 (compatible; SemrushBot/7~bl; +http://www.semrush.com/bot.html)" "www.tekmedicgloves.com"
185.191.171.15 - - [09/Sep/2022:06:42:09 -0700] "GET /phpMyAdmin/setup/?token=abf103b601c93c75938770a67981065b&version_check=1 HTTP/1.1" 200 12691 "-" "Mozilla/5.0 (compatible; SemrushBot/7~bl; +http://www.semrush.com/bot.html)" "www.tekmedicgloves.com"
185.191.171.7 - - [09/Sep/2022:06:42:15 -0700] "GET /phpMyAdmin/setup/?token=cc4d06af35bc75e90e55ba25ba1bfd26&version_check=1 HTTP/1.1" 200 12691 "-" "Mozilla/5.0 (compatible; SemrushBot/7~bl; +http://www.semrush.com/bot.html)" "www.tekmedicgloves.com"
185.191.171.11 - - [09/Sep/2022:06:42:19 -0700] "GET /phpMyAdmin/setup/?token=e30a63e5f8d0aab33956a50f4380aee5&version_check=1 HTTP/1.1" 200 12687 "-" "Mozilla/5.0 (compatible; SemrushBot/7~bl; +http://www.semrush.com/bot.html)" "tekmedicgloves.com"
185.191.171.2 - - [09/Sep/2022:06:42:31 -0700] "GET /phpMyAdmin/setup/?token=eaf077aee3bea46bd0ccc75d90545fdb&version_check=1 HTTP/1.1" 200 12691 "-" "Mozilla/5.0 (compatible; SemrushBot/7~bl; +http://www.semrush.com/bot.html)" "www.tekmedicgloves.com"
185.191.171.3 - - [09/Sep/2022:06:42:38 -0700] "GET /phpMyAdmin/setup/?token=88bb6e65bb6c436e7b0bf8d77ae12549&version_check=1 HTTP/1.1" 200 12687 "-" "Mozilla/5.0 (compatible; SemrushBot/7~bl; +http://www.semrush.com/bot.html)" "tekmedicgloves.com"
185.191.171.39 - - [09/Sep/2022:06:42:47 -0700] "GET /phpMyAdmin/setup/?token=eae18b34cc6f7b1debb2d26e2ed2e140&version_check=1 HTTP/1.1" 200 12687 "-" "Mozilla/5.0 (compatible; SemrushBot/7~bl; +http://www.semrush.com/bot.html)" "tekmedicgloves.com"
185.191.171.10 - - [09/Sep/2022:06:42:49 -0700] "GET /phpMyAdmin/setup/?token=94b3a2d35d5ac78c4058e0a924480806&version_check=1 HTTP/1.1" 200 12687 "-" "Mozilla/5.0 (compatible; SemrushBot/7~bl; +http://www.semrush.com/bot.html)" "tekmedicgloves.com"
185.191.171.44 - - [09/Sep/2022:06:43:02 -0700] "GET /phpMyAdmin/setup/?token=8da0e42ed5d5d52d0bdffa5a783bee71&version_check=1 HTTP/1.1" 200 12687 "-" "Mozilla/5.0 (compatible; SemrushBot/7~bl; +http://www.semrush.com/bot.html)" "tekmedicgloves.com"
185.191.171.6 - - [09/Sep/2022:06:43:05 -0700] "GET /phpMyAdmin/setup/?token=49b94d73052263e8b64405e71bd3818c&version_check=1 HTTP/1.1" 200 12687 "-" "Mozilla/5.0 (compatible; SemrushBot/7~bl; +http://www.semrush.com/bot.html)" "tekmedicgloves.com"
185.191.171.21 - - [09/Sep/2022:06:43:07 -0700] "GET /phpMyAdmin/setup/?token=90f53ed0f21270309d79b1d64f5a5a7e&version_check=1 HTTP/1.1" 200 12691 "-" "Mozilla/5.0 (compatible; SemrushBot/7~bl; +http://www.semrush.com/bot.html)" "www.tekmedicgloves.com"
185.191.171.15 - - [09/Sep/2022:06:43:08 -0700] "GET /phpMyAdmin/setup/index.php?token=5c84f2fc5531b3de176b8c08274372f6&version_check=1 HTTP/1.1" 200 12705 "-" "Mozilla/5.0 (compatible; SemrushBot/7~bl; +http://www.semrush.com/bot.html)" "tekmedicgloves.com"
185.191.171.23 - - [09/Sep/2022:06:43:09 -0700] "GET /phpMyAdmin/setup/index.php?token=8978e645d36773bd92b2fa14b024487e&version_check=1 HTTP/1.1" 200 12709 "-" "Mozilla/5.0 (compatible; SemrushBot/7~bl; +http://www.semrush.com/bot.html)" "www.tekmedicgloves.com"
185.191.171.33 - - [09/Sep/2022:06:43:11 -0700] "GET /phpMyAdmin/setup/?token=f65be2178f8d39cc3912591bb0204059&version_check=1 HTTP/1.1" 200 12687 "-" "Mozilla/5.0 (compatible; SemrushBot/7~bl; +http://www.semrush.com/bot.html)" "tekmedicgloves.com"
185.191.171.1 - - [09/Sep/2022:06:43:11 -0700] "GET /phpMyAdmin/setup/?token=6c29ceae463a855f2f2e039e58a2be46&version_check=1 HTTP/1.1" 200 12691 "-" "Mozilla/5.0 (compatible; SemrushBot/7~bl; +http://www.semrush.com/bot.html)" "www.tekmedicgloves.com"
185.191.171.20 - - [09/Sep/2022:06:43:14 -0700] "GET /phpMyAdmin/setup/?token=83cb1ddb4e332c35b04704c975c02f71&version_check=1 HTTP/1.1" 200 12687 "-" "Mozilla/5.0 (compatible; SemrushBot/7~bl; +http://www.semrush.com/bot.html)" "tekmedicgloves.com"
20.127.153.232 - - [09/Sep/2022:06:43:16 -0700] "GET / HTTP/1.1" 200 696 "-" "Mozilla/5.0 (Windows NT 10.0; Win64; x64) AppleWebKit/537.36 (KHTML, like Gecko) Chrome/78.0.3904.108 Safari/537.36" "tekmedicgloves.com"
20.127.153.232 - - [09/Sep/2022:06:43:16 -0700] "GET / HTTP/1.1" 200 696 "-" "Mozilla/5.0 (Windows NT 10.0; Win64; x64) AppleWebKit/537.36 (KHTML, like Gecko) Chrome/78.0.3904.108 Safari/537.36" "tekmedicgloves.com"
20.127.153.232 - - [09/Sep/2022:06:43:16 -0700] "GET /wp-includes/wlwmanifest.xml HTTP/1.1" 404 73 "-" "Mozilla/5.0 (Windows NT 10.0; Win64; x64) AppleWebKit/537.36 (KHTML, like Gecko) Chrome/78.0.3904.108 Safari/537.36" "tekmedicgloves.com"
20.127.153.232 - - [09/Sep/2022:06:43:16 -0700] "GET /xmlrpc.php?rsd HTTP/1.1" 404 73 "-" "Mozilla/5.0 (Windows NT 10.0; Win64; x64) AppleWebKit/537.36 (KHTML, like Gecko) Chrome/78.0.3904.108 Safari/537.36" "tekmedicgloves.com"
20.127.153.232 - - [09/Sep/2022:06:43:16 -0700] "GET / HTTP/1.1" 200 696 "-" "Mozilla/5.0 (Windows NT 10.0; Win64; x64) AppleWebKit/537.36 (KHTML, like Gecko) Chrome/78.0.3904.108 Safari/537.36" "tekmedicgloves.com"
20.127.153.232 - - [09/Sep/2022:06:43:16 -0700] "GET /blog/wp-includes/wlwmanifest.xml HTTP/1.1" 404 73 "-" "Mozilla/5.0 (Windows NT 10.0; Win64; x64) AppleWebKit/537.36 (KHTML, like Gecko) Chrome/78.0.3904.108 Safari/537.36" "tekmedicgloves.com"
20.127.153.232 - - [09/Sep/2022:06:43:16 -0700] "GET /web/wp-includes/wlwmanifest.xml HTTP/1.1" 404 73 "-" "Mozilla/5.0 (Windows NT 10.0; Win64; x64) AppleWebKit/537.36 (KHTML, like Gecko) Chrome/78.0.3904.108 Safari/537.36" "tekmedicgloves.com"
20.127.153.232 - - [09/Sep/2022:06:43:17 -0700] "GET /website/wp-includes/wlwmanifest.xml HTTP/1.1" 404 73 "-" "Mozilla/5.0 (Windows NT 10.0; Win64; x64) AppleWebKit/537.36 (KHTML, like Gecko) Chrome/78.0.3904.108 Safari/537.36" "tekmedicgloves.com"
20.127.153.232 - - [09/Sep/2022:06:43:19 -0700] "GET /wp/wp-includes/wlwmanifest.xml HTTP/1.1" 404 73 "-" "Mozilla/5.0 (Windows NT 10.0; Win64; x64) AppleWebKit/537.36 (KHTML, like Gecko) Chrome/78.0.3904.108 Safari/537.36" "tekmedicgloves.com"
20.127.153.232 - - [09/Sep/2022:06:43:21 -0700] "GET /news/wp-includes/wlwmanifest.xml HTTP/1.1" 404 73 "-" "Mozilla/5.0 (Windows NT 10.0; Win64; x64) AppleWebKit/537.36 (KHTML, like Gecko) Chrome/78.0.3904.108 Safari/537.36" "tekmedicgloves.com"
20.127.153.232 - - [09/Sep/2022:06:43:21 -0700] "GET /2019/wp-includes/wlwmanifest.xml HTTP/1.1" 404 73 "-" "Mozilla/5.0 (Windows NT 10.0; Win64; x64) AppleWebKit/537.36 (KHTML, like Gecko) Chrome/78.0.3904.108 Safari/537.36" "tekmedicgloves.com"
20.127.153.232 - - [09/Sep/2022:06:43:24 -0700] "GET /shop/wp-includes/wlwmanifest.xml HTTP/1.1" 404 73 "-" "Mozilla/5.0 (Windows NT 10.0; Win64; x64) AppleWebKit/537.36 (KHTML, like Gecko) Chrome/78.0.3904.108 Safari/537.36" "tekmedicgloves.com"
20.127.153.232 - - [09/Sep/2022:06:43:24 -0700] "GET /wp1/wp-includes/wlwmanifest.xml HTTP/1.1" 404 73 "-" "Mozilla/5.0 (Windows NT 10.0; Win64; x64) AppleWebKit/537.36 (KHTML, like Gecko) Chrome/78.0.3904.108 Safari/537.36" "tekmedicgloves.com"
20.127.153.232 - - [09/Sep/2022:06:43:24 -0700] "GET /test/wp-includes/wlwmanifest.xml HTTP/1.1" 404 73 "-" "Mozilla/5.0 (Windows NT 10.0; Win64; x64) AppleWebKit/537.36 (KHTML, like Gecko) Chrome/78.0.3904.108 Safari/537.36" "tekmedicgloves.com"
20.127.153.232 - - [09/Sep/2022:06:43:24 -0700] "GET /media/wp-includes/wlwmanifest.xml HTTP/1.1" 404 73 "-" "Mozilla/5.0 (Windows NT 10.0; Win64; x64) AppleWebKit/537.36 (KHTML, like Gecko) Chrome/78.0.3904.108 Safari/537.36" "tekmedicgloves.com"
20.127.153.232 - - [09/Sep/2022:06:43:24 -0700] "GET /wp2/wp-includes/wlwmanifest.xml HTTP/1.1" 404 73 "-" "Mozilla/5.0 (Windows NT 10.0; Win64; x64) AppleWebKit/537.36 (KHTML, like Gecko) Chrome/78.0.3904.108 Safari/537.36" "tekmedicgloves.com"
20.127.153.232 - - [09/Sep/2022:06:43:24 -0700] "GET /site/wp-includes/wlwmanifest.xml HTTP/1.1" 404 73 "-" "Mozilla/5.0 (Windows NT 10.0; Win64; x64) AppleWebKit/537.36 (KHTML, like Gecko) Chrome/78.0.3904.108 Safari/537.36" "tekmedicgloves.com"
20.127.153.232 - - [09/Sep/2022:06:43:24 -0700] "GET /cms/wp-includes/wlwmanifest.xml HTTP/1.1" 404 73 "-" "Mozilla/5.0 (Windows NT 10.0; Win64; x64) AppleWebKit/537.36 (KHTML, like Gecko) Chrome/78.0.3904.108 Safari/537.36" "tekmedicgloves.com"
20.127.153.232 - - [09/Sep/2022:06:43:24 -0700] "GET /sito/wp-includes/wlwmanifest.xml HTTP/1.1" 404 73 "-" "Mozilla/5.0 (Windows NT 10.0; Win64; x64) AppleWebKit/537.36 (KHTML, like Gecko) Chrome/78.0.3904.108 Safari/537.36" "tekmedicgloves.com"
185.191.171.22 - - [09/Sep/2022:06:43:53 -0700] "GET /phpMyAdmin/setup/index.php?token=7ce8ba27c79d381fb19fb0ffbe3354f8&version_check=1 HTTP/1.1" 200 12705 "-" "Mozilla/5.0 (compatible; SemrushBot/7~bl; +http://www.semrush.com/bot.html)" "tekmedicgloves.com"
185.191.171.2 - - [09/Sep/2022:06:44:06 -0700] "GET /phpMyAdmin/setup/?token=a3f598f0c029cc2027a61d5aa556be52&version_check=1 HTTP/1.1" 200 12691 "-" "Mozilla/5.0 (compatible; SemrushBot/7~bl; +http://www.semrush.com/bot.html)" "www.tekmedicgloves.com"
185.191.171.2 - - [09/Sep/2022:06:44:10 -0700] "GET /phpMyAdmin/setup/index.php?token=2a0308eef837d9bd351b5efda1e13520&version_check=1 HTTP/1.1" 200 12705 "-" "Mozilla/5.0 (compatible; SemrushBot/7~bl; +http://www.semrush.com/bot.html)" "tekmedicgloves.com"
185.191.171.3 - - [09/Sep/2022:06:44:15 -0700] "GET /phpMyAdmin/setup/?token=2c23944d7e6b98700a259effd840271f&version_check=1 HTTP/1.1" 200 12687 "-" "Mozilla/5.0 (compatible; SemrushBot/7~bl; +http://www.semrush.com/bot.html)" "tekmedicgloves.com"
185.191.171.38 - - [09/Sep/2022:06:44:28 -0700] "GET /phpMyAdmin/setup/?token=4c53db91bb539af49fa03a46ce9da463&version_check=1 HTTP/1.1" 200 12691 "-" "Mozilla/5.0 (compatible; SemrushBot/7~bl; +http://www.semrush.com/bot.html)" "www.tekmedicgloves.com"
185.191.171.7 - - [09/Sep/2022:06:44:44 -0700] "GET /phpMyAdmin/setup/?token=be24e54e359e59a27dff5df67f00c599&version_check=1 HTTP/1.1" 200 12687 "-" "Mozilla/5.0 (compatible; SemrushBot/7~bl; +http://www.semrush.com/bot.html)" "tekmedicgloves.com"
185.191.171.38 - - [09/Sep/2022:06:44:51 -0700] "GET /phpMyAdmin/setup/?token=a7982ecc576705ce13a59912962e8f39&version_check=1 HTTP/1.1" 200 12691 "-" "Mozilla/5.0 (compatible; SemrushBot/7~bl; +http://www.semrush.com/bot.html)" "www.tekmedicgloves.com"
185.191.171.9 - - [09/Sep/2022:06:44:57 -0700] "GET /phpMyAdmin/setup/?token=3ca49c68ac2352ec7030ee5f1d3592d9&version_check=1 HTTP/1.1" 200 12691 "-" "Mozilla/5.0 (compatible; SemrushBot/7~bl; +http://www.semrush.com/bot.html)" "www.tekmedicgloves.com"
185.191.171.3 - - [09/Sep/2022:06:45:10 -0700] "GET /phpMyAdmin/setup/index.php?token=05d44d3b2944e0b5785fa1d27656b226&version_check=1 HTTP/1.1" 200 12705 "-" "Mozilla/5.0 (compatible; SemrushBot/7~bl; +http://www.semrush.com/bot.html)" "tekmedicgloves.com"
185.191.171.37 - - [09/Sep/2022:06:45:20 -0700] "GET /phpMyAdmin/setup/index.php?token=4aaf6cfadca8cc2419be5eb8503dd7bb&version_check=1 HTTP/1.1" 200 12709 "-" "Mozilla/5.0 (compatible; SemrushBot/7~bl; +http://www.semrush.com/bot.html)" "www.tekmedicgloves.com"
185.191.171.33 - - [09/Sep/2022:06:45:25 -0700] "GET /phpMyAdmin/setup/index.php?token=a6b39a313bf845388b92ad73b7ce67a6&version_check=1 HTTP/1.1" 200 12705 "-" "Mozilla/5.0 (compatible; SemrushBot/7~bl; +http://www.semrush.com/bot.html)" "tekmedicgloves.com"
185.191.171.6 - - [09/Sep/2022:06:45:37 -0700] "GET /phpMyAdmin/setup/?token=6aa4e26c948c667772ee7d6e5419e88a&version_check=1 HTTP/1.1" 200 12687 "-" "Mozilla/5.0 (compatible; SemrushBot/7~bl; +http://www.semrush.com/bot.html)" "tekmedicgloves.com"
185.191.171.33 - - [09/Sep/2022:06:45:47 -0700] "GET /phpMyAdmin/setup/?token=0906bd180fbc0544bf4db3b380d4c423&version_check=1 HTTP/1.1" 200 12687 "-" "Mozilla/5.0 (compatible; SemrushBot/7~bl; +http://www.semrush.com/bot.html)" "tekmedicgloves.com"
185.191.171.18 - - [09/Sep/2022:06:45:58 -0700] "GET /phpMyAdmin/setup/?token=44b4722c8154aaae9212dc1e81ba1598&version_check=1 HTTP/1.1" 200 12691 "-" "Mozilla/5.0 (compatible; SemrushBot/7~bl; +http://www.semrush.com/bot.html)" "www.tekmedicgloves.com"
185.191.171.4 - - [09/Sep/2022:06:46:03 -0700] "GET /phpMyAdmin/setup/?token=0a07066ee78f506a0b6338ee79f9f2b3&version_check=1 HTTP/1.1" 200 12691 "-" "Mozilla/5.0 (compatible; SemrushBot/7~bl; +http://www.semrush.com/bot.html)" "www.tekmedicgloves.com"
185.191.171.8 - - [09/Sep/2022:06:46:42 -0700] "GET /phpMyAdmin/setup/?token=cc13afa6f74f44ebf766bddb439655a8&version_check=1 HTTP/1.1" 200 12687 "-" "Mozilla/5.0 (compatible; SemrushBot/7~bl; +http://www.semrush.com/bot.html)" "tekmedicgloves.com"
