139.59.120.82 - - [09/Sep/2022:05:47:11 -0700] "GET /wp2/wp-includes/wlwmanifest.xml HTTP/1.1" 404 73 "-" "Mozilla/5.0 (Windows NT 10.0; Win64; x64) AppleWebKit/537.36 (KHTML, like Gecko) Chrome/89.0.4389.114 Safari/537.36" "tekmedicgloves.com"
139.59.120.82 - - [09/Sep/2022:05:47:12 -0700] "GET /site/wp-includes/wlwmanifest.xml HTTP/1.1" 404 73 "-" "Mozilla/5.0 (Windows NT 10.0; Win64; x64) AppleWebKit/537.36 (KHTML, like Gecko) Chrome/89.0.4389.114 Safari/537.36" "tekmedicgloves.com"
139.59.120.82 - - [09/Sep/2022:05:47:12 -0700] "GET /cms/wp-includes/wlwmanifest.xml HTTP/1.1" 404 73 "-" "Mozilla/5.0 (Windows NT 10.0; Win64; x64) AppleWebKit/537.36 (KHTML, like Gecko) Chrome/89.0.4389.114 Safari/537.36" "tekmedicgloves.com"
139.59.120.82 - - [09/Sep/2022:05:47:13 -0700] "GET /sito/wp-includes/wlwmanifest.xml HTTP/1.1" 404 73 "-" "Mozilla/5.0 (Windows NT 10.0; Win64; x64) AppleWebKit/537.36 (KHTML, like Gecko) Chrome/89.0.4389.114 Safari/537.36" "tekmedicgloves.com"
185.191.171.17 - - [09/Sep/2022:05:47:20 -0700] "GET /phpMyAdmin/setup/index.php?token=d33a0a5c65c9845fb2609b75ac66abb2&version_check=1 HTTP/1.1" 200 12705 "-" "Mozilla/5.0 (compatible; SemrushBot/7~bl; +http://www.semrush.com/bot.html)" "tekmedicgloves.com"
185.191.171.10 - - [09/Sep/2022:05:47:31 -0700] "GET /phpMyAdmin/setup/?token=34ba74fa2c41293312ba6f675b976bea&version_check=1 HTTP/1.1" 200 12687 "-" "Mozilla/5.0 (compatible; SemrushBot/7~bl; +http://www.semrush.com/bot.html)" "tekmedicgloves.com"
185.191.171.33 - - [09/Sep/2022:05:47:32 -0700] "GET /phpMyAdmin/setup/?token=7e0ec0cdef1decdeb47dcb4bb0133a21&version_check=1 HTTP/1.1" 200 12691 "-" "Mozilla/5.0 (compatible; SemrushBot/7~bl; +http://www.semrush.com/bot.html)" "www.tekmedicgloves.com"
185.191.171.15 - - [09/Sep/2022:05:47:50 -0700] "GET /phpMyAdmin/setup/?token=0dfbe8d0acd6d77fd2ecd16b7227d159&version_check=1 HTTP/1.1" 200 12691 "-" "Mozilla/5.0 (compatible; SemrushBot/7~bl; +http://www.semrush.com/bot.html)" "www.tekmedicgloves.com"
185.191.171.8 - - [09/Sep/2022:05:47:52 -0700] "GET /phpMyAdmin/setup/?token=4ae9dcd51bc7edfda287cf1772efe91c&version_check=1 HTTP/1.1" 200 12691 "-" "Mozilla/5.0 (compatible; SemrushBot/7~bl; +http://www.semrush.com/bot.html)" "www.tekmedicgloves.com"
185.191.171.43 - - [09/Sep/2022:05:48:13 -0700] "GET /phpMyAdmin/setup/?token=0291aa96799ab0b3553a33af5d490eb5&version_check=1 HTTP/1.1" 200 12691 "-" "Mozilla/5.0 (compatible; SemrushBot/7~bl; +http://www.semrush.com/bot.html)" "www.tekmedicgloves.com"
185.191.171.17 - - [09/Sep/2022:05:48:19 -0700] "GET /phpMyAdmin/setup/?token=eb5763c647634412bb39d6e6e8c80db1&version_check=1 HTTP/1.1" 200 12691 "-" "Mozilla/5.0 (compatible; SemrushBot/7~bl; +http://www.semrush.com/bot.html)" "www.tekmedicgloves.com"
185.191.171.4 - - [09/Sep/2022:05:48:38 -0700] "GET /phpMyAdmin/setup/?token=32d92c5b5e650cb6453e13ad9529b0e3&version_check=1 HTTP/1.1" 200 12691 "-" "Mozilla/5.0 (compatible; SemrushBot/7~bl; +http://www.semrush.com/bot.html)" "www.tekmedicgloves.com"
185.191.171.42 - - [09/Sep/2022:05:48:40 -0700] "GET /phpMyAdmin/setup/?token=c844aa72eb6b0266fa75387d01f19bf7&version_check=1 HTTP/1.1" 200 12691 "-" "Mozilla/5.0 (compatible; SemrushBot/7~bl; +http://www.semrush.com/bot.html)" "www.tekmedicgloves.com"
185.191.171.40 - - [09/Sep/2022:05:48:57 -0700] "GET /phpMyAdmin/setup/?token=0ab4b89dae214f2b5a7f40a01257265c&version_check=1 HTTP/1.1" 200 12687 "-" "Mozilla/5.0 (compatible; SemrushBot/7~bl; +http://www.semrush.com/bot.html)" "tekmedicgloves.com"
185.191.171.43 - - [09/Sep/2022:05:48:58 -0700] "GET /phpMyAdmin/setup/?token=3a428496d3e16986caedf3d56443d992&version_check=1 HTTP/1.1" 200 12687 "-" "Mozilla/5.0 (compatible; SemrushBot/7~bl; +http://www.semrush.com/bot.html)" "tekmedicgloves.com"
185.191.171.13 - - [09/Sep/2022:05:49:11 -0700] "GET /phpMyAdmin/setup/?token=0ee4f83cdc1eb4c03f1bd3b1135829c4&version_check=1 HTTP/1.1" 200 12687 "-" "Mozilla/5.0 (compatible; SemrushBot/7~bl; +http://www.semrush.com/bot.html)" "tekmedicgloves.com"
185.191.171.26 - - [09/Sep/2022:05:49:14 -0700] "GET /phpMyAdmin/setup/index.php?token=bd9c503755cabca421c0698127a950c9&version_check=1 HTTP/1.1" 200 12705 "-" "Mozilla/5.0 (compatible; SemrushBot/7~bl; +http://www.semrush.com/bot.html)" "tekmedicgloves.com"
185.191.171.16 - - [09/Sep/2022:05:49:15 -0700] "GET /phpMyAdmin/setup/index.php?token=ce30f5818dcd8d9935176a53ff4d9cdd&version_check=1 HTTP/1.1" 200 12709 "-" "Mozilla/5.0 (compatible; SemrushBot/7~bl; +http://www.semrush.com/bot.html)" "www.tekmedicgloves.com"
185.191.171.35 - - [09/Sep/2022:05:49:17 -0700] "GET /robots.txt HTTP/1.1" 404 88 "-" "Mozilla/5.0 (compatible; SemrushBot/7~bl; +http://www.semrush.com/bot.html)" "www.tekmedicgloves.com"
185.191.171.25 - - [09/Sep/2022:05:49:18 -0700] "GET /phpMyAdmin/setup/?token=2825f700d1828639639e6bfa0383bf8f&version_check=1 HTTP/1.1" 200 12691 "-" "Mozilla/5.0 (compatible; SemrushBot/7~bl; +http://www.semrush.com/bot.html)" "www.tekmedicgloves.com"
185.191.171.17 - - [09/Sep/2022:05:49:32 -0700] "GET /phpMyAdmin/setup/?token=227b31cabf5ad77a252d0f6db59bbe57&version_check=1 HTTP/1.1" 200 12691 "-" "Mozilla/5.0 (compatible; SemrushBot/7~bl; +http://www.semrush.com/bot.html)" "www.tekmedicgloves.com"
185.191.171.36 - - [09/Sep/2022:05:49:34 -0700] "GET /phpMyAdmin/setup/?token=eac4bba58fd2d93317f89edc41371527&version_check=1 HTTP/1.1" 200 12687 "-" "Mozilla/5.0 (compatible; SemrushBot/7~bl; +http://www.semrush.com/bot.html)" "tekmedicgloves.com"
114.119.139.25 - - [09/Sep/2022:05:49:43 -0700] "GET /beta/products.php?cat=21&subcat=28&id=6 HTTP/1.1" 200 56610 "http://www.tekmedicgloves.com/beta/products.php?cat=21&subcat=28" "Mozilla/5.0 (Linux; Android 7.0;) AppleWebKit/537.36 (KHTML, like Gecko) Mobile Safari/537.36 (compatible; PetalBot;+https://webmaster.petalsearch.com/site/petalbot)" "www.tekmedicgloves.com"
185.191.171.25 - - [09/Sep/2022:05:49:48 -0700] "GET /phpMyAdmin/setup/?token=57f2a4396b3b89f5100c78fbbff321ab&version_check=1 HTTP/1.1" 200 12691 "-" "Mozilla/5.0 (compatible; SemrushBot/7~bl; +http://www.semrush.com/bot.html)" "www.tekmedicgloves.com"
185.191.171.19 - - [09/Sep/2022:05:49:49 -0700] "GET /phpMyAdmin/setup/index.php?token=7d19ef64ba748601a079436293320a45&version_check=1 HTTP/1.1" 200 12705 "-" "Mozilla/5.0 (compatible; SemrushBot/7~bl; +http://www.semrush.com/bot.html)" "tekmedicgloves.com"
185.191.171.2 - - [09/Sep/2022:05:50:15 -0700] "GET /phpMyAdmin/setup/?token=2f34cc7d636c4968ee8ffebe8c2d0d7d&version_check=1 HTTP/1.1" 200 12687 "-" "Mozilla/5.0 (compatible; SemrushBot/7~bl; +http://www.semrush.com/bot.html)" "tekmedicgloves.com"
185.191.171.6 - - [09/Sep/2022:05:50:28 -0700] "GET /phpMyAdmin/setup/?token=e5a6420f3de105c2b9d33f9af531a053&version_check=1 HTTP/1.1" 200 12687 "-" "Mozilla/5.0 (compatible; SemrushBot/7~bl; +http://www.semrush.com/bot.html)" "tekmedicgloves.com"
185.191.171.44 - - [09/Sep/2022:05:50:41 -0700] "GET /phpMyAdmin/setup/?token=7babd24933adc8c2120fadfdfc0c8e50&version_check=1 HTTP/1.1" 200 12691 "-" "Mozilla/5.0 (compatible; SemrushBot/7~bl; +http://www.semrush.com/bot.html)" "www.tekmedicgloves.com"
185.191.171.35 - - [09/Sep/2022:05:50:42 -0700] "GET /phpMyAdmin/setup/?token=ef3b30c326f2b8a32b8e5486b61b14cd&version_check=1 HTTP/1.1" 200 12687 "-" "Mozilla/5.0 (compatible; SemrushBot/7~bl; +http://www.semrush.com/bot.html)" "tekmedicgloves.com"
185.191.171.39 - - [09/Sep/2022:05:51:06 -0700] "GET /phpMyAdmin/setup/?token=63b74e947162ca7dd5632a59b20e7456&version_check=1 HTTP/1.1" 200 12691 "-" "Mozilla/5.0 (compatible; SemrushBot/7~bl; +http://www.semrush.com/bot.html)" "www.tekmedicgloves.com"
185.191.171.10 - - [09/Sep/2022:05:51:20 -0700] "GET /phpMyAdmin/setup/?token=502fa0791922974d70f64efa04726e08&version_check=1 HTTP/1.1" 200 12687 "-" "Mozilla/5.0 (compatible; SemrushBot/7~bl; +http://www.semrush.com/bot.html)" "tekmedicgloves.com"
185.191.171.8 - - [09/Sep/2022:05:51:22 -0700] "GET /phpMyAdmin/setup/index.php?token=552dd8b73b2442ba1e488ef16a1510e6&version_check=1 HTTP/1.1" 200 12709 "-" "Mozilla/5.0 (compatible; SemrushBot/7~bl; +http://www.semrush.com/bot.html)" "www.tekmedicgloves.com"
185.191.171.34 - - [09/Sep/2022:05:51:27 -0700] "GET /phpMyAdmin/setup/?token=83c3bf981f8eee7ece23a04e7d646487&version_check=1 HTTP/1.1" 200 12691 "-" "Mozilla/5.0 (compatible; SemrushBot/7~bl; +http://www.semrush.com/bot.html)" "www.tekmedicgloves.com"
185.191.171.1 - - [09/Sep/2022:05:51:30 -0700] "GET /phpMyAdmin/setup/?token=6019c34910fdbe0b7840b06551471683&version_check=1 HTTP/1.1" 200 12691 "-" "Mozilla/5.0 (compatible; SemrushBot/7~bl; +http://www.semrush.com/bot.html)" "www.tekmedicgloves.com"
185.191.171.33 - - [09/Sep/2022:05:51:55 -0700] "GET /phpMyAdmin/setup/index.php?token=e0a1d27483b9a3bdd33b2aa72c71e32b&version_check=1 HTTP/1.1" 200 12705 "-" "Mozilla/5.0 (compatible; SemrushBot/7~bl; +http://www.semrush.com/bot.html)" "tekmedicgloves.com"
185.191.171.2 - - [09/Sep/2022:05:51:59 -0700] "GET /phpMyAdmin/setup/?token=8a21179fe30a26c285784bd1ac1763ff&version_check=1 HTTP/1.1" 200 12691 "-" "Mozilla/5.0 (compatible; SemrushBot/7~bl; +http://www.semrush.com/bot.html)" "www.tekmedicgloves.com"
185.191.171.25 - - [09/Sep/2022:05:52:01 -0700] "GET /phpMyAdmin/setup/?token=249639df6efecba3b7a450a66cd834c5&version_check=1 HTTP/1.1" 200 12687 "-" "Mozilla/5.0 (compatible; SemrushBot/7~bl; +http://www.semrush.com/bot.html)" "tekmedicgloves.com"
185.191.171.38 - - [09/Sep/2022:05:52:02 -0700] "GET /phpMyAdmin/setup/?token=a9b592dae47310134a9a51412f75272a&version_check=1 HTTP/1.1" 200 12691 "-" "Mozilla/5.0 (compatible; SemrushBot/7~bl; +http://www.semrush.com/bot.html)" "www.tekmedicgloves.com"
185.191.171.3 - - [09/Sep/2022:05:52:10 -0700] "GET /phpMyAdmin/setup/index.php?token=4d3381dae7c4ec7707546368baa61112&version_check=1 HTTP/1.1" 200 12705 "-" "Mozilla/5.0 (compatible; SemrushBot/7~bl; +http://www.semrush.com/bot.html)" "tekmedicgloves.com"
185.191.171.5 - - [09/Sep/2022:05:52:12 -0700] "GET /phpMyAdmin/setup/?token=bf94635a125814e113d9286251543119&version_check=1 HTTP/1.1" 200 12691 "-" "Mozilla/5.0 (compatible; SemrushBot/7~bl; +http://www.semrush.com/bot.html)" "www.tekmedicgloves.com"
185.191.171.26 - - [09/Sep/2022:05:52:25 -0700] "GET /phpMyAdmin/setup/?token=1481c84be35c374bde8395150aac70c3&version_check=1 HTTP/1.1" 200 12691 "-" "Mozilla/5.0 (compatible; SemrushBot/7~bl; +http://www.semrush.com/bot.html)" "www.tekmedicgloves.com"
185.191.171.6 - - [09/Sep/2022:05:52:36 -0700] "GET /phpMyAdmin/setup/?token=3c528497ca7395e3e937c3e903c33fb4&version_check=1 HTTP/1.1" 200 12687 "-" "Mozilla/5.0 (compatible; SemrushBot/7~bl; +http://www.semrush.com/bot.html)" "tekmedicgloves.com"
185.191.171.19 - - [09/Sep/2022:05:53:02 -0700] "GET /phpMyAdmin/setup/?token=e872f9966780646fb0814ba927a427d0&version_check=1 HTTP/1.1" 200 12687 "-" "Mozilla/5.0 (compatible; SemrushBot/7~bl; +http://www.semrush.com/bot.html)" "tekmedicgloves.com"
185.191.171.9 - - [09/Sep/2022:05:53:06 -0700] "GET /phpMyAdmin/setup/?token=cb2f9b497ee609719d6f46a4531122f7&version_check=1 HTTP/1.1" 200 12691 "-" "Mozilla/5.0 (compatible; SemrushBot/7~bl; +http://www.semrush.com/bot.html)" "www.tekmedicgloves.com"
185.191.171.2 - - [09/Sep/2022:05:53:08 -0700] "GET /phpMyAdmin/setup/index.php?token=0e1ccac5add1788dc3119c7a064890fc&version_check=1 HTTP/1.1" 200 12705 "-" "Mozilla/5.0 (compatible; SemrushBot/7~bl; +http://www.semrush.com/bot.html)" "tekmedicgloves.com"
185.191.171.9 - - [09/Sep/2022:05:53:12 -0700] "GET /phpMyAdmin/setup/?token=3ee480784bc80d1edea33ef82c1fa7d2&version_check=1 HTTP/1.1" 200 12691 "-" "Mozilla/5.0 (compatible; SemrushBot/7~bl; +http://www.semrush.com/bot.html)" "www.tekmedicgloves.com"
185.191.171.21 - - [09/Sep/2022:05:53:47 -0700] "GET /phpMyAdmin/setup/index.php?token=21a8b30a883874f5d3e572a33cf0d1e8&version_check=1 HTTP/1.1" 200 12705 "-" "Mozilla/5.0 (compatible; SemrushBot/7~bl; +http://www.semrush.com/bot.html)" "tekmedicgloves.com"
185.191.171.4 - - [09/Sep/2022:05:54:01 -0700] "GET /phpMyAdmin/setup/index.php?token=cbfef9eb4a6cf621b4226dc3b87d0f9d&version_check=1 HTTP/1.1" 200 12705 "-" "Mozilla/5.0 (compatible; SemrushBot/7~bl; +http://www.semrush.com/bot.html)" "tekmedicgloves.com"
185.191.171.5 - - [09/Sep/2022:05:54:12 -0700] "GET /phpMyAdmin/setup/?token=9200f608c7c77b5832336785c733ee8c&version_check=1 HTTP/1.1" 200 12687 "-" "Mozilla/5.0 (compatible; SemrushBot/7~bl; +http://www.semrush.com/bot.html)" "tekmedicgloves.com"
185.191.171.9 - - [09/Sep/2022:05:54:14 -0700] "GET /phpMyAdmin/setup/index.php?token=d0dc278b89807f0362ef5555619094f5&version_check=1 HTTP/1.1" 200 12705 "-" "Mozilla/5.0 (compatible; SemrushBot/7~bl; +http://www.semrush.com/bot.html)" "tekmedicgloves.com"
185.191.171.4 - - [09/Sep/2022:05:54:30 -0700] "GET /phpMyAdmin/setup/?token=dc8982970b9accabd75b81defe9dd129&version_check=1 HTTP/1.1" 200 12691 "-" "Mozilla/5.0 (compatible; SemrushBot/7~bl; +http://www.semrush.com/bot.html)" "www.tekmedicgloves.com"
185.191.171.5 - - [09/Sep/2022:05:54:32 -0700] "GET /phpMyAdmin/setup/?token=6bf60858dc97fc20b7975e32f4e9c51f&version_check=1 HTTP/1.1" 200 12691 "-" "Mozilla/5.0 (compatible; SemrushBot/7~bl; +http://www.semrush.com/bot.html)" "www.tekmedicgloves.com"
185.191.171.40 - - [09/Sep/2022:05:54:46 -0700] "GET /phpMyAdmin/setup/?token=c40cd4c6aa27671b0bc1e248ab2c8e28&version_check=1 HTTP/1.1" 200 12687 "-" "Mozilla/5.0 (compatible; SemrushBot/7~bl; +http://www.semrush.com/bot.html)" "tekmedicgloves.com"
185.191.171.9 - - [09/Sep/2022:05:54:51 -0700] "GET /phpMyAdmin/setup/?token=ddbbd8132a9aeab8d970aafd2d589371&version_check=1 HTTP/1.1" 200 12691 "-" "Mozilla/5.0 (compatible; SemrushBot/7~bl; +http://www.semrush.com/bot.html)" "www.tekmedicgloves.com"
185.191.171.19 - - [09/Sep/2022:05:55:05 -0700] "GET /phpMyAdmin/setup/?token=484f19bc3fc14bd3093e2249eb48d227&version_check=1 HTTP/1.1" 200 12687 "-" "Mozilla/5.0 (compatible; SemrushBot/7~bl; +http://www.semrush.com/bot.html)" "tekmedicgloves.com"
185.191.171.39 - - [09/Sep/2022:05:55:10 -0700] "GET /phpMyAdmin/setup/?token=b2d3b56c4531591300d11631f2e1fc22&version_check=1 HTTP/1.1" 200 12691 "-" "Mozilla/5.0 (compatible; SemrushBot/7~bl; +http://www.semrush.com/bot.html)" "www.tekmedicgloves.com"
185.191.171.4 - - [09/Sep/2022:05:55:14 -0700] "GET /phpMyAdmin/setup/index.php?token=1cae37576e25e0a3279b6d1c82295545&version_check=1 HTTP/1.1" 200 12705 "-" "Mozilla/5.0 (compatible; SemrushBot/7~bl; +http://www.semrush.com/bot.html)" "tekmedicgloves.com"
185.191.171.40 - - [09/Sep/2022:05:55:22 -0700] "GET /phpMyAdmin/setup/index.php?token=b267899c0ce6ff09a9944f4746742f24&version_check=1 HTTP/1.1" 200 12705 "-" "Mozilla/5.0 (compatible; SemrushBot/7~bl; +http://www.semrush.com/bot.html)" "tekmedicgloves.com"
185.191.171.19 - - [09/Sep/2022:05:55:40 -0700] "GET /phpMyAdmin/setup/index.php?token=bbe87a392d951938364ce9386e3fbe53&version_check=1 HTTP/1.1" 200 12709 "-" "Mozilla/5.0 (compatible; SemrushBot/7~bl; +http://www.semrush.com/bot.html)" "www.tekmedicgloves.com"
185.191.171.22 - - [09/Sep/2022:05:55:53 -0700] "GET /phpMyAdmin/setup/?token=acde641999121bdff69992459a0ce5d9&version_check=1 HTTP/1.1" 200 12691 "-" "Mozilla/5.0 (compatible; SemrushBot/7~bl; +http://www.semrush.com/bot.html)" "www.tekmedicgloves.com"
185.191.171.22 - - [09/Sep/2022:05:56:06 -0700] "GET /phpMyAdmin/setup/?token=69687cae6feca071f1ca0956e5c6e031&version_check=1 HTTP/1.1" 200 12687 "-" "Mozilla/5.0 (compatible; SemrushBot/7~bl; +http://www.semrush.com/bot.html)" "tekmedicgloves.com"
185.191.171.39 - - [09/Sep/2022:05:56:11 -0700] "GET /phpMyAdmin/setup/?token=3095eb1ec6cbd91f0de037c64a59b74f&version_check=1 HTTP/1.1" 200 12687 "-" "Mozilla/5.0 (compatible; SemrushBot/7~bl; +http://www.semrush.com/bot.html)" "tekmedicgloves.com"
185.191.171.1 - - [09/Sep/2022:05:56:16 -0700] "GET /phpMyAdmin/setup/?token=df154c7593b69ac6c04b1539eb80dfb8&version_check=1 HTTP/1.1" 200 12691 "-" "Mozilla/5.0 (compatible; SemrushBot/7~bl; +http://www.semrush.com/bot.html)" "www.tekmedicgloves.com"
185.191.171.15 - - [09/Sep/2022:05:56:19 -0700] "GET /phpMyAdmin/setup/index.php?token=87f62ddd11198deb365b8d86e4e86b60&version_check=1 HTTP/1.1" 200 12709 "-" "Mozilla/5.0 (compatible; SemrushBot/7~bl; +http://www.semrush.com/bot.html)" "www.tekmedicgloves.com"
185.191.171.44 - - [09/Sep/2022:05:56:36 -0700] "GET /phpMyAdmin/setup/?token=3588afc513138c9b6cc35833efdd3888&version_check=1 HTTP/1.1" 200 12687 "-" "Mozilla/5.0 (compatible; SemrushBot/7~bl; +http://www.semrush.com/bot.html)" "tekmedicgloves.com"
185.191.171.15 - - [09/Sep/2022:05:56:40 -0700] "GET /phpMyAdmin/setup/?token=802324ad8f220d648380625c779840e2&version_check=1 HTTP/1.1" 200 12687 "-" "Mozilla/5.0 (compatible; SemrushBot/7~bl; +http://www.semrush.com/bot.html)" "tekmedicgloves.com"
185.191.171.13 - - [09/Sep/2022:05:56:44 -0700] "GET /phpMyAdmin/setup/?token=1b93d8f3ebc903f0030dc84a84da6c27&version_check=1 HTTP/1.1" 200 12691 "-" "Mozilla/5.0 (compatible; SemrushBot/7~bl; +http://www.semrush.com/bot.html)" "www.tekmedicgloves.com"
185.191.171.44 - - [09/Sep/2022:05:56:47 -0700] "GET /phpMyAdmin/setup/?token=c3e99cbad9def62716dcda179c69c156&version_check=1 HTTP/1.1" 200 12691 "-" "Mozilla/5.0 (compatible; SemrushBot/7~bl; +http://www.semrush.com/bot.html)" "www.tekmedicgloves.com"
185.191.171.10 - - [09/Sep/2022:05:56:47 -0700] "GET /phpMyAdmin/setup/index.php?token=c32a13dfb6d57e29d82a2a08b0fe8dc0&version_check=1 HTTP/1.1" 200 12705 "-" "Mozilla/5.0 (compatible; SemrushBot/7~bl; +http://www.semrush.com/bot.html)" "tekmedicgloves.com"
185.191.171.44 - - [09/Sep/2022:05:56:53 -0700] "GET /phpMyAdmin/setup/?token=83e92786a40fc385f57f67d21c8e9805&version_check=1 HTTP/1.1" 200 12691 "-" "Mozilla/5.0 (compatible; SemrushBot/7~bl; +http://www.semrush.com/bot.html)" "www.tekmedicgloves.com"
185.191.171.5 - - [09/Sep/2022:05:57:01 -0700] "GET /phpMyAdmin/setup/?token=99cc842cc371727610241d069a5d8bda&version_check=1 HTTP/1.1" 200 12687 "-" "Mozilla/5.0 (compatible; SemrushBot/7~bl; +http://www.semrush.com/bot.html)" "tekmedicgloves.com"
185.191.171.34 - - [09/Sep/2022:05:57:04 -0700] "GET /phpMyAdmin/setup/?token=2a3b6e54b60c6e4385f8993a9654c07b&version_check=1 HTTP/1.1" 200 12687 "-" "Mozilla/5.0 (compatible; SemrushBot/7~bl; +http://www.semrush.com/bot.html)" "tekmedicgloves.com"
185.191.171.12 - - [09/Sep/2022:05:57:17 -0700] "GET /phpMyAdmin/setup/?token=66d74ae2c9ee3d9c173a873c23ab558d&version_check=1 HTTP/1.1" 200 12691 "-" "Mozilla/5.0 (compatible; SemrushBot/7~bl; +http://www.semrush.com/bot.html)" "www.tekmedicgloves.com"
185.191.171.7 - - [09/Sep/2022:05:57:52 -0700] "GET /phpMyAdmin/setup/?token=dce0e38ba9887ee310f5af59e696bd77&version_check=1 HTTP/1.1" 200 12687 "-" "Mozilla/5.0 (compatible; SemrushBot/7~bl; +http://www.semrush.com/bot.html)" "tekmedicgloves.com"
185.191.171.44 - - [09/Sep/2022:05:57:58 -0700] "GET /phpMyAdmin/setup/?token=684e1caae2be2d00daeb25785a412f4f&version_check=1 HTTP/1.1" 200 12691 "-" "Mozilla/5.0 (compatible; SemrushBot/7~bl; +http://www.semrush.com/bot.html)" "www.tekmedicgloves.com"
185.191.171.10 - - [09/Sep/2022:05:58:10 -0700] "GET /phpMyAdmin/setup/?token=7c4f0734cb01ee55eddaaec0f469a4f3&version_check=1 HTTP/1.1" 200 12687 "-" "Mozilla/5.0 (compatible; SemrushBot/7~bl; +http://www.semrush.com/bot.html)" "tekmedicgloves.com"
185.191.171.9 - - [09/Sep/2022:05:58:33 -0700] "GET /phpMyAdmin/setup/?token=67debaad7de863b2688d48d29c667131&version_check=1 HTTP/1.1" 200 12687 "-" "Mozilla/5.0 (compatible; SemrushBot/7~bl; +http://www.semrush.com/bot.html)" "tekmedicgloves.com"
185.191.171.41 - - [09/Sep/2022:05:58:36 -0700] "GET /phpMyAdmin/setup/?token=308e277dbbf216c80bc28e9e34ba217b&version_check=1 HTTP/1.1" 200 12691 "-" "Mozilla/5.0 (compatible; SemrushBot/7~bl; +http://www.semrush.com/bot.html)" "www.tekmedicgloves.com"
185.191.171.20 - - [09/Sep/2022:05:58:55 -0700] "GET /phpMyAdmin/setup/?token=4da421a8b54d5943246010ba842f1643&version_check=1 HTTP/1.1" 200 12687 "-" "Mozilla/5.0 (compatible; SemrushBot/7~bl; +http://www.semrush.com/bot.html)" "tekmedicgloves.com"
185.191.171.44 - - [09/Sep/2022:05:59:15 -0700] "GET /phpMyAdmin/setup/?token=9dbe6c6e9b3ea37579d244eef4ac1a7a&version_check=1 HTTP/1.1" 200 12687 "-" "Mozilla/5.0 (compatible; SemrushBot/7~bl; +http://www.semrush.com/bot.html)" "tekmedicgloves.com"
185.191.171.16 - - [09/Sep/2022:05:59:44 -0700] "GET /phpMyAdmin/setup/?token=d5b174f44f9fcfb15424a35d818c8222&version_check=1 HTTP/1.1" 200 12687 "-" "Mozilla/5.0 (compatible; SemrushBot/7~bl; +http://www.semrush.com/bot.html)" "tekmedicgloves.com"
185.191.171.43 - - [09/Sep/2022:05:59:50 -0700] "GET /phpMyAdmin/setup/?token=7d43b9891d79228a3e1468dda696fdb6&version_check=1 HTTP/1.1" 200 12691 "-" "Mozilla/5.0 (compatible; SemrushBot/7~bl; +http://www.semrush.com/bot.html)" "www.tekmedicgloves.com"
185.191.171.5 - - [09/Sep/2022:05:59:55 -0700] "GET /phpMyAdmin/setup/?token=04cfd0b62e0cf18621f85708ffbcf2e9&version_check=1 HTTP/1.1" 200 12687 "-" "Mozilla/5.0 (compatible; SemrushBot/7~bl; +http://www.semrush.com/bot.html)" "tekmedicgloves.com"
185.191.171.44 - - [09/Sep/2022:05:59:57 -0700] "GET /phpMyAdmin/setup/?token=d0d1e6e912106e3ba98ca3e6676b170f&version_check=1 HTTP/1.1" 200 12687 "-" "Mozilla/5.0 (compatible; SemrushBot/7~bl; +http://www.semrush.com/bot.html)" "tekmedicgloves.com"
185.191.171.9 - - [09/Sep/2022:06:00:34 -0700] "GET /phpMyAdmin/setup/?token=f7b3615a6b062b87a778da430b653e9e&version_check=1 HTTP/1.1" 200 12691 "-" "Mozilla/5.0 (compatible; SemrushBot/7~bl; +http://www.semrush.com/bot.html)" "www.tekmedicgloves.com"
185.191.171.12 - - [09/Sep/2022:06:00:43 -0700] "GET /phpMyAdmin/setup/?token=3748b316f7b31ab1cbbc3d3c51f7f386&version_check=1 HTTP/1.1" 200 12687 "-" "Mozilla/5.0 (compatible; SemrushBot/7~bl; +http://www.semrush.com/bot.html)" "tekmedicgloves.com"
185.191.171.45 - - [09/Sep/2022:06:01:19 -0700] "GET /phpMyAdmin/setup/?token=f2b5819bc82469db832f71bdf274a4ed&version_check=1 HTTP/1.1" 200 12691 "-" "Mozilla/5.0 (compatible; SemrushBot/7~bl; +http://www.semrush.com/bot.html)" "www.tekmedicgloves.com"
185.191.171.12 - - [09/Sep/2022:06:01:27 -0700] "GET /phpMyAdmin/setup/?token=4b910394b5a3fc26478d66722da44745&version_check=1 HTTP/1.1" 200 12691 "-" "Mozilla/5.0 (compatible; SemrushBot/7~bl; +http://www.semrush.com/bot.html)" "www.tekmedicgloves.com"
185.191.171.39 - - [09/Sep/2022:06:01:34 -0700] "GET /phpMyAdmin/setup/?token=e01bbc9141c19aa5da6104848f276d69&version_check=1 HTTP/1.1" 200 12687 "-" "Mozilla/5.0 (compatible; SemrushBot/7~bl; +http://www.semrush.com/bot.html)" "tekmedicgloves.com"
185.191.171.1 - - [09/Sep/2022:06:01:44 -0700] "GET /phpMyAdmin/setup/?token=13e926aaf9814b95dc951dd02ee081be&version_check=1 HTTP/1.1" 200 12687 "-" "Mozilla/5.0 (compatible; SemrushBot/7~bl; +http://www.semrush.com/bot.html)" "tekmedicgloves.com"
185.191.171.37 - - [09/Sep/2022:06:01:46 -0700] "GET /phpMyAdmin/setup/?token=c251fcfbe150f33bc85600b97dac4174&version_check=1 HTTP/1.1" 200 12691 "-" "Mozilla/5.0 (compatible; SemrushBot/7~bl; +http://www.semrush.com/bot.html)" "www.tekmedicgloves.com"
185.191.171.1 - - [09/Sep/2022:06:01:51 -0700] "GET /phpMyAdmin/setup/index.php?token=91b0e613c092337001e8ee9e5d4c36d7&version_check=1 HTTP/1.1" 200 12705 "-" "Mozilla/5.0 (compatible; SemrushBot/7~bl; +http://www.semrush.com/bot.html)" "tekmedicgloves.com"
185.191.171.45 - - [09/Sep/2022:06:01:53 -0700] "GET /phpMyAdmin/setup/?token=b740ca3e1bfae29e5559b8cc66a8470b&version_check=1 HTTP/1.1" 200 12691 "-" "Mozilla/5.0 (compatible; SemrushBot/7~bl; +http://www.semrush.com/bot.html)" "www.tekmedicgloves.com"
185.191.171.39 - - [09/Sep/2022:06:02:00 -0700] "GET /phpMyAdmin/setup/?token=7ffa0646b9cd86cc88cdc5529bacfa9e&version_check=1 HTTP/1.1" 200 12687 "-" "Mozilla/5.0 (compatible; SemrushBot/7~bl; +http://www.semrush.com/bot.html)" "tekmedicgloves.com"
185.191.171.37 - - [09/Sep/2022:06:02:02 -0700] "GET /phpMyAdmin/setup/?token=e9314fff3f4e09b96a37727788f92a5f&version_check=1 HTTP/1.1" 200 12687 "-" "Mozilla/5.0 (compatible; SemrushBot/7~bl; +http://www.semrush.com/bot.html)" "tekmedicgloves.com"
185.191.171.23 - - [09/Sep/2022:06:02:08 -0700] "GET /phpMyAdmin/setup/?token=bb7657fa5389eeea9a86544d06381ebf&version_check=1 HTTP/1.1" 200 12691 "-" "Mozilla/5.0 (compatible; SemrushBot/7~bl; +http://www.semrush.com/bot.html)" "www.tekmedicgloves.com"
185.191.171.36 - - [09/Sep/2022:06:02:20 -0700] "GET /phpMyAdmin/setup/index.php?token=653fb5d2fb5dd53e1db0fc55139566d1&version_check=1 HTTP/1.1" 200 12705 "-" "Mozilla/5.0 (compatible; SemrushBot/7~bl; +http://www.semrush.com/bot.html)" "tekmedicgloves.com"
185.191.171.38 - - [09/Sep/2022:06:02:27 -0700] "GET /phpMyAdmin/setup/?token=aa1e1cd689a86c55a159e71fe970ab68&version_check=1 HTTP/1.1" 200 12691 "-" "Mozilla/5.0 (compatible; SemrushBot/7~bl; +http://www.semrush.com/bot.html)" "www.tekmedicgloves.com"
114.119.139.246 - - [09/Sep/2022:06:02:27 -0700] "GET /beta/products.php?cat=22&id=7 HTTP/1.1" 200 56560 "https://tekmedicgloves.com/beta/products.php?cat=22" "Mozilla/5.0 (Linux; Android 7.0;) AppleWebKit/537.36 (KHTML, like Gecko) Mobile Safari/537.36 (compatible; PetalBot;+https://webmaster.petalsearch.com/site/petalbot)" "tekmedicgloves.com"
185.191.171.35 - - [09/Sep/2022:06:02:39 -0700] "GET /phpMyAdmin/setup/?token=69dd86c2dcb69c804e7cedcde8ed086b&version_check=1 HTTP/1.1" 200 12687 "-" "Mozilla/5.0 (compatible; SemrushBot/7~bl; +http://www.semrush.com/bot.html)" "tekmedicgloves.com"
185.191.171.35 - - [09/Sep/2022:06:02:44 -0700] "GET /phpMyAdmin/setup/?token=c496302abde01951e40a7f0d5fa2eeae&version_check=1 HTTP/1.1" 200 12691 "-" "Mozilla/5.0 (compatible; SemrushBot/7~bl; +http://www.semrush.com/bot.html)" "www.tekmedicgloves.com"
185.191.171.40 - - [09/Sep/2022:06:02:51 -0700] "GET /phpMyAdmin/setup/?token=432a63fba4d30140b8959b617e557166&version_check=1 HTTP/1.1" 200 12691 "-" "Mozilla/5.0 (compatible; SemrushBot/7~bl; +http://www.semrush.com/bot.html)" "www.tekmedicgloves.com"
185.191.171.44 - - [09/Sep/2022:06:03:00 -0700] "GET /phpMyAdmin/setup/?token=df4c9b8ea1ec5391593dac77ad0b1afa&version_check=1 HTTP/1.1" 200 12687 "-" "Mozilla/5.0 (compatible; SemrushBot/7~bl; +http://www.semrush.com/bot.html)" "tekmedicgloves.com"
185.191.171.41 - - [09/Sep/2022:06:03:06 -0700] "GET /phpMyAdmin/setup/?token=3adfeecc5b54a30205b39889c93a8918&version_check=1 HTTP/1.1" 200 12687 "-" "Mozilla/5.0 (compatible; SemrushBot/7~bl; +http://www.semrush.com/bot.html)" "tekmedicgloves.com"
185.191.171.45 - - [09/Sep/2022:06:03:13 -0700] "GET /phpMyAdmin/setup/?token=535d95147d0f1524819b1db83d7a9282&version_check=1 HTTP/1.1" 200 12691 "-" "Mozilla/5.0 (compatible; SemrushBot/7~bl; +http://www.semrush.com/bot.html)" "www.tekmedicgloves.com"
185.191.171.38 - - [09/Sep/2022:06:03:23 -0700] "GET /phpMyAdmin/setup/?token=6bbe50dfd328344b080b884c18f4cc6a&version_check=1 HTTP/1.1" 200 12687 "-" "Mozilla/5.0 (compatible; SemrushBot/7~bl; +http://www.semrush.com/bot.html)" "tekmedicgloves.com"
185.191.171.10 - - [09/Sep/2022:06:03:35 -0700] "GET /phpMyAdmin/setup/?token=064ba3c58eb6683292a90d2cb3b467d8&version_check=1 HTTP/1.1" 200 12691 "-" "Mozilla/5.0 (compatible; SemrushBot/7~bl; +http://www.semrush.com/bot.html)" "www.tekmedicgloves.com"
185.191.171.1 - - [09/Sep/2022:06:04:04 -0700] "GET /phpMyAdmin/setup/?token=9803d3cbe370dc193386cda4d527782c&version_check=1 HTTP/1.1" 200 12691 "-" "Mozilla/5.0 (compatible; SemrushBot/7~bl; +http://www.semrush.com/bot.html)" "www.tekmedicgloves.com"
185.191.171.24 - - [09/Sep/2022:06:04:04 -0700] "GET /phpMyAdmin/setup/?token=38d02bb3415ca5ec60842df9ab1698fe&version_check=1 HTTP/1.1" 200 12687 "-" "Mozilla/5.0 (compatible; SemrushBot/7~bl; +http://www.semrush.com/bot.html)" "tekmedicgloves.com"
185.191.171.37 - - [09/Sep/2022:06:04:20 -0700] "GET /robots.txt HTTP/1.1" 404 88 "-" "Mozilla/5.0 (compatible; SemrushBot/7~bl; +http://www.semrush.com/bot.html)" "tekmedicgloves.com"
185.191.171.39 - - [09/Sep/2022:06:04:22 -0700] "GET /phpMyAdmin/setup/?token=1d8601be9f88d31e9dd686f1b776c18d&version_check=1 HTTP/1.1" 200 12691 "-" "Mozilla/5.0 (compatible; SemrushBot/7~bl; +http://www.semrush.com/bot.html)" "www.tekmedicgloves.com"
185.191.171.25 - - [09/Sep/2022:06:04:23 -0700] "GET /phpMyAdmin/setup/?token=910fa203da448b4a5b98f6d3ac7fbb65&version_check=1 HTTP/1.1" 200 12687 "-" "Mozilla/5.0 (compatible; SemrushBot/7~bl; +http://www.semrush.com/bot.html)" "tekmedicgloves.com"
185.191.171.15 - - [09/Sep/2022:06:04:28 -0700] "GET /phpMyAdmin/setup/?token=d5521fba3cd4123ee7998fe07fc2d5c2&version_check=1 HTTP/1.1" 200 12691 "-" "Mozilla/5.0 (compatible; SemrushBot/7~bl; +http://www.semrush.com/bot.html)" "www.tekmedicgloves.com"
185.191.171.36 - - [09/Sep/2022:06:04:39 -0700] "GET /phpMyAdmin/setup/?token=3e797c3e9e442f4a583723aee4c11e9f&version_check=1 HTTP/1.1" 200 12687 "-" "Mozilla/5.0 (compatible; SemrushBot/7~bl; +http://www.semrush.com/bot.html)" "tekmedicgloves.com"
185.191.171.10 - - [09/Sep/2022:06:04:59 -0700] "GET /phpMyAdmin/setup/index.php?token=34d9f16392c2dd3d6fe09a5aa0dce26b&version_check=1 HTTP/1.1" 200 12709 "-" "Mozilla/5.0 (compatible; SemrushBot/7~bl; +http://www.semrush.com/bot.html)" "www.tekmedicgloves.com"
185.191.171.10 - - [09/Sep/2022:06:04:59 -0700] "GET /phpMyAdmin/setup/?token=075130d148452665955de59e0cc9e8ff&version_check=1 HTTP/1.1" 200 12687 "-" "Mozilla/5.0 (compatible; SemrushBot/7~bl; +http://www.semrush.com/bot.html)" "tekmedicgloves.com"
185.191.171.41 - - [09/Sep/2022:06:05:13 -0700] "GET /phpMyAdmin/setup/index.php?token=f3261d892a37f8668a561c0da16a12b4&version_check=1 HTTP/1.1" 200 12709 "-" "Mozilla/5.0 (compatible; SemrushBot/7~bl; +http://www.semrush.com/bot.html)" "www.tekmedicgloves.com"
185.191.171.22 - - [09/Sep/2022:06:05:16 -0700] "GET /phpMyAdmin/setup/?token=70927cda92c995e114e5011c93dad73e&version_check=1 HTTP/1.1" 200 12687 "-" "Mozilla/5.0 (compatible; SemrushBot/7~bl; +http://www.semrush.com/bot.html)" "tekmedicgloves.com"
185.191.171.24 - - [09/Sep/2022:06:05:18 -0700] "GET /phpMyAdmin/setup/?token=3198e86b61820e01d10e52e6bc81842d&version_check=1 HTTP/1.1" 200 12691 "-" "Mozilla/5.0 (compatible; SemrushBot/7~bl; +http://www.semrush.com/bot.html)" "www.tekmedicgloves.com"
185.191.171.6 - - [09/Sep/2022:06:05:26 -0700] "GET /phpMyAdmin/setup/?token=2d219da2eea2b6e0dd70fe79f8b0f602&version_check=1 HTTP/1.1" 200 12687 "-" "Mozilla/5.0 (compatible; SemrushBot/7~bl; +http://www.semrush.com/bot.html)" "tekmedicgloves.com"
185.191.171.22 - - [09/Sep/2022:06:05:42 -0700] "GET /phpMyAdmin/setup/?token=40162ae35c3625ac46b43a4ed4cd70fe&version_check=1 HTTP/1.1" 200 12687 "-" "Mozilla/5.0 (compatible; SemrushBot/7~bl; +http://www.semrush.com/bot.html)" "tekmedicgloves.com"
185.191.171.5 - - [09/Sep/2022:06:06:12 -0700] "GET /phpMyAdmin/setup/?token=c7e6aff40f006875e2b283b4616f28c7&version_check=1 HTTP/1.1" 200 12691 "-" "Mozilla/5.0 (compatible; SemrushBot/7~bl; +http://www.semrush.com/bot.html)" "www.tekmedicgloves.com"
185.191.171.42 - - [09/Sep/2022:06:06:16 -0700] "GET /phpMyAdmin/setup/?token=990d33b7c3df3ac5c2daba9dcd2ac4c3&version_check=1 HTTP/1.1" 200 12691 "-" "Mozilla/5.0 (compatible; SemrushBot/7~bl; +http://www.semrush.com/bot.html)" "www.tekmedicgloves.com"
185.191.171.39 - - [09/Sep/2022:06:06:27 -0700] "GET /phpMyAdmin/setup/?token=0dd72f76ad9a2ab65df774553261a99f&version_check=1 HTTP/1.1" 200 12687 "-" "Mozilla/5.0 (compatible; SemrushBot/7~bl; +http://www.semrush.com/bot.html)" "tekmedicgloves.com"
185.191.171.38 - - [09/Sep/2022:06:06:29 -0700] "GET /phpMyAdmin/setup/?token=0b832ae4b286d9b7a477cd6408e0e0c7&version_check=1 HTTP/1.1" 200 12687 "-" "Mozilla/5.0 (compatible; SemrushBot/7~bl; +http://www.semrush.com/bot.html)" "tekmedicgloves.com"
185.191.171.5 - - [09/Sep/2022:06:06:35 -0700] "GET /phpMyAdmin/setup/index.php?token=6cc41bbff155b97f4c453e9d0c8971f7&version_check=1 HTTP/1.1" 200 12705 "-" "Mozilla/5.0 (compatible; SemrushBot/7~bl; +http://www.semrush.com/bot.html)" "tekmedicgloves.com"
185.191.171.1 - - [09/Sep/2022:06:07:01 -0700] "GET /phpMyAdmin/setup/?token=3c09ffb8d2cb626d6334e8138e9cd60c&version_check=1 HTTP/1.1" 200 12691 "-" "Mozilla/5.0 (compatible; SemrushBot/7~bl; +http://www.semrush.com/bot.html)" "www.tekmedicgloves.com"
185.191.171.3 - - [09/Sep/2022:06:07:26 -0700] "GET /phpMyAdmin/setup/?token=00c10cd9beae9fa12b8ae71a97c92f59&version_check=1 HTTP/1.1" 200 12687 "-" "Mozilla/5.0 (compatible; SemrushBot/7~bl; +http://www.semrush.com/bot.html)" "tekmedicgloves.com"
185.191.171.3 - - [09/Sep/2022:06:07:36 -0700] "GET /phpMyAdmin/setup/?token=fb216c735f5acae78decda98a3cc30d8&version_check=1 HTTP/1.1" 200 12687 "-" "Mozilla/5.0 (compatible; SemrushBot/7~bl; +http://www.semrush.com/bot.html)" "tekmedicgloves.com"
185.191.171.10 - - [09/Sep/2022:06:07:47 -0700] "GET /phpMyAdmin/setup/?token=bf6af0dfb1d22f310af0fee153db27af&version_check=1 HTTP/1.1" 200 12691 "-" "Mozilla/5.0 (compatible; SemrushBot/7~bl; +http://www.semrush.com/bot.html)" "www.tekmedicgloves.com"
185.191.171.43 - - [09/Sep/2022:06:07:59 -0700] "GET /phpMyAdmin/setup/index.php?token=d829c505bb85eb2ce22e6220f89911af&version_check=1 HTTP/1.1" 200 12705 "-" "Mozilla/5.0 (compatible; SemrushBot/7~bl; +http://www.semrush.com/bot.html)" "tekmedicgloves.com"
185.191.171.41 - - [09/Sep/2022:06:08:04 -0700] "GET /phpMyAdmin/setup/?token=4fbcfdc171930402bc7304008499870a&version_check=1 HTTP/1.1" 200 12691 "-" "Mozilla/5.0 (compatible; SemrushBot/7~bl; +http://www.semrush.com/bot.html)" "www.tekmedicgloves.com"
185.191.171.45 - - [09/Sep/2022:06:08:10 -0700] "GET /phpMyAdmin/setup/?token=cf3a35654ac18c71393720448ff3791a&version_check=1 HTTP/1.1" 200 12691 "-" "Mozilla/5.0 (compatible; SemrushBot/7~bl; +http://www.semrush.com/bot.html)" "www.tekmedicgloves.com"
185.191.171.44 - - [09/Sep/2022:06:08:12 -0700] "GET /phpMyAdmin/setup/index.php?token=beb481053608e13b58b2924d6ea1c2b4&version_check=1 HTTP/1.1" 200 12705 "-" "Mozilla/5.0 (compatible; SemrushBot/7~bl; +http://www.semrush.com/bot.html)" "tekmedicgloves.com"
185.191.171.41 - - [09/Sep/2022:06:08:15 -0700] "GET /phpMyAdmin/setup/index.php?token=2750151f49b023f746afc2548bd9dff6&version_check=1 HTTP/1.1" 200 12705 "-" "Mozilla/5.0 (compatible; SemrushBot/7~bl; +http://www.semrush.com/bot.html)" "tekmedicgloves.com"
185.191.171.6 - - [09/Sep/2022:06:08:19 -0700] "GET /phpMyAdmin/setup/?token=b09a46ab067baa509b70b5e3ecd5ac5a&version_check=1 HTTP/1.1" 200 12687 "-" "Mozilla/5.0 (compatible; SemrushBot/7~bl; +http://www.semrush.com/bot.html)" "tekmedicgloves.com"
185.191.171.21 - - [09/Sep/2022:06:08:22 -0700] "GET /phpMyAdmin/setup/?token=f7daaa1a75dc707288e16c16b9773d1c&version_check=1 HTTP/1.1" 200 12687 "-" "Mozilla/5.0 (compatible; SemrushBot/7~bl; +http://www.semrush.com/bot.html)" "tekmedicgloves.com"
185.191.171.38 - - [09/Sep/2022:06:08:25 -0700] "GET /phpMyAdmin/setup/?token=04c458b5b87cb75a523048f219b98ba0&version_check=1 HTTP/1.1" 200 12691 "-" "Mozilla/5.0 (compatible; SemrushBot/7~bl; +http://www.semrush.com/bot.html)" "www.tekmedicgloves.com"
185.191.171.15 - - [09/Sep/2022:06:08:29 -0700] "GET /phpMyAdmin/setup/index.php?token=fcf0aedd447a4da28df7030500a765a8&version_check=1 HTTP/1.1" 200 12705 "-" "Mozilla/5.0 (compatible; SemrushBot/7~bl; +http://www.semrush.com/bot.html)" "tekmedicgloves.com"
185.191.171.24 - - [09/Sep/2022:06:09:23 -0700] "GET /phpMyAdmin/setup/index.php?token=e2aa3be5e224a8310aae0cfc973cf5e7&version_check=1 HTTP/1.1" 200 12705 "-" "Mozilla/5.0 (compatible; SemrushBot/7~bl; +http://www.semrush.com/bot.html)" "tekmedicgloves.com"
185.191.171.9 - - [09/Sep/2022:06:09:45 -0700] "GET /phpMyAdmin/setup/?token=63b9ff99ef1478e33f68d9e63833e08b&version_check=1 HTTP/1.1" 200 12691 "-" "Mozilla/5.0 (compatible; SemrushBot/7~bl; +http://www.semrush.com/bot.html)" "www.tekmedicgloves.com"
185.191.171.16 - - [09/Sep/2022:06:09:52 -0700] "GET /phpMyAdmin/setup/index.php?token=d3a6a1687979d9cde190931fc6663727&version_check=1 HTTP/1.1" 200 12705 "-" "Mozilla/5.0 (compatible; SemrushBot/7~bl; +http://www.semrush.com/bot.html)" "tekmedicgloves.com"
185.191.171.10 - - [09/Sep/2022:06:09:57 -0700] "GET /phpMyAdmin/setup/?token=ed10004530b4569ea4741924cf69df1c&version_check=1 HTTP/1.1" 200 12691 "-" "Mozilla/5.0 (compatible; SemrushBot/7~bl; +http://www.semrush.com/bot.html)" "www.tekmedicgloves.com"
185.191.171.14 - - [09/Sep/2022:06:09:59 -0700] "GET /phpMyAdmin/setup/?token=1130fa2b366c4c14ea38b5f804e47782&version_check=1 HTTP/1.1" 200 12691 "-" "Mozilla/5.0 (compatible; SemrushBot/7~bl; +http://www.semrush.com/bot.html)" "www.tekmedicgloves.com"
185.191.171.45 - - [09/Sep/2022:06:10:08 -0700] "GET /phpMyAdmin/setup/?token=a738c9d1e01ac4dcc7347e8f3ad3d59f&version_check=1 HTTP/1.1" 200 12687 "-" "Mozilla/5.0 (compatible; SemrushBot/7~bl; +http://www.semrush.com/bot.html)" "tekmedicgloves.com"
185.191.171.25 - - [09/Sep/2022:06:10:31 -0700] "GET /phpMyAdmin/setup/?token=f5bf3ba459b979a7b4964bac28f8f8a8&version_check=1 HTTP/1.1" 200 12691 "-" "Mozilla/5.0 (compatible; SemrushBot/7~bl; +http://www.semrush.com/bot.html)" "www.tekmedicgloves.com"
185.191.171.37 - - [09/Sep/2022:06:11:22 -0700] "GET /phpMyAdmin/setup/index.php?token=3b00669b05906545b13a5dbf34401f47&version_check=1 HTTP/1.1" 200 12709 "-" "Mozilla/5.0 (compatible; SemrushBot/7~bl; +http://www.semrush.com/bot.html)" "www.tekmedicgloves.com"
185.191.171.37 - - [09/Sep/2022:06:11:31 -0700] "GET /phpMyAdmin/Documentation.html HTTP/1.1" 200 72425 "-" "Mozilla/5.0 (compatible; SemrushBot/7~bl; +http://www.semrush.com/bot.html)" "tekmedicgloves.com"
185.191.171.44 - - [09/Sep/2022:06:11:32 -0700] "GET /phpMyAdmin/setup/?token=ee87f8d95f21975c2d897a4ae031a3c6&version_check=1 HTTP/1.1" 200 12687 "-" "Mozilla/5.0 (compatible; SemrushBot/7~bl; +http://www.semrush.com/bot.html)" "tekmedicgloves.com"
185.191.171.20 - - [09/Sep/2022:06:11:38 -0700] "GET /phpMyAdmin/setup/?token=55d52b88401ab1df3900b01943950a9b&version_check=1 HTTP/1.1" 200 12691 "-" "Mozilla/5.0 (compatible; SemrushBot/7~bl; +http://www.semrush.com/bot.html)" "www.tekmedicgloves.com"
185.191.171.39 - - [09/Sep/2022:06:11:40 -0700] "GET /phpMyAdmin/setup/?token=13a9993c5fe7b7a4bf3d5a5546738ffb&version_check=1 HTTP/1.1" 200 12691 "-" "Mozilla/5.0 (compatible; SemrushBot/7~bl; +http://www.semrush.com/bot.html)" "www.tekmedicgloves.com"
185.191.171.4 - - [09/Sep/2022:06:11:40 -0700] "GET /phpMyAdmin/setup/?token=40390966b0316add611b5a32d5a20939&version_check=1 HTTP/1.1" 200 12687 "-" "Mozilla/5.0 (compatible; SemrushBot/7~bl; +http://www.semrush.com/bot.html)" "tekmedicgloves.com"
185.191.171.40 - - [09/Sep/2022:06:11:45 -0700] "GET /phpMyAdmin/setup/?token=20e66be2b0348f4d080c6765f47cbdba&version_check=1 HTTP/1.1" 200 12687 "-" "Mozilla/5.0 (compatible; SemrushBot/7~bl; +http://www.semrush.com/bot.html)" "tekmedicgloves.com"
185.191.171.21 - - [09/Sep/2022:06:11:47 -0700] "GET /phpMyAdmin/setup/?token=c5433d244fa7ca467b8f4809605c3387&version_check=1 HTTP/1.1" 200 12691 "-" "Mozilla/5.0 (compatible; SemrushBot/7~bl; +http://www.semrush.com/bot.html)" "www.tekmedicgloves.com"
185.191.171.41 - - [09/Sep/2022:06:11:50 -0700] "GET /phpMyAdmin/setup/?token=bf649630be479597c4a8b6192c9c3621&version_check=1 HTTP/1.1" 200 12687 "-" "Mozilla/5.0 (compatible; SemrushBot/7~bl; +http://www.semrush.com/bot.html)" "tekmedicgloves.com"
185.191.171.10 - - [09/Sep/2022:06:11:56 -0700] "GET /phpMyAdmin/setup/?token=7663ca5eab46919c2fd3e2ed59e96775&version_check=1 HTTP/1.1" 200 12687 "-" "Mozilla/5.0 (compatible; SemrushBot/7~bl; +http://www.semrush.com/bot.html)" "tekmedicgloves.com"
185.191.171.34 - - [09/Sep/2022:06:12:01 -0700] "GET /phpMyAdmin/setup/?token=6022cd9b89bdb965d913fa6154c300dd&version_check=1 HTTP/1.1" 200 12687 "-" "Mozilla/5.0 (compatible; SemrushBot/7~bl; +http://www.semrush.com/bot.html)" "tekmedicgloves.com"
185.191.171.1 - - [09/Sep/2022:06:12:04 -0700] "GET /phpMyAdmin/setup/?token=2e0ddbfcefc5cc6822460f6ea3a1008e&version_check=1 HTTP/1.1" 200 12691 "-" "Mozilla/5.0 (compatible; SemrushBot/7~bl; +http://www.semrush.com/bot.html)" "www.tekmedicgloves.com"
185.191.171.38 - - [09/Sep/2022:06:12:07 -0700] "GET /phpMyAdmin/setup/?token=b92a1a8f416e603cfd8f62c12c6ee31f&version_check=1 HTTP/1.1" 200 12691 "-" "Mozilla/5.0 (compatible; SemrushBot/7~bl; +http://www.semrush.com/bot.html)" "www.tekmedicgloves.com"
185.191.171.40 - - [09/Sep/2022:06:12:10 -0700] "GET /phpMyAdmin/setup/?token=268276ad6b41ab127d98cdc033d2dd0a&version_check=1 HTTP/1.1" 200 12687 "-" "Mozilla/5.0 (compatible; SemrushBot/7~bl; +http://www.semrush.com/bot.html)" "tekmedicgloves.com"
185.191.171.44 - - [09/Sep/2022:06:12:22 -0700] "GET /phpMyAdmin/setup/?token=6a75ce40b9d5cd3ec1be785b121e2039&version_check=1 HTTP/1.1" 200 12691 "-" "Mozilla/5.0 (compatible; SemrushBot/7~bl; +http://www.semrush.com/bot.html)" "www.tekmedicgloves.com"
185.191.171.6 - - [09/Sep/2022:06:12:50 -0700] "GET /phpMyAdmin/setup/?token=0acc5b0845ca59992457910f86fc73ab&version_check=1 HTTP/1.1" 200 12687 "-" "Mozilla/5.0 (compatible; SemrushBot/7~bl; +http://www.semrush.com/bot.html)" "tekmedicgloves.com"
185.191.171.44 - - [09/Sep/2022:06:12:52 -0700] "GET /phpMyAdmin/setup/?token=5e9632086400a20085c3077518c0337a&version_check=1 HTTP/1.1" 200 12691 "-" "Mozilla/5.0 (compatible; SemrushBot/7~bl; +http://www.semrush.com/bot.html)" "www.tekmedicgloves.com"
185.191.171.42 - - [09/Sep/2022:06:12:59 -0700] "GET /phpMyAdmin/setup/?token=217b5bfb8214c5d6bd39a92f70365fda&version_check=1 HTTP/1.1" 200 12687 "-" "Mozilla/5.0 (compatible; SemrushBot/7~bl; +http://www.semrush.com/bot.html)" "tekmedicgloves.com"
185.191.171.11 - - [09/Sep/2022:06:13:02 -0700] "GET /phpMyAdmin/setup/?token=e5103b2b4d31595486a7b13590acd916&version_check=1 HTTP/1.1" 200 12691 "-" "Mozilla/5.0 (compatible; SemrushBot/7~bl; +http://www.semrush.com/bot.html)" "www.tekmedicgloves.com"
185.191.171.2 - - [09/Sep/2022:06:13:45 -0700] "GET /phpMyAdmin/setup/?token=b765305272ac0399471f827d91101eca&version_check=1 HTTP/1.1" 200 12691 "-" "Mozilla/5.0 (compatible; SemrushBot/7~bl; +http://www.semrush.com/bot.html)" "www.tekmedicgloves.com"
185.191.171.26 - - [09/Sep/2022:06:13:52 -0700] "GET /phpMyAdmin/setup/?token=290dc3db29ad464ee06b1ce684f20aa0&version_check=1 HTTP/1.1" 200 12691 "-" "Mozilla/5.0 (compatible; SemrushBot/7~bl; +http://www.semrush.com/bot.html)" "www.tekmedicgloves.com"
185.191.171.17 - - [09/Sep/2022:06:13:58 -0700] "GET /phpMyAdmin/setup/?token=bf4af1d238a9ca1ab8fbd2383b7c6247&version_check=1 HTTP/1.1" 200 12691 "-" "Mozilla/5.0 (compatible; SemrushBot/7~bl; +http://www.semrush.com/bot.html)" "www.tekmedicgloves.com"
185.191.171.13 - - [09/Sep/2022:06:14:10 -0700] "GET /phpMyAdmin/setup/?token=7e8e4adb036fd3a15543acf3b7708217&version_check=1 HTTP/1.1" 200 12687 "-" "Mozilla/5.0 (compatible; SemrushBot/7~bl; +http://www.semrush.com/bot.html)" "tekmedicgloves.com"
185.191.171.21 - - [09/Sep/2022:06:14:13 -0700] "GET /phpMyAdmin/setup/?token=6d442767210d94d39e563fe88308f37b&version_check=1 HTTP/1.1" 200 12687 "-" "Mozilla/5.0 (compatible; SemrushBot/7~bl; +http://www.semrush.com/bot.html)" "tekmedicgloves.com"
114.119.139.246 - - [09/Sep/2022:06:14:52 -0700] "GET /?C=N%3BO%3DD HTTP/1.1" 200 347 "http://tekmedicgloves.com/" "Mozilla/5.0 (Linux; Android 7.0;) AppleWebKit/537.36 (KHTML, like Gecko) Mobile Safari/537.36 (compatible; PetalBot;+https://webmaster.petalsearch.com/site/petalbot)" "tekmedicgloves.com"
185.191.171.19 - - [09/Sep/2022:06:14:57 -0700] "GET /phpMyAdmin/setup/?token=c8825cedf6a02bb2200b1de15afcfdaa&version_check=1 HTTP/1.1" 200 12687 "-" "Mozilla/5.0 (compatible; SemrushBot/7~bl; +http://www.semrush.com/bot.html)" "tekmedicgloves.com"
185.191.171.26 - - [09/Sep/2022:06:15:00 -0700] "GET /phpMyAdmin/setup/?token=d6ed4ab3b1cfa5806f8bc3e459108cea&version_check=1 HTTP/1.1" 200 12687 "-" "Mozilla/5.0 (compatible; SemrushBot/7~bl; +http://www.semrush.com/bot.html)" "tekmedicgloves.com"
185.191.171.34 - - [09/Sep/2022:06:15:04 -0700] "GET /phpMyAdmin/setup/?token=660c9f28ed210eaaeb170cad9affc012&version_check=1 HTTP/1.1" 200 12691 "-" "Mozilla/5.0 (compatible; SemrushBot/7~bl; +http://www.semrush.com/bot.html)" "www.tekmedicgloves.com"
185.191.171.35 - - [09/Sep/2022:06:15:06 -0700] "GET /phpMyAdmin/setup/?token=0f9ce47f5b986864020bc4ad5bdb5d22&version_check=1 HTTP/1.1" 200 12687 "-" "Mozilla/5.0 (compatible; SemrushBot/7~bl; +http://www.semrush.com/bot.html)" "tekmedicgloves.com"
185.191.171.34 - - [09/Sep/2022:06:15:11 -0700] "GET /phpMyAdmin/setup/?token=7e890c1148a1e961c90217158607d8ae&version_check=1 HTTP/1.1" 200 12691 "-" "Mozilla/5.0 (compatible; SemrushBot/7~bl; +http://www.semrush.com/bot.html)" "www.tekmedicgloves.com"
185.191.171.41 - - [09/Sep/2022:06:15:18 -0700] "GET /phpMyAdmin/setup/?token=6cd0fc7af1b911b16da36edee5286bef&version_check=1 HTTP/1.1" 200 12687 "-" "Mozilla/5.0 (compatible; SemrushBot/7~bl; +http://www.semrush.com/bot.html)" "tekmedicgloves.com"
185.191.171.15 - - [09/Sep/2022:06:15:33 -0700] "GET /phpMyAdmin/setup/?token=996eab2ab6b7ef61f21e86cf2b52d06e&version_check=1 HTTP/1.1" 200 12691 "-" "Mozilla/5.0 (compatible; SemrushBot/7~bl; +http://www.semrush.com/bot.html)" "www.tekmedicgloves.com"
185.191.171.19 - - [09/Sep/2022:06:15:55 -0700] "GET /phpMyAdmin/setup/?token=3fa8638ebb25877055a0b365b1a09e9b&version_check=1 HTTP/1.1" 200 12687 "-" "Mozilla/5.0 (compatible; SemrushBot/7~bl; +http://www.semrush.com/bot.html)" "tekmedicgloves.com"
185.191.171.35 - - [09/Sep/2022:06:16:07 -0700] "GET /phpMyAdmin/setup/?token=04e09b04282e6071037b7061960cb6d9&version_check=1 HTTP/1.1" 200 12691 "-" "Mozilla/5.0 (compatible; SemrushBot/7~bl; +http://www.semrush.com/bot.html)" "www.tekmedicgloves.com"
185.191.171.13 - - [09/Sep/2022:06:16:29 -0700] "GET /phpMyAdmin/setup/?token=07711422d82e3fbdf77aefd78a0c47d1&version_check=1 HTTP/1.1" 200 12687 "-" "Mozilla/5.0 (compatible; SemrushBot/7~bl; +http://www.semrush.com/bot.html)" "tekmedicgloves.com"
185.191.171.34 - - [09/Sep/2022:06:16:32 -0700] "GET /phpMyAdmin/setup/?token=2fc49a1806b57cc53d4a287a2a887480&version_check=1 HTTP/1.1" 200 12691 "-" "Mozilla/5.0 (compatible; SemrushBot/7~bl; +http://www.semrush.com/bot.html)" "www.tekmedicgloves.com"
185.191.171.34 - - [09/Sep/2022:06:16:36 -0700] "GET /phpMyAdmin/setup/?token=20adb382e011f3c0f206be8298b2a779&version_check=1 HTTP/1.1" 200 12691 "-" "Mozilla/5.0 (compatible; SemrushBot/7~bl; +http://www.semrush.com/bot.html)" "www.tekmedicgloves.com"
185.191.171.11 - - [09/Sep/2022:06:16:40 -0700] "GET /phpMyAdmin/setup/index.php?token=e16ee4655fe50bd8fdc1a29c3e1139c6&version_check=1 HTTP/1.1" 200 12705 "-" "Mozilla/5.0 (compatible; SemrushBot/7~bl; +http://www.semrush.com/bot.html)" "tekmedicgloves.com"
185.191.171.8 - - [09/Sep/2022:06:16:45 -0700] "GET /phpMyAdmin/setup/?token=192516aa5297cd95a6910af593e61af1&version_check=1 HTTP/1.1" 200 12687 "-" "Mozilla/5.0 (compatible; SemrushBot/7~bl; +http://www.semrush.com/bot.html)" "tekmedicgloves.com"
185.191.171.21 - - [09/Sep/2022:06:16:49 -0700] "GET /phpMyAdmin/setup/?token=7bbc4a2c15b94d5357cd5b1cc2c2d02a&version_check=1 HTTP/1.1" 200 12687 "-" "Mozilla/5.0 (compatible; SemrushBot/7~bl; +http://www.semrush.com/bot.html)" "tekmedicgloves.com"
185.191.171.10 - - [09/Sep/2022:06:17:02 -0700] "GET /phpMyAdmin/setup/index.php?token=7f83268ea9ce5847df75e7e74e6d5db1&version_check=1 HTTP/1.1" 200 12705 "-" "Mozilla/5.0 (compatible; SemrushBot/7~bl; +http://www.semrush.com/bot.html)" "tekmedicgloves.com"
185.191.171.11 - - [09/Sep/2022:06:17:20 -0700] "GET /phpMyAdmin/setup/index.php?token=dead081612a04f578cd2c993b81510f0&version_check=1 HTTP/1.1" 200 12709 "-" "Mozilla/5.0 (compatible; SemrushBot/7~bl; +http://www.semrush.com/bot.html)" "www.tekmedicgloves.com"
185.191.171.5 - - [09/Sep/2022:06:17:27 -0700] "GET /phpMyAdmin/setup/index.php?token=419b149084c88d41625fd86383ad862e&version_check=1 HTTP/1.1" 200 12705 "-" "Mozilla/5.0 (compatible; SemrushBot/7~bl; +http://www.semrush.com/bot.html)" "tekmedicgloves.com"
185.191.171.13 - - [09/Sep/2022:06:17:29 -0700] "GET /phpMyAdmin/setup/?token=d78f5978e21f943d654745537cf2a446&version_check=1 HTTP/1.1" 200 12687 "-" "Mozilla/5.0 (compatible; SemrushBot/7~bl; +http://www.semrush.com/bot.html)" "tekmedicgloves.com"
185.191.171.21 - - [09/Sep/2022:06:17:46 -0700] "GET /phpMyAdmin/setup/?token=2c5a4f907d8150ebc917301acdc98051&version_check=1 HTTP/1.1" 200 12691 "-" "Mozilla/5.0 (compatible; SemrushBot/7~bl; +http://www.semrush.com/bot.html)" "www.tekmedicgloves.com"
185.191.171.4 - - [09/Sep/2022:06:17:53 -0700] "GET /phpMyAdmin/setup/?token=af31ada8b37b5462073bc2d5f83cbf5f&version_check=1 HTTP/1.1" 200 12691 "-" "Mozilla/5.0 (compatible; SemrushBot/7~bl; +http://www.semrush.com/bot.html)" "www.tekmedicgloves.com"
185.191.171.20 - - [09/Sep/2022:06:18:14 -0700] "GET /phpMyAdmin/setup/?token=c60d7fa24e92b8859f4e84765cced625&version_check=1 HTTP/1.1" 200 12687 "-" "Mozilla/5.0 (compatible; SemrushBot/7~bl; +http://www.semrush.com/bot.html)" "tekmedicgloves.com"
185.191.171.7 - - [09/Sep/2022:06:18:16 -0700] "GET /phpMyAdmin/setup/?token=f24872ee3af7fdd6ad2d572fc58f52cd&version_check=1 HTTP/1.1" 200 12691 "-" "Mozilla/5.0 (compatible; SemrushBot/7~bl; +http://www.semrush.com/bot.html)" "www.tekmedicgloves.com"
185.191.171.7 - - [09/Sep/2022:06:18:18 -0700] "GET /phpMyAdmin/setup/?token=39c3b524d2f2da30c7f826dc3baa79b8&version_check=1 HTTP/1.1" 200 12691 "-" "Mozilla/5.0 (compatible; SemrushBot/7~bl; +http://www.semrush.com/bot.html)" "www.tekmedicgloves.com"
185.191.171.5 - - [09/Sep/2022:06:18:18 -0700] "GET /phpMyAdmin/setup/?token=a65086f976b6dd670a792568e055f86b&version_check=1 HTTP/1.1" 200 12687 "-" "Mozilla/5.0 (compatible; SemrushBot/7~bl; +http://www.semrush.com/bot.html)" "tekmedicgloves.com"
185.191.171.26 - - [09/Sep/2022:06:18:26 -0700] "GET /phpMyAdmin/setup/?token=5b45a4dcd302262da55688f1cfa5761e&version_check=1 HTTP/1.1" 200 12691 "-" "Mozilla/5.0 (compatible; SemrushBot/7~bl; +http://www.semrush.com/bot.html)" "www.tekmedicgloves.com"
