185.191.171.23 - - [09/Sep/2022:09:50:06 -0700] "GET /phpMyAdmin/setup/?token=db6647692ac4a06de0801782a8354987&version_check=1 HTTP/1.1" 200 12691 "-" "Mozilla/5.0 (compatible; SemrushBot/7~bl; +http://www.semrush.com/bot.html)" "www.tekmedicgloves.com"
185.191.171.1 - - [09/Sep/2022:09:50:08 -0700] "GET /phpMyAdmin/setup/?token=3d8367cfaf78e45d40e74407d767c073&version_check=1 HTTP/1.1" 200 12691 "-" "Mozilla/5.0 (compatible; SemrushBot/7~bl; +http://www.semrush.com/bot.html)" "www.tekmedicgloves.com"
185.191.171.18 - - [09/Sep/2022:09:50:10 -0700] "GET /phpMyAdmin/setup/?token=0f35f62a2cd465cf00ec60f195371e11&version_check=1 HTTP/1.1" 200 12687 "-" "Mozilla/5.0 (compatible; SemrushBot/7~bl; +http://www.semrush.com/bot.html)" "tekmedicgloves.com"
185.191.171.9 - - [09/Sep/2022:09:50:22 -0700] "GET /phpMyAdmin/setup/?token=596eb115311b9ccdcb1c36c7dc7be6d1&version_check=1 HTTP/1.1" 200 12691 "-" "Mozilla/5.0 (compatible; SemrushBot/7~bl; +http://www.semrush.com/bot.html)" "www.tekmedicgloves.com"
185.191.171.12 - - [09/Sep/2022:09:50:30 -0700] "GET /phpMyAdmin/setup/?token=cc08ae6cdeef960ec0c404f9504bacc1&version_check=1 HTTP/1.1" 200 12687 "-" "Mozilla/5.0 (compatible; SemrushBot/7~bl; +http://www.semrush.com/bot.html)" "tekmedicgloves.com"
185.191.171.26 - - [09/Sep/2022:09:50:54 -0700] "GET /phpMyAdmin/setup/?token=3188a6d669ee9b914758d5cf7fdcfece&version_check=1 HTTP/1.1" 200 12687 "-" "Mozilla/5.0 (compatible; SemrushBot/7~bl; +http://www.semrush.com/bot.html)" "tekmedicgloves.com"
185.191.171.1 - - [09/Sep/2022:09:51:15 -0700] "GET /phpMyAdmin/setup/?token=28b5c2314636ac874fd730f305c430e3&version_check=1 HTTP/1.1" 200 12691 "-" "Mozilla/5.0 (compatible; SemrushBot/7~bl; +http://www.semrush.com/bot.html)" "www.tekmedicgloves.com"
185.191.171.2 - - [09/Sep/2022:09:51:19 -0700] "GET /phpMyAdmin/setup/?token=f82455158e6ee5b9996eef01f2771401&version_check=1 HTTP/1.1" 200 12687 "-" "Mozilla/5.0 (compatible; SemrushBot/7~bl; +http://www.semrush.com/bot.html)" "tekmedicgloves.com"
185.191.171.3 - - [09/Sep/2022:09:51:20 -0700] "GET /phpMyAdmin/setup/?token=be9422743a8f1285a108e608821056d1&version_check=1 HTTP/1.1" 200 12691 "-" "Mozilla/5.0 (compatible; SemrushBot/7~bl; +http://www.semrush.com/bot.html)" "www.tekmedicgloves.com"
185.191.171.40 - - [09/Sep/2022:09:51:37 -0700] "GET /phpMyAdmin/setup/?token=c5427ab4824638e2de3121b993096eaa&version_check=1 HTTP/1.1" 200 12691 "-" "Mozilla/5.0 (compatible; SemrushBot/7~bl; +http://www.semrush.com/bot.html)" "www.tekmedicgloves.com"
185.191.171.25 - - [09/Sep/2022:09:51:41 -0700] "GET /phpMyAdmin/setup/index.php?token=86234c980e04b849ea83c5a23bb50170&version_check=1 HTTP/1.1" 200 12705 "-" "Mozilla/5.0 (compatible; SemrushBot/7~bl; +http://www.semrush.com/bot.html)" "tekmedicgloves.com"
185.191.171.14 - - [09/Sep/2022:09:52:02 -0700] "GET /phpMyAdmin/setup/?token=973c27e1544c6e23bf561ee3b33177c8&version_check=1 HTTP/1.1" 200 12687 "-" "Mozilla/5.0 (compatible; SemrushBot/7~bl; +http://www.semrush.com/bot.html)" "tekmedicgloves.com"
185.191.171.10 - - [09/Sep/2022:09:52:05 -0700] "GET /phpMyAdmin/setup/index.php?token=7795764997560ba96b41af6d160d603f&version_check=1 HTTP/1.1" 200 12709 "-" "Mozilla/5.0 (compatible; SemrushBot/7~bl; +http://www.semrush.com/bot.html)" "www.tekmedicgloves.com"
185.191.171.16 - - [09/Sep/2022:09:52:09 -0700] "GET /phpMyAdmin/setup/?token=0f0eff98a20ec1628bbfd790bccb6d46&version_check=1 HTTP/1.1" 200 12687 "-" "Mozilla/5.0 (compatible; SemrushBot/7~bl; +http://www.semrush.com/bot.html)" "tekmedicgloves.com"
185.191.171.14 - - [09/Sep/2022:09:52:10 -0700] "GET /phpMyAdmin/setup/?token=945ad9ea147a95e4fbf681a9dcd04dd3&version_check=1 HTTP/1.1" 200 12687 "-" "Mozilla/5.0 (compatible; SemrushBot/7~bl; +http://www.semrush.com/bot.html)" "tekmedicgloves.com"
185.191.171.24 - - [09/Sep/2022:09:52:29 -0700] "GET /phpMyAdmin/setup/?token=3009eab64d4c54196677c7ffe7a1c92a&version_check=1 HTTP/1.1" 200 12691 "-" "Mozilla/5.0 (compatible; SemrushBot/7~bl; +http://www.semrush.com/bot.html)" "www.tekmedicgloves.com"
185.191.171.41 - - [09/Sep/2022:09:52:32 -0700] "GET /phpMyAdmin/setup/?token=7565c75299950587d9b55db896cedd9a&version_check=1 HTTP/1.1" 200 12687 "-" "Mozilla/5.0 (compatible; SemrushBot/7~bl; +http://www.semrush.com/bot.html)" "tekmedicgloves.com"
185.191.171.16 - - [09/Sep/2022:09:52:52 -0700] "GET /phpMyAdmin/setup/index.php?token=bc85f684d049780c21651c11365165e1&version_check=1 HTTP/1.1" 200 12705 "-" "Mozilla/5.0 (compatible; SemrushBot/7~bl; +http://www.semrush.com/bot.html)" "tekmedicgloves.com"
185.191.171.36 - - [09/Sep/2022:09:53:04 -0700] "GET /phpMyAdmin/setup/?token=773f1488aa8e29a59f4f33decb34eea5&version_check=1 HTTP/1.1" 200 12691 "-" "Mozilla/5.0 (compatible; SemrushBot/7~bl; +http://www.semrush.com/bot.html)" "www.tekmedicgloves.com"
185.191.171.41 - - [09/Sep/2022:09:53:09 -0700] "GET /phpMyAdmin/setup/?token=f8ac0509643ad0f48e5f00fea1d9a0ca&version_check=1 HTTP/1.1" 200 12691 "-" "Mozilla/5.0 (compatible; SemrushBot/7~bl; +http://www.semrush.com/bot.html)" "www.tekmedicgloves.com"
185.191.171.12 - - [09/Sep/2022:09:53:15 -0700] "GET /phpMyAdmin/setup/index.php?token=630de3b13e5a4b62d77863f60182cc39&version_check=1 HTTP/1.1" 200 12705 "-" "Mozilla/5.0 (compatible; SemrushBot/7~bl; +http://www.semrush.com/bot.html)" "tekmedicgloves.com"
185.191.171.42 - - [09/Sep/2022:09:53:17 -0700] "GET /phpMyAdmin/setup/?token=a5f79045b4b04a935b75f871506d4c1f&version_check=1 HTTP/1.1" 200 12691 "-" "Mozilla/5.0 (compatible; SemrushBot/7~bl; +http://www.semrush.com/bot.html)" "www.tekmedicgloves.com"
185.191.171.26 - - [09/Sep/2022:09:53:28 -0700] "GET /phpMyAdmin/setup/?token=4071763f9f770a9a90535d025a9505d1&version_check=1 HTTP/1.1" 200 12687 "-" "Mozilla/5.0 (compatible; SemrushBot/7~bl; +http://www.semrush.com/bot.html)" "tekmedicgloves.com"
185.191.171.6 - - [09/Sep/2022:09:53:35 -0700] "GET /phpMyAdmin/setup/?token=8ed365521ae0948856e6f36255c2a8c8&version_check=1 HTTP/1.1" 200 12691 "-" "Mozilla/5.0 (compatible; SemrushBot/7~bl; +http://www.semrush.com/bot.html)" "www.tekmedicgloves.com"
185.191.171.37 - - [09/Sep/2022:09:53:39 -0700] "GET /phpMyAdmin/setup/?token=206448ff370816386ce13b001486d463&version_check=1 HTTP/1.1" 200 12687 "-" "Mozilla/5.0 (compatible; SemrushBot/7~bl; +http://www.semrush.com/bot.html)" "tekmedicgloves.com"
185.191.171.25 - - [09/Sep/2022:09:53:53 -0700] "GET /phpMyAdmin/setup/index.php?token=7ff887e3f7937fbf7c3527df17c4b533&version_check=1 HTTP/1.1" 200 12709 "-" "Mozilla/5.0 (compatible; SemrushBot/7~bl; +http://www.semrush.com/bot.html)" "www.tekmedicgloves.com"
185.191.171.43 - - [09/Sep/2022:09:53:58 -0700] "GET /phpMyAdmin/setup/index.php?token=5c02ada84937285d031bb0a473d1f9b2&version_check=1 HTTP/1.1" 200 12709 "-" "Mozilla/5.0 (compatible; SemrushBot/7~bl; +http://www.semrush.com/bot.html)" "www.tekmedicgloves.com"
185.191.171.21 - - [09/Sep/2022:09:54:14 -0700] "GET /phpMyAdmin/setup/?token=3eae904ab28d0598325e87da4d68504d&version_check=1 HTTP/1.1" 200 12687 "-" "Mozilla/5.0 (compatible; SemrushBot/7~bl; +http://www.semrush.com/bot.html)" "tekmedicgloves.com"
185.191.171.14 - - [09/Sep/2022:09:54:20 -0700] "GET /phpMyAdmin/setup/?token=d1996b6d94ee0515986af1c9e036ea90&version_check=1 HTTP/1.1" 200 12687 "-" "Mozilla/5.0 (compatible; SemrushBot/7~bl; +http://www.semrush.com/bot.html)" "tekmedicgloves.com"
185.191.171.21 - - [09/Sep/2022:09:54:33 -0700] "GET /phpMyAdmin/setup/?token=bec74410bd72476712c4e09dff45acb5&version_check=1 HTTP/1.1" 200 12687 "-" "Mozilla/5.0 (compatible; SemrushBot/7~bl; +http://www.semrush.com/bot.html)" "tekmedicgloves.com"
185.191.171.42 - - [09/Sep/2022:09:54:57 -0700] "GET /phpMyAdmin/setup/index.php?token=b4b2d2dad2ced579591f6d3d70721a95&version_check=1 HTTP/1.1" 200 12705 "-" "Mozilla/5.0 (compatible; SemrushBot/7~bl; +http://www.semrush.com/bot.html)" "tekmedicgloves.com"
185.191.171.12 - - [09/Sep/2022:09:55:01 -0700] "GET /phpMyAdmin/setup/?token=9a73e1b638534c3a989e1e45c559f3e8&version_check=1 HTTP/1.1" 200 12691 "-" "Mozilla/5.0 (compatible; SemrushBot/7~bl; +http://www.semrush.com/bot.html)" "www.tekmedicgloves.com"
185.191.171.41 - - [09/Sep/2022:09:55:03 -0700] "GET /phpMyAdmin/setup/?token=f71ead3794d284e530f51cdb1d092fdf&version_check=1 HTTP/1.1" 200 12691 "-" "Mozilla/5.0 (compatible; SemrushBot/7~bl; +http://www.semrush.com/bot.html)" "www.tekmedicgloves.com"
185.191.171.14 - - [09/Sep/2022:09:55:24 -0700] "GET /phpMyAdmin/setup/?token=e342f3bf05b60793a6ee6e224fc250b3&version_check=1 HTTP/1.1" 200 12691 "-" "Mozilla/5.0 (compatible; SemrushBot/7~bl; +http://www.semrush.com/bot.html)" "www.tekmedicgloves.com"
185.191.171.3 - - [09/Sep/2022:09:55:36 -0700] "GET /phpMyAdmin/setup/?token=a9ced2d60a0bbad4d59ec48806c94255&version_check=1 HTTP/1.1" 200 12687 "-" "Mozilla/5.0 (compatible; SemrushBot/7~bl; +http://www.semrush.com/bot.html)" "tekmedicgloves.com"
185.191.171.42 - - [09/Sep/2022:09:55:38 -0700] "GET /phpMyAdmin/setup/?token=214f60f4187fc05818a539a7ed4aa1b0&version_check=1 HTTP/1.1" 200 12691 "-" "Mozilla/5.0 (compatible; SemrushBot/7~bl; +http://www.semrush.com/bot.html)" "www.tekmedicgloves.com"
185.191.171.26 - - [09/Sep/2022:09:56:40 -0700] "GET /phpMyAdmin/setup/?token=a3117ceab95f8d92aed556bd7cbb31c6&version_check=1 HTTP/1.1" 200 12691 "-" "Mozilla/5.0 (compatible; SemrushBot/7~bl; +http://www.semrush.com/bot.html)" "www.tekmedicgloves.com"
185.191.171.1 - - [09/Sep/2022:09:56:53 -0700] "GET /phpMyAdmin/setup/?token=4c262a05e18372ff246bb0087b6206ec&version_check=1 HTTP/1.1" 200 12687 "-" "Mozilla/5.0 (compatible; SemrushBot/7~bl; +http://www.semrush.com/bot.html)" "tekmedicgloves.com"
185.191.171.38 - - [09/Sep/2022:09:56:59 -0700] "GET /phpMyAdmin/setup/?token=c0cb0b6a309d31615ef3f4b018730c6b&version_check=1 HTTP/1.1" 200 12687 "-" "Mozilla/5.0 (compatible; SemrushBot/7~bl; +http://www.semrush.com/bot.html)" "tekmedicgloves.com"
185.191.171.12 - - [09/Sep/2022:09:57:08 -0700] "GET /phpMyAdmin/setup/?token=86e75a888b27610c02bf1f4beb3c2850&version_check=1 HTTP/1.1" 200 12687 "-" "Mozilla/5.0 (compatible; SemrushBot/7~bl; +http://www.semrush.com/bot.html)" "tekmedicgloves.com"
51.222.253.13 - - [09/Sep/2022:09:57:23 -0700] "GET /robots.txt HTTP/1.1" 404 88 "-" "Mozilla/5.0 (compatible; AhrefsBot/7.0; +http://ahrefs.com/robot/)" "tekmedicgloves.com"
51.222.253.11 - - [09/Sep/2022:09:57:24 -0700] "GET /beta/products.php?cat=21&subcat=47&id=13 HTTP/1.1" 200 54025 "-" "Mozilla/5.0 (compatible; AhrefsBot/7.0; +http://ahrefs.com/robot/)" "tekmedicgloves.com"
51.222.253.3 - - [09/Sep/2022:09:57:28 -0700] "GET /beta/wp-content/themes/theme48838/style.css HTTP/1.1" 200 243 "-" "Mozilla/5.0 (compatible; AhrefsBot/7.0; +http://ahrefs.com/robot/)" "tekmedicgloves.com"
51.222.253.12 - - [09/Sep/2022:09:57:28 -0700] "GET /beta/wp-content/themes/CherryFramework/js/jquery.mobilemenu.js HTTP/1.1" 200 908 "-" "Mozilla/5.0 (compatible; AhrefsBot/7.0; +http://ahrefs.com/robot/)" "tekmedicgloves.com"
51.222.253.8 - - [09/Sep/2022:09:57:30 -0700] "GET /beta/wp-content/themes/CherryFramework/js/jquery-1.7.2.min.js HTTP/1.1" 200 33630 "-" "Mozilla/5.0 (compatible; AhrefsBot/7.0; +http://ahrefs.com/robot/)" "tekmedicgloves.com"
185.191.171.44 - - [09/Sep/2022:09:57:30 -0700] "GET /phpMyAdmin/setup/?token=7280bba102af1d88a13d974ee239aab9&version_check=1 HTTP/1.1" 200 12691 "-" "Mozilla/5.0 (compatible; SemrushBot/7~bl; +http://www.semrush.com/bot.html)" "www.tekmedicgloves.com"
51.222.253.13 - - [09/Sep/2022:09:57:30 -0700] "GET /beta/wp-content/themes/theme48838/images/social/rss.png HTTP/1.1" 200 2128 "-" "Mozilla/5.0 (compatible; AhrefsBot/7.0; +http://ahrefs.com/robot/)" "tekmedicgloves.com"
51.222.253.2 - - [09/Sep/2022:09:57:31 -0700] "GET /beta/wp-content/plugins/cherry-plugin/lib/js/FlexSlider/flexslider.css HTTP/1.1" 200 1323 "-" "Mozilla/5.0 (compatible; AhrefsBot/7.0; +http://ahrefs.com/robot/)" "tekmedicgloves.com"
51.222.253.10 - - [09/Sep/2022:09:57:31 -0700] "GET /beta/wp-content/plugins/cherry-plugin/includes/css/cherry-plugin.css HTTP/1.1" 200 4752 "-" "Mozilla/5.0 (compatible; AhrefsBot/7.0; +http://ahrefs.com/robot/)" "tekmedicgloves.com"
185.191.171.34 - - [09/Sep/2022:09:57:31 -0700] "GET /phpMyAdmin/setup/?token=d3672d783c73ad3c0cb648254feaa7ca&version_check=1 HTTP/1.1" 200 12687 "-" "Mozilla/5.0 (compatible; SemrushBot/7~bl; +http://www.semrush.com/bot.html)" "tekmedicgloves.com"
51.222.253.7 - - [09/Sep/2022:09:57:32 -0700] "GET /beta/wp-content/plugins/cherry-plugin/lib/js/FlexSlider/jquery.flexslider-min.js HTTP/1.1" 200 5177 "-" "Mozilla/5.0 (compatible; AhrefsBot/7.0; +http://ahrefs.com/robot/)" "tekmedicgloves.com"
51.222.253.18 - - [09/Sep/2022:09:57:32 -0700] "GET /beta/wp-content/themes/CherryFramework/js/superfish.js HTTP/1.1" 200 1280 "-" "Mozilla/5.0 (compatible; AhrefsBot/7.0; +http://ahrefs.com/robot/)" "tekmedicgloves.com"
51.222.253.16 - - [09/Sep/2022:09:57:32 -0700] "GET /beta/wp-content/themes/theme48838/images/social/facebook.png HTTP/1.1" 200 1671 "-" "Mozilla/5.0 (compatible; AhrefsBot/7.0; +http://ahrefs.com/robot/)" "tekmedicgloves.com"
51.222.253.19 - - [09/Sep/2022:09:57:33 -0700] "GET /beta/wp-content/themes/theme48838/bootstrap/css/responsive.css HTTP/1.1" 200 4226 "-" "Mozilla/5.0 (compatible; AhrefsBot/7.0; +http://ahrefs.com/robot/)" "tekmedicgloves.com"
51.222.253.4 - - [09/Sep/2022:09:57:33 -0700] "GET /beta/wp-content/themes/theme48838/bootstrap/css/bootstrap.css HTTP/1.1" 200 15793 "-" "Mozilla/5.0 (compatible; AhrefsBot/7.0; +http://ahrefs.com/robot/)" "tekmedicgloves.com"
51.222.253.10 - - [09/Sep/2022:09:57:33 -0700] "GET /beta/wp-content/plugins/contact-form-7/includes/css/styles.css HTTP/1.1" 200 392 "-" "Mozilla/5.0 (compatible; AhrefsBot/7.0; +http://ahrefs.com/robot/)" "tekmedicgloves.com"
51.222.253.9 - - [09/Sep/2022:09:57:34 -0700] "GET /beta/wp-content/plugins/cherry-plugin/includes/js/cherry-plugin.js HTTP/1.1" 200 438 "-" "Mozilla/5.0 (compatible; AhrefsBot/7.0; +http://ahrefs.com/robot/)" "tekmedicgloves.com"
51.222.253.2 - - [09/Sep/2022:09:57:34 -0700] "GET /beta/wp-content/themes/CherryFramework/js/jflickrfeed.js HTTP/1.1" 200 560 "-" "Mozilla/5.0 (compatible; AhrefsBot/7.0; +http://ahrefs.com/robot/)" "tekmedicgloves.com"
51.222.253.1 - - [09/Sep/2022:09:57:34 -0700] "GET /beta/wp-content/themes/CherryFramework/js/jquery.debouncedresize.js HTTP/1.1" 200 226 "-" "Mozilla/5.0 (compatible; AhrefsBot/7.0; +http://ahrefs.com/robot/)" "tekmedicgloves.com"
185.191.171.45 - - [09/Sep/2022:09:57:34 -0700] "GET /phpMyAdmin/setup/index.php?token=0053313037837348748f86ec80557d48&version_check=1 HTTP/1.1" 200 12705 "-" "Mozilla/5.0 (compatible; SemrushBot/7~bl; +http://www.semrush.com/bot.html)" "tekmedicgloves.com"
51.222.253.2 - - [09/Sep/2022:09:57:35 -0700] "GET /beta/wp-content/themes/theme48838/main-style.css HTTP/1.1" 200 4849 "-" "Mozilla/5.0 (compatible; AhrefsBot/7.0; +http://ahrefs.com/robot/)" "tekmedicgloves.com"
51.222.253.19 - - [09/Sep/2022:09:57:35 -0700] "GET /beta/wp-content/themes/theme48838/images/social/google.png HTTP/1.1" 200 1611 "-" "Mozilla/5.0 (compatible; AhrefsBot/7.0; +http://ahrefs.com/robot/)" "tekmedicgloves.com"
51.222.253.17 - - [09/Sep/2022:09:57:35 -0700] "GET /beta/wp-content/themes/CherryFramework/js/jquery.mobile.customized.min.js HTTP/1.1" 200 6409 "-" "Mozilla/5.0 (compatible; AhrefsBot/7.0; +http://ahrefs.com/robot/)" "tekmedicgloves.com"
51.222.253.17 - - [09/Sep/2022:09:57:36 -0700] "GET /beta/wp-content/themes/theme48838/images/social/twitter.png HTTP/1.1" 200 1861 "-" "Mozilla/5.0 (compatible; AhrefsBot/7.0; +http://ahrefs.com/robot/)" "tekmedicgloves.com"
51.222.253.14 - - [09/Sep/2022:09:57:36 -0700] "GET /beta/wp-content/themes/CherryFramework/js/jquery.jplayer.min.js HTTP/1.1" 200 11945 "-" "Mozilla/5.0 (compatible; AhrefsBot/7.0; +http://ahrefs.com/robot/)" "tekmedicgloves.com"
51.222.253.18 - - [09/Sep/2022:09:57:36 -0700] "GET /beta/wp-includes/js/swfobject.js HTTP/1.1" 404 88 "-" "Mozilla/5.0 (compatible; AhrefsBot/7.0; +http://ahrefs.com/robot/)" "tekmedicgloves.com"
185.191.171.5 - - [09/Sep/2022:09:57:36 -0700] "GET /phpMyAdmin/setup/?token=6cea695436b6850b78de19d0d5c773a3&version_check=1 HTTP/1.1" 200 12687 "-" "Mozilla/5.0 (compatible; SemrushBot/7~bl; +http://www.semrush.com/bot.html)" "tekmedicgloves.com"
51.222.253.18 - - [09/Sep/2022:09:57:37 -0700] "GET /beta/wp-content/plugins/cherry-plugin/lib/js/jquery.easing.1.3.js HTTP/1.1" 200 814 "-" "Mozilla/5.0 (compatible; AhrefsBot/7.0; +http://ahrefs.com/robot/)" "tekmedicgloves.com"
51.222.253.11 - - [09/Sep/2022:09:57:37 -0700] "GET /beta/wp-content/plugins/contact-form-7/includes/js/jquery.form.min.js HTTP/1.1" 200 5878 "-" "Mozilla/5.0 (compatible; AhrefsBot/7.0; +http://ahrefs.com/robot/)" "tekmedicgloves.com"
51.222.253.1 - - [09/Sep/2022:09:57:37 -0700] "GET /beta/wp-content/themes/CherryFramework/js/camera.min.js HTTP/1.1" 200 8551 "-" "Mozilla/5.0 (compatible; AhrefsBot/7.0; +http://ahrefs.com/robot/)" "tekmedicgloves.com"
51.222.253.2 - - [09/Sep/2022:09:57:38 -0700] "GET /beta/wp-content/themes/CherryFramework/css/magnific-popup.css HTTP/1.1" 200 2166 "-" "Mozilla/5.0 (compatible; AhrefsBot/7.0; +http://ahrefs.com/robot/)" "tekmedicgloves.com"
51.222.253.5 - - [09/Sep/2022:09:57:38 -0700] "GET /beta/wp-content/plugins/cherry-plugin/lib/js/elasti-carousel/jquery.elastislide.js HTTP/1.1" 200 1963 "-" "Mozilla/5.0 (compatible; AhrefsBot/7.0; +http://ahrefs.com/robot/)" "tekmedicgloves.com"
51.222.253.8 - - [09/Sep/2022:09:57:38 -0700] "GET /beta/wp-content/plugins/cherry-plugin/lib/js/owl-carousel/owl.theme.css HTTP/1.1" 200 606 "-" "Mozilla/5.0 (compatible; AhrefsBot/7.0; +http://ahrefs.com/robot/)" "tekmedicgloves.com"
51.222.253.15 - - [09/Sep/2022:09:57:38 -0700] "GET /beta/wp-content/themes/CherryFramework/js/jquery.ba-resize.min.js HTTP/1.1" 200 616 "-" "Mozilla/5.0 (compatible; AhrefsBot/7.0; +http://ahrefs.com/robot/)" "tekmedicgloves.com"
51.222.253.14 - - [09/Sep/2022:09:57:39 -0700] "GET /beta/wp-includes/js/comment-reply.min.js HTTP/1.1" 404 88 "-" "Mozilla/5.0 (compatible; AhrefsBot/7.0; +http://ahrefs.com/robot/)" "tekmedicgloves.com"
51.222.253.12 - - [09/Sep/2022:09:57:39 -0700] "GET /beta/wp-content/themes/CherryFramework/css/camera.css HTTP/1.1" 200 3117 "-" "Mozilla/5.0 (compatible; AhrefsBot/7.0; +http://ahrefs.com/robot/)" "tekmedicgloves.com"
51.222.253.19 - - [09/Sep/2022:09:57:39 -0700] "GET /beta/wp-content/plugins/contact-form-7/includes/js/scripts.js HTTP/1.1" 200 1850 "-" "Mozilla/5.0 (compatible; AhrefsBot/7.0; +http://ahrefs.com/robot/)" "tekmedicgloves.com"
51.222.253.16 - - [09/Sep/2022:09:57:40 -0700] "GET /beta/wp-content/themes/CherryFramework/js/jquery.isotope.js HTTP/1.1" 200 4845 "-" "Mozilla/5.0 (compatible; AhrefsBot/7.0; +http://ahrefs.com/robot/)" "tekmedicgloves.com"
51.222.253.19 - - [09/Sep/2022:09:57:40 -0700] "GET /beta/wp-content/themes/CherryFramework/js/custom.js HTTP/1.1" 200 2131 "-" "Mozilla/5.0 (compatible; AhrefsBot/7.0; +http://ahrefs.com/robot/)" "tekmedicgloves.com"
51.222.253.18 - - [09/Sep/2022:09:57:41 -0700] "GET /beta/wp-content/themes/CherryFramework/bootstrap/js/bootstrap.min.js HTTP/1.1" 200 7654 "-" "Mozilla/5.0 (compatible; AhrefsBot/7.0; +http://ahrefs.com/robot/)" "tekmedicgloves.com"
51.222.253.11 - - [09/Sep/2022:09:57:42 -0700] "GET /beta/wp-content/themes/CherryFramework/js/modernizr.js HTTP/1.1" 200 5141 "-" "Mozilla/5.0 (compatible; AhrefsBot/7.0; +http://ahrefs.com/robot/)" "tekmedicgloves.com"
51.222.253.10 - - [09/Sep/2022:09:57:43 -0700] "GET /beta/wp-content/plugins/cherry-plugin/lib/js/owl-carousel/owl.carousel.css HTTP/1.1" 200 1119 "-" "Mozilla/5.0 (compatible; AhrefsBot/7.0; +http://ahrefs.com/robot/)" "tekmedicgloves.com"
51.222.253.7 - - [09/Sep/2022:09:57:43 -0700] "GET /beta/images/product/20141111074515_inosafe_p_aloevera.jpg HTTP/1.1" 200 707833 "-" "Mozilla/5.0 (compatible; AhrefsBot/7.0; +http://ahrefs.com/robot/)" "tekmedicgloves.com"
51.222.253.20 - - [09/Sep/2022:09:57:45 -0700] "GET /beta/wp-content/themes/CherryFramework/js/jplayer.playlist.min.js HTTP/1.1" 200 2404 "-" "Mozilla/5.0 (compatible; AhrefsBot/7.0; +http://ahrefs.com/robot/)" "tekmedicgloves.com"
51.222.253.10 - - [09/Sep/2022:09:57:46 -0700] "GET /beta/wp-content/themes/CherryFramework/js/jquery.magnific-popup.min.js HTTP/1.1" 200 7493 "-" "Mozilla/5.0 (compatible; AhrefsBot/7.0; +http://ahrefs.com/robot/)" "tekmedicgloves.com"
185.191.171.13 - - [09/Sep/2022:09:57:47 -0700] "GET /phpMyAdmin/setup/?token=8726ae2cbb16c870d11b333129f598fd&version_check=1 HTTP/1.1" 200 12687 "-" "Mozilla/5.0 (compatible; SemrushBot/7~bl; +http://www.semrush.com/bot.html)" "tekmedicgloves.com"
185.191.171.42 - - [09/Sep/2022:09:58:00 -0700] "GET /phpMyAdmin/setup/?token=d40a3f70f6713833c634950a3e26783e&version_check=1 HTTP/1.1" 200 12691 "-" "Mozilla/5.0 (compatible; SemrushBot/7~bl; +http://www.semrush.com/bot.html)" "www.tekmedicgloves.com"
185.191.171.8 - - [09/Sep/2022:09:58:21 -0700] "GET /phpMyAdmin/setup/?token=7b5665325999a2910bc87b1678bb3cb3&version_check=1 HTTP/1.1" 200 12687 "-" "Mozilla/5.0 (compatible; SemrushBot/7~bl; +http://www.semrush.com/bot.html)" "tekmedicgloves.com"
185.191.171.23 - - [09/Sep/2022:09:58:32 -0700] "GET /phpMyAdmin/setup/index.php?token=166fbec28ab19a33c21782984101b326&version_check=1 HTTP/1.1" 200 12709 "-" "Mozilla/5.0 (compatible; SemrushBot/7~bl; +http://www.semrush.com/bot.html)" "www.tekmedicgloves.com"
185.191.171.3 - - [09/Sep/2022:09:58:40 -0700] "GET /phpMyAdmin/setup/?token=031a70c7f34f850ba009c2c55f832e34&version_check=1 HTTP/1.1" 200 12691 "-" "Mozilla/5.0 (compatible; SemrushBot/7~bl; +http://www.semrush.com/bot.html)" "www.tekmedicgloves.com"
185.191.171.8 - - [09/Sep/2022:09:58:47 -0700] "GET /phpMyAdmin/setup/?token=87ffa87b0554343a1ab6161725253039&version_check=1 HTTP/1.1" 200 12691 "-" "Mozilla/5.0 (compatible; SemrushBot/7~bl; +http://www.semrush.com/bot.html)" "www.tekmedicgloves.com"
185.191.171.22 - - [09/Sep/2022:09:58:55 -0700] "GET /phpMyAdmin/setup/?token=644d38602139e8bbbe47c6b51ac0cf75&version_check=1 HTTP/1.1" 200 12691 "-" "Mozilla/5.0 (compatible; SemrushBot/7~bl; +http://www.semrush.com/bot.html)" "www.tekmedicgloves.com"
185.191.171.21 - - [09/Sep/2022:09:58:57 -0700] "GET /phpMyAdmin/setup/?token=5fc61f8e44591240f58ff95bcea1bb23&version_check=1 HTTP/1.1" 200 12691 "-" "Mozilla/5.0 (compatible; SemrushBot/7~bl; +http://www.semrush.com/bot.html)" "www.tekmedicgloves.com"
185.191.171.16 - - [09/Sep/2022:09:58:59 -0700] "GET /phpMyAdmin/setup/?token=f5335782b65a68b78bf2a2436c3ef8df&version_check=1 HTTP/1.1" 200 12691 "-" "Mozilla/5.0 (compatible; SemrushBot/7~bl; +http://www.semrush.com/bot.html)" "www.tekmedicgloves.com"
185.191.171.22 - - [09/Sep/2022:09:59:03 -0700] "GET /phpMyAdmin/setup/?token=ff274ce76f318c3cad32d49529e343f6&version_check=1 HTTP/1.1" 200 12691 "-" "Mozilla/5.0 (compatible; SemrushBot/7~bl; +http://www.semrush.com/bot.html)" "www.tekmedicgloves.com"
185.191.171.5 - - [09/Sep/2022:09:59:11 -0700] "GET /phpMyAdmin/setup/?token=8e28232e7611c57af16b92010b1f7316&version_check=1 HTTP/1.1" 200 12691 "-" "Mozilla/5.0 (compatible; SemrushBot/7~bl; +http://www.semrush.com/bot.html)" "www.tekmedicgloves.com"
185.191.171.3 - - [09/Sep/2022:09:59:20 -0700] "GET /phpMyAdmin/setup/index.php?token=a4776570cfe008f966997133a726c175&version_check=1 HTTP/1.1" 200 12705 "-" "Mozilla/5.0 (compatible; SemrushBot/7~bl; +http://www.semrush.com/bot.html)" "tekmedicgloves.com"
185.191.171.5 - - [09/Sep/2022:09:59:22 -0700] "GET /phpMyAdmin/setup/?token=9ebd5204d43a5c4b5f046dc425416dc9&version_check=1 HTTP/1.1" 200 12687 "-" "Mozilla/5.0 (compatible; SemrushBot/7~bl; +http://www.semrush.com/bot.html)" "tekmedicgloves.com"
185.191.171.40 - - [09/Sep/2022:09:59:33 -0700] "GET /phpMyAdmin/setup/index.php?token=8275bf9fa5627ab9d809f970424465ea&version_check=1 HTTP/1.1" 200 12705 "-" "Mozilla/5.0 (compatible; SemrushBot/7~bl; +http://www.semrush.com/bot.html)" "tekmedicgloves.com"
185.191.171.10 - - [09/Sep/2022:10:00:05 -0700] "GET /phpMyAdmin/setup/?token=75c3a96671d61a085db5b61993ba0702&version_check=1 HTTP/1.1" 200 12687 "-" "Mozilla/5.0 (compatible; SemrushBot/7~bl; +http://www.semrush.com/bot.html)" "tekmedicgloves.com"
185.191.171.16 - - [09/Sep/2022:10:00:17 -0700] "GET /phpMyAdmin/setup/?token=bf6656129104d1605440c71604a29a66&version_check=1 HTTP/1.1" 200 12687 "-" "Mozilla/5.0 (compatible; SemrushBot/7~bl; +http://www.semrush.com/bot.html)" "tekmedicgloves.com"
185.191.171.9 - - [09/Sep/2022:10:00:54 -0700] "GET /phpMyAdmin/setup/?token=dbd864a7df504d0ce1ba66dc07b4b4e0&version_check=1 HTTP/1.1" 200 12691 "-" "Mozilla/5.0 (compatible; SemrushBot/7~bl; +http://www.semrush.com/bot.html)" "www.tekmedicgloves.com"
185.191.171.12 - - [09/Sep/2022:10:01:06 -0700] "GET /phpMyAdmin/setup/index.php?token=1777a54052050b92f072e7800a33c50f&version_check=1 HTTP/1.1" 200 12705 "-" "Mozilla/5.0 (compatible; SemrushBot/7~bl; +http://www.semrush.com/bot.html)" "tekmedicgloves.com"
185.191.171.41 - - [09/Sep/2022:10:01:17 -0700] "GET /phpMyAdmin/setup/?token=ad3bf94ea7fa6aa976d2a40ad8b8d155&version_check=1 HTTP/1.1" 200 12691 "-" "Mozilla/5.0 (compatible; SemrushBot/7~bl; +http://www.semrush.com/bot.html)" "www.tekmedicgloves.com"
185.191.171.16 - - [09/Sep/2022:10:01:26 -0700] "GET /phpMyAdmin/setup/index.php?token=7c0101223cf7eb8dd89e42bc78e0c865&version_check=1 HTTP/1.1" 200 12709 "-" "Mozilla/5.0 (compatible; SemrushBot/7~bl; +http://www.semrush.com/bot.html)" "www.tekmedicgloves.com"
185.191.171.10 - - [09/Sep/2022:10:01:34 -0700] "GET /phpMyAdmin/setup/index.php?token=ddebfede9ad821e59dfaa7c117ff9ff0&version_check=1 HTTP/1.1" 200 12705 "-" "Mozilla/5.0 (compatible; SemrushBot/7~bl; +http://www.semrush.com/bot.html)" "tekmedicgloves.com"
185.191.171.5 - - [09/Sep/2022:10:01:37 -0700] "GET /phpMyAdmin/setup/?token=84a55dc8bb9b9854b102fed64ba2e52c&version_check=1 HTTP/1.1" 200 12687 "-" "Mozilla/5.0 (compatible; SemrushBot/7~bl; +http://www.semrush.com/bot.html)" "tekmedicgloves.com"
185.191.171.17 - - [09/Sep/2022:10:01:39 -0700] "GET /phpMyAdmin/setup/?token=83f3bee93d217a05e9f3cf5f73b8ba3d&version_check=1 HTTP/1.1" 200 12687 "-" "Mozilla/5.0 (compatible; SemrushBot/7~bl; +http://www.semrush.com/bot.html)" "tekmedicgloves.com"
185.191.171.11 - - [09/Sep/2022:10:01:40 -0700] "GET /phpMyAdmin/setup/?token=09d5f7889e87cb4a5c0a12a5192fb6d7&version_check=1 HTTP/1.1" 200 12687 "-" "Mozilla/5.0 (compatible; SemrushBot/7~bl; +http://www.semrush.com/bot.html)" "tekmedicgloves.com"
185.191.171.1 - - [09/Sep/2022:10:01:45 -0700] "GET /phpMyAdmin/setup/?token=1e035697421fbfea8f69e954ac7cb789&version_check=1 HTTP/1.1" 200 12687 "-" "Mozilla/5.0 (compatible; SemrushBot/7~bl; +http://www.semrush.com/bot.html)" "tekmedicgloves.com"
185.191.171.1 - - [09/Sep/2022:10:02:00 -0700] "GET /phpMyAdmin/setup/?token=ed222de4afbfb066df53b49504966122&version_check=1 HTTP/1.1" 200 12691 "-" "Mozilla/5.0 (compatible; SemrushBot/7~bl; +http://www.semrush.com/bot.html)" "www.tekmedicgloves.com"
185.191.171.40 - - [09/Sep/2022:10:02:02 -0700] "GET /phpMyAdmin/setup/?token=1ab1b5eb923f499384694bf9bff4a4c5&version_check=1 HTTP/1.1" 200 12687 "-" "Mozilla/5.0 (compatible; SemrushBot/7~bl; +http://www.semrush.com/bot.html)" "tekmedicgloves.com"
185.191.171.23 - - [09/Sep/2022:10:02:03 -0700] "GET /phpMyAdmin/setup/?token=fdfe4883e0e57de4a9b0edb0d4b92501&version_check=1 HTTP/1.1" 200 12691 "-" "Mozilla/5.0 (compatible; SemrushBot/7~bl; +http://www.semrush.com/bot.html)" "www.tekmedicgloves.com"
185.191.171.7 - - [09/Sep/2022:10:02:13 -0700] "GET /phpMyAdmin/setup/?token=b584a214b645fb8884d77aa20e451f6c&version_check=1 HTTP/1.1" 200 12691 "-" "Mozilla/5.0 (compatible; SemrushBot/7~bl; +http://www.semrush.com/bot.html)" "www.tekmedicgloves.com"
185.191.171.8 - - [09/Sep/2022:10:02:13 -0700] "GET /phpMyAdmin/setup/?token=371d463d7d2c72f8de5a6b213d93d67e&version_check=1 HTTP/1.1" 200 12687 "-" "Mozilla/5.0 (compatible; SemrushBot/7~bl; +http://www.semrush.com/bot.html)" "tekmedicgloves.com"
185.191.171.23 - - [09/Sep/2022:10:02:30 -0700] "GET /phpMyAdmin/setup/?token=e6a11fc32f5eee2b295f74938b534e0d&version_check=1 HTTP/1.1" 200 12691 "-" "Mozilla/5.0 (compatible; SemrushBot/7~bl; +http://www.semrush.com/bot.html)" "www.tekmedicgloves.com"
185.191.171.7 - - [09/Sep/2022:10:02:33 -0700] "GET /phpMyAdmin/setup/?token=2f61b9b7539c5cf9cde18fbfe28d7064&version_check=1 HTTP/1.1" 200 12687 "-" "Mozilla/5.0 (compatible; SemrushBot/7~bl; +http://www.semrush.com/bot.html)" "tekmedicgloves.com"
185.191.171.1 - - [09/Sep/2022:10:02:38 -0700] "GET /phpMyAdmin/setup/?token=70067207b76c532da08e89761304984a&version_check=1 HTTP/1.1" 200 12691 "-" "Mozilla/5.0 (compatible; SemrushBot/7~bl; +http://www.semrush.com/bot.html)" "www.tekmedicgloves.com"
185.191.171.7 - - [09/Sep/2022:10:02:39 -0700] "GET /phpMyAdmin/setup/?token=8e35b27bcdd6820eedce92003a7b2b1a&version_check=1 HTTP/1.1" 200 12687 "-" "Mozilla/5.0 (compatible; SemrushBot/7~bl; +http://www.semrush.com/bot.html)" "tekmedicgloves.com"
185.191.171.18 - - [09/Sep/2022:10:02:53 -0700] "GET /phpMyAdmin/setup/?token=fe3822aedaef0d88acb15fc7412564f8&version_check=1 HTTP/1.1" 200 12691 "-" "Mozilla/5.0 (compatible; SemrushBot/7~bl; +http://www.semrush.com/bot.html)" "www.tekmedicgloves.com"
185.191.171.45 - - [09/Sep/2022:10:03:08 -0700] "GET /phpMyAdmin/setup/index.php?token=52d88241708f9e4eb39dfe314917b65b&version_check=1 HTTP/1.1" 200 12705 "-" "Mozilla/5.0 (compatible; SemrushBot/7~bl; +http://www.semrush.com/bot.html)" "tekmedicgloves.com"
185.191.171.10 - - [09/Sep/2022:10:03:12 -0700] "GET /phpMyAdmin/setup/?token=8f1395de74da96d04e3c4dfb48a538d1&version_check=1 HTTP/1.1" 200 12687 "-" "Mozilla/5.0 (compatible; SemrushBot/7~bl; +http://www.semrush.com/bot.html)" "tekmedicgloves.com"
185.191.171.3 - - [09/Sep/2022:10:03:27 -0700] "GET /phpMyAdmin/setup/?token=69a692b6b69781eb9c721c9800bcb27c&version_check=1 HTTP/1.1" 200 12691 "-" "Mozilla/5.0 (compatible; SemrushBot/7~bl; +http://www.semrush.com/bot.html)" "www.tekmedicgloves.com"
185.191.171.45 - - [09/Sep/2022:10:03:29 -0700] "GET /phpMyAdmin/setup/?token=e2598b53e60b98d7f3beab60801dd7c2&version_check=1 HTTP/1.1" 200 12691 "-" "Mozilla/5.0 (compatible; SemrushBot/7~bl; +http://www.semrush.com/bot.html)" "www.tekmedicgloves.com"
185.191.171.3 - - [09/Sep/2022:10:03:54 -0700] "GET /phpMyAdmin/setup/index.php?token=8cd53e7a840364699097d5cb2d296f7f&version_check=1 HTTP/1.1" 200 12705 "-" "Mozilla/5.0 (compatible; SemrushBot/7~bl; +http://www.semrush.com/bot.html)" "tekmedicgloves.com"
185.191.171.4 - - [09/Sep/2022:10:04:00 -0700] "GET /phpMyAdmin/setup/?token=849d64f2f1f17db41195b65b50097665&version_check=1 HTTP/1.1" 200 12691 "-" "Mozilla/5.0 (compatible; SemrushBot/7~bl; +http://www.semrush.com/bot.html)" "www.tekmedicgloves.com"
185.191.171.42 - - [09/Sep/2022:10:04:10 -0700] "GET /phpMyAdmin/setup/?token=63a166944f0f17718f5adb50a8a77063&version_check=1 HTTP/1.1" 200 12687 "-" "Mozilla/5.0 (compatible; SemrushBot/7~bl; +http://www.semrush.com/bot.html)" "tekmedicgloves.com"
185.191.171.26 - - [09/Sep/2022:10:04:30 -0700] "GET /phpMyAdmin/setup/?token=f941e043cc652f0f0b230f842abb561a&version_check=1 HTTP/1.1" 200 12687 "-" "Mozilla/5.0 (compatible; SemrushBot/7~bl; +http://www.semrush.com/bot.html)" "tekmedicgloves.com"
185.191.171.10 - - [09/Sep/2022:10:04:31 -0700] "GET /phpMyAdmin/setup/?token=e16fada9efbbb2d9a0c7b867018eae35&version_check=1 HTTP/1.1" 200 12691 "-" "Mozilla/5.0 (compatible; SemrushBot/7~bl; +http://www.semrush.com/bot.html)" "www.tekmedicgloves.com"
185.191.171.10 - - [09/Sep/2022:10:04:33 -0700] "GET /phpMyAdmin/setup/index.php?token=5c897b37a4f2ac7e9582e0060e634106&version_check=1 HTTP/1.1" 200 12709 "-" "Mozilla/5.0 (compatible; SemrushBot/7~bl; +http://www.semrush.com/bot.html)" "www.tekmedicgloves.com"
185.191.171.10 - - [09/Sep/2022:10:04:59 -0700] "GET /phpMyAdmin/setup/?token=05fb12db5166143203b189f92a4d2b55&version_check=1 HTTP/1.1" 200 12691 "-" "Mozilla/5.0 (compatible; SemrushBot/7~bl; +http://www.semrush.com/bot.html)" "www.tekmedicgloves.com"
185.191.171.45 - - [09/Sep/2022:10:05:04 -0700] "GET /phpMyAdmin/setup/index.php?token=73c21041ee05c73a8cf8872f35e69e21&version_check=1 HTTP/1.1" 200 12705 "-" "Mozilla/5.0 (compatible; SemrushBot/7~bl; +http://www.semrush.com/bot.html)" "tekmedicgloves.com"
185.191.171.42 - - [09/Sep/2022:10:05:13 -0700] "GET /phpMyAdmin/setup/?token=29eade5bbebfe65e806a526a3df3c98f&version_check=1 HTTP/1.1" 200 12687 "-" "Mozilla/5.0 (compatible; SemrushBot/7~bl; +http://www.semrush.com/bot.html)" "tekmedicgloves.com"
185.191.171.17 - - [09/Sep/2022:10:05:19 -0700] "GET /phpMyAdmin/setup/?token=2b9d791931a7b1e44e6450aee9d62af0&version_check=1 HTTP/1.1" 200 12687 "-" "Mozilla/5.0 (compatible; SemrushBot/7~bl; +http://www.semrush.com/bot.html)" "tekmedicgloves.com"
185.191.171.7 - - [09/Sep/2022:10:05:25 -0700] "GET /phpMyAdmin/setup/?token=5ba0909e03f6165c10bbfb88eb3ed6c4&version_check=1 HTTP/1.1" 200 12687 "-" "Mozilla/5.0 (compatible; SemrushBot/7~bl; +http://www.semrush.com/bot.html)" "tekmedicgloves.com"
185.191.171.15 - - [09/Sep/2022:10:05:35 -0700] "GET /phpMyAdmin/setup/?token=1f3953534028c9113bd0ab90b506ee08&version_check=1 HTTP/1.1" 200 12691 "-" "Mozilla/5.0 (compatible; SemrushBot/7~bl; +http://www.semrush.com/bot.html)" "www.tekmedicgloves.com"
185.191.171.35 - - [09/Sep/2022:10:05:49 -0700] "GET /phpMyAdmin/setup/?token=8cb7f4c4012a6a4314b43177135c858b&version_check=1 HTTP/1.1" 200 12691 "-" "Mozilla/5.0 (compatible; SemrushBot/7~bl; +http://www.semrush.com/bot.html)" "www.tekmedicgloves.com"
185.191.171.41 - - [09/Sep/2022:10:06:30 -0700] "GET /phpMyAdmin/setup/?token=1204536aecc17f76eb3c8fe61a4facfa&version_check=1 HTTP/1.1" 200 12687 "-" "Mozilla/5.0 (compatible; SemrushBot/7~bl; +http://www.semrush.com/bot.html)" "tekmedicgloves.com"
185.191.171.2 - - [09/Sep/2022:10:06:34 -0700] "GET /phpMyAdmin/setup/?token=4a88eb3bd569c60bddfa5978146f88c9&version_check=1 HTTP/1.1" 200 12691 "-" "Mozilla/5.0 (compatible; SemrushBot/7~bl; +http://www.semrush.com/bot.html)" "www.tekmedicgloves.com"
185.191.171.4 - - [09/Sep/2022:10:06:36 -0700] "GET /phpMyAdmin/setup/?token=ac3c58940f41ada14db9b8d8be1811c8&version_check=1 HTTP/1.1" 200 12691 "-" "Mozilla/5.0 (compatible; SemrushBot/7~bl; +http://www.semrush.com/bot.html)" "www.tekmedicgloves.com"
185.191.171.23 - - [09/Sep/2022:10:06:38 -0700] "GET /phpMyAdmin/setup/?token=f1376e9f3f116469fc6b784399af0950&version_check=1 HTTP/1.1" 200 12687 "-" "Mozilla/5.0 (compatible; SemrushBot/7~bl; +http://www.semrush.com/bot.html)" "tekmedicgloves.com"
185.191.171.9 - - [09/Sep/2022:10:06:41 -0700] "GET /phpMyAdmin/setup/?token=0326b7a5db323c79e4586ca6e8c96e00&version_check=1 HTTP/1.1" 200 12691 "-" "Mozilla/5.0 (compatible; SemrushBot/7~bl; +http://www.semrush.com/bot.html)" "www.tekmedicgloves.com"
185.191.171.26 - - [09/Sep/2022:10:06:47 -0700] "GET /phpMyAdmin/setup/?token=faecea7b1742b11eff9849da1730078f&version_check=1 HTTP/1.1" 200 12691 "-" "Mozilla/5.0 (compatible; SemrushBot/7~bl; +http://www.semrush.com/bot.html)" "www.tekmedicgloves.com"
185.191.171.19 - - [09/Sep/2022:10:07:16 -0700] "GET /phpMyAdmin/setup/index.php?token=8532ab82f1d615a8b876eddc71467811&version_check=1 HTTP/1.1" 200 12705 "-" "Mozilla/5.0 (compatible; SemrushBot/7~bl; +http://www.semrush.com/bot.html)" "tekmedicgloves.com"
185.191.171.22 - - [09/Sep/2022:10:07:42 -0700] "GET /phpMyAdmin/setup/?token=b0aa98a8c4b43253e1e06e39be0c26e3&version_check=1 HTTP/1.1" 200 12687 "-" "Mozilla/5.0 (compatible; SemrushBot/7~bl; +http://www.semrush.com/bot.html)" "tekmedicgloves.com"
185.191.171.21 - - [09/Sep/2022:10:07:54 -0700] "GET /phpMyAdmin/setup/?token=0ca68e78e2b5a9bd4c9337411fdd8468&version_check=1 HTTP/1.1" 200 12687 "-" "Mozilla/5.0 (compatible; SemrushBot/7~bl; +http://www.semrush.com/bot.html)" "tekmedicgloves.com"
185.191.171.44 - - [09/Sep/2022:10:08:02 -0700] "GET /phpMyAdmin/setup/?token=0026abd72d0fcc71dfcad5e34bfd438b&version_check=1 HTTP/1.1" 200 12687 "-" "Mozilla/5.0 (compatible; SemrushBot/7~bl; +http://www.semrush.com/bot.html)" "tekmedicgloves.com"
185.191.171.18 - - [09/Sep/2022:10:08:14 -0700] "GET /phpMyAdmin/setup/?token=f61ad56da446afceb729bb0f21c684c5&version_check=1 HTTP/1.1" 200 12687 "-" "Mozilla/5.0 (compatible; SemrushBot/7~bl; +http://www.semrush.com/bot.html)" "tekmedicgloves.com"
185.191.171.23 - - [09/Sep/2022:10:08:18 -0700] "GET /phpMyAdmin/setup/?token=09bc0336a40044bd9c684b4aeaa8876e&version_check=1 HTTP/1.1" 200 12691 "-" "Mozilla/5.0 (compatible; SemrushBot/7~bl; +http://www.semrush.com/bot.html)" "www.tekmedicgloves.com"
185.191.171.3 - - [09/Sep/2022:10:08:29 -0700] "GET /phpMyAdmin/setup/?token=26638f3bef206f2a2a47651290506840&version_check=1 HTTP/1.1" 200 12691 "-" "Mozilla/5.0 (compatible; SemrushBot/7~bl; +http://www.semrush.com/bot.html)" "www.tekmedicgloves.com"
185.191.171.3 - - [09/Sep/2022:10:08:29 -0700] "GET /phpMyAdmin/setup/?token=267bbb6c94aa5099bcf6f45e3346fd29&version_check=1 HTTP/1.1" 200 12687 "-" "Mozilla/5.0 (compatible; SemrushBot/7~bl; +http://www.semrush.com/bot.html)" "tekmedicgloves.com"
185.191.171.43 - - [09/Sep/2022:10:08:48 -0700] "GET /phpMyAdmin/setup/?token=4502776d7f7fa5d693a597559465fccc&version_check=1 HTTP/1.1" 200 12691 "-" "Mozilla/5.0 (compatible; SemrushBot/7~bl; +http://www.semrush.com/bot.html)" "www.tekmedicgloves.com"
185.191.171.25 - - [09/Sep/2022:10:08:58 -0700] "GET /phpMyAdmin/setup/?token=b955ba4d4c0f93cdd811d6d55a23ef2b&version_check=1 HTTP/1.1" 200 12691 "-" "Mozilla/5.0 (compatible; SemrushBot/7~bl; +http://www.semrush.com/bot.html)" "www.tekmedicgloves.com"
185.191.171.17 - - [09/Sep/2022:10:09:08 -0700] "GET /phpMyAdmin/setup/?token=a53053c45ce61605a743cfb05047c22e&version_check=1 HTTP/1.1" 200 12687 "-" "Mozilla/5.0 (compatible; SemrushBot/7~bl; +http://www.semrush.com/bot.html)" "tekmedicgloves.com"
185.191.171.25 - - [09/Sep/2022:10:09:10 -0700] "GET /phpMyAdmin/setup/?token=e16387f420070e47f79e5fde254d6cd9&version_check=1 HTTP/1.1" 200 12691 "-" "Mozilla/5.0 (compatible; SemrushBot/7~bl; +http://www.semrush.com/bot.html)" "www.tekmedicgloves.com"
185.191.171.10 - - [09/Sep/2022:10:09:17 -0700] "GET /phpMyAdmin/setup/?token=361cb3c71fc234738a20c0c31cd520c4&version_check=1 HTTP/1.1" 200 12691 "-" "Mozilla/5.0 (compatible; SemrushBot/7~bl; +http://www.semrush.com/bot.html)" "www.tekmedicgloves.com"
185.191.171.26 - - [09/Sep/2022:10:09:26 -0700] "GET /phpMyAdmin/setup/?token=d76c01db422590ceb0a9e9569e1c2415&version_check=1 HTTP/1.1" 200 12687 "-" "Mozilla/5.0 (compatible; SemrushBot/7~bl; +http://www.semrush.com/bot.html)" "tekmedicgloves.com"
185.191.171.7 - - [09/Sep/2022:10:09:33 -0700] "GET /phpMyAdmin/setup/?token=8f7c2d57b16e5ed5a378b12ab1bf3417&version_check=1 HTTP/1.1" 200 12691 "-" "Mozilla/5.0 (compatible; SemrushBot/7~bl; +http://www.semrush.com/bot.html)" "www.tekmedicgloves.com"
185.191.171.5 - - [09/Sep/2022:10:09:48 -0700] "GET /phpMyAdmin/setup/?token=e297a6892e711e87620ea9aa6affa49d&version_check=1 HTTP/1.1" 200 12691 "-" "Mozilla/5.0 (compatible; SemrushBot/7~bl; +http://www.semrush.com/bot.html)" "www.tekmedicgloves.com"
185.191.171.33 - - [09/Sep/2022:10:09:52 -0700] "GET /phpMyAdmin/setup/?token=57a0886bcc5ee61f9185425fb248d327&version_check=1 HTTP/1.1" 200 12691 "-" "Mozilla/5.0 (compatible; SemrushBot/7~bl; +http://www.semrush.com/bot.html)" "www.tekmedicgloves.com"
185.191.171.6 - - [09/Sep/2022:10:09:56 -0700] "GET /phpMyAdmin/setup/?token=c9540559013ff1edea145d810d67ff54&version_check=1 HTTP/1.1" 200 12687 "-" "Mozilla/5.0 (compatible; SemrushBot/7~bl; +http://www.semrush.com/bot.html)" "tekmedicgloves.com"
185.191.171.23 - - [09/Sep/2022:10:10:07 -0700] "GET /phpMyAdmin/setup/?token=536985925da41b03a6431bbf97b1c97f&version_check=1 HTTP/1.1" 200 12687 "-" "Mozilla/5.0 (compatible; SemrushBot/7~bl; +http://www.semrush.com/bot.html)" "tekmedicgloves.com"
185.191.171.12 - - [09/Sep/2022:10:10:16 -0700] "GET /phpMyAdmin/setup/?token=e97a90cd1bf03f553223e225fdc9411b&version_check=1 HTTP/1.1" 200 12687 "-" "Mozilla/5.0 (compatible; SemrushBot/7~bl; +http://www.semrush.com/bot.html)" "tekmedicgloves.com"
185.191.171.12 - - [09/Sep/2022:10:10:29 -0700] "GET /phpMyAdmin/setup/?token=1306f6b94de55d16ce2cadf7d0edff66&version_check=1 HTTP/1.1" 200 12691 "-" "Mozilla/5.0 (compatible; SemrushBot/7~bl; +http://www.semrush.com/bot.html)" "www.tekmedicgloves.com"
185.191.171.22 - - [09/Sep/2022:10:10:33 -0700] "GET /phpMyAdmin/setup/?token=d213ef2b9e69b4cc677bf778ead1b9a5&version_check=1 HTTP/1.1" 200 12687 "-" "Mozilla/5.0 (compatible; SemrushBot/7~bl; +http://www.semrush.com/bot.html)" "tekmedicgloves.com"
185.191.171.42 - - [09/Sep/2022:10:10:37 -0700] "GET /phpMyAdmin/setup/?token=2d25e891c52a9a2084fee1a79416d09e&version_check=1 HTTP/1.1" 200 12687 "-" "Mozilla/5.0 (compatible; SemrushBot/7~bl; +http://www.semrush.com/bot.html)" "tekmedicgloves.com"
185.191.171.21 - - [09/Sep/2022:10:10:41 -0700] "GET /phpMyAdmin/setup/?token=7816996e0be4b73d81792b399223943f&version_check=1 HTTP/1.1" 200 12691 "-" "Mozilla/5.0 (compatible; SemrushBot/7~bl; +http://www.semrush.com/bot.html)" "www.tekmedicgloves.com"
185.191.171.42 - - [09/Sep/2022:10:10:47 -0700] "GET /phpMyAdmin/setup/?token=3f493a09b000cab464f0eb70606deb6a&version_check=1 HTTP/1.1" 200 12691 "-" "Mozilla/5.0 (compatible; SemrushBot/7~bl; +http://www.semrush.com/bot.html)" "www.tekmedicgloves.com"
185.191.171.40 - - [09/Sep/2022:10:11:02 -0700] "GET /phpMyAdmin/setup/?token=a872ea92b92bb584f8fced6ff472498e&version_check=1 HTTP/1.1" 200 12687 "-" "Mozilla/5.0 (compatible; SemrushBot/7~bl; +http://www.semrush.com/bot.html)" "tekmedicgloves.com"
185.191.171.8 - - [09/Sep/2022:10:11:20 -0700] "GET /phpMyAdmin/setup/?token=e81ccd2122794b74a1835139004dd533&version_check=1 HTTP/1.1" 200 12687 "-" "Mozilla/5.0 (compatible; SemrushBot/7~bl; +http://www.semrush.com/bot.html)" "tekmedicgloves.com"
185.191.171.23 - - [09/Sep/2022:10:11:24 -0700] "GET /phpMyAdmin/setup/?token=ff43ea47f57295c7b4d19fb2659342b8&version_check=1 HTTP/1.1" 200 12691 "-" "Mozilla/5.0 (compatible; SemrushBot/7~bl; +http://www.semrush.com/bot.html)" "www.tekmedicgloves.com"
185.191.171.16 - - [09/Sep/2022:10:11:34 -0700] "GET /phpMyAdmin/setup/index.php?token=c9ab8115d652d2588b8283afab58a80a&version_check=1 HTTP/1.1" 200 12705 "-" "Mozilla/5.0 (compatible; SemrushBot/7~bl; +http://www.semrush.com/bot.html)" "tekmedicgloves.com"
185.191.171.18 - - [09/Sep/2022:10:11:58 -0700] "GET /phpMyAdmin/setup/?token=423361a2736f29c34ca706be53153bb2&version_check=1 HTTP/1.1" 200 12691 "-" "Mozilla/5.0 (compatible; SemrushBot/7~bl; +http://www.semrush.com/bot.html)" "www.tekmedicgloves.com"
185.191.171.7 - - [09/Sep/2022:10:12:09 -0700] "GET /phpMyAdmin/setup/?token=ee3e9437f071a1c53752a4df679d2900&version_check=1 HTTP/1.1" 200 12687 "-" "Mozilla/5.0 (compatible; SemrushBot/7~bl; +http://www.semrush.com/bot.html)" "tekmedicgloves.com"
185.191.171.14 - - [09/Sep/2022:10:12:14 -0700] "GET /phpMyAdmin/setup/?token=afcb4e11bdb6ec64e4bd9ae02986a9e3&version_check=1 HTTP/1.1" 200 12687 "-" "Mozilla/5.0 (compatible; SemrushBot/7~bl; +http://www.semrush.com/bot.html)" "tekmedicgloves.com"
185.191.171.42 - - [09/Sep/2022:10:12:17 -0700] "GET /phpMyAdmin/setup/index.php?token=0d54d718c47b5282d9e98452a959a1ce&version_check=1 HTTP/1.1" 200 12705 "-" "Mozilla/5.0 (compatible; SemrushBot/7~bl; +http://www.semrush.com/bot.html)" "tekmedicgloves.com"
185.191.171.35 - - [09/Sep/2022:10:12:44 -0700] "GET /phpMyAdmin/setup/index.php?token=167c85f9f0d3660ce21fa4f57291cc91&version_check=1 HTTP/1.1" 200 12709 "-" "Mozilla/5.0 (compatible; SemrushBot/7~bl; +http://www.semrush.com/bot.html)" "www.tekmedicgloves.com"
185.191.171.42 - - [09/Sep/2022:10:12:46 -0700] "GET /phpMyAdmin/setup/index.php?token=9a4761a86c8acaa46e7d267829ad1535&version_check=1 HTTP/1.1" 200 12705 "-" "Mozilla/5.0 (compatible; SemrushBot/7~bl; +http://www.semrush.com/bot.html)" "tekmedicgloves.com"
185.191.171.39 - - [09/Sep/2022:10:12:50 -0700] "GET /phpMyAdmin/setup/?token=1d729755ff57c371ac00eedf07a2778d&version_check=1 HTTP/1.1" 200 12687 "-" "Mozilla/5.0 (compatible; SemrushBot/7~bl; +http://www.semrush.com/bot.html)" "tekmedicgloves.com"
185.191.171.19 - - [09/Sep/2022:10:12:58 -0700] "GET /phpMyAdmin/setup/?token=33eb71edee42e7b3732ca5adf722a699&version_check=1 HTTP/1.1" 200 12691 "-" "Mozilla/5.0 (compatible; SemrushBot/7~bl; +http://www.semrush.com/bot.html)" "www.tekmedicgloves.com"
185.191.171.10 - - [09/Sep/2022:10:12:59 -0700] "GET /phpMyAdmin/setup/?token=7a346d0e88de2fb09d1a507069dc2a62&version_check=1 HTTP/1.1" 200 12691 "-" "Mozilla/5.0 (compatible; SemrushBot/7~bl; +http://www.semrush.com/bot.html)" "www.tekmedicgloves.com"
185.191.171.7 - - [09/Sep/2022:10:13:03 -0700] "GET /phpMyAdmin/setup/index.php?token=37e53de7567bc75b2913e5000dac4e56&version_check=1 HTTP/1.1" 200 12705 "-" "Mozilla/5.0 (compatible; SemrushBot/7~bl; +http://www.semrush.com/bot.html)" "tekmedicgloves.com"
185.191.171.2 - - [09/Sep/2022:10:13:18 -0700] "GET /phpMyAdmin/setup/?token=82d94fd4109d92156d3dd05b17481612&version_check=1 HTTP/1.1" 200 12687 "-" "Mozilla/5.0 (compatible; SemrushBot/7~bl; +http://www.semrush.com/bot.html)" "tekmedicgloves.com"
185.191.171.7 - - [09/Sep/2022:10:13:25 -0700] "GET /phpMyAdmin/setup/?token=9c72eb5af88dc57b092cc1de58de1a0a&version_check=1 HTTP/1.1" 200 12687 "-" "Mozilla/5.0 (compatible; SemrushBot/7~bl; +http://www.semrush.com/bot.html)" "tekmedicgloves.com"
185.191.171.18 - - [09/Sep/2022:10:13:42 -0700] "GET /phpMyAdmin/setup/?token=e822cb6caf81789af6ec9a70d68482d7&version_check=1 HTTP/1.1" 200 12691 "-" "Mozilla/5.0 (compatible; SemrushBot/7~bl; +http://www.semrush.com/bot.html)" "www.tekmedicgloves.com"
185.191.171.25 - - [09/Sep/2022:10:13:45 -0700] "GET /phpMyAdmin/setup/?token=11ff422136f01172b6cec600f9d46301&version_check=1 HTTP/1.1" 200 12687 "-" "Mozilla/5.0 (compatible; SemrushBot/7~bl; +http://www.semrush.com/bot.html)" "tekmedicgloves.com"
185.191.171.9 - - [09/Sep/2022:10:13:50 -0700] "GET /phpMyAdmin/setup/index.php?token=3b69ec867e7913d205af411225c05215&version_check=1 HTTP/1.1" 200 12709 "-" "Mozilla/5.0 (compatible; SemrushBot/7~bl; +http://www.semrush.com/bot.html)" "www.tekmedicgloves.com"
185.191.171.23 - - [09/Sep/2022:10:13:51 -0700] "GET /phpMyAdmin/setup/index.php?token=e0c7cc05b04441e60a50f7e442a308ee&version_check=1 HTTP/1.1" 200 12705 "-" "Mozilla/5.0 (compatible; SemrushBot/7~bl; +http://www.semrush.com/bot.html)" "tekmedicgloves.com"
185.191.171.15 - - [09/Sep/2022:10:14:02 -0700] "GET /phpMyAdmin/setup/?token=a9c276bfd96849cc5ac1aca075302b58&version_check=1 HTTP/1.1" 200 12691 "-" "Mozilla/5.0 (compatible; SemrushBot/7~bl; +http://www.semrush.com/bot.html)" "www.tekmedicgloves.com"
185.191.171.39 - - [09/Sep/2022:10:14:25 -0700] "GET /phpMyAdmin/setup/?token=a7b2282d2e3eafd7e96ed6ee39d0b8a3&version_check=1 HTTP/1.1" 200 12691 "-" "Mozilla/5.0 (compatible; SemrushBot/7~bl; +http://www.semrush.com/bot.html)" "www.tekmedicgloves.com"
185.191.171.10 - - [09/Sep/2022:10:14:41 -0700] "GET /phpMyAdmin/setup/index.php?token=d01ed87076eab5a5bd0e19a9f94b1057&version_check=1 HTTP/1.1" 200 12705 "-" "Mozilla/5.0 (compatible; SemrushBot/7~bl; +http://www.semrush.com/bot.html)" "tekmedicgloves.com"
185.191.171.33 - - [09/Sep/2022:10:14:43 -0700] "GET /phpMyAdmin/setup/?token=3ac67bf19dc9d5b618756ad4765cfc18&version_check=1 HTTP/1.1" 200 12687 "-" "Mozilla/5.0 (compatible; SemrushBot/7~bl; +http://www.semrush.com/bot.html)" "tekmedicgloves.com"
185.191.171.25 - - [09/Sep/2022:10:14:56 -0700] "GET /phpMyAdmin/setup/?token=d0a7c3555f96401271f2ede0e02cdcc6&version_check=1 HTTP/1.1" 200 12687 "-" "Mozilla/5.0 (compatible; SemrushBot/7~bl; +http://www.semrush.com/bot.html)" "tekmedicgloves.com"
185.191.171.43 - - [09/Sep/2022:10:15:10 -0700] "GET /phpMyAdmin/setup/?token=7d536c9a98d4d5a9c6c22ad7b1fdf85f&version_check=1 HTTP/1.1" 200 12691 "-" "Mozilla/5.0 (compatible; SemrushBot/7~bl; +http://www.semrush.com/bot.html)" "www.tekmedicgloves.com"
185.191.171.6 - - [09/Sep/2022:10:15:19 -0700] "GET /phpMyAdmin/setup/?token=40828bfededef2057bd120ef985e65f9&version_check=1 HTTP/1.1" 200 12691 "-" "Mozilla/5.0 (compatible; SemrushBot/7~bl; +http://www.semrush.com/bot.html)" "www.tekmedicgloves.com"
185.191.171.26 - - [09/Sep/2022:10:15:35 -0700] "GET /phpMyAdmin/setup/?token=a0ccfdb30de1f2eccd493c8e73a25a69&version_check=1 HTTP/1.1" 200 12691 "-" "Mozilla/5.0 (compatible; SemrushBot/7~bl; +http://www.semrush.com/bot.html)" "www.tekmedicgloves.com"
185.191.171.2 - - [09/Sep/2022:10:15:52 -0700] "GET /phpMyAdmin/setup/?token=088a1f32d55ab37fa172890a20c54459&version_check=1 HTTP/1.1" 200 12687 "-" "Mozilla/5.0 (compatible; SemrushBot/7~bl; +http://www.semrush.com/bot.html)" "tekmedicgloves.com"
185.191.171.9 - - [09/Sep/2022:10:15:54 -0700] "GET /phpMyAdmin/setup/?token=ecccdc4aec24d7d25db9d1c8062a0ea2&version_check=1 HTTP/1.1" 200 12687 "-" "Mozilla/5.0 (compatible; SemrushBot/7~bl; +http://www.semrush.com/bot.html)" "tekmedicgloves.com"
185.191.171.22 - - [09/Sep/2022:10:16:19 -0700] "GET /phpMyAdmin/setup/index.php?token=aa580e0900902a057e03631d5ab3dc02&version_check=1 HTTP/1.1" 200 12705 "-" "Mozilla/5.0 (compatible; SemrushBot/7~bl; +http://www.semrush.com/bot.html)" "tekmedicgloves.com"
185.191.171.42 - - [09/Sep/2022:10:16:38 -0700] "GET /phpMyAdmin/setup/?token=31162e51e27ba38230d9fa12bb7f248e&version_check=1 HTTP/1.1" 200 12687 "-" "Mozilla/5.0 (compatible; SemrushBot/7~bl; +http://www.semrush.com/bot.html)" "tekmedicgloves.com"
185.191.171.10 - - [09/Sep/2022:10:16:45 -0700] "GET /phpMyAdmin/setup/?token=1a7f888856628a252ffe354567459eb7&version_check=1 HTTP/1.1" 200 12687 "-" "Mozilla/5.0 (compatible; SemrushBot/7~bl; +http://www.semrush.com/bot.html)" "tekmedicgloves.com"
