185.191.171.24 - - [09/Sep/2022:10:48:17 -0700] "GET /phpMyAdmin/setup/index.php?token=de471c568a8f41ca75581ac4c1fd4a01&version_check=1 HTTP/1.1" 200 12705 "-" "Mozilla/5.0 (compatible; SemrushBot/7~bl; +http://www.semrush.com/bot.html)" "tekmedicgloves.com"
185.191.171.23 - - [09/Sep/2022:10:48:18 -0700] "GET /phpMyAdmin/setup/?token=742271c49f387e069760f3ee59f03a6f&version_check=1 HTTP/1.1" 200 12691 "-" "Mozilla/5.0 (compatible; SemrushBot/7~bl; +http://www.semrush.com/bot.html)" "www.tekmedicgloves.com"
185.191.171.2 - - [09/Sep/2022:10:48:19 -0700] "GET /phpMyAdmin/setup/index.php?token=4b0e6bb36118a585ccaa9e385d382ee7&version_check=1 HTTP/1.1" 200 12705 "-" "Mozilla/5.0 (compatible; SemrushBot/7~bl; +http://www.semrush.com/bot.html)" "tekmedicgloves.com"
185.191.171.43 - - [09/Sep/2022:10:48:22 -0700] "GET /phpMyAdmin/setup/?token=62f9beb51f638082ea746b89235d0971&version_check=1 HTTP/1.1" 200 12687 "-" "Mozilla/5.0 (compatible; SemrushBot/7~bl; +http://www.semrush.com/bot.html)" "tekmedicgloves.com"
114.119.129.233 - - [09/Sep/2022:10:48:31 -0700] "GET /robots.txt HTTP/1.1" 404 88 "-" "Mozilla/5.0 (compatible;PetalBot;+https://webmaster.petalsearch.com/site/petalbot)" "www.tekmedicgloves.com"
185.191.171.17 - - [09/Sep/2022:10:48:50 -0700] "GET /phpMyAdmin/setup/?token=94764febc0e8f49fbb31327a041bdacb&version_check=1 HTTP/1.1" 200 12691 "-" "Mozilla/5.0 (compatible; SemrushBot/7~bl; +http://www.semrush.com/bot.html)" "www.tekmedicgloves.com"
185.191.171.23 - - [09/Sep/2022:10:48:59 -0700] "GET /phpMyAdmin/setup/?token=b98d02363ed9daa0da23b59c8a5ab1cc&version_check=1 HTTP/1.1" 200 12691 "-" "Mozilla/5.0 (compatible; SemrushBot/7~bl; +http://www.semrush.com/bot.html)" "www.tekmedicgloves.com"
185.191.171.22 - - [09/Sep/2022:10:49:05 -0700] "GET /phpMyAdmin/setup/?token=179519e0c439055e632ba238cfd4c561&version_check=1 HTTP/1.1" 200 12691 "-" "Mozilla/5.0 (compatible; SemrushBot/7~bl; +http://www.semrush.com/bot.html)" "www.tekmedicgloves.com"
185.191.171.22 - - [09/Sep/2022:10:49:16 -0700] "GET /phpMyAdmin/setup/?token=f22147d8a887444f1e691313dc25a716&version_check=1 HTTP/1.1" 200 12691 "-" "Mozilla/5.0 (compatible; SemrushBot/7~bl; +http://www.semrush.com/bot.html)" "www.tekmedicgloves.com"
185.191.171.43 - - [09/Sep/2022:10:49:56 -0700] "GET /phpMyAdmin/setup/?token=cbc0312b2e6f81c57c601974f6db1b68&version_check=1 HTTP/1.1" 200 12687 "-" "Mozilla/5.0 (compatible; SemrushBot/7~bl; +http://www.semrush.com/bot.html)" "tekmedicgloves.com"
185.191.171.36 - - [09/Sep/2022:10:50:01 -0700] "GET /phpMyAdmin/setup/?token=2543028746313e4c8addaefb077b772d&version_check=1 HTTP/1.1" 200 12691 "-" "Mozilla/5.0 (compatible; SemrushBot/7~bl; +http://www.semrush.com/bot.html)" "www.tekmedicgloves.com"
185.191.171.33 - - [09/Sep/2022:10:50:06 -0700] "GET /phpMyAdmin/setup/?token=f448d849f4a6f49e69efe4f605c13d95&version_check=1 HTTP/1.1" 200 12687 "-" "Mozilla/5.0 (compatible; SemrushBot/7~bl; +http://www.semrush.com/bot.html)" "tekmedicgloves.com"
157.55.39.233 - - [09/Sep/2022:10:50:22 -0700] "GET /beta/products.php?cat=20&id=10 HTTP/1.1" 200 57062 "-" "Mozilla/5.0 (compatible; bingbot/2.0; +http://www.bing.com/bingbot.htm)" "tekmedicgloves.com"
185.191.171.26 - - [09/Sep/2022:10:50:25 -0700] "GET /phpMyAdmin/setup/?token=5bbf1336ce1c70d84e70c772858b9d96&version_check=1 HTTP/1.1" 200 12687 "-" "Mozilla/5.0 (compatible; SemrushBot/7~bl; +http://www.semrush.com/bot.html)" "tekmedicgloves.com"
157.55.39.38 - - [09/Sep/2022:10:50:35 -0700] "GET /beta/wp-content/plugins/cherry-plugin/lib/js/owl-carousel/owl.theme.css HTTP/1.1" 200 606 "-" "Mozilla/5.0 (compatible; bingbot/2.0; +http://www.bing.com/bingbot.htm)" "tekmedicgloves.com"
157.55.39.38 - - [09/Sep/2022:10:50:35 -0700] "GET /beta/wp-content/plugins/contact-form-7/includes/js/scripts.js HTTP/1.1" 200 1850 "-" "Mozilla/5.0 (compatible; bingbot/2.0; +http://www.bing.com/bingbot.htm)" "tekmedicgloves.com"
157.55.39.38 - - [09/Sep/2022:10:50:35 -0700] "GET /beta/wp-content/themes/CherryFramework/js/jquery.debouncedresize.js HTTP/1.1" 200 226 "-" "Mozilla/5.0 (compatible; bingbot/2.0; +http://www.bing.com/bingbot.htm)" "tekmedicgloves.com"
157.55.39.38 - - [09/Sep/2022:10:50:35 -0700] "GET /beta/wp-content/themes/CherryFramework/js/jquery.mobile.customized.min.js HTTP/1.1" 200 6409 "-" "Mozilla/5.0 (compatible; bingbot/2.0; +http://www.bing.com/bingbot.htm)" "tekmedicgloves.com"
157.55.39.38 - - [09/Sep/2022:10:50:36 -0700] "GET /beta/wp-content/themes/theme48838/style.css HTTP/1.1" 200 243 "-" "Mozilla/5.0 (compatible; bingbot/2.0; +http://www.bing.com/bingbot.htm)" "tekmedicgloves.com"
157.55.39.38 - - [09/Sep/2022:10:50:36 -0700] "GET /beta/wp-includes/js/comment-reply.min.js HTTP/1.1" 404 88 "-" "Mozilla/5.0 (compatible; bingbot/2.0; +http://www.bing.com/bingbot.htm)" "tekmedicgloves.com"
157.55.39.223 - - [09/Sep/2022:10:50:41 -0700] "GET /beta/wp-content/plugins/cherry-plugin/lib/js/jquery.easing.1.3.js HTTP/1.1" 200 814 "-" "Mozilla/5.0 (compatible; bingbot/2.0; +http://www.bing.com/bingbot.htm)" "tekmedicgloves.com"
157.55.39.223 - - [09/Sep/2022:10:50:41 -0700] "GET /beta/wp-content/themes/CherryFramework/js/jquery.ba-resize.min.js HTTP/1.1" 200 616 "-" "Mozilla/5.0 (compatible; bingbot/2.0; +http://www.bing.com/bingbot.htm)" "tekmedicgloves.com"
157.55.39.233 - - [09/Sep/2022:10:50:41 -0700] "GET /beta/wp-content/plugins/cherry-plugin/lib/js/elasti-carousel/jquery.elastislide.js HTTP/1.1" 200 1963 "-" "Mozilla/5.0 (compatible; bingbot/2.0; +http://www.bing.com/bingbot.htm)" "tekmedicgloves.com"
157.55.39.223 - - [09/Sep/2022:10:50:41 -0700] "GET /beta/wp-content/themes/theme48838/bootstrap/css/responsive.css HTTP/1.1" 200 4226 "-" "Mozilla/5.0 (compatible; bingbot/2.0; +http://www.bing.com/bingbot.htm)" "tekmedicgloves.com"
157.55.39.223 - - [09/Sep/2022:10:50:41 -0700] "GET /beta/wp-includes/js/swfobject.js HTTP/1.1" 404 88 "-" "Mozilla/5.0 (compatible; bingbot/2.0; +http://www.bing.com/bingbot.htm)" "tekmedicgloves.com"
40.77.167.24 - - [09/Sep/2022:10:50:44 -0700] "GET /beta/wp-content/themes/CherryFramework/js/custom.js HTTP/1.1" 200 2131 "-" "Mozilla/5.0 (compatible; bingbot/2.0; +http://www.bing.com/bingbot.htm)" "tekmedicgloves.com"
157.55.39.245 - - [09/Sep/2022:10:50:45 -0700] "GET /beta/wp-content/plugins/cherry-plugin/includes/css/cherry-plugin.css HTTP/1.1" 200 4752 "-" "Mozilla/5.0 (compatible; bingbot/2.0; +http://www.bing.com/bingbot.htm)" "tekmedicgloves.com"
157.55.39.245 - - [09/Sep/2022:10:50:46 -0700] "GET /beta/wp-content/plugins/contact-form-7/includes/css/styles.css HTTP/1.1" 200 392 "-" "Mozilla/5.0 (compatible; bingbot/2.0; +http://www.bing.com/bingbot.htm)" "tekmedicgloves.com"
157.55.39.245 - - [09/Sep/2022:10:50:46 -0700] "GET /beta/wp-content/themes/CherryFramework/bootstrap/js/bootstrap.min.js HTTP/1.1" 200 7654 "-" "Mozilla/5.0 (compatible; bingbot/2.0; +http://www.bing.com/bingbot.htm)" "tekmedicgloves.com"
157.55.39.245 - - [09/Sep/2022:10:50:46 -0700] "GET /beta/wp-content/themes/CherryFramework/js/jplayer.playlist.min.js HTTP/1.1" 200 2404 "-" "Mozilla/5.0 (compatible; bingbot/2.0; +http://www.bing.com/bingbot.htm)" "tekmedicgloves.com"
157.55.39.245 - - [09/Sep/2022:10:50:46 -0700] "GET /beta/wp-content/themes/CherryFramework/js/jquery.jplayer.min.js HTTP/1.1" 200 11945 "-" "Mozilla/5.0 (compatible; bingbot/2.0; +http://www.bing.com/bingbot.htm)" "tekmedicgloves.com"
157.55.39.245 - - [09/Sep/2022:10:50:46 -0700] "GET /beta/wp-content/themes/CherryFramework/js/superfish.js HTTP/1.1" 200 1280 "-" "Mozilla/5.0 (compatible; bingbot/2.0; +http://www.bing.com/bingbot.htm)" "tekmedicgloves.com"
157.55.39.236 - - [09/Sep/2022:10:50:52 -0700] "GET /beta/wp-content/plugins/cherry-plugin/includes/js/cherry-plugin.js HTTP/1.1" 200 438 "-" "Mozilla/5.0 (compatible; bingbot/2.0; +http://www.bing.com/bingbot.htm)" "tekmedicgloves.com"
157.55.39.236 - - [09/Sep/2022:10:50:52 -0700] "GET /beta/wp-content/plugins/cherry-plugin/lib/js/FlexSlider/flexslider.css HTTP/1.1" 200 1323 "-" "Mozilla/5.0 (compatible; bingbot/2.0; +http://www.bing.com/bingbot.htm)" "tekmedicgloves.com"
157.55.39.236 - - [09/Sep/2022:10:50:52 -0700] "GET /beta/wp-content/plugins/cherry-plugin/lib/js/FlexSlider/jquery.flexslider-min.js HTTP/1.1" 200 5177 "-" "Mozilla/5.0 (compatible; bingbot/2.0; +http://www.bing.com/bingbot.htm)" "tekmedicgloves.com"
157.55.39.236 - - [09/Sep/2022:10:50:52 -0700] "GET /beta/wp-content/themes/CherryFramework/css/camera.css HTTP/1.1" 200 3117 "-" "Mozilla/5.0 AppleWebKit/537.36 (KHTML, like Gecko; compatible; bingbot/2.0; +http://www.bing.com/bingbot.htm) Chrome/103.0.5060.134 Safari/537.36" "tekmedicgloves.com"
157.55.39.236 - - [09/Sep/2022:10:50:52 -0700] "GET /beta/wp-content/themes/CherryFramework/css/magnific-popup.css HTTP/1.1" 200 2166 "-" "Mozilla/5.0 (compatible; bingbot/2.0; +http://www.bing.com/bingbot.htm)" "tekmedicgloves.com"
157.55.39.236 - - [09/Sep/2022:10:50:52 -0700] "GET /beta/wp-content/themes/CherryFramework/js/jquery-1.7.2.min.js HTTP/1.1" 200 33630 "-" "Mozilla/5.0 (compatible; bingbot/2.0; +http://www.bing.com/bingbot.htm)" "tekmedicgloves.com"
157.55.39.236 - - [09/Sep/2022:10:50:53 -0700] "GET /beta/wp-content/themes/CherryFramework/js/jquery.magnific-popup.min.js HTTP/1.1" 200 7493 "-" "Mozilla/5.0 (compatible; bingbot/2.0; +http://www.bing.com/bingbot.htm)" "tekmedicgloves.com"
157.55.39.236 - - [09/Sep/2022:10:50:53 -0700] "GET /beta/wp-content/themes/CherryFramework/js/jquery.mobilemenu.js HTTP/1.1" 200 908 "-" "Mozilla/5.0 (compatible; bingbot/2.0; +http://www.bing.com/bingbot.htm)" "tekmedicgloves.com"
185.191.171.3 - - [09/Sep/2022:10:50:58 -0700] "GET /phpMyAdmin/setup/?token=7b26757874f58e6a49c37ba93705a8aa&version_check=1 HTTP/1.1" 200 12687 "-" "Mozilla/5.0 (compatible; SemrushBot/7~bl; +http://www.semrush.com/bot.html)" "tekmedicgloves.com"
40.77.167.24 - - [09/Sep/2022:10:51:00 -0700] "GET /beta/wp-content/themes/CherryFramework/js/modernizr.js HTTP/1.1" 200 5141 "-" "Mozilla/5.0 (compatible; bingbot/2.0; +http://www.bing.com/bingbot.htm)" "tekmedicgloves.com"
40.77.167.24 - - [09/Sep/2022:10:51:00 -0700] "GET /beta/wp-content/themes/theme48838/main-style.css HTTP/1.1" 200 4849 "-" "Mozilla/5.0 (compatible; bingbot/2.0; +http://www.bing.com/bingbot.htm)" "tekmedicgloves.com"
185.191.171.7 - - [09/Sep/2022:10:51:01 -0700] "GET /phpMyAdmin/setup/?token=40a9c5b98f0de989b3ba3fce3bd0faa8&version_check=1 HTTP/1.1" 200 12687 "-" "Mozilla/5.0 (compatible; SemrushBot/7~bl; +http://www.semrush.com/bot.html)" "tekmedicgloves.com"
157.55.39.233 - - [09/Sep/2022:10:51:04 -0700] "GET /beta/wp-content/plugins/contact-form-7/includes/js/jquery.form.min.js HTTP/1.1" 200 5878 "-" "Mozilla/5.0 (compatible; bingbot/2.0; +http://www.bing.com/bingbot.htm)" "tekmedicgloves.com"
157.55.39.233 - - [09/Sep/2022:10:51:05 -0700] "GET /beta/wp-content/themes/CherryFramework/js/camera.min.js HTTP/1.1" 200 8551 "-" "Mozilla/5.0 (compatible; bingbot/2.0; +http://www.bing.com/bingbot.htm)" "tekmedicgloves.com"
157.55.39.233 - - [09/Sep/2022:10:51:05 -0700] "GET /beta/wp-content/themes/CherryFramework/js/jflickrfeed.js HTTP/1.1" 200 560 "-" "Mozilla/5.0 (compatible; bingbot/2.0; +http://www.bing.com/bingbot.htm)" "tekmedicgloves.com"
185.191.171.9 - - [09/Sep/2022:10:51:05 -0700] "GET /phpMyAdmin/setup/?token=044a827cc3696251b96d1fb6cfb88d2a&version_check=1 HTTP/1.1" 200 12691 "-" "Mozilla/5.0 (compatible; SemrushBot/7~bl; +http://www.semrush.com/bot.html)" "www.tekmedicgloves.com"
185.191.171.9 - - [09/Sep/2022:10:51:08 -0700] "GET /phpMyAdmin/setup/?token=fd70f4611cc4c7d228d81cfa8214bf33&version_check=1 HTTP/1.1" 200 12691 "-" "Mozilla/5.0 (compatible; SemrushBot/7~bl; +http://www.semrush.com/bot.html)" "www.tekmedicgloves.com"
185.191.171.22 - - [09/Sep/2022:10:51:14 -0700] "GET /phpMyAdmin/setup/?token=198c78f04afe839abd0857190fc31a7b&version_check=1 HTTP/1.1" 200 12687 "-" "Mozilla/5.0 (compatible; SemrushBot/7~bl; +http://www.semrush.com/bot.html)" "tekmedicgloves.com"
185.191.171.26 - - [09/Sep/2022:10:51:18 -0700] "GET /phpMyAdmin/setup/?token=d22ecbedad794a8195281fb619a34420&version_check=1 HTTP/1.1" 200 12687 "-" "Mozilla/5.0 (compatible; SemrushBot/7~bl; +http://www.semrush.com/bot.html)" "tekmedicgloves.com"
185.191.171.41 - - [09/Sep/2022:10:51:19 -0700] "GET /phpMyAdmin/setup/?token=9dbd05f36fce77a0f8baff22606f096a&version_check=1 HTTP/1.1" 200 12687 "-" "Mozilla/5.0 (compatible; SemrushBot/7~bl; +http://www.semrush.com/bot.html)" "tekmedicgloves.com"
185.191.171.5 - - [09/Sep/2022:10:51:23 -0700] "GET /phpMyAdmin/setup/?token=613605a2375df062faa020cdd0ba6c29&version_check=1 HTTP/1.1" 200 12691 "-" "Mozilla/5.0 (compatible; SemrushBot/7~bl; +http://www.semrush.com/bot.html)" "www.tekmedicgloves.com"
185.191.171.8 - - [09/Sep/2022:10:51:32 -0700] "GET /phpMyAdmin/setup/?token=62511d3f52524b2830218ab379aa1036&version_check=1 HTTP/1.1" 200 12691 "-" "Mozilla/5.0 (compatible; SemrushBot/7~bl; +http://www.semrush.com/bot.html)" "www.tekmedicgloves.com"
185.191.171.41 - - [09/Sep/2022:10:51:35 -0700] "GET /phpMyAdmin/setup/index.php?token=c25baeffab1984761a289a85f9bb60b9&version_check=1 HTTP/1.1" 200 12705 "-" "Mozilla/5.0 (compatible; SemrushBot/7~bl; +http://www.semrush.com/bot.html)" "tekmedicgloves.com"
185.191.171.11 - - [09/Sep/2022:10:51:40 -0700] "GET /phpMyAdmin/setup/?token=2c96abaa9f88ad4125ab050f596195af&version_check=1 HTTP/1.1" 200 12691 "-" "Mozilla/5.0 (compatible; SemrushBot/7~bl; +http://www.semrush.com/bot.html)" "www.tekmedicgloves.com"
185.191.171.38 - - [09/Sep/2022:10:51:40 -0700] "GET /robots.txt HTTP/1.1" 404 88 "-" "Mozilla/5.0 (compatible; SemrushBot/7~bl; +http://www.semrush.com/bot.html)" "tekmedicgloves.com"
185.191.171.3 - - [09/Sep/2022:10:51:41 -0700] "GET /phpMyAdmin/setup/?token=0f595d7c3216c68cc9e2b9a2484c51a6&version_check=1 HTTP/1.1" 200 12687 "-" "Mozilla/5.0 (compatible; SemrushBot/7~bl; +http://www.semrush.com/bot.html)" "tekmedicgloves.com"
185.191.171.9 - - [09/Sep/2022:10:51:48 -0700] "GET /phpMyAdmin/setup/?token=b96b30951e4609c3565c6e653b522fc4&version_check=1 HTTP/1.1" 200 12687 "-" "Mozilla/5.0 (compatible; SemrushBot/7~bl; +http://www.semrush.com/bot.html)" "tekmedicgloves.com"
185.191.171.23 - - [09/Sep/2022:10:52:13 -0700] "GET /phpMyAdmin/setup/?token=02bf9efb716f42a0080ffa8070013318&version_check=1 HTTP/1.1" 200 12687 "-" "Mozilla/5.0 (compatible; SemrushBot/7~bl; +http://www.semrush.com/bot.html)" "tekmedicgloves.com"
185.191.171.10 - - [09/Sep/2022:10:52:30 -0700] "GET /phpMyAdmin/setup/?token=a1632b8ca279248f840ee34eefed6900&version_check=1 HTTP/1.1" 200 12691 "-" "Mozilla/5.0 (compatible; SemrushBot/7~bl; +http://www.semrush.com/bot.html)" "www.tekmedicgloves.com"
185.191.171.2 - - [09/Sep/2022:10:52:35 -0700] "GET /phpMyAdmin/setup/?token=d5bb4e0867ff1eeee39aecd882844127&version_check=1 HTTP/1.1" 200 12687 "-" "Mozilla/5.0 (compatible; SemrushBot/7~bl; +http://www.semrush.com/bot.html)" "tekmedicgloves.com"
185.191.171.41 - - [09/Sep/2022:10:52:43 -0700] "GET /phpMyAdmin/setup/index.php?token=ef612fa2aa10c42c0fcade054268820b&version_check=1 HTTP/1.1" 200 12709 "-" "Mozilla/5.0 (compatible; SemrushBot/7~bl; +http://www.semrush.com/bot.html)" "www.tekmedicgloves.com"
185.191.171.18 - - [09/Sep/2022:10:52:45 -0700] "GET /phpMyAdmin/setup/?token=701b3066481e37e8acbf9108c80963da&version_check=1 HTTP/1.1" 200 12691 "-" "Mozilla/5.0 (compatible; SemrushBot/7~bl; +http://www.semrush.com/bot.html)" "www.tekmedicgloves.com"
185.191.171.4 - - [09/Sep/2022:10:52:54 -0700] "GET /phpMyAdmin/setup/index.php?token=bc6d0806f0f5d4d5f85ac24f0a3c4ab9&version_check=1 HTTP/1.1" 200 12709 "-" "Mozilla/5.0 (compatible; SemrushBot/7~bl; +http://www.semrush.com/bot.html)" "www.tekmedicgloves.com"
185.191.171.6 - - [09/Sep/2022:10:53:27 -0700] "GET /phpMyAdmin/setup/?token=1d6fa9cc6901c79ec838ebcb7e150a6c&version_check=1 HTTP/1.1" 200 12691 "-" "Mozilla/5.0 (compatible; SemrushBot/7~bl; +http://www.semrush.com/bot.html)" "www.tekmedicgloves.com"
185.191.171.6 - - [09/Sep/2022:10:53:32 -0700] "GET /phpMyAdmin/setup/?token=af9e5e6586acabf6f1bed083f5ceb6a8&version_check=1 HTTP/1.1" 200 12691 "-" "Mozilla/5.0 (compatible; SemrushBot/7~bl; +http://www.semrush.com/bot.html)" "www.tekmedicgloves.com"
185.191.171.6 - - [09/Sep/2022:10:53:40 -0700] "GET /phpMyAdmin/setup/index.php?token=f38c3ac6efea75ad55210dc48fe8917c&version_check=1 HTTP/1.1" 200 12705 "-" "Mozilla/5.0 (compatible; SemrushBot/7~bl; +http://www.semrush.com/bot.html)" "tekmedicgloves.com"
185.191.171.42 - - [09/Sep/2022:10:53:45 -0700] "GET /phpMyAdmin/setup/?token=eaff29232eecf11a9235d728c1b37aae&version_check=1 HTTP/1.1" 200 12687 "-" "Mozilla/5.0 (compatible; SemrushBot/7~bl; +http://www.semrush.com/bot.html)" "tekmedicgloves.com"
185.191.171.11 - - [09/Sep/2022:10:53:47 -0700] "GET /phpMyAdmin/setup/?token=cbc603a1ce6e83dd07c6294fdb1b238d&version_check=1 HTTP/1.1" 200 12691 "-" "Mozilla/5.0 (compatible; SemrushBot/7~bl; +http://www.semrush.com/bot.html)" "www.tekmedicgloves.com"
185.191.171.26 - - [09/Sep/2022:10:54:19 -0700] "GET /phpMyAdmin/setup/?token=b0f3d71ef8acb882891b957b9d5cf882&version_check=1 HTTP/1.1" 200 12687 "-" "Mozilla/5.0 (compatible; SemrushBot/7~bl; +http://www.semrush.com/bot.html)" "tekmedicgloves.com"
185.191.171.23 - - [09/Sep/2022:10:54:50 -0700] "GET /phpMyAdmin/setup/?token=6c1846f12d825dc5579d846f7368deab&version_check=1 HTTP/1.1" 200 12687 "-" "Mozilla/5.0 (compatible; SemrushBot/7~bl; +http://www.semrush.com/bot.html)" "tekmedicgloves.com"
185.191.171.9 - - [09/Sep/2022:10:54:52 -0700] "GET /phpMyAdmin/setup/index.php?token=2a339037f7c448bf6787bc5a25be9f58&version_check=1 HTTP/1.1" 200 12705 "-" "Mozilla/5.0 (compatible; SemrushBot/7~bl; +http://www.semrush.com/bot.html)" "tekmedicgloves.com"
185.191.171.25 - - [09/Sep/2022:10:54:55 -0700] "GET /phpMyAdmin/setup/?token=94a84acd167cc9480950ab9d34b80424&version_check=1 HTTP/1.1" 200 12687 "-" "Mozilla/5.0 (compatible; SemrushBot/7~bl; +http://www.semrush.com/bot.html)" "tekmedicgloves.com"
185.191.171.24 - - [09/Sep/2022:10:54:59 -0700] "GET /phpMyAdmin/setup/?token=247333d70f6eaa06b916fdff01c02fbd&version_check=1 HTTP/1.1" 200 12687 "-" "Mozilla/5.0 (compatible; SemrushBot/7~bl; +http://www.semrush.com/bot.html)" "tekmedicgloves.com"
185.191.171.18 - - [09/Sep/2022:10:55:01 -0700] "GET /phpMyAdmin/setup/index.php?token=dc6a47a4758a8248a932c1ff413bacc1&version_check=1 HTTP/1.1" 200 12705 "-" "Mozilla/5.0 (compatible; SemrushBot/7~bl; +http://www.semrush.com/bot.html)" "tekmedicgloves.com"
185.191.171.21 - - [09/Sep/2022:10:55:19 -0700] "GET /phpMyAdmin/setup/?token=bb93dfdd3c7cbd7fe6a05bb1af567037&version_check=1 HTTP/1.1" 200 12691 "-" "Mozilla/5.0 (compatible; SemrushBot/7~bl; +http://www.semrush.com/bot.html)" "www.tekmedicgloves.com"
185.191.171.12 - - [09/Sep/2022:10:55:30 -0700] "GET /phpMyAdmin/setup/?token=e8dee3876a87cbfe8328623faa0d8cbb&version_check=1 HTTP/1.1" 200 12691 "-" "Mozilla/5.0 (compatible; SemrushBot/7~bl; +http://www.semrush.com/bot.html)" "www.tekmedicgloves.com"
185.191.171.2 - - [09/Sep/2022:10:55:33 -0700] "GET /phpMyAdmin/setup/?token=db2d8512776446e5e6aabf9c43def715&version_check=1 HTTP/1.1" 200 12691 "-" "Mozilla/5.0 (compatible; SemrushBot/7~bl; +http://www.semrush.com/bot.html)" "www.tekmedicgloves.com"
185.191.171.42 - - [09/Sep/2022:10:55:45 -0700] "GET /phpMyAdmin/setup/?token=e13d93fff239a1c955aadb423ee10b32&version_check=1 HTTP/1.1" 200 12691 "-" "Mozilla/5.0 (compatible; SemrushBot/7~bl; +http://www.semrush.com/bot.html)" "www.tekmedicgloves.com"
185.191.171.9 - - [09/Sep/2022:10:55:52 -0700] "GET /phpMyAdmin/setup/?token=b67a8d127faecd0196121a50cda5019e&version_check=1 HTTP/1.1" 200 12687 "-" "Mozilla/5.0 (compatible; SemrushBot/7~bl; +http://www.semrush.com/bot.html)" "tekmedicgloves.com"
185.191.171.3 - - [09/Sep/2022:10:55:53 -0700] "GET /phpMyAdmin/setup/index.php?token=2b8468df4149857e9229c9dfa2d4ad6d&version_check=1 HTTP/1.1" 200 12709 "-" "Mozilla/5.0 (compatible; SemrushBot/7~bl; +http://www.semrush.com/bot.html)" "www.tekmedicgloves.com"
185.191.171.45 - - [09/Sep/2022:10:55:54 -0700] "GET /phpMyAdmin/setup/?token=5a464a855b0c8731a48074483ce7b23e&version_check=1 HTTP/1.1" 200 12687 "-" "Mozilla/5.0 (compatible; SemrushBot/7~bl; +http://www.semrush.com/bot.html)" "tekmedicgloves.com"
185.191.171.15 - - [09/Sep/2022:10:55:58 -0700] "GET /phpMyAdmin/setup/?token=aec91200dd7c21c171d625f75588da5b&version_check=1 HTTP/1.1" 200 12687 "-" "Mozilla/5.0 (compatible; SemrushBot/7~bl; +http://www.semrush.com/bot.html)" "tekmedicgloves.com"
185.191.171.26 - - [09/Sep/2022:10:56:12 -0700] "GET /phpMyAdmin/setup/?token=bd3be46aa790e43149b763c30df78132&version_check=1 HTTP/1.1" 200 12687 "-" "Mozilla/5.0 (compatible; SemrushBot/7~bl; +http://www.semrush.com/bot.html)" "tekmedicgloves.com"
185.191.171.39 - - [09/Sep/2022:10:56:27 -0700] "GET /phpMyAdmin/setup/?token=b25bfc4d71aae5cfa4957b3355f19cd3&version_check=1 HTTP/1.1" 200 12691 "-" "Mozilla/5.0 (compatible; SemrushBot/7~bl; +http://www.semrush.com/bot.html)" "www.tekmedicgloves.com"
185.191.171.18 - - [09/Sep/2022:10:56:29 -0700] "GET /phpMyAdmin/setup/?token=2a87192fe78078cf7894edfaa05ccf5a&version_check=1 HTTP/1.1" 200 12687 "-" "Mozilla/5.0 (compatible; SemrushBot/7~bl; +http://www.semrush.com/bot.html)" "tekmedicgloves.com"
185.191.171.2 - - [09/Sep/2022:10:56:35 -0700] "GET /phpMyAdmin/setup/?token=1b35a126a71b203d001e182ca55393e0&version_check=1 HTTP/1.1" 200 12691 "-" "Mozilla/5.0 (compatible; SemrushBot/7~bl; +http://www.semrush.com/bot.html)" "www.tekmedicgloves.com"
185.191.171.5 - - [09/Sep/2022:10:56:43 -0700] "GET /phpMyAdmin/setup/?token=919acd9970f2ce7b66974af51941bf11&version_check=1 HTTP/1.1" 200 12691 "-" "Mozilla/5.0 (compatible; SemrushBot/7~bl; +http://www.semrush.com/bot.html)" "www.tekmedicgloves.com"
185.191.171.40 - - [09/Sep/2022:10:56:44 -0700] "GET /phpMyAdmin/setup/?token=a9580237f9fa14968a8ddd4e78bff54f&version_check=1 HTTP/1.1" 200 12687 "-" "Mozilla/5.0 (compatible; SemrushBot/7~bl; +http://www.semrush.com/bot.html)" "tekmedicgloves.com"
185.191.171.18 - - [09/Sep/2022:10:57:15 -0700] "GET /phpMyAdmin/setup/index.php?token=b0a96d7ca7d90d897a768c0cd4f8c167&version_check=1 HTTP/1.1" 200 12705 "-" "Mozilla/5.0 (compatible; SemrushBot/7~bl; +http://www.semrush.com/bot.html)" "tekmedicgloves.com"
185.191.171.4 - - [09/Sep/2022:10:57:32 -0700] "GET /phpMyAdmin/setup/?token=0a164682c2c7bfc61edea690960fa0b7&version_check=1 HTTP/1.1" 200 12687 "-" "Mozilla/5.0 (compatible; SemrushBot/7~bl; +http://www.semrush.com/bot.html)" "tekmedicgloves.com"
185.191.171.41 - - [09/Sep/2022:10:57:37 -0700] "GET /phpMyAdmin/setup/index.php?token=1194b9753c062c5b62bbafaef29252fe&version_check=1 HTTP/1.1" 200 12705 "-" "Mozilla/5.0 (compatible; SemrushBot/7~bl; +http://www.semrush.com/bot.html)" "tekmedicgloves.com"
185.191.171.18 - - [09/Sep/2022:10:58:04 -0700] "GET /phpMyAdmin/setup/?token=8a672cf3964c9c9015177fa10a59d67c&version_check=1 HTTP/1.1" 200 12691 "-" "Mozilla/5.0 (compatible; SemrushBot/7~bl; +http://www.semrush.com/bot.html)" "www.tekmedicgloves.com"
185.191.171.3 - - [09/Sep/2022:10:58:13 -0700] "GET /phpMyAdmin/setup/index.php?token=aaff6cb42613cbca506671c75343c139&version_check=1 HTTP/1.1" 200 12709 "-" "Mozilla/5.0 (compatible; SemrushBot/7~bl; +http://www.semrush.com/bot.html)" "www.tekmedicgloves.com"
185.191.171.2 - - [09/Sep/2022:10:58:22 -0700] "GET /phpMyAdmin/setup/?token=e1495b05d0551d493558b38b66aef784&version_check=1 HTTP/1.1" 200 12691 "-" "Mozilla/5.0 (compatible; SemrushBot/7~bl; +http://www.semrush.com/bot.html)" "www.tekmedicgloves.com"
185.191.171.1 - - [09/Sep/2022:10:58:27 -0700] "GET /phpMyAdmin/setup/?token=5304cf72fae4fa49c4098cf37a041c16&version_check=1 HTTP/1.1" 200 12691 "-" "Mozilla/5.0 (compatible; SemrushBot/7~bl; +http://www.semrush.com/bot.html)" "www.tekmedicgloves.com"
185.191.171.18 - - [09/Sep/2022:10:58:31 -0700] "GET /phpMyAdmin/setup/?token=4e0ac22ccfe615634e71f0dc96624542&version_check=1 HTTP/1.1" 200 12691 "-" "Mozilla/5.0 (compatible; SemrushBot/7~bl; +http://www.semrush.com/bot.html)" "www.tekmedicgloves.com"
185.191.171.9 - - [09/Sep/2022:10:58:39 -0700] "GET /phpMyAdmin/setup/?token=804b58e65f01a24a39fb74ae32e50805&version_check=1 HTTP/1.1" 200 12687 "-" "Mozilla/5.0 (compatible; SemrushBot/7~bl; +http://www.semrush.com/bot.html)" "tekmedicgloves.com"
185.191.171.7 - - [09/Sep/2022:10:58:52 -0700] "GET /phpMyAdmin/setup/index.php?token=2c30d8316467a4045c62c4c656b0f35d&version_check=1 HTTP/1.1" 200 12705 "-" "Mozilla/5.0 (compatible; SemrushBot/7~bl; +http://www.semrush.com/bot.html)" "tekmedicgloves.com"
185.191.171.45 - - [09/Sep/2022:10:59:00 -0700] "GET /phpMyAdmin/setup/?token=e1e7c07df1fb75074db9387c83c72bf0&version_check=1 HTTP/1.1" 200 12691 "-" "Mozilla/5.0 (compatible; SemrushBot/7~bl; +http://www.semrush.com/bot.html)" "www.tekmedicgloves.com"
185.191.171.38 - - [09/Sep/2022:10:59:15 -0700] "GET /robots.txt HTTP/1.1" 404 88 "-" "Mozilla/5.0 (compatible; SemrushBot/7~bl; +http://www.semrush.com/bot.html)" "www.tekmedicgloves.com"
185.191.171.38 - - [09/Sep/2022:10:59:16 -0700] "GET /phpMyAdmin/setup/?token=b89be7fe84fdd19b1ef674591d3cd8c6&version_check=1 HTTP/1.1" 200 12691 "-" "Mozilla/5.0 (compatible; SemrushBot/7~bl; +http://www.semrush.com/bot.html)" "www.tekmedicgloves.com"
185.191.171.43 - - [09/Sep/2022:10:59:32 -0700] "GET /phpMyAdmin/setup/?token=253ad2da290838dcff745d385318d813&version_check=1 HTTP/1.1" 200 12691 "-" "Mozilla/5.0 (compatible; SemrushBot/7~bl; +http://www.semrush.com/bot.html)" "www.tekmedicgloves.com"
185.191.171.34 - - [09/Sep/2022:10:59:34 -0700] "GET /phpMyAdmin/setup/?token=c2de487d18552b0390cd87dce25c9bc3&version_check=1 HTTP/1.1" 200 12687 "-" "Mozilla/5.0 (compatible; SemrushBot/7~bl; +http://www.semrush.com/bot.html)" "tekmedicgloves.com"
185.191.171.7 - - [09/Sep/2022:10:59:36 -0700] "GET /phpMyAdmin/setup/?token=cab493890609296d5f81f6476400631a&version_check=1 HTTP/1.1" 200 12687 "-" "Mozilla/5.0 (compatible; SemrushBot/7~bl; +http://www.semrush.com/bot.html)" "tekmedicgloves.com"
185.191.171.42 - - [09/Sep/2022:10:59:38 -0700] "GET /phpMyAdmin/setup/?token=c6511c28c336b15227a7657c0c8a345d&version_check=1 HTTP/1.1" 200 12687 "-" "Mozilla/5.0 (compatible; SemrushBot/7~bl; +http://www.semrush.com/bot.html)" "tekmedicgloves.com"
185.191.171.43 - - [09/Sep/2022:10:59:57 -0700] "GET /phpMyAdmin/setup/index.php?token=3abf324e51f8a1fd49c8627be4984d58&version_check=1 HTTP/1.1" 200 12705 "-" "Mozilla/5.0 (compatible; SemrushBot/7~bl; +http://www.semrush.com/bot.html)" "tekmedicgloves.com"
185.191.171.42 - - [09/Sep/2022:11:00:21 -0700] "GET /phpMyAdmin/setup/?token=9ae304d5d5468f4c1654ad4deec5e0ed&version_check=1 HTTP/1.1" 200 12691 "-" "Mozilla/5.0 (compatible; SemrushBot/7~bl; +http://www.semrush.com/bot.html)" "www.tekmedicgloves.com"
185.191.171.7 - - [09/Sep/2022:11:00:36 -0700] "GET /phpMyAdmin/setup/?token=f143159c4250711231c6bd16dc3193bd&version_check=1 HTTP/1.1" 200 12687 "-" "Mozilla/5.0 (compatible; SemrushBot/7~bl; +http://www.semrush.com/bot.html)" "tekmedicgloves.com"
185.191.171.12 - - [09/Sep/2022:11:00:38 -0700] "GET /phpMyAdmin/setup/?token=83dbe4a7f795037adc142311ab0a3223&version_check=1 HTTP/1.1" 200 12687 "-" "Mozilla/5.0 (compatible; SemrushBot/7~bl; +http://www.semrush.com/bot.html)" "tekmedicgloves.com"
185.191.171.44 - - [09/Sep/2022:11:00:46 -0700] "GET /phpMyAdmin/setup/?token=1cb1cdce605297344dc3d8af8c1635fa&version_check=1 HTTP/1.1" 200 12687 "-" "Mozilla/5.0 (compatible; SemrushBot/7~bl; +http://www.semrush.com/bot.html)" "tekmedicgloves.com"
185.191.171.19 - - [09/Sep/2022:11:01:13 -0700] "GET /phpMyAdmin/setup/index.php?token=950c46bf9d71cb398ce327f89a693d7f&version_check=1 HTTP/1.1" 200 12705 "-" "Mozilla/5.0 (compatible; SemrushBot/7~bl; +http://www.semrush.com/bot.html)" "tekmedicgloves.com"
185.191.171.13 - - [09/Sep/2022:11:01:15 -0700] "GET /phpMyAdmin/setup/?token=6deb4f803ef956f98c45df4f788c692d&version_check=1 HTTP/1.1" 200 12691 "-" "Mozilla/5.0 (compatible; SemrushBot/7~bl; +http://www.semrush.com/bot.html)" "www.tekmedicgloves.com"
185.191.171.24 - - [09/Sep/2022:11:01:28 -0700] "GET /phpMyAdmin/setup/index.php?token=75521ab6138153c08de671a2fcb6e0a6&version_check=1 HTTP/1.1" 200 12705 "-" "Mozilla/5.0 (compatible; SemrushBot/7~bl; +http://www.semrush.com/bot.html)" "tekmedicgloves.com"
185.191.171.24 - - [09/Sep/2022:11:01:49 -0700] "GET /phpMyAdmin/setup/?token=ae7d23f83bbd46ae34f68058c035019d&version_check=1 HTTP/1.1" 200 12691 "-" "Mozilla/5.0 (compatible; SemrushBot/7~bl; +http://www.semrush.com/bot.html)" "www.tekmedicgloves.com"
185.191.171.10 - - [09/Sep/2022:11:01:54 -0700] "GET /phpMyAdmin/setup/?token=271def1c73137695e847cb4dd68afb90&version_check=1 HTTP/1.1" 200 12687 "-" "Mozilla/5.0 (compatible; SemrushBot/7~bl; +http://www.semrush.com/bot.html)" "tekmedicgloves.com"
185.191.171.45 - - [09/Sep/2022:11:01:54 -0700] "GET /phpMyAdmin/setup/?token=13a8ab0bebe64fb970cc298c80d9e9b2&version_check=1 HTTP/1.1" 200 12691 "-" "Mozilla/5.0 (compatible; SemrushBot/7~bl; +http://www.semrush.com/bot.html)" "www.tekmedicgloves.com"
185.191.171.24 - - [09/Sep/2022:11:02:04 -0700] "GET /phpMyAdmin/setup/?token=abeee4151576243f7e492a9e5b52ef69&version_check=1 HTTP/1.1" 200 12687 "-" "Mozilla/5.0 (compatible; SemrushBot/7~bl; +http://www.semrush.com/bot.html)" "tekmedicgloves.com"
185.191.171.11 - - [09/Sep/2022:11:02:07 -0700] "GET /phpMyAdmin/setup/index.php?token=cc76ab7d138e04f1f90e3b8aa53664f5&version_check=1 HTTP/1.1" 200 12705 "-" "Mozilla/5.0 (compatible; SemrushBot/7~bl; +http://www.semrush.com/bot.html)" "tekmedicgloves.com"
185.191.171.12 - - [09/Sep/2022:11:02:13 -0700] "GET /phpMyAdmin/setup/?token=47353b2c6076fab41f79a874202cbbd6&version_check=1 HTTP/1.1" 200 12691 "-" "Mozilla/5.0 (compatible; SemrushBot/7~bl; +http://www.semrush.com/bot.html)" "www.tekmedicgloves.com"
185.191.171.9 - - [09/Sep/2022:11:02:15 -0700] "GET /phpMyAdmin/setup/?token=4f1fa8b0014a070fc50cb90b156c42ef&version_check=1 HTTP/1.1" 200 12691 "-" "Mozilla/5.0 (compatible; SemrushBot/7~bl; +http://www.semrush.com/bot.html)" "www.tekmedicgloves.com"
185.191.171.2 - - [09/Sep/2022:11:02:16 -0700] "GET /phpMyAdmin/setup/index.php?token=3061a5fdfc4ff861d5e8c4268e2bfa14&version_check=1 HTTP/1.1" 200 12705 "-" "Mozilla/5.0 (compatible; SemrushBot/7~bl; +http://www.semrush.com/bot.html)" "tekmedicgloves.com"
185.191.171.25 - - [09/Sep/2022:11:02:18 -0700] "GET /phpMyAdmin/setup/?token=5884fc7c3f13cc2daa46deaed1e28ede&version_check=1 HTTP/1.1" 200 12687 "-" "Mozilla/5.0 (compatible; SemrushBot/7~bl; +http://www.semrush.com/bot.html)" "tekmedicgloves.com"
185.191.171.43 - - [09/Sep/2022:11:02:44 -0700] "GET /phpMyAdmin/setup/?token=6568ed50a29a2e494a42d9d31f134342&version_check=1 HTTP/1.1" 200 12687 "-" "Mozilla/5.0 (compatible; SemrushBot/7~bl; +http://www.semrush.com/bot.html)" "tekmedicgloves.com"
185.191.171.26 - - [09/Sep/2022:11:02:53 -0700] "GET /phpMyAdmin/setup/?token=31731a15922fa6ff7425fb9bb6970b5a&version_check=1 HTTP/1.1" 200 12691 "-" "Mozilla/5.0 (compatible; SemrushBot/7~bl; +http://www.semrush.com/bot.html)" "www.tekmedicgloves.com"
185.191.171.40 - - [09/Sep/2022:11:03:03 -0700] "GET /phpMyAdmin/setup/?token=61d58d1d3338a3d004322227f30d969b&version_check=1 HTTP/1.1" 200 12691 "-" "Mozilla/5.0 (compatible; SemrushBot/7~bl; +http://www.semrush.com/bot.html)" "www.tekmedicgloves.com"
185.191.171.33 - - [09/Sep/2022:11:03:03 -0700] "GET /phpMyAdmin/setup/?token=2f0646d38d97a025223ab19bf0bc0cf0&version_check=1 HTTP/1.1" 200 12687 "-" "Mozilla/5.0 (compatible; SemrushBot/7~bl; +http://www.semrush.com/bot.html)" "tekmedicgloves.com"
185.191.171.24 - - [09/Sep/2022:11:03:13 -0700] "GET /phpMyAdmin/setup/index.php?token=ccd723cd686cf18c15ca0e1b65b7a89a&version_check=1 HTTP/1.1" 200 12705 "-" "Mozilla/5.0 (compatible; SemrushBot/7~bl; +http://www.semrush.com/bot.html)" "tekmedicgloves.com"
185.191.171.35 - - [09/Sep/2022:11:03:23 -0700] "GET /phpMyAdmin/setup/?token=8b40acdc2a7feb72192b7dd368a6ebe2&version_check=1 HTTP/1.1" 200 12691 "-" "Mozilla/5.0 (compatible; SemrushBot/7~bl; +http://www.semrush.com/bot.html)" "www.tekmedicgloves.com"
185.191.171.33 - - [09/Sep/2022:11:03:36 -0700] "GET /phpMyAdmin/setup/?token=5df061dcfac4cc4c58043d4bdcd6d1f2&version_check=1 HTTP/1.1" 200 12687 "-" "Mozilla/5.0 (compatible; SemrushBot/7~bl; +http://www.semrush.com/bot.html)" "tekmedicgloves.com"
185.191.171.8 - - [09/Sep/2022:11:03:40 -0700] "GET /phpMyAdmin/setup/?token=24eda3d55d83e78062188c8b4a212be1&version_check=1 HTTP/1.1" 200 12691 "-" "Mozilla/5.0 (compatible; SemrushBot/7~bl; +http://www.semrush.com/bot.html)" "www.tekmedicgloves.com"
185.191.171.8 - - [09/Sep/2022:11:03:47 -0700] "GET /phpMyAdmin/setup/?token=52f5e4211c85e65283d2c12c9c64d834&version_check=1 HTTP/1.1" 200 12691 "-" "Mozilla/5.0 (compatible; SemrushBot/7~bl; +http://www.semrush.com/bot.html)" "www.tekmedicgloves.com"
185.191.171.7 - - [09/Sep/2022:11:04:01 -0700] "GET /phpMyAdmin/setup/?token=700719e217c4e577d691edec50dfb322&version_check=1 HTTP/1.1" 200 12687 "-" "Mozilla/5.0 (compatible; SemrushBot/7~bl; +http://www.semrush.com/bot.html)" "tekmedicgloves.com"
185.191.171.35 - - [09/Sep/2022:11:04:09 -0700] "GET /phpMyAdmin/setup/?token=3db5a2264e4a63e68dcc69cfd8c4f9eb&version_check=1 HTTP/1.1" 200 12691 "-" "Mozilla/5.0 (compatible; SemrushBot/7~bl; +http://www.semrush.com/bot.html)" "www.tekmedicgloves.com"
185.191.171.25 - - [09/Sep/2022:11:04:17 -0700] "GET /phpMyAdmin/setup/?token=a8572d0b89e5b332095098e91e09885e&version_check=1 HTTP/1.1" 200 12687 "-" "Mozilla/5.0 (compatible; SemrushBot/7~bl; +http://www.semrush.com/bot.html)" "tekmedicgloves.com"
185.191.171.20 - - [09/Sep/2022:11:04:31 -0700] "GET /phpMyAdmin/setup/?token=d2ec7da646d0540237de65fb5f1004de&version_check=1 HTTP/1.1" 200 12687 "-" "Mozilla/5.0 (compatible; SemrushBot/7~bl; +http://www.semrush.com/bot.html)" "tekmedicgloves.com"
185.191.171.21 - - [09/Sep/2022:11:04:47 -0700] "GET /phpMyAdmin/setup/?token=6c87dc6d6b5a5bdcee00a550ebdb41fe&version_check=1 HTTP/1.1" 200 12691 "-" "Mozilla/5.0 (compatible; SemrushBot/7~bl; +http://www.semrush.com/bot.html)" "www.tekmedicgloves.com"
185.191.171.21 - - [09/Sep/2022:11:05:06 -0700] "GET /phpMyAdmin/setup/?token=9748c50a6e522a7d3ccdf6146c71eac4&version_check=1 HTTP/1.1" 200 12687 "-" "Mozilla/5.0 (compatible; SemrushBot/7~bl; +http://www.semrush.com/bot.html)" "tekmedicgloves.com"
185.191.171.16 - - [09/Sep/2022:11:05:08 -0700] "GET /phpMyAdmin/setup/index.php?token=98f33bba6b2b832b36a7c4b8e53fa23c&version_check=1 HTTP/1.1" 200 12705 "-" "Mozilla/5.0 (compatible; SemrushBot/7~bl; +http://www.semrush.com/bot.html)" "tekmedicgloves.com"
185.191.171.8 - - [09/Sep/2022:11:05:09 -0700] "GET /phpMyAdmin/setup/?token=57cd1b755412c608d162e4ed7dea7a05&version_check=1 HTTP/1.1" 200 12691 "-" "Mozilla/5.0 (compatible; SemrushBot/7~bl; +http://www.semrush.com/bot.html)" "www.tekmedicgloves.com"
185.191.171.4 - - [09/Sep/2022:11:05:11 -0700] "GET /phpMyAdmin/setup/?token=e7c467a2b4504b848157d8771ccec220&version_check=1 HTTP/1.1" 200 12687 "-" "Mozilla/5.0 (compatible; SemrushBot/7~bl; +http://www.semrush.com/bot.html)" "tekmedicgloves.com"
185.191.171.25 - - [09/Sep/2022:11:05:18 -0700] "GET /phpMyAdmin/setup/?token=b37e472e6d4e6cb44bc6b484a446429c&version_check=1 HTTP/1.1" 200 12687 "-" "Mozilla/5.0 (compatible; SemrushBot/7~bl; +http://www.semrush.com/bot.html)" "tekmedicgloves.com"
185.191.171.12 - - [09/Sep/2022:11:05:42 -0700] "GET /phpMyAdmin/setup/?token=53587fa1a6bd3ff0c5c2bb7bd693f255&version_check=1 HTTP/1.1" 200 12687 "-" "Mozilla/5.0 (compatible; SemrushBot/7~bl; +http://www.semrush.com/bot.html)" "tekmedicgloves.com"
185.191.171.40 - - [09/Sep/2022:11:06:13 -0700] "GET /phpMyAdmin/setup/?token=40fb9c34b4e7aa0f30c5f27562b60927&version_check=1 HTTP/1.1" 200 12691 "-" "Mozilla/5.0 (compatible; SemrushBot/7~bl; +http://www.semrush.com/bot.html)" "www.tekmedicgloves.com"
185.191.171.2 - - [09/Sep/2022:11:06:15 -0700] "GET /phpMyAdmin/setup/?token=f7939b6eabf68f4391c4c2929f411dbf&version_check=1 HTTP/1.1" 200 12691 "-" "Mozilla/5.0 (compatible; SemrushBot/7~bl; +http://www.semrush.com/bot.html)" "www.tekmedicgloves.com"
185.191.171.14 - - [09/Sep/2022:11:06:22 -0700] "GET /phpMyAdmin/setup/?token=b17aaf69f0187b6a66ed40621eb8558f&version_check=1 HTTP/1.1" 200 12691 "-" "Mozilla/5.0 (compatible; SemrushBot/7~bl; +http://www.semrush.com/bot.html)" "www.tekmedicgloves.com"
185.191.171.2 - - [09/Sep/2022:11:06:27 -0700] "GET /phpMyAdmin/setup/?token=fee4d89ff6771d6eeb3d9c9de9bfc4a1&version_check=1 HTTP/1.1" 200 12691 "-" "Mozilla/5.0 (compatible; SemrushBot/7~bl; +http://www.semrush.com/bot.html)" "www.tekmedicgloves.com"
185.191.171.16 - - [09/Sep/2022:11:06:31 -0700] "GET /phpMyAdmin/setup/index.php?token=8df7c67159ce6a084232bbaaf2b703d9&version_check=1 HTTP/1.1" 200 12705 "-" "Mozilla/5.0 (compatible; SemrushBot/7~bl; +http://www.semrush.com/bot.html)" "tekmedicgloves.com"
40.77.139.30 - - [09/Sep/2022:11:06:36 -0700] "GET /beta/wp-content/themes/CherryFramework/style.css HTTP/1.1" 200 528 "-" "Mozilla/5.0 (Windows NT 6.1; WOW64) AppleWebKit/534+ (KHTML, like Gecko) BingPreview/1.0b" "tekmedicgloves.com"
40.77.139.54 - - [09/Sep/2022:11:06:36 -0700] "GET /beta/wp-content/themes/CherryFramework/css/style.css HTTP/1.1" 200 66507 "-" "Mozilla/5.0 (Windows NT 6.1; WOW64) AppleWebKit/534+ (KHTML, like Gecko) BingPreview/1.0b" "tekmedicgloves.com"
185.191.171.4 - - [09/Sep/2022:11:06:42 -0700] "GET /phpMyAdmin/setup/index.php?token=a76c920177423acd91730ff005aeb887&version_check=1 HTTP/1.1" 200 12705 "-" "Mozilla/5.0 (compatible; SemrushBot/7~bl; +http://www.semrush.com/bot.html)" "tekmedicgloves.com"
185.191.171.37 - - [09/Sep/2022:11:07:01 -0700] "GET /phpMyAdmin/setup/?token=e0f6e8aebeb99a678bb5673ef05de445&version_check=1 HTTP/1.1" 200 12691 "-" "Mozilla/5.0 (compatible; SemrushBot/7~bl; +http://www.semrush.com/bot.html)" "www.tekmedicgloves.com"
185.191.171.4 - - [09/Sep/2022:11:07:07 -0700] "GET /phpMyAdmin/setup/?token=ff34fcd4929c5143466aa7fb6c427561&version_check=1 HTTP/1.1" 200 12687 "-" "Mozilla/5.0 (compatible; SemrushBot/7~bl; +http://www.semrush.com/bot.html)" "tekmedicgloves.com"
185.191.171.2 - - [09/Sep/2022:11:07:22 -0700] "GET /phpMyAdmin/setup/?token=85b0484b1a78933dfde064989252a34e&version_check=1 HTTP/1.1" 200 12691 "-" "Mozilla/5.0 (compatible; SemrushBot/7~bl; +http://www.semrush.com/bot.html)" "www.tekmedicgloves.com"
185.191.171.43 - - [09/Sep/2022:11:07:28 -0700] "GET /phpMyAdmin/setup/index.php?token=4bcad94f1e623a89536154d34c81a7c9&version_check=1 HTTP/1.1" 200 12709 "-" "Mozilla/5.0 (compatible; SemrushBot/7~bl; +http://www.semrush.com/bot.html)" "www.tekmedicgloves.com"
185.191.171.3 - - [09/Sep/2022:11:07:43 -0700] "GET /phpMyAdmin/setup/?token=97f220f33a8e74758c76c2d3566c1e03&version_check=1 HTTP/1.1" 200 12687 "-" "Mozilla/5.0 (compatible; SemrushBot/7~bl; +http://www.semrush.com/bot.html)" "tekmedicgloves.com"
185.191.171.44 - - [09/Sep/2022:11:07:48 -0700] "GET /phpMyAdmin/setup/?token=9ce82ae949d52548fe7c8aa267ffcea8&version_check=1 HTTP/1.1" 200 12687 "-" "Mozilla/5.0 (compatible; SemrushBot/7~bl; +http://www.semrush.com/bot.html)" "tekmedicgloves.com"
185.191.171.44 - - [09/Sep/2022:11:07:56 -0700] "GET /phpMyAdmin/setup/?token=af87d1aac459e811156cca6eacd62a17&version_check=1 HTTP/1.1" 200 12691 "-" "Mozilla/5.0 (compatible; SemrushBot/7~bl; +http://www.semrush.com/bot.html)" "www.tekmedicgloves.com"
185.191.171.2 - - [09/Sep/2022:11:07:58 -0700] "GET /phpMyAdmin/setup/?token=02837189e8faff30f49c7c1dd745832e&version_check=1 HTTP/1.1" 200 12687 "-" "Mozilla/5.0 (compatible; SemrushBot/7~bl; +http://www.semrush.com/bot.html)" "tekmedicgloves.com"
185.191.171.44 - - [09/Sep/2022:11:07:59 -0700] "GET /phpMyAdmin/setup/?token=e5a0a439a2a72c6d22985e43b6f82648&version_check=1 HTTP/1.1" 200 12691 "-" "Mozilla/5.0 (compatible; SemrushBot/7~bl; +http://www.semrush.com/bot.html)" "www.tekmedicgloves.com"
185.191.171.21 - - [09/Sep/2022:11:08:00 -0700] "GET /phpMyAdmin/setup/?token=7822103f94a295ec2ea34b7e7db25f20&version_check=1 HTTP/1.1" 200 12687 "-" "Mozilla/5.0 (compatible; SemrushBot/7~bl; +http://www.semrush.com/bot.html)" "tekmedicgloves.com"
185.191.171.39 - - [09/Sep/2022:11:08:17 -0700] "GET /phpMyAdmin/setup/index.php?token=0a3bf596c8a7cd8506a26fad1b07dba0&version_check=1 HTTP/1.1" 200 12709 "-" "Mozilla/5.0 (compatible; SemrushBot/7~bl; +http://www.semrush.com/bot.html)" "www.tekmedicgloves.com"
185.191.171.36 - - [09/Sep/2022:11:08:26 -0700] "GET /phpMyAdmin/setup/?token=46ba4783794e2bdf16446d102a42bcab&version_check=1 HTTP/1.1" 200 12687 "-" "Mozilla/5.0 (compatible; SemrushBot/7~bl; +http://www.semrush.com/bot.html)" "tekmedicgloves.com"
185.191.171.44 - - [09/Sep/2022:11:08:38 -0700] "GET /phpMyAdmin/setup/index.php?token=0992be16823759398af6f6d1d7394901&version_check=1 HTTP/1.1" 200 12709 "-" "Mozilla/5.0 (compatible; SemrushBot/7~bl; +http://www.semrush.com/bot.html)" "www.tekmedicgloves.com"
185.191.171.11 - - [09/Sep/2022:11:08:39 -0700] "GET /phpMyAdmin/setup/index.php?token=2789f24cb492a5bbb0d74e27c29f67dd&version_check=1 HTTP/1.1" 200 12705 "-" "Mozilla/5.0 (compatible; SemrushBot/7~bl; +http://www.semrush.com/bot.html)" "tekmedicgloves.com"
185.191.171.16 - - [09/Sep/2022:11:08:48 -0700] "GET /phpMyAdmin/setup/?token=e110c80e2dbd0df5686c54d9a4f5b42f&version_check=1 HTTP/1.1" 200 12691 "-" "Mozilla/5.0 (compatible; SemrushBot/7~bl; +http://www.semrush.com/bot.html)" "www.tekmedicgloves.com"
185.191.171.41 - - [09/Sep/2022:11:08:52 -0700] "GET /phpMyAdmin/setup/?token=a7c85b26603299e19337d41bef5e2d6c&version_check=1 HTTP/1.1" 200 12687 "-" "Mozilla/5.0 (compatible; SemrushBot/7~bl; +http://www.semrush.com/bot.html)" "tekmedicgloves.com"
185.191.171.9 - - [09/Sep/2022:11:08:58 -0700] "GET /phpMyAdmin/setup/?token=fd9f38f0e1d0c7ae085e0ee252799009&version_check=1 HTTP/1.1" 200 12691 "-" "Mozilla/5.0 (compatible; SemrushBot/7~bl; +http://www.semrush.com/bot.html)" "www.tekmedicgloves.com"
185.191.171.7 - - [09/Sep/2022:11:09:00 -0700] "GET /phpMyAdmin/setup/index.php?token=6af0cf06c3cdd6ecf742072999f91b8c&version_check=1 HTTP/1.1" 200 12705 "-" "Mozilla/5.0 (compatible; SemrushBot/7~bl; +http://www.semrush.com/bot.html)" "tekmedicgloves.com"
185.191.171.9 - - [09/Sep/2022:11:09:07 -0700] "GET /phpMyAdmin/setup/?token=35c43a1cd0e05adc54cf98faf09a4184&version_check=1 HTTP/1.1" 200 12691 "-" "Mozilla/5.0 (compatible; SemrushBot/7~bl; +http://www.semrush.com/bot.html)" "www.tekmedicgloves.com"
185.191.171.14 - - [09/Sep/2022:11:09:19 -0700] "GET /phpMyAdmin/setup/?token=45b522fa95414cadd42c8322986e9bef&version_check=1 HTTP/1.1" 200 12687 "-" "Mozilla/5.0 (compatible; SemrushBot/7~bl; +http://www.semrush.com/bot.html)" "tekmedicgloves.com"
185.191.171.26 - - [09/Sep/2022:11:09:20 -0700] "GET /phpMyAdmin/setup/index.php?token=c70c9974a4864cf265f7d43e35a3a1ec&version_check=1 HTTP/1.1" 200 12709 "-" "Mozilla/5.0 (compatible; SemrushBot/7~bl; +http://www.semrush.com/bot.html)" "www.tekmedicgloves.com"
185.191.171.7 - - [09/Sep/2022:11:09:49 -0700] "GET /phpMyAdmin/setup/?token=71c014976ff56d347f4d11f75b172374&version_check=1 HTTP/1.1" 200 12687 "-" "Mozilla/5.0 (compatible; SemrushBot/7~bl; +http://www.semrush.com/bot.html)" "tekmedicgloves.com"
185.191.171.38 - - [09/Sep/2022:11:10:14 -0700] "GET /phpMyAdmin/setup/index.php?token=6e543ccace33d4820361cc5274bf6683&version_check=1 HTTP/1.1" 200 12705 "-" "Mozilla/5.0 (compatible; SemrushBot/7~bl; +http://www.semrush.com/bot.html)" "tekmedicgloves.com"
185.191.171.15 - - [09/Sep/2022:11:10:18 -0700] "GET /phpMyAdmin/setup/?token=65f561b99f91f68d7ca6d15cb65c3d20&version_check=1 HTTP/1.1" 200 12691 "-" "Mozilla/5.0 (compatible; SemrushBot/7~bl; +http://www.semrush.com/bot.html)" "www.tekmedicgloves.com"
185.191.171.42 - - [09/Sep/2022:11:10:33 -0700] "GET /phpMyAdmin/setup/?token=c6767475459f6830ebabec164e1fc195&version_check=1 HTTP/1.1" 200 12687 "-" "Mozilla/5.0 (compatible; SemrushBot/7~bl; +http://www.semrush.com/bot.html)" "tekmedicgloves.com"
185.191.171.8 - - [09/Sep/2022:11:10:36 -0700] "GET /phpMyAdmin/setup/?token=735dee87b5b952aaee2bda58f41daf83&version_check=1 HTTP/1.1" 200 12691 "-" "Mozilla/5.0 (compatible; SemrushBot/7~bl; +http://www.semrush.com/bot.html)" "www.tekmedicgloves.com"
185.191.171.10 - - [09/Sep/2022:11:10:42 -0700] "GET /phpMyAdmin/setup/index.php?token=5a56a573e85d451da601adee6b0e3942&version_check=1 HTTP/1.1" 200 12705 "-" "Mozilla/5.0 (compatible; SemrushBot/7~bl; +http://www.semrush.com/bot.html)" "tekmedicgloves.com"
185.191.171.40 - - [09/Sep/2022:11:10:51 -0700] "GET /phpMyAdmin/setup/?token=efc1faebaced235bce81944dc340f90d&version_check=1 HTTP/1.1" 200 12687 "-" "Mozilla/5.0 (compatible; SemrushBot/7~bl; +http://www.semrush.com/bot.html)" "tekmedicgloves.com"
185.191.171.9 - - [09/Sep/2022:11:11:01 -0700] "GET /phpMyAdmin/setup/?token=4888146af5a44175c12a76a62cb770d1&version_check=1 HTTP/1.1" 200 12691 "-" "Mozilla/5.0 (compatible; SemrushBot/7~bl; +http://www.semrush.com/bot.html)" "www.tekmedicgloves.com"
185.191.171.11 - - [09/Sep/2022:11:11:03 -0700] "GET /phpMyAdmin/setup/?token=80b1c76da4381fea2469d40b8b27a174&version_check=1 HTTP/1.1" 200 12691 "-" "Mozilla/5.0 (compatible; SemrushBot/7~bl; +http://www.semrush.com/bot.html)" "www.tekmedicgloves.com"
185.191.171.40 - - [09/Sep/2022:11:11:31 -0700] "GET /phpMyAdmin/setup/index.php?token=9ba1d65ba53e2602f3bd426ca2d42883&version_check=1 HTTP/1.1" 200 12705 "-" "Mozilla/5.0 (compatible; SemrushBot/7~bl; +http://www.semrush.com/bot.html)" "tekmedicgloves.com"
185.191.171.12 - - [09/Sep/2022:11:11:55 -0700] "GET /phpMyAdmin/setup/?token=099ac55ba450ed340b728394f8d0fa52&version_check=1 HTTP/1.1" 200 12687 "-" "Mozilla/5.0 (compatible; SemrushBot/7~bl; +http://www.semrush.com/bot.html)" "tekmedicgloves.com"
185.191.171.42 - - [09/Sep/2022:11:12:11 -0700] "GET /phpMyAdmin/setup/?token=e9032ce81bc060f6df1aafda92b3d04e&version_check=1 HTTP/1.1" 200 12687 "-" "Mozilla/5.0 (compatible; SemrushBot/7~bl; +http://www.semrush.com/bot.html)" "tekmedicgloves.com"
185.191.171.41 - - [09/Sep/2022:11:12:22 -0700] "GET /phpMyAdmin/setup/index.php?token=5ae348c3c0240a52540753defa0d71ec&version_check=1 HTTP/1.1" 200 12705 "-" "Mozilla/5.0 (compatible; SemrushBot/7~bl; +http://www.semrush.com/bot.html)" "tekmedicgloves.com"
185.191.171.41 - - [09/Sep/2022:11:12:49 -0700] "GET /phpMyAdmin/setup/?token=8e465a9992abbcfad0d4ec6b589f2d76&version_check=1 HTTP/1.1" 200 12691 "-" "Mozilla/5.0 (compatible; SemrushBot/7~bl; +http://www.semrush.com/bot.html)" "www.tekmedicgloves.com"
185.191.171.1 - - [09/Sep/2022:11:12:55 -0700] "GET /phpMyAdmin/setup/index.php?token=c518e85e16f8757a7b6a3d7a58f9b7b8&version_check=1 HTTP/1.1" 200 12709 "-" "Mozilla/5.0 (compatible; SemrushBot/7~bl; +http://www.semrush.com/bot.html)" "www.tekmedicgloves.com"
185.191.171.20 - - [09/Sep/2022:11:12:56 -0700] "GET /phpMyAdmin/setup/?token=71c179585f1767e0890851c9447b55fd&version_check=1 HTTP/1.1" 200 12687 "-" "Mozilla/5.0 (compatible; SemrushBot/7~bl; +http://www.semrush.com/bot.html)" "tekmedicgloves.com"
185.191.171.3 - - [09/Sep/2022:11:13:08 -0700] "GET /phpMyAdmin/setup/index.php?token=2b59e57c96ecef8fa47a2082488def9f&version_check=1 HTTP/1.1" 200 12709 "-" "Mozilla/5.0 (compatible; SemrushBot/7~bl; +http://www.semrush.com/bot.html)" "www.tekmedicgloves.com"
185.191.171.39 - - [09/Sep/2022:11:13:24 -0700] "GET /phpMyAdmin/setup/?token=0bc2b1f6f459ae2872afbd407388b0ca&version_check=1 HTTP/1.1" 200 12691 "-" "Mozilla/5.0 (compatible; SemrushBot/7~bl; +http://www.semrush.com/bot.html)" "www.tekmedicgloves.com"
185.191.171.20 - - [09/Sep/2022:11:13:29 -0700] "GET /phpMyAdmin/setup/?token=9beff68815e760c96bde21479c503312&version_check=1 HTTP/1.1" 200 12691 "-" "Mozilla/5.0 (compatible; SemrushBot/7~bl; +http://www.semrush.com/bot.html)" "www.tekmedicgloves.com"
185.191.171.39 - - [09/Sep/2022:11:13:30 -0700] "GET /phpMyAdmin/setup/?token=71c4a2d8f174ee7af747f28c66a5f1b6&version_check=1 HTTP/1.1" 200 12691 "-" "Mozilla/5.0 (compatible; SemrushBot/7~bl; +http://www.semrush.com/bot.html)" "www.tekmedicgloves.com"
185.191.171.4 - - [09/Sep/2022:11:13:31 -0700] "GET /phpMyAdmin/setup/index.php?token=3a900216b7d2f13025d49ef9c26b0208&version_check=1 HTTP/1.1" 200 12705 "-" "Mozilla/5.0 (compatible; SemrushBot/7~bl; +http://www.semrush.com/bot.html)" "tekmedicgloves.com"
185.191.171.33 - - [09/Sep/2022:11:13:47 -0700] "GET /phpMyAdmin/setup/?token=40691b79876ac2f74e439cbb804042e3&version_check=1 HTTP/1.1" 200 12691 "-" "Mozilla/5.0 (compatible; SemrushBot/7~bl; +http://www.semrush.com/bot.html)" "www.tekmedicgloves.com"
185.191.171.11 - - [09/Sep/2022:11:14:15 -0700] "GET /phpMyAdmin/setup/?token=7d7ecc5b3627570522ef1f3b6eb25c58&version_check=1 HTTP/1.1" 200 12687 "-" "Mozilla/5.0 (compatible; SemrushBot/7~bl; +http://www.semrush.com/bot.html)" "tekmedicgloves.com"
185.191.171.26 - - [09/Sep/2022:11:14:19 -0700] "GET /phpMyAdmin/setup/?token=f236d60324a5d5096c4544628bcbe708&version_check=1 HTTP/1.1" 200 12691 "-" "Mozilla/5.0 (compatible; SemrushBot/7~bl; +http://www.semrush.com/bot.html)" "www.tekmedicgloves.com"
185.191.171.39 - - [09/Sep/2022:11:14:26 -0700] "GET /phpMyAdmin/setup/index.php?token=c1c6dc51e55fde1c47ce3564e5cfd4cd&version_check=1 HTTP/1.1" 200 12709 "-" "Mozilla/5.0 (compatible; SemrushBot/7~bl; +http://www.semrush.com/bot.html)" "www.tekmedicgloves.com"
185.191.171.35 - - [09/Sep/2022:11:14:30 -0700] "GET /phpMyAdmin/setup/?token=c55b25229f10e9ff423546e0f88b06fb&version_check=1 HTTP/1.1" 200 12691 "-" "Mozilla/5.0 (compatible; SemrushBot/7~bl; +http://www.semrush.com/bot.html)" "www.tekmedicgloves.com"
185.191.171.25 - - [09/Sep/2022:11:14:48 -0700] "GET /phpMyAdmin/setup/?token=230f074aebdfe58830d677e3aadd128f&version_check=1 HTTP/1.1" 200 12691 "-" "Mozilla/5.0 (compatible; SemrushBot/7~bl; +http://www.semrush.com/bot.html)" "www.tekmedicgloves.com"
