92.79.51.204 - - [09/Sep/2022:05:26:47 -0700] "GET /beta/wp-content/plugins/contact-form-7/includes/css/styles.css HTTP/1.1" 200 392 "http://tekmedicgloves.com/beta/contacts.php" "Mozilla/5.0 (Windows NT 10.0; Win64; x64; rv:104.0) Gecko/20100101 Firefox/104.0" "tekmedicgloves.com"
92.79.51.204 - - [09/Sep/2022:05:26:47 -0700] "GET /beta/wp-content/plugins/cherry-plugin/lib/js/owl-carousel/owl.theme.css HTTP/1.1" 200 606 "http://tekmedicgloves.com/beta/contacts.php" "Mozilla/5.0 (Windows NT 10.0; Win64; x64; rv:104.0) Gecko/20100101 Firefox/104.0" "tekmedicgloves.com"
92.79.51.204 - - [09/Sep/2022:05:26:47 -0700] "GET /beta/wp-content/plugins/cherry-plugin/lib/js/owl-carousel/owl.carousel.css HTTP/1.1" 200 1119 "http://tekmedicgloves.com/beta/contacts.php" "Mozilla/5.0 (Windows NT 10.0; Win64; x64; rv:104.0) Gecko/20100101 Firefox/104.0" "tekmedicgloves.com"
92.79.51.204 - - [09/Sep/2022:05:26:47 -0700] "GET /beta/wp-includes/js/swfobject.js HTTP/1.1" 404 88 "http://tekmedicgloves.com/beta/contacts.php" "Mozilla/5.0 (Windows NT 10.0; Win64; x64; rv:104.0) Gecko/20100101 Firefox/104.0" "tekmedicgloves.com"
92.79.51.204 - - [09/Sep/2022:05:26:47 -0700] "GET /beta/wp-content/themes/CherryFramework/css/magnific-popup.css HTTP/1.1" 200 2166 "http://tekmedicgloves.com/beta/contacts.php" "Mozilla/5.0 (Windows NT 10.0; Win64; x64; rv:104.0) Gecko/20100101 Firefox/104.0" "tekmedicgloves.com"
92.79.51.204 - - [09/Sep/2022:05:26:47 -0700] "GET /beta/wp-content/themes/theme48838/main-style.css HTTP/1.1" 200 4849 "http://tekmedicgloves.com/beta/contacts.php" "Mozilla/5.0 (Windows NT 10.0; Win64; x64; rv:104.0) Gecko/20100101 Firefox/104.0" "tekmedicgloves.com"
92.79.51.204 - - [09/Sep/2022:05:26:47 -0700] "GET /beta/wp-includes/js/comment-reply.min.js HTTP/1.1" 404 88 "http://tekmedicgloves.com/beta/contacts.php" "Mozilla/5.0 (Windows NT 10.0; Win64; x64; rv:104.0) Gecko/20100101 Firefox/104.0" "tekmedicgloves.com"
92.79.51.204 - - [09/Sep/2022:05:26:47 -0700] "GET /beta/wp-content/themes/CherryFramework/js/modernizr.js HTTP/1.1" 200 5141 "http://tekmedicgloves.com/beta/contacts.php" "Mozilla/5.0 (Windows NT 10.0; Win64; x64; rv:104.0) Gecko/20100101 Firefox/104.0" "tekmedicgloves.com"
92.79.51.204 - - [09/Sep/2022:05:26:47 -0700] "GET /beta/wp-content/themes/CherryFramework/js/jquery-1.7.2.min.js HTTP/1.1" 200 33630 "http://tekmedicgloves.com/beta/contacts.php" "Mozilla/5.0 (Windows NT 10.0; Win64; x64; rv:104.0) Gecko/20100101 Firefox/104.0" "tekmedicgloves.com"
92.79.51.204 - - [09/Sep/2022:05:26:47 -0700] "GET /beta/wp-content/themes/CherryFramework/js/custom.js HTTP/1.1" 200 2131 "http://tekmedicgloves.com/beta/contacts.php" "Mozilla/5.0 (Windows NT 10.0; Win64; x64; rv:104.0) Gecko/20100101 Firefox/104.0" "tekmedicgloves.com"
92.79.51.204 - - [09/Sep/2022:05:26:47 -0700] "GET /beta/wp-content/themes/CherryFramework/js/jflickrfeed.js HTTP/1.1" 200 560 "http://tekmedicgloves.com/beta/contacts.php" "Mozilla/5.0 (Windows NT 10.0; Win64; x64; rv:104.0) Gecko/20100101 Firefox/104.0" "tekmedicgloves.com"
92.79.51.204 - - [09/Sep/2022:05:26:47 -0700] "GET /beta/wp-content/themes/CherryFramework/bootstrap/js/bootstrap.min.js HTTP/1.1" 200 7654 "http://tekmedicgloves.com/beta/contacts.php" "Mozilla/5.0 (Windows NT 10.0; Win64; x64; rv:104.0) Gecko/20100101 Firefox/104.0" "tekmedicgloves.com"
92.79.51.204 - - [09/Sep/2022:05:26:47 -0700] "GET /beta/wp-content/themes/CherryFramework/js/jquery.mobile.customized.min.js HTTP/1.1" 200 6409 "http://tekmedicgloves.com/beta/contacts.php" "Mozilla/5.0 (Windows NT 10.0; Win64; x64; rv:104.0) Gecko/20100101 Firefox/104.0" "tekmedicgloves.com"
92.79.51.204 - - [09/Sep/2022:05:26:47 -0700] "GET /beta/wp-content/themes/theme48838/bootstrap/css/bootstrap.css HTTP/1.1" 200 15793 "http://tekmedicgloves.com/beta/contacts.php" "Mozilla/5.0 (Windows NT 10.0; Win64; x64; rv:104.0) Gecko/20100101 Firefox/104.0" "tekmedicgloves.com"
92.79.51.204 - - [09/Sep/2022:05:26:47 -0700] "GET /beta/wp-content/themes/theme48838/bootstrap/css/responsive.css HTTP/1.1" 200 4226 "http://tekmedicgloves.com/beta/contacts.php" "Mozilla/5.0 (Windows NT 10.0; Win64; x64; rv:104.0) Gecko/20100101 Firefox/104.0" "tekmedicgloves.com"
92.79.51.204 - - [09/Sep/2022:05:26:47 -0700] "GET /beta/wp-content/themes/theme48838/style.css HTTP/1.1" 200 243 "http://tekmedicgloves.com/beta/contacts.php" "Mozilla/5.0 (Windows NT 10.0; Win64; x64; rv:104.0) Gecko/20100101 Firefox/104.0" "tekmedicgloves.com"
92.79.51.204 - - [09/Sep/2022:05:26:47 -0700] "GET /beta/wp-content/themes/CherryFramework/css/camera.css HTTP/1.1" 200 3117 "http://tekmedicgloves.com/beta/contacts.php" "Mozilla/5.0 (Windows NT 10.0; Win64; x64; rv:104.0) Gecko/20100101 Firefox/104.0" "tekmedicgloves.com"
92.79.51.204 - - [09/Sep/2022:05:26:47 -0700] "GET /beta/wp-content/plugins/contact-form-7/includes/js/scripts.js HTTP/1.1" 200 1850 "http://tekmedicgloves.com/beta/contacts.php" "Mozilla/5.0 (Windows NT 10.0; Win64; x64; rv:104.0) Gecko/20100101 Firefox/104.0" "tekmedicgloves.com"
92.79.51.204 - - [09/Sep/2022:05:26:47 -0700] "GET /beta/wp-content/themes/CherryFramework/js/superfish.js HTTP/1.1" 200 1280 "http://tekmedicgloves.com/beta/contacts.php" "Mozilla/5.0 (Windows NT 10.0; Win64; x64; rv:104.0) Gecko/20100101 Firefox/104.0" "tekmedicgloves.com"
92.79.51.204 - - [09/Sep/2022:05:26:48 -0700] "GET /beta/wp-content/themes/CherryFramework/js/jquery.mobilemenu.js HTTP/1.1" 200 908 "http://tekmedicgloves.com/beta/contacts.php" "Mozilla/5.0 (Windows NT 10.0; Win64; x64; rv:104.0) Gecko/20100101 Firefox/104.0" "tekmedicgloves.com"
92.79.51.204 - - [09/Sep/2022:05:26:48 -0700] "GET /beta/wp-content/themes/CherryFramework/js/jquery.magnific-popup.min.js HTTP/1.1" 200 7493 "http://tekmedicgloves.com/beta/contacts.php" "Mozilla/5.0 (Windows NT 10.0; Win64; x64; rv:104.0) Gecko/20100101 Firefox/104.0" "tekmedicgloves.com"
92.79.51.204 - - [09/Sep/2022:05:26:48 -0700] "GET /beta/wp-content/themes/CherryFramework/js/jplayer.playlist.min.js HTTP/1.1" 200 2404 "http://tekmedicgloves.com/beta/contacts.php" "Mozilla/5.0 (Windows NT 10.0; Win64; x64; rv:104.0) Gecko/20100101 Firefox/104.0" "tekmedicgloves.com"
92.79.51.204 - - [09/Sep/2022:05:26:48 -0700] "GET /beta/wp-content/themes/CherryFramework/js/jquery.jplayer.min.js HTTP/1.1" 200 11945 "http://tekmedicgloves.com/beta/contacts.php" "Mozilla/5.0 (Windows NT 10.0; Win64; x64; rv:104.0) Gecko/20100101 Firefox/104.0" "tekmedicgloves.com"
92.79.51.204 - - [09/Sep/2022:05:26:48 -0700] "GET /beta/wp-content/plugins/cherry-plugin/lib/js/FlexSlider/jquery.flexslider-min.js HTTP/1.1" 200 5177 "http://tekmedicgloves.com/beta/contacts.php" "Mozilla/5.0 (Windows NT 10.0; Win64; x64; rv:104.0) Gecko/20100101 Firefox/104.0" "tekmedicgloves.com"
92.79.51.204 - - [09/Sep/2022:05:26:48 -0700] "GET /beta/wp-content/plugins/cherry-plugin/lib/js/jquery.easing.1.3.js HTTP/1.1" 200 814 "http://tekmedicgloves.com/beta/contacts.php" "Mozilla/5.0 (Windows NT 10.0; Win64; x64; rv:104.0) Gecko/20100101 Firefox/104.0" "tekmedicgloves.com"
92.79.51.204 - - [09/Sep/2022:05:26:48 -0700] "GET /beta/wp-content/themes/CherryFramework/js/camera.min.js HTTP/1.1" 200 8551 "http://tekmedicgloves.com/beta/contacts.php" "Mozilla/5.0 (Windows NT 10.0; Win64; x64; rv:104.0) Gecko/20100101 Firefox/104.0" "tekmedicgloves.com"
92.79.51.204 - - [09/Sep/2022:05:26:48 -0700] "GET /beta/wp-content/themes/CherryFramework/js/jquery.debouncedresize.js HTTP/1.1" 200 226 "http://tekmedicgloves.com/beta/contacts.php" "Mozilla/5.0 (Windows NT 10.0; Win64; x64; rv:104.0) Gecko/20100101 Firefox/104.0" "tekmedicgloves.com"
92.79.51.204 - - [09/Sep/2022:05:26:48 -0700] "GET /beta/wp-content/themes/CherryFramework/js/jquery.ba-resize.min.js HTTP/1.1" 200 616 "http://tekmedicgloves.com/beta/contacts.php" "Mozilla/5.0 (Windows NT 10.0; Win64; x64; rv:104.0) Gecko/20100101 Firefox/104.0" "tekmedicgloves.com"
92.79.51.204 - - [09/Sep/2022:05:26:48 -0700] "GET /beta/wp-content/themes/CherryFramework/js/jquery.isotope.js HTTP/1.1" 200 4845 "http://tekmedicgloves.com/beta/contacts.php" "Mozilla/5.0 (Windows NT 10.0; Win64; x64; rv:104.0) Gecko/20100101 Firefox/104.0" "tekmedicgloves.com"
92.79.51.204 - - [09/Sep/2022:05:26:48 -0700] "GET /beta/wp-content/plugins/cherry-plugin/includes/js/cherry-plugin.js HTTP/1.1" 200 438 "http://tekmedicgloves.com/beta/contacts.php" "Mozilla/5.0 (Windows NT 10.0; Win64; x64; rv:104.0) Gecko/20100101 Firefox/104.0" "tekmedicgloves.com"
92.79.51.204 - - [09/Sep/2022:05:26:48 -0700] "GET /beta/wp-content/plugins/cherry-plugin/lib/js/elasti-carousel/jquery.elastislide.js HTTP/1.1" 200 1963 "http://tekmedicgloves.com/beta/contacts.php" "Mozilla/5.0 (Windows NT 10.0; Win64; x64; rv:104.0) Gecko/20100101 Firefox/104.0" "tekmedicgloves.com"
92.79.51.204 - - [09/Sep/2022:05:26:48 -0700] "GET /beta/wp-content/themes/CherryFramework/style.css HTTP/1.1" 200 331 "http://tekmedicgloves.com/beta/wp-content/themes/theme48838/main-style.css" "Mozilla/5.0 (Windows NT 10.0; Win64; x64; rv:104.0) Gecko/20100101 Firefox/104.0" "tekmedicgloves.com"
92.79.51.204 - - [09/Sep/2022:05:26:48 -0700] "GET /beta/wp-content/themes/theme48838/images/logo.png HTTP/1.1" 200 27710 "http://tekmedicgloves.com/beta/contacts.php" "Mozilla/5.0 (Windows NT 10.0; Win64; x64; rv:104.0) Gecko/20100101 Firefox/104.0" "tekmedicgloves.com"
92.79.51.204 - - [09/Sep/2022:05:26:48 -0700] "GET /beta/wp-content/themes/theme48838/images/social/rss.png HTTP/1.1" 200 2128 "http://tekmedicgloves.com/beta/contacts.php" "Mozilla/5.0 (Windows NT 10.0; Win64; x64; rv:104.0) Gecko/20100101 Firefox/104.0" "tekmedicgloves.com"
92.79.51.204 - - [09/Sep/2022:05:26:48 -0700] "GET /beta/wp-content/themes/theme48838/images/social/twitter.png HTTP/1.1" 200 1861 "http://tekmedicgloves.com/beta/contacts.php" "Mozilla/5.0 (Windows NT 10.0; Win64; x64; rv:104.0) Gecko/20100101 Firefox/104.0" "tekmedicgloves.com"
92.79.51.204 - - [09/Sep/2022:05:26:48 -0700] "GET /beta/wp-content/themes/theme48838/images/social/google.png HTTP/1.1" 200 1611 "http://tekmedicgloves.com/beta/contacts.php" "Mozilla/5.0 (Windows NT 10.0; Win64; x64; rv:104.0) Gecko/20100101 Firefox/104.0" "tekmedicgloves.com"
92.79.51.204 - - [09/Sep/2022:05:26:48 -0700] "GET /beta/wp-content/themes/theme48838/images/social/facebook.png HTTP/1.1" 200 1671 "http://tekmedicgloves.com/beta/contacts.php" "Mozilla/5.0 (Windows NT 10.0; Win64; x64; rv:104.0) Gecko/20100101 Firefox/104.0" "tekmedicgloves.com"
92.79.51.204 - - [09/Sep/2022:05:26:48 -0700] "GET /beta/wp-content/themes/CherryFramework/css/style.css HTTP/1.1" 200 12245 "http://tekmedicgloves.com/beta/wp-content/themes/CherryFramework/style.css" "Mozilla/5.0 (Windows NT 10.0; Win64; x64; rv:104.0) Gecko/20100101 Firefox/104.0" "tekmedicgloves.com"
92.79.51.204 - - [09/Sep/2022:05:26:48 -0700] "GET /beta/wp-includes/js/swfobject.js HTTP/1.1" 404 88 "http://tekmedicgloves.com/beta/contacts.php" "Mozilla/5.0 (Windows NT 10.0; Win64; x64; rv:104.0) Gecko/20100101 Firefox/104.0" "tekmedicgloves.com"
92.79.51.204 - - [09/Sep/2022:05:26:48 -0700] "GET /beta/wp-content/themes/theme48838/images/footer_patter.png HTTP/1.1" 200 14772 "http://tekmedicgloves.com/beta/wp-content/themes/theme48838/main-style.css" "Mozilla/5.0 (Windows NT 10.0; Win64; x64; rv:104.0) Gecko/20100101 Firefox/104.0" "tekmedicgloves.com"
92.79.51.204 - - [09/Sep/2022:05:26:48 -0700] "GET /beta/wp-content/themes/CherryFramework/images/loading_32.gif HTTP/1.1" 404 88 "http://tekmedicgloves.com/beta/wp-content/themes/CherryFramework/css/style.css" "Mozilla/5.0 (Windows NT 10.0; Win64; x64; rv:104.0) Gecko/20100101 Firefox/104.0" "tekmedicgloves.com"
92.79.51.204 - - [09/Sep/2022:05:26:48 -0700] "GET /beta/wp-content/themes/theme48838/images/header_patern.png HTTP/1.1" 200 1168 "http://tekmedicgloves.com/beta/wp-content/themes/theme48838/main-style.css" "Mozilla/5.0 (Windows NT 10.0; Win64; x64; rv:104.0) Gecko/20100101 Firefox/104.0" "tekmedicgloves.com"
92.79.51.204 - - [09/Sep/2022:05:26:48 -0700] "GET /beta/wp-content/themes/CherryFramework/images/loading_bg_32.png HTTP/1.1" 404 88 "http://tekmedicgloves.com/beta/wp-content/themes/CherryFramework/css/style.css" "Mozilla/5.0 (Windows NT 10.0; Win64; x64; rv:104.0) Gecko/20100101 Firefox/104.0" "tekmedicgloves.com"
92.79.51.204 - - [09/Sep/2022:05:26:48 -0700] "GET /beta/wp-content/themes/theme48838/images/arrows-ffffff.png HTTP/1.1" 200 1055 "http://tekmedicgloves.com/beta/wp-content/themes/theme48838/main-style.css" "Mozilla/5.0 (Windows NT 10.0; Win64; x64; rv:104.0) Gecko/20100101 Firefox/104.0" "tekmedicgloves.com"
92.79.51.204 - - [09/Sep/2022:05:26:49 -0700] "GET /favicon.ico HTTP/1.1" 404 88 "http://tekmedicgloves.com/beta/contacts.php" "Mozilla/5.0 (Windows NT 10.0; Win64; x64; rv:104.0) Gecko/20100101 Firefox/104.0" "tekmedicgloves.com"
185.191.171.26 - - [09/Sep/2022:05:28:02 -0700] "GET /phpMyAdmin/setup/?token=5c945d783270b65943cdd685966b5001&version_check=1 HTTP/1.1" 200 12691 "-" "Mozilla/5.0 (compatible; SemrushBot/7~bl; +http://www.semrush.com/bot.html)" "www.tekmedicgloves.com"
20.104.219.218 - - [09/Sep/2022:05:28:13 -0700] "GET / HTTP/1.1" 200 347 "-" "Mozilla/5.0 (Linux; Android 10; M2004J19C) AppleWebKit/537.36 (KHTML, like Gecko) Chrome/91.0.4472.77 Mobile Safari/537.36" "tekmedicgloves.com"
185.191.171.37 - - [09/Sep/2022:05:28:13 -0700] "GET /phpMyAdmin/setup/?token=1873365993a42641e4d238b687dceaa8&version_check=1 HTTP/1.1" 200 12691 "-" "Mozilla/5.0 (compatible; SemrushBot/7~bl; +http://www.semrush.com/bot.html)" "www.tekmedicgloves.com"
185.191.171.36 - - [09/Sep/2022:05:28:29 -0700] "GET /phpMyAdmin/setup/?token=60af00ea0fbcb2d2ece631dabd54dee5&version_check=1 HTTP/1.1" 200 12687 "-" "Mozilla/5.0 (compatible; SemrushBot/7~bl; +http://www.semrush.com/bot.html)" "tekmedicgloves.com"
185.191.171.39 - - [09/Sep/2022:05:28:33 -0700] "GET /phpMyAdmin/setup/?token=d1215a5c559743a88b930fe7e6aaaa7a&version_check=1 HTTP/1.1" 200 12687 "-" "Mozilla/5.0 (compatible; SemrushBot/7~bl; +http://www.semrush.com/bot.html)" "tekmedicgloves.com"
185.191.171.18 - - [09/Sep/2022:05:28:35 -0700] "GET /phpMyAdmin/setup/?token=6c79863b141b585e6f7bd067128c67f4&version_check=1 HTTP/1.1" 200 12687 "-" "Mozilla/5.0 (compatible; SemrushBot/7~bl; +http://www.semrush.com/bot.html)" "tekmedicgloves.com"
185.191.171.38 - - [09/Sep/2022:05:28:39 -0700] "GET /phpMyAdmin/setup/?token=52afe893165f98d423969e6c08dcfb82&version_check=1 HTTP/1.1" 200 12691 "-" "Mozilla/5.0 (compatible; SemrushBot/7~bl; +http://www.semrush.com/bot.html)" "www.tekmedicgloves.com"
185.191.171.18 - - [09/Sep/2022:05:28:40 -0700] "GET /phpMyAdmin/setup/?token=4e6985b8194475ce6aff37af3e3eb11a&version_check=1 HTTP/1.1" 200 12691 "-" "Mozilla/5.0 (compatible; SemrushBot/7~bl; +http://www.semrush.com/bot.html)" "www.tekmedicgloves.com"
185.191.171.22 - - [09/Sep/2022:05:28:42 -0700] "GET /phpMyAdmin/setup/index.php?token=8bef78e285c15a83f5bfad7acd328ed9&version_check=1 HTTP/1.1" 200 12705 "-" "Mozilla/5.0 (compatible; SemrushBot/7~bl; +http://www.semrush.com/bot.html)" "tekmedicgloves.com"
185.191.171.2 - - [09/Sep/2022:05:28:44 -0700] "GET /phpMyAdmin/setup/?token=53ca9657fe3645ff76bdbbdc2271c5b6&version_check=1 HTTP/1.1" 200 12687 "-" "Mozilla/5.0 (compatible; SemrushBot/7~bl; +http://www.semrush.com/bot.html)" "tekmedicgloves.com"
185.191.171.7 - - [09/Sep/2022:05:28:47 -0700] "GET /phpMyAdmin/setup/?token=fa49724150148d94f3c3bddd1393005c&version_check=1 HTTP/1.1" 200 12687 "-" "Mozilla/5.0 (compatible; SemrushBot/7~bl; +http://www.semrush.com/bot.html)" "tekmedicgloves.com"
185.191.171.33 - - [09/Sep/2022:05:28:53 -0700] "GET /phpMyAdmin/setup/?token=4c90354d094b46ef605bd82866791692&version_check=1 HTTP/1.1" 200 12691 "-" "Mozilla/5.0 (compatible; SemrushBot/7~bl; +http://www.semrush.com/bot.html)" "www.tekmedicgloves.com"
185.191.171.22 - - [09/Sep/2022:05:28:54 -0700] "GET /phpMyAdmin/setup/?token=758a4c70139844a434c3c22e1838b81c&version_check=1 HTTP/1.1" 200 12687 "-" "Mozilla/5.0 (compatible; SemrushBot/7~bl; +http://www.semrush.com/bot.html)" "tekmedicgloves.com"
185.191.171.25 - - [09/Sep/2022:05:28:56 -0700] "GET /phpMyAdmin/setup/?token=018021c09660e176c25aa1d6bfe4fc43&version_check=1 HTTP/1.1" 200 12687 "-" "Mozilla/5.0 (compatible; SemrushBot/7~bl; +http://www.semrush.com/bot.html)" "tekmedicgloves.com"
185.191.171.18 - - [09/Sep/2022:05:29:14 -0700] "GET /phpMyAdmin/setup/?token=50194b3a3850ffabca50bbe646882e4f&version_check=1 HTTP/1.1" 200 12691 "-" "Mozilla/5.0 (compatible; SemrushBot/7~bl; +http://www.semrush.com/bot.html)" "www.tekmedicgloves.com"
185.191.171.21 - - [09/Sep/2022:05:29:19 -0700] "GET /phpMyAdmin/setup/?token=003bde76e52b7e7181ba9cc2196c1ca5&version_check=1 HTTP/1.1" 200 12691 "-" "Mozilla/5.0 (compatible; SemrushBot/7~bl; +http://www.semrush.com/bot.html)" "www.tekmedicgloves.com"
185.191.171.4 - - [09/Sep/2022:05:29:34 -0700] "GET /phpMyAdmin/setup/?token=c795da7eb97a6cce900a03411425a862&version_check=1 HTTP/1.1" 200 12691 "-" "Mozilla/5.0 (compatible; SemrushBot/7~bl; +http://www.semrush.com/bot.html)" "www.tekmedicgloves.com"
92.79.51.204 - - [09/Sep/2022:05:29:42 -0700] "GET /beta/wp-content/themes/theme48838/images/back-top-icon.png HTTP/1.1" 200 1374 "http://tekmedicgloves.com/beta/wp-content/themes/theme48838/main-style.css" "Mozilla/5.0 (Windows NT 10.0; Win64; x64; rv:104.0) Gecko/20100101 Firefox/104.0" "tekmedicgloves.com"
185.191.171.13 - - [09/Sep/2022:05:29:58 -0700] "GET /phpMyAdmin/setup/?token=9bf670eaa80fb18f5b54bd3972c41c9e&version_check=1 HTTP/1.1" 200 12691 "-" "Mozilla/5.0 (compatible; SemrushBot/7~bl; +http://www.semrush.com/bot.html)" "www.tekmedicgloves.com"
185.191.171.5 - - [09/Sep/2022:05:30:02 -0700] "GET /phpMyAdmin/setup/index.php?token=92049d8227ad2cd7e53dceb9e9058c9d&version_check=1 HTTP/1.1" 200 12705 "-" "Mozilla/5.0 (compatible; SemrushBot/7~bl; +http://www.semrush.com/bot.html)" "tekmedicgloves.com"
185.191.171.40 - - [09/Sep/2022:05:30:15 -0700] "GET /phpMyAdmin/setup/?token=60314ebcab4fd7ed02cc1bdc11dc2b5f&version_check=1 HTTP/1.1" 200 12687 "-" "Mozilla/5.0 (compatible; SemrushBot/7~bl; +http://www.semrush.com/bot.html)" "tekmedicgloves.com"
185.191.171.40 - - [09/Sep/2022:05:30:17 -0700] "GET /phpMyAdmin/setup/?token=2c704958d1f08ee2b42f25f88fceac2f&version_check=1 HTTP/1.1" 200 12691 "-" "Mozilla/5.0 (compatible; SemrushBot/7~bl; +http://www.semrush.com/bot.html)" "www.tekmedicgloves.com"
185.191.171.7 - - [09/Sep/2022:05:30:23 -0700] "GET /phpMyAdmin/setup/?token=c85eb2a3ba2e203e58e00a009531570c&version_check=1 HTTP/1.1" 200 12691 "-" "Mozilla/5.0 (compatible; SemrushBot/7~bl; +http://www.semrush.com/bot.html)" "www.tekmedicgloves.com"
185.191.171.11 - - [09/Sep/2022:05:30:24 -0700] "GET /phpMyAdmin/setup/?token=c23485b3c39e666ddea7aad04c0543f2&version_check=1 HTTP/1.1" 200 12687 "-" "Mozilla/5.0 (compatible; SemrushBot/7~bl; +http://www.semrush.com/bot.html)" "tekmedicgloves.com"
185.191.171.10 - - [09/Sep/2022:05:30:57 -0700] "GET /phpMyAdmin/setup/?token=3be7caa6eb3983b3ec654b0669753c65&version_check=1 HTTP/1.1" 200 12687 "-" "Mozilla/5.0 (compatible; SemrushBot/7~bl; +http://www.semrush.com/bot.html)" "tekmedicgloves.com"
185.191.171.21 - - [09/Sep/2022:05:31:00 -0700] "GET /phpMyAdmin/setup/?token=2d29d0d7ce002814c3b622c0c58d6d77&version_check=1 HTTP/1.1" 200 12691 "-" "Mozilla/5.0 (compatible; SemrushBot/7~bl; +http://www.semrush.com/bot.html)" "www.tekmedicgloves.com"
185.191.171.45 - - [09/Sep/2022:05:31:03 -0700] "GET /phpMyAdmin/setup/?token=1b1bf23651dc7ca17e51c4160339e5d7&version_check=1 HTTP/1.1" 200 12691 "-" "Mozilla/5.0 (compatible; SemrushBot/7~bl; +http://www.semrush.com/bot.html)" "www.tekmedicgloves.com"
185.191.171.12 - - [09/Sep/2022:05:31:08 -0700] "GET /phpMyAdmin/setup/?token=8d1bc9095a037b2da24e77d395dd45d2&version_check=1 HTTP/1.1" 200 12691 "-" "Mozilla/5.0 (compatible; SemrushBot/7~bl; +http://www.semrush.com/bot.html)" "www.tekmedicgloves.com"
185.191.171.10 - - [09/Sep/2022:05:31:20 -0700] "GET /phpMyAdmin/setup/?token=831f3f70d959284b9b6283ff868a7522&version_check=1 HTTP/1.1" 200 12691 "-" "Mozilla/5.0 (compatible; SemrushBot/7~bl; +http://www.semrush.com/bot.html)" "www.tekmedicgloves.com"
185.191.171.24 - - [09/Sep/2022:05:31:44 -0700] "GET /phpMyAdmin/setup/?token=effe476d64141a6ab334bddabb533561&version_check=1 HTTP/1.1" 200 12691 "-" "Mozilla/5.0 (compatible; SemrushBot/7~bl; +http://www.semrush.com/bot.html)" "www.tekmedicgloves.com"
185.191.171.23 - - [09/Sep/2022:05:31:49 -0700] "GET /phpMyAdmin/setup/?token=a4839e7be6877dc676f52ccdc6746355&version_check=1 HTTP/1.1" 200 12687 "-" "Mozilla/5.0 (compatible; SemrushBot/7~bl; +http://www.semrush.com/bot.html)" "tekmedicgloves.com"
185.191.171.5 - - [09/Sep/2022:05:31:52 -0700] "GET /phpMyAdmin/setup/?token=3d18b0cb8d0461e6ada758e78730135a&version_check=1 HTTP/1.1" 200 12687 "-" "Mozilla/5.0 (compatible; SemrushBot/7~bl; +http://www.semrush.com/bot.html)" "tekmedicgloves.com"
185.191.171.15 - - [09/Sep/2022:05:31:53 -0700] "GET /phpMyAdmin/setup/index.php?token=42d19081982c4d8066e6630b40d25359&version_check=1 HTTP/1.1" 200 12709 "-" "Mozilla/5.0 (compatible; SemrushBot/7~bl; +http://www.semrush.com/bot.html)" "www.tekmedicgloves.com"
185.191.171.38 - - [09/Sep/2022:05:31:54 -0700] "GET /phpMyAdmin/setup/?token=5857e0332a4cc695b8410cd4a5435854&version_check=1 HTTP/1.1" 200 12687 "-" "Mozilla/5.0 (compatible; SemrushBot/7~bl; +http://www.semrush.com/bot.html)" "tekmedicgloves.com"
185.191.171.14 - - [09/Sep/2022:05:32:19 -0700] "GET /phpMyAdmin/setup/index.php?token=1c66339cd3f1c7993337483137937828&version_check=1 HTTP/1.1" 200 12705 "-" "Mozilla/5.0 (compatible; SemrushBot/7~bl; +http://www.semrush.com/bot.html)" "tekmedicgloves.com"
35.129.24.198 - - [09/Sep/2022:05:32:29 -0700] "GET / HTTP/1.1" 200 696 "-" "Mozilla/5.0 (Windows NT 6.3; Win64; x64) AppleWebKit/537.36 (KHTML, like Gecko) Chrome/102.0.0.0 Safari/537.36" "tekmedicgloves.com"
185.191.171.41 - - [09/Sep/2022:05:32:53 -0700] "GET /phpMyAdmin/setup/index.php?token=8785c0e29cad063572619200cdb042b4&version_check=1 HTTP/1.1" 200 12705 "-" "Mozilla/5.0 (compatible; SemrushBot/7~bl; +http://www.semrush.com/bot.html)" "tekmedicgloves.com"
185.191.171.7 - - [09/Sep/2022:05:32:57 -0700] "GET /phpMyAdmin/setup/?token=633e9f754bca08abd7374183a8cc8ba0&version_check=1 HTTP/1.1" 200 12691 "-" "Mozilla/5.0 (compatible; SemrushBot/7~bl; +http://www.semrush.com/bot.html)" "www.tekmedicgloves.com"
185.191.171.40 - - [09/Sep/2022:05:33:00 -0700] "GET /robots.txt HTTP/1.1" 404 88 "-" "Mozilla/5.0 (compatible; SemrushBot/7~bl; +http://www.semrush.com/bot.html)" "tekmedicgloves.com"
185.191.171.36 - - [09/Sep/2022:05:33:00 -0700] "GET /phpMyAdmin/setup/?token=acc04757a801f0bdddb30208a34b99a8&version_check=1 HTTP/1.1" 200 12687 "-" "Mozilla/5.0 (compatible; SemrushBot/7~bl; +http://www.semrush.com/bot.html)" "tekmedicgloves.com"
185.191.171.23 - - [09/Sep/2022:05:33:07 -0700] "GET /phpMyAdmin/setup/index.php?token=cf52b0947dbd5af6f8dbd331be37cc7f&version_check=1 HTTP/1.1" 200 12709 "-" "Mozilla/5.0 (compatible; SemrushBot/7~bl; +http://www.semrush.com/bot.html)" "www.tekmedicgloves.com"
185.191.171.6 - - [09/Sep/2022:05:33:27 -0700] "GET /phpMyAdmin/setup/?token=2f6b9846ffe3ec4af9d47cfb036d26fa&version_check=1 HTTP/1.1" 200 12691 "-" "Mozilla/5.0 (compatible; SemrushBot/7~bl; +http://www.semrush.com/bot.html)" "www.tekmedicgloves.com"
185.191.171.18 - - [09/Sep/2022:05:33:46 -0700] "GET /phpMyAdmin/setup/?token=798cbad8874065d3996b2bd156b9e177&version_check=1 HTTP/1.1" 200 12687 "-" "Mozilla/5.0 (compatible; SemrushBot/7~bl; +http://www.semrush.com/bot.html)" "tekmedicgloves.com"
185.191.171.12 - - [09/Sep/2022:05:33:56 -0700] "GET /phpMyAdmin/setup/?token=d6886646a14c75ce20d26f18b90cef51&version_check=1 HTTP/1.1" 200 12691 "-" "Mozilla/5.0 (compatible; SemrushBot/7~bl; +http://www.semrush.com/bot.html)" "www.tekmedicgloves.com"
185.191.171.12 - - [09/Sep/2022:05:34:29 -0700] "GET /phpMyAdmin/setup/index.php?token=5b25509e97a3493902137444a7023e9b&version_check=1 HTTP/1.1" 200 12705 "-" "Mozilla/5.0 (compatible; SemrushBot/7~bl; +http://www.semrush.com/bot.html)" "tekmedicgloves.com"
185.191.171.23 - - [09/Sep/2022:05:34:31 -0700] "GET /phpMyAdmin/setup/?token=df03b9529704214b864f6c92a1e8d87d&version_check=1 HTTP/1.1" 200 12691 "-" "Mozilla/5.0 (compatible; SemrushBot/7~bl; +http://www.semrush.com/bot.html)" "www.tekmedicgloves.com"
185.191.171.3 - - [09/Sep/2022:05:34:34 -0700] "GET /phpMyAdmin/setup/?token=e34c1c61401303e8b1d87b111a5d463f&version_check=1 HTTP/1.1" 200 12687 "-" "Mozilla/5.0 (compatible; SemrushBot/7~bl; +http://www.semrush.com/bot.html)" "tekmedicgloves.com"
185.191.171.34 - - [09/Sep/2022:05:34:48 -0700] "GET /phpMyAdmin/setup/?token=eac422a34aed0d5f8b3ed9ccff9b3b2a&version_check=1 HTTP/1.1" 200 12691 "-" "Mozilla/5.0 (compatible; SemrushBot/7~bl; +http://www.semrush.com/bot.html)" "www.tekmedicgloves.com"
185.191.171.38 - - [09/Sep/2022:05:34:48 -0700] "GET /phpMyAdmin/setup/index.php?token=69ebe4294ebff02db187c323414914e0&version_check=1 HTTP/1.1" 200 12705 "-" "Mozilla/5.0 (compatible; SemrushBot/7~bl; +http://www.semrush.com/bot.html)" "tekmedicgloves.com"
185.191.171.2 - - [09/Sep/2022:05:34:50 -0700] "GET /phpMyAdmin/setup/?token=9d0b56648c8ec54f74a0fbb4041bdb3b&version_check=1 HTTP/1.1" 200 12687 "-" "Mozilla/5.0 (compatible; SemrushBot/7~bl; +http://www.semrush.com/bot.html)" "tekmedicgloves.com"
185.191.171.25 - - [09/Sep/2022:05:34:52 -0700] "GET /phpMyAdmin/setup/index.php?token=6942adcf7d36cbc331338703acf8ad83&version_check=1 HTTP/1.1" 200 12705 "-" "Mozilla/5.0 (compatible; SemrushBot/7~bl; +http://www.semrush.com/bot.html)" "tekmedicgloves.com"
185.191.171.12 - - [09/Sep/2022:05:34:58 -0700] "GET /phpMyAdmin/setup/?token=e5a680e7d8c12df89fd4c24276fa0475&version_check=1 HTTP/1.1" 200 12691 "-" "Mozilla/5.0 (compatible; SemrushBot/7~bl; +http://www.semrush.com/bot.html)" "www.tekmedicgloves.com"
185.191.171.8 - - [09/Sep/2022:05:35:08 -0700] "GET /phpMyAdmin/setup/?token=dc488f5d513ef59e3826ce0f5d2a4b60&version_check=1 HTTP/1.1" 200 12691 "-" "Mozilla/5.0 (compatible; SemrushBot/7~bl; +http://www.semrush.com/bot.html)" "www.tekmedicgloves.com"
185.191.171.45 - - [09/Sep/2022:05:35:27 -0700] "GET /phpMyAdmin/setup/?token=e3993ae2234306781da999bb84e29ed1&version_check=1 HTTP/1.1" 200 12691 "-" "Mozilla/5.0 (compatible; SemrushBot/7~bl; +http://www.semrush.com/bot.html)" "www.tekmedicgloves.com"
185.191.171.14 - - [09/Sep/2022:05:35:33 -0700] "GET /phpMyAdmin/setup/?token=adf8f0b7c6d790ef03eb6aee935cbd92&version_check=1 HTTP/1.1" 200 12691 "-" "Mozilla/5.0 (compatible; SemrushBot/7~bl; +http://www.semrush.com/bot.html)" "www.tekmedicgloves.com"
185.191.171.24 - - [09/Sep/2022:05:35:37 -0700] "GET /phpMyAdmin/setup/index.php?token=7f75a003a1760a4fee9eb0205cb55aaa&version_check=1 HTTP/1.1" 200 12705 "-" "Mozilla/5.0 (compatible; SemrushBot/7~bl; +http://www.semrush.com/bot.html)" "tekmedicgloves.com"
185.191.171.17 - - [09/Sep/2022:05:35:58 -0700] "GET /phpMyAdmin/setup/index.php?token=d35976c7ab22414e2059b54a3e63c425&version_check=1 HTTP/1.1" 200 12705 "-" "Mozilla/5.0 (compatible; SemrushBot/7~bl; +http://www.semrush.com/bot.html)" "tekmedicgloves.com"
185.191.171.21 - - [09/Sep/2022:05:35:59 -0700] "GET /phpMyAdmin/setup/?token=618dd53ce4c4c3381ec274fbe789ec59&version_check=1 HTTP/1.1" 200 12691 "-" "Mozilla/5.0 (compatible; SemrushBot/7~bl; +http://www.semrush.com/bot.html)" "www.tekmedicgloves.com"
185.191.171.43 - - [09/Sep/2022:05:36:00 -0700] "GET /phpMyAdmin/setup/?token=d8754fae03e8aa77b494ec6e560049c8&version_check=1 HTTP/1.1" 200 12687 "-" "Mozilla/5.0 (compatible; SemrushBot/7~bl; +http://www.semrush.com/bot.html)" "tekmedicgloves.com"
185.191.171.3 - - [09/Sep/2022:05:36:06 -0700] "GET /phpMyAdmin/setup/index.php?token=8e3be8cff4c988d26ac8b1b3ea3bddea&version_check=1 HTTP/1.1" 200 12709 "-" "Mozilla/5.0 (compatible; SemrushBot/7~bl; +http://www.semrush.com/bot.html)" "www.tekmedicgloves.com"
185.191.171.14 - - [09/Sep/2022:05:36:07 -0700] "GET /phpMyAdmin/setup/index.php?token=531d4eac422eedfd5036c11b7a3d7f96&version_check=1 HTTP/1.1" 200 12705 "-" "Mozilla/5.0 (compatible; SemrushBot/7~bl; +http://www.semrush.com/bot.html)" "tekmedicgloves.com"
185.191.171.40 - - [09/Sep/2022:05:36:24 -0700] "GET /phpMyAdmin/setup/?token=ca61593f74e14f9b012b7c7175a4e383&version_check=1 HTTP/1.1" 200 12691 "-" "Mozilla/5.0 (compatible; SemrushBot/7~bl; +http://www.semrush.com/bot.html)" "www.tekmedicgloves.com"
185.191.171.11 - - [09/Sep/2022:05:36:49 -0700] "GET /phpMyAdmin/setup/?token=ad5e2199d9b4629d8a3870c5d7fa0c9b&version_check=1 HTTP/1.1" 200 12687 "-" "Mozilla/5.0 (compatible; SemrushBot/7~bl; +http://www.semrush.com/bot.html)" "tekmedicgloves.com"
114.119.139.25 - - [09/Sep/2022:05:36:54 -0700] "GET /?C=D%3BO%3DA HTTP/1.1" 200 347 "http://tekmedicgloves.com/" "Mozilla/5.0 (Linux; Android 7.0;) AppleWebKit/537.36 (KHTML, like Gecko) Mobile Safari/537.36 (compatible; PetalBot;+https://webmaster.petalsearch.com/site/petalbot)" "tekmedicgloves.com"
185.191.171.24 - - [09/Sep/2022:05:37:11 -0700] "GET /phpMyAdmin/setup/?token=526f0aebd8cbad37eb99427ce9de55fd&version_check=1 HTTP/1.1" 200 12687 "-" "Mozilla/5.0 (compatible; SemrushBot/7~bl; +http://www.semrush.com/bot.html)" "tekmedicgloves.com"
185.191.171.39 - - [09/Sep/2022:05:37:21 -0700] "GET /phpMyAdmin/setup/?token=8345ab4ed1dae9ab0bb3e90deb5e6b3e&version_check=1 HTTP/1.1" 200 12687 "-" "Mozilla/5.0 (compatible; SemrushBot/7~bl; +http://www.semrush.com/bot.html)" "tekmedicgloves.com"
185.191.171.44 - - [09/Sep/2022:05:37:27 -0700] "GET /phpMyAdmin/setup/?token=2795efcd185160fd6cc244309a7606fe&version_check=1 HTTP/1.1" 200 12691 "-" "Mozilla/5.0 (compatible; SemrushBot/7~bl; +http://www.semrush.com/bot.html)" "www.tekmedicgloves.com"
185.191.171.15 - - [09/Sep/2022:05:37:30 -0700] "GET /phpMyAdmin/setup/?token=6bbb53b00966441d6c11139c38c36b18&version_check=1 HTTP/1.1" 200 12691 "-" "Mozilla/5.0 (compatible; SemrushBot/7~bl; +http://www.semrush.com/bot.html)" "www.tekmedicgloves.com"
185.191.171.41 - - [09/Sep/2022:05:37:33 -0700] "GET /phpMyAdmin/setup/?token=2012d4d3331a8d7c12a35a1bf0b427da&version_check=1 HTTP/1.1" 200 12691 "-" "Mozilla/5.0 (compatible; SemrushBot/7~bl; +http://www.semrush.com/bot.html)" "www.tekmedicgloves.com"
185.191.171.18 - - [09/Sep/2022:05:37:34 -0700] "GET /phpMyAdmin/setup/?token=b18c0630a7d874a04715ec52d431e82a&version_check=1 HTTP/1.1" 200 12687 "-" "Mozilla/5.0 (compatible; SemrushBot/7~bl; +http://www.semrush.com/bot.html)" "tekmedicgloves.com"
185.191.171.39 - - [09/Sep/2022:05:37:36 -0700] "GET /phpMyAdmin/setup/index.php?token=50b556a4ee569641297a6b7e1cd16e79&version_check=1 HTTP/1.1" 200 12705 "-" "Mozilla/5.0 (compatible; SemrushBot/7~bl; +http://www.semrush.com/bot.html)" "tekmedicgloves.com"
185.191.171.24 - - [09/Sep/2022:05:37:41 -0700] "GET /phpMyAdmin/setup/?token=a888bc7321f24b021ae0ddacb5c6f018&version_check=1 HTTP/1.1" 200 12687 "-" "Mozilla/5.0 (compatible; SemrushBot/7~bl; +http://www.semrush.com/bot.html)" "tekmedicgloves.com"
185.191.171.41 - - [09/Sep/2022:05:37:51 -0700] "GET /phpMyAdmin/setup/?token=43e100978d9f1666eb0da406b2f888b0&version_check=1 HTTP/1.1" 200 12691 "-" "Mozilla/5.0 (compatible; SemrushBot/7~bl; +http://www.semrush.com/bot.html)" "www.tekmedicgloves.com"
185.191.171.13 - - [09/Sep/2022:05:38:03 -0700] "GET /phpMyAdmin/setup/index.php?token=88c5a012fa89b7507354b499a78fad2a&version_check=1 HTTP/1.1" 200 12705 "-" "Mozilla/5.0 (compatible; SemrushBot/7~bl; +http://www.semrush.com/bot.html)" "tekmedicgloves.com"
185.191.171.37 - - [09/Sep/2022:05:38:08 -0700] "GET /phpMyAdmin/setup/?token=aecd32d29bbc98173da73626dea51f5f&version_check=1 HTTP/1.1" 200 12687 "-" "Mozilla/5.0 (compatible; SemrushBot/7~bl; +http://www.semrush.com/bot.html)" "tekmedicgloves.com"
185.191.171.24 - - [09/Sep/2022:05:38:12 -0700] "GET /phpMyAdmin/setup/index.php?token=1489e46dfa00511783775d00a648fdc8&version_check=1 HTTP/1.1" 200 12705 "-" "Mozilla/5.0 (compatible; SemrushBot/7~bl; +http://www.semrush.com/bot.html)" "tekmedicgloves.com"
185.191.171.23 - - [09/Sep/2022:05:38:19 -0700] "GET /phpMyAdmin/setup/index.php?token=7f1d6822f7290e26c6136eef21b027a6&version_check=1 HTTP/1.1" 200 12705 "-" "Mozilla/5.0 (compatible; SemrushBot/7~bl; +http://www.semrush.com/bot.html)" "tekmedicgloves.com"
185.191.171.15 - - [09/Sep/2022:05:38:32 -0700] "GET /phpMyAdmin/setup/?token=64a878bec654154a94c7b42395927010&version_check=1 HTTP/1.1" 200 12687 "-" "Mozilla/5.0 (compatible; SemrushBot/7~bl; +http://www.semrush.com/bot.html)" "tekmedicgloves.com"
185.191.171.39 - - [09/Sep/2022:05:38:38 -0700] "GET /phpMyAdmin/setup/?token=2567ac2860bb766a7d1a0b6402f418ec&version_check=1 HTTP/1.1" 200 12691 "-" "Mozilla/5.0 (compatible; SemrushBot/7~bl; +http://www.semrush.com/bot.html)" "www.tekmedicgloves.com"
185.191.171.17 - - [09/Sep/2022:05:38:48 -0700] "GET /phpMyAdmin/setup/?token=b05515116f51a38994a19da37a2f4e37&version_check=1 HTTP/1.1" 200 12691 "-" "Mozilla/5.0 (compatible; SemrushBot/7~bl; +http://www.semrush.com/bot.html)" "www.tekmedicgloves.com"
185.191.171.23 - - [09/Sep/2022:05:38:54 -0700] "GET /phpMyAdmin/setup/?token=253331b7ace292a29a6ddc320c0e96b3&version_check=1 HTTP/1.1" 200 12691 "-" "Mozilla/5.0 (compatible; SemrushBot/7~bl; +http://www.semrush.com/bot.html)" "www.tekmedicgloves.com"
185.191.171.11 - - [09/Sep/2022:05:39:05 -0700] "GET /phpMyAdmin/setup/?token=6dd5eca3611a4dba3ee5ca597ce83828&version_check=1 HTTP/1.1" 200 12691 "-" "Mozilla/5.0 (compatible; SemrushBot/7~bl; +http://www.semrush.com/bot.html)" "www.tekmedicgloves.com"
185.191.171.22 - - [09/Sep/2022:05:39:18 -0700] "GET /phpMyAdmin/setup/?token=aea8b89cfa49844c38b1323796cd8280&version_check=1 HTTP/1.1" 200 12691 "-" "Mozilla/5.0 (compatible; SemrushBot/7~bl; +http://www.semrush.com/bot.html)" "www.tekmedicgloves.com"
185.191.171.36 - - [09/Sep/2022:05:39:39 -0700] "GET /phpMyAdmin/setup/index.php?token=d6c417523775bb7a12cf769e71fa240c&version_check=1 HTTP/1.1" 200 12705 "-" "Mozilla/5.0 (compatible; SemrushBot/7~bl; +http://www.semrush.com/bot.html)" "tekmedicgloves.com"
185.191.171.40 - - [09/Sep/2022:05:39:48 -0700] "GET /phpMyAdmin/setup/?token=8edcc25fdacf40eb6e9733102589fcca&version_check=1 HTTP/1.1" 200 12691 "-" "Mozilla/5.0 (compatible; SemrushBot/7~bl; +http://www.semrush.com/bot.html)" "www.tekmedicgloves.com"
185.191.171.4 - - [09/Sep/2022:05:39:50 -0700] "GET /phpMyAdmin/setup/?token=2165dc75851748f3d495a229a06714d2&version_check=1 HTTP/1.1" 200 12687 "-" "Mozilla/5.0 (compatible; SemrushBot/7~bl; +http://www.semrush.com/bot.html)" "tekmedicgloves.com"
185.191.171.16 - - [09/Sep/2022:05:40:14 -0700] "GET /phpMyAdmin/setup/?token=95bb668dc4c271a18dfde50d6f7c388d&version_check=1 HTTP/1.1" 200 12691 "-" "Mozilla/5.0 (compatible; SemrushBot/7~bl; +http://www.semrush.com/bot.html)" "www.tekmedicgloves.com"
185.191.171.39 - - [09/Sep/2022:05:40:33 -0700] "GET /phpMyAdmin/setup/?token=faef7490f2af8bfee290f129205aecc5&version_check=1 HTTP/1.1" 200 12691 "-" "Mozilla/5.0 (compatible; SemrushBot/7~bl; +http://www.semrush.com/bot.html)" "www.tekmedicgloves.com"
185.191.171.41 - - [09/Sep/2022:05:40:35 -0700] "GET /phpMyAdmin/setup/?token=c7ffdc593813936b5e51c6b0599a25b3&version_check=1 HTTP/1.1" 200 12687 "-" "Mozilla/5.0 (compatible; SemrushBot/7~bl; +http://www.semrush.com/bot.html)" "tekmedicgloves.com"
185.191.171.34 - - [09/Sep/2022:05:40:58 -0700] "GET /phpMyAdmin/setup/?token=67b8be4983127e0ab8e2cf4011ab28b4&version_check=1 HTTP/1.1" 200 12691 "-" "Mozilla/5.0 (compatible; SemrushBot/7~bl; +http://www.semrush.com/bot.html)" "www.tekmedicgloves.com"
185.191.171.6 - - [09/Sep/2022:05:41:11 -0700] "GET /phpMyAdmin/setup/?token=3fffc815058ecd4c658424952ef4b783&version_check=1 HTTP/1.1" 200 12691 "-" "Mozilla/5.0 (compatible; SemrushBot/7~bl; +http://www.semrush.com/bot.html)" "www.tekmedicgloves.com"
185.191.171.40 - - [09/Sep/2022:05:41:48 -0700] "GET /phpMyAdmin/setup/?token=8934539c6db25236f7d68272f9edd329&version_check=1 HTTP/1.1" 200 12691 "-" "Mozilla/5.0 (compatible; SemrushBot/7~bl; +http://www.semrush.com/bot.html)" "www.tekmedicgloves.com"
185.191.171.7 - - [09/Sep/2022:05:41:59 -0700] "GET /phpMyAdmin/setup/?token=44c2ab8ba9c245143e85ef3a3a8c8462&version_check=1 HTTP/1.1" 200 12687 "-" "Mozilla/5.0 (compatible; SemrushBot/7~bl; +http://www.semrush.com/bot.html)" "tekmedicgloves.com"
185.191.171.23 - - [09/Sep/2022:05:42:02 -0700] "GET /phpMyAdmin/setup/?token=69b5d7c6847e7c77761f36e3cbf5a855&version_check=1 HTTP/1.1" 200 12687 "-" "Mozilla/5.0 (compatible; SemrushBot/7~bl; +http://www.semrush.com/bot.html)" "tekmedicgloves.com"
185.191.171.39 - - [09/Sep/2022:05:42:08 -0700] "GET /phpMyAdmin/setup/index.php?token=6eea5fc0686b115baaf1320180ed3d4c&version_check=1 HTTP/1.1" 200 12705 "-" "Mozilla/5.0 (compatible; SemrushBot/7~bl; +http://www.semrush.com/bot.html)" "tekmedicgloves.com"
185.191.171.3 - - [09/Sep/2022:05:42:21 -0700] "GET /phpMyAdmin/setup/?token=070e4b7cf9746c5675f58ea75a8a078d&version_check=1 HTTP/1.1" 200 12687 "-" "Mozilla/5.0 (compatible; SemrushBot/7~bl; +http://www.semrush.com/bot.html)" "tekmedicgloves.com"
185.191.171.3 - - [09/Sep/2022:05:42:23 -0700] "GET /phpMyAdmin/setup/?token=d4475dc5777a151fd6592f3390c3d773&version_check=1 HTTP/1.1" 200 12691 "-" "Mozilla/5.0 (compatible; SemrushBot/7~bl; +http://www.semrush.com/bot.html)" "www.tekmedicgloves.com"
185.191.171.25 - - [09/Sep/2022:05:42:24 -0700] "GET /phpMyAdmin/setup/index.php?token=8c1a247ad8a1e6654b7dc33d09df6f25&version_check=1 HTTP/1.1" 200 12705 "-" "Mozilla/5.0 (compatible; SemrushBot/7~bl; +http://www.semrush.com/bot.html)" "tekmedicgloves.com"
185.191.171.33 - - [09/Sep/2022:05:42:31 -0700] "GET /phpMyAdmin/setup/index.php?token=308231c3e614c8ec4d8934adff36e58a&version_check=1 HTTP/1.1" 200 12705 "-" "Mozilla/5.0 (compatible; SemrushBot/7~bl; +http://www.semrush.com/bot.html)" "tekmedicgloves.com"
185.191.171.4 - - [09/Sep/2022:05:42:36 -0700] "GET /phpMyAdmin/setup/?token=c0b944ea4404d01d098e938839836ff6&version_check=1 HTTP/1.1" 200 12687 "-" "Mozilla/5.0 (compatible; SemrushBot/7~bl; +http://www.semrush.com/bot.html)" "tekmedicgloves.com"
185.191.171.25 - - [09/Sep/2022:05:42:51 -0700] "GET /phpMyAdmin/setup/?token=b1c217da97290ec94ef4a3c56ae0b8ab&version_check=1 HTTP/1.1" 200 12687 "-" "Mozilla/5.0 (compatible; SemrushBot/7~bl; +http://www.semrush.com/bot.html)" "tekmedicgloves.com"
185.191.171.37 - - [09/Sep/2022:05:42:53 -0700] "GET /phpMyAdmin/setup/index.php?token=0ca46497c232630537e6041bf3eddbef&version_check=1 HTTP/1.1" 200 12705 "-" "Mozilla/5.0 (compatible; SemrushBot/7~bl; +http://www.semrush.com/bot.html)" "tekmedicgloves.com"
185.191.171.13 - - [09/Sep/2022:05:42:56 -0700] "GET /phpMyAdmin/setup/?token=f74fc781eed12078bd391c399512f6b2&version_check=1 HTTP/1.1" 200 12691 "-" "Mozilla/5.0 (compatible; SemrushBot/7~bl; +http://www.semrush.com/bot.html)" "www.tekmedicgloves.com"
185.191.171.21 - - [09/Sep/2022:05:43:15 -0700] "GET /phpMyAdmin/setup/?token=517dc44398e3b0f7ce9d7848f0f6e0cb&version_check=1 HTTP/1.1" 200 12691 "-" "Mozilla/5.0 (compatible; SemrushBot/7~bl; +http://www.semrush.com/bot.html)" "www.tekmedicgloves.com"
185.191.171.5 - - [09/Sep/2022:05:43:15 -0700] "GET /phpMyAdmin/setup/?token=90793bc46440e1c0423323126586d4e4&version_check=1 HTTP/1.1" 200 12687 "-" "Mozilla/5.0 (compatible; SemrushBot/7~bl; +http://www.semrush.com/bot.html)" "tekmedicgloves.com"
185.191.171.39 - - [09/Sep/2022:05:43:17 -0700] "GET /phpMyAdmin/setup/index.php?token=5a96887ea9c0936c8098d9bba797b047&version_check=1 HTTP/1.1" 200 12705 "-" "Mozilla/5.0 (compatible; SemrushBot/7~bl; +http://www.semrush.com/bot.html)" "tekmedicgloves.com"
185.191.171.40 - - [09/Sep/2022:05:43:20 -0700] "GET /phpMyAdmin/setup/?token=c6336164d7bbb7fcf3f96b3103ce1caa&version_check=1 HTTP/1.1" 200 12687 "-" "Mozilla/5.0 (compatible; SemrushBot/7~bl; +http://www.semrush.com/bot.html)" "tekmedicgloves.com"
185.191.171.41 - - [09/Sep/2022:05:43:31 -0700] "GET /phpMyAdmin/setup/?token=258130c48b6ab797adc0f6e03646c610&version_check=1 HTTP/1.1" 200 12687 "-" "Mozilla/5.0 (compatible; SemrushBot/7~bl; +http://www.semrush.com/bot.html)" "tekmedicgloves.com"
185.191.171.26 - - [09/Sep/2022:05:43:34 -0700] "GET /phpMyAdmin/setup/?token=9038c5b5403c46d21b1130ce4bdf932f&version_check=1 HTTP/1.1" 200 12691 "-" "Mozilla/5.0 (compatible; SemrushBot/7~bl; +http://www.semrush.com/bot.html)" "www.tekmedicgloves.com"
77.88.5.40 - - [09/Sep/2022:05:43:58 -0700] "GET /robots.txt HTTP/1.1" 404 73 "-" "Mozilla/5.0 (compatible; YandexBot/3.0; +http://yandex.com/bots)" "tekmedicgloves.com"
185.191.171.26 - - [09/Sep/2022:05:43:59 -0700] "GET /phpMyAdmin/setup/?token=14754c06e81d4f5b442136753e4fda07&version_check=1 HTTP/1.1" 200 12691 "-" "Mozilla/5.0 (compatible; SemrushBot/7~bl; +http://www.semrush.com/bot.html)" "www.tekmedicgloves.com"
185.191.171.11 - - [09/Sep/2022:05:44:02 -0700] "GET /phpMyAdmin/setup/index.php?token=b038ed880b4a0c883d635e404f54f102&version_check=1 HTTP/1.1" 200 12709 "-" "Mozilla/5.0 (compatible; SemrushBot/7~bl; +http://www.semrush.com/bot.html)" "www.tekmedicgloves.com"
77.88.5.235 - - [09/Sep/2022:05:44:02 -0700] "GET /?C=N;O=A HTTP/1.1" 200 347 "-" "Mozilla/5.0 (compatible; YandexBot/3.0; +http://yandex.com/bots)" "tekmedicgloves.com"
185.191.171.36 - - [09/Sep/2022:05:44:31 -0700] "GET /phpMyAdmin/setup/?token=47cfb4881dee488b80048792a46fcb45&version_check=1 HTTP/1.1" 200 12691 "-" "Mozilla/5.0 (compatible; SemrushBot/7~bl; +http://www.semrush.com/bot.html)" "www.tekmedicgloves.com"
185.191.171.7 - - [09/Sep/2022:05:44:46 -0700] "GET /phpMyAdmin/setup/?token=ff6420bf77b47ead3bf97ceddd5be532&version_check=1 HTTP/1.1" 200 12691 "-" "Mozilla/5.0 (compatible; SemrushBot/7~bl; +http://www.semrush.com/bot.html)" "www.tekmedicgloves.com"
185.191.171.25 - - [09/Sep/2022:05:44:50 -0700] "GET /phpMyAdmin/setup/?token=9ce77af995712a6a00358cc293b2286d&version_check=1 HTTP/1.1" 200 12691 "-" "Mozilla/5.0 (compatible; SemrushBot/7~bl; +http://www.semrush.com/bot.html)" "www.tekmedicgloves.com"
185.191.171.36 - - [09/Sep/2022:05:44:50 -0700] "GET /phpMyAdmin/setup/?token=f3862d1f4cad7eae368c1e056992d6b2&version_check=1 HTTP/1.1" 200 12687 "-" "Mozilla/5.0 (compatible; SemrushBot/7~bl; +http://www.semrush.com/bot.html)" "tekmedicgloves.com"
185.191.171.40 - - [09/Sep/2022:05:44:52 -0700] "GET /phpMyAdmin/setup/index.php?token=4ba1da01f5d0119212fefd8f796e85f0&version_check=1 HTTP/1.1" 200 12705 "-" "Mozilla/5.0 (compatible; SemrushBot/7~bl; +http://www.semrush.com/bot.html)" "tekmedicgloves.com"
185.191.171.23 - - [09/Sep/2022:05:44:55 -0700] "GET /phpMyAdmin/setup/?token=f6765e412923db42570ec5bcb71e1f8d&version_check=1 HTTP/1.1" 200 12687 "-" "Mozilla/5.0 (compatible; SemrushBot/7~bl; +http://www.semrush.com/bot.html)" "tekmedicgloves.com"
185.191.171.7 - - [09/Sep/2022:05:45:03 -0700] "GET /phpMyAdmin/setup/?token=6c802b3acfbfdfe5e8dbc1ba7bc1bbee&version_check=1 HTTP/1.1" 200 12691 "-" "Mozilla/5.0 (compatible; SemrushBot/7~bl; +http://www.semrush.com/bot.html)" "www.tekmedicgloves.com"
185.191.171.19 - - [09/Sep/2022:05:45:18 -0700] "GET /phpMyAdmin/setup/?token=1778609dd85d1347a7881d1280f97e6a&version_check=1 HTTP/1.1" 200 12687 "-" "Mozilla/5.0 (compatible; SemrushBot/7~bl; +http://www.semrush.com/bot.html)" "tekmedicgloves.com"
185.191.171.1 - - [09/Sep/2022:05:45:30 -0700] "GET /phpMyAdmin/setup/?token=6daadc3b4c182a2c0ba21486e51e0c1f&version_check=1 HTTP/1.1" 200 12687 "-" "Mozilla/5.0 (compatible; SemrushBot/7~bl; +http://www.semrush.com/bot.html)" "tekmedicgloves.com"
185.191.171.26 - - [09/Sep/2022:05:46:00 -0700] "GET /phpMyAdmin/setup/?token=0f44d4ae4188d51455824e6880f62126&version_check=1 HTTP/1.1" 200 12687 "-" "Mozilla/5.0 (compatible; SemrushBot/7~bl; +http://www.semrush.com/bot.html)" "tekmedicgloves.com"
185.191.171.4 - - [09/Sep/2022:05:46:05 -0700] "GET /phpMyAdmin/setup/?token=203b4366f974245a80bc7888ca4d05bf&version_check=1 HTTP/1.1" 200 12691 "-" "Mozilla/5.0 (compatible; SemrushBot/7~bl; +http://www.semrush.com/bot.html)" "www.tekmedicgloves.com"
185.191.171.22 - - [09/Sep/2022:05:46:15 -0700] "GET /phpMyAdmin/setup/?token=53f53a0789a89729da153afff48aa0ae&version_check=1 HTTP/1.1" 200 12687 "-" "Mozilla/5.0 (compatible; SemrushBot/7~bl; +http://www.semrush.com/bot.html)" "tekmedicgloves.com"
185.191.171.25 - - [09/Sep/2022:05:46:20 -0700] "GET /phpMyAdmin/setup/index.php?token=80e02eddf21720c2af4b447dae8cc1e7&version_check=1 HTTP/1.1" 200 12705 "-" "Mozilla/5.0 (compatible; SemrushBot/7~bl; +http://www.semrush.com/bot.html)" "tekmedicgloves.com"
185.191.171.4 - - [09/Sep/2022:05:46:23 -0700] "GET /phpMyAdmin/setup/?token=996b4dcf5cfbed01bc349469541c4912&version_check=1 HTTP/1.1" 200 12691 "-" "Mozilla/5.0 (compatible; SemrushBot/7~bl; +http://www.semrush.com/bot.html)" "www.tekmedicgloves.com"
185.191.171.43 - - [09/Sep/2022:05:46:42 -0700] "GET /phpMyAdmin/setup/?token=683d5d243ccaedea4fbf1c045f057cf1&version_check=1 HTTP/1.1" 200 12687 "-" "Mozilla/5.0 (compatible; SemrushBot/7~bl; +http://www.semrush.com/bot.html)" "tekmedicgloves.com"
185.191.171.43 - - [09/Sep/2022:05:46:49 -0700] "GET /phpMyAdmin/setup/?token=3a304be5593c847f3e9c7f4639dbddd6&version_check=1 HTTP/1.1" 200 12691 "-" "Mozilla/5.0 (compatible; SemrushBot/7~bl; +http://www.semrush.com/bot.html)" "www.tekmedicgloves.com"
185.191.171.20 - - [09/Sep/2022:05:46:50 -0700] "GET /phpMyAdmin/setup/?token=da34b4e70a946eaced9ea07fd39b4f16&version_check=1 HTTP/1.1" 200 12691 "-" "Mozilla/5.0 (compatible; SemrushBot/7~bl; +http://www.semrush.com/bot.html)" "www.tekmedicgloves.com"
185.191.171.9 - - [09/Sep/2022:05:46:57 -0700] "GET /phpMyAdmin/setup/?token=0e6e4b01907af9f0f969c32a9a508083&version_check=1 HTTP/1.1" 200 12687 "-" "Mozilla/5.0 (compatible; SemrushBot/7~bl; +http://www.semrush.com/bot.html)" "tekmedicgloves.com"
139.59.120.82 - - [09/Sep/2022:05:47:03 -0700] "GET / HTTP/1.1" 200 696 "-" "Mozilla/5.0 (Windows NT 10.0; Win64; x64) AppleWebKit/537.36 (KHTML, like Gecko) Chrome/89.0.4389.114 Safari/537.36" "tekmedicgloves.com"
139.59.120.82 - - [09/Sep/2022:05:47:03 -0700] "GET / HTTP/1.1" 200 696 "-" "Mozilla/5.0 (Windows NT 10.0; Win64; x64) AppleWebKit/537.36 (KHTML, like Gecko) Chrome/89.0.4389.114 Safari/537.36" "tekmedicgloves.com"
139.59.120.82 - - [09/Sep/2022:05:47:04 -0700] "GET /wp-includes/wlwmanifest.xml HTTP/1.1" 404 73 "-" "Mozilla/5.0 (Windows NT 10.0; Win64; x64) AppleWebKit/537.36 (KHTML, like Gecko) Chrome/89.0.4389.114 Safari/537.36" "tekmedicgloves.com"
139.59.120.82 - - [09/Sep/2022:05:47:05 -0700] "GET /xmlrpc.php?rsd HTTP/1.1" 404 73 "-" "Mozilla/5.0 (Windows NT 10.0; Win64; x64) AppleWebKit/537.36 (KHTML, like Gecko) Chrome/89.0.4389.114 Safari/537.36" "tekmedicgloves.com"
139.59.120.82 - - [09/Sep/2022:05:47:05 -0700] "GET / HTTP/1.1" 200 696 "-" "Mozilla/5.0 (Windows NT 10.0; Win64; x64) AppleWebKit/537.36 (KHTML, like Gecko) Chrome/89.0.4389.114 Safari/537.36" "tekmedicgloves.com"
139.59.120.82 - - [09/Sep/2022:05:47:06 -0700] "GET /blog/wp-includes/wlwmanifest.xml HTTP/1.1" 404 73 "-" "Mozilla/5.0 (Windows NT 10.0; Win64; x64) AppleWebKit/537.36 (KHTML, like Gecko) Chrome/89.0.4389.114 Safari/537.36" "tekmedicgloves.com"
139.59.120.82 - - [09/Sep/2022:05:47:06 -0700] "GET /web/wp-includes/wlwmanifest.xml HTTP/1.1" 404 73 "-" "Mozilla/5.0 (Windows NT 10.0; Win64; x64) AppleWebKit/537.36 (KHTML, like Gecko) Chrome/89.0.4389.114 Safari/537.36" "tekmedicgloves.com"
185.191.171.33 - - [09/Sep/2022:05:47:06 -0700] "GET /phpMyAdmin/setup/?token=b75ac3288469df635ad3bc54a1f4da44&version_check=1 HTTP/1.1" 200 12687 "-" "Mozilla/5.0 (compatible; SemrushBot/7~bl; +http://www.semrush.com/bot.html)" "tekmedicgloves.com"
139.59.120.82 - - [09/Sep/2022:05:47:07 -0700] "GET /wordpress/wp-includes/wlwmanifest.xml HTTP/1.1" 404 73 "-" "Mozilla/5.0 (Windows NT 10.0; Win64; x64) AppleWebKit/537.36 (KHTML, like Gecko) Chrome/89.0.4389.114 Safari/537.36" "tekmedicgloves.com"
139.59.120.82 - - [09/Sep/2022:05:47:07 -0700] "GET /website/wp-includes/wlwmanifest.xml HTTP/1.1" 404 73 "-" "Mozilla/5.0 (Windows NT 10.0; Win64; x64) AppleWebKit/537.36 (KHTML, like Gecko) Chrome/89.0.4389.114 Safari/537.36" "tekmedicgloves.com"
139.59.120.82 - - [09/Sep/2022:05:47:08 -0700] "GET /wp/wp-includes/wlwmanifest.xml HTTP/1.1" 404 73 "-" "Mozilla/5.0 (Windows NT 10.0; Win64; x64) AppleWebKit/537.36 (KHTML, like Gecko) Chrome/89.0.4389.114 Safari/537.36" "tekmedicgloves.com"
139.59.120.82 - - [09/Sep/2022:05:47:08 -0700] "GET /news/wp-includes/wlwmanifest.xml HTTP/1.1" 404 73 "-" "Mozilla/5.0 (Windows NT 10.0; Win64; x64) AppleWebKit/537.36 (KHTML, like Gecko) Chrome/89.0.4389.114 Safari/537.36" "tekmedicgloves.com"
139.59.120.82 - - [09/Sep/2022:05:47:09 -0700] "GET /2020/wp-includes/wlwmanifest.xml HTTP/1.1" 404 73 "-" "Mozilla/5.0 (Windows NT 10.0; Win64; x64) AppleWebKit/537.36 (KHTML, like Gecko) Chrome/89.0.4389.114 Safari/537.36" "tekmedicgloves.com"
139.59.120.82 - - [09/Sep/2022:05:47:09 -0700] "GET /2019/wp-includes/wlwmanifest.xml HTTP/1.1" 404 73 "-" "Mozilla/5.0 (Windows NT 10.0; Win64; x64) AppleWebKit/537.36 (KHTML, like Gecko) Chrome/89.0.4389.114 Safari/537.36" "tekmedicgloves.com"
139.59.120.82 - - [09/Sep/2022:05:47:10 -0700] "GET /shop/wp-includes/wlwmanifest.xml HTTP/1.1" 404 73 "-" "Mozilla/5.0 (Windows NT 10.0; Win64; x64) AppleWebKit/537.36 (KHTML, like Gecko) Chrome/89.0.4389.114 Safari/537.36" "tekmedicgloves.com"
139.59.120.82 - - [09/Sep/2022:05:47:10 -0700] "GET /wp1/wp-includes/wlwmanifest.xml HTTP/1.1" 404 73 "-" "Mozilla/5.0 (Windows NT 10.0; Win64; x64) AppleWebKit/537.36 (KHTML, like Gecko) Chrome/89.0.4389.114 Safari/537.36" "tekmedicgloves.com"
139.59.120.82 - - [09/Sep/2022:05:47:11 -0700] "GET /test/wp-includes/wlwmanifest.xml HTTP/1.1" 404 73 "-" "Mozilla/5.0 (Windows NT 10.0; Win64; x64) AppleWebKit/537.36 (KHTML, like Gecko) Chrome/89.0.4389.114 Safari/537.36" "tekmedicgloves.com"
