157.90.181.207 - - [09/Sep/2022:08:16:28 -0700] "GET /beta/products.php?cat=24&id=20 HTTP/1.1" 200 53954 "-" "Mozilla/5.0 (compatible; BLEXBot/1.0; +http://webmeup-crawler.com/)" "tekmedicgloves.com"
185.191.171.5 - - [09/Sep/2022:08:16:32 -0700] "GET /phpMyAdmin/setup/?token=cdf69a11ef7dc7a89e4abe45d3224668&version_check=1 HTTP/1.1" 200 12691 "-" "Mozilla/5.0 (compatible; SemrushBot/7~bl; +http://www.semrush.com/bot.html)" "www.tekmedicgloves.com"
157.90.181.207 - - [09/Sep/2022:08:16:38 -0700] "GET /beta/products.php?cat=24&id=21 HTTP/1.1" 200 54757 "-" "Mozilla/5.0 (compatible; BLEXBot/1.0; +http://webmeup-crawler.com/)" "tekmedicgloves.com"
157.90.181.207 - - [09/Sep/2022:08:16:41 -0700] "GET /beta/products.php?cat=24&subcat=29 HTTP/1.1" 200 35763 "-" "Mozilla/5.0 (compatible; BLEXBot/1.0; +http://webmeup-crawler.com/)" "tekmedicgloves.com"
185.191.171.25 - - [09/Sep/2022:08:16:45 -0700] "GET /phpMyAdmin/setup/?token=9319173dd8589cd4b9db66e20c9095d4&version_check=1 HTTP/1.1" 200 12691 "-" "Mozilla/5.0 (compatible; SemrushBot/7~bl; +http://www.semrush.com/bot.html)" "www.tekmedicgloves.com"
157.90.181.207 - - [09/Sep/2022:08:16:46 -0700] "GET /beta/products.php?cat=24&subcat=41 HTTP/1.1" 200 35844 "-" "Mozilla/5.0 (compatible; BLEXBot/1.0; +http://webmeup-crawler.com/)" "tekmedicgloves.com"
185.191.171.33 - - [09/Sep/2022:08:16:49 -0700] "GET /phpMyAdmin/setup/?token=271e533da3a28e80c26fc88da4251ede&version_check=1 HTTP/1.1" 200 12691 "-" "Mozilla/5.0 (compatible; SemrushBot/7~bl; +http://www.semrush.com/bot.html)" "www.tekmedicgloves.com"
157.90.181.207 - - [09/Sep/2022:08:16:50 -0700] "GET /beta/products.php?cat=24&subcat=42 HTTP/1.1" 200 35871 "-" "Mozilla/5.0 (compatible; BLEXBot/1.0; +http://webmeup-crawler.com/)" "tekmedicgloves.com"
157.90.181.207 - - [09/Sep/2022:08:16:53 -0700] "GET /beta/products.php?cat=24&subcat=43 HTTP/1.1" 200 35883 "-" "Mozilla/5.0 (compatible; BLEXBot/1.0; +http://webmeup-crawler.com/)" "tekmedicgloves.com"
185.191.171.15 - - [09/Sep/2022:08:16:56 -0700] "GET /phpMyAdmin/setup/?token=93bc460d32d4780aa932e600648afa49&version_check=1 HTTP/1.1" 200 12687 "-" "Mozilla/5.0 (compatible; SemrushBot/7~bl; +http://www.semrush.com/bot.html)" "tekmedicgloves.com"
157.90.181.207 - - [09/Sep/2022:08:16:57 -0700] "GET /beta/products.php?cat=24&subcat=44 HTTP/1.1" 200 35874 "-" "Mozilla/5.0 (compatible; BLEXBot/1.0; +http://webmeup-crawler.com/)" "tekmedicgloves.com"
185.191.171.14 - - [09/Sep/2022:08:16:59 -0700] "GET /phpMyAdmin/setup/?token=f8cb5b5a7677612428857db227236a92&version_check=1 HTTP/1.1" 200 12687 "-" "Mozilla/5.0 (compatible; SemrushBot/7~bl; +http://www.semrush.com/bot.html)" "tekmedicgloves.com"
157.90.181.207 - - [09/Sep/2022:08:17:00 -0700] "GET /beta/products.php?cat=24&subcat=45 HTTP/1.1" 200 35865 "-" "Mozilla/5.0 (compatible; BLEXBot/1.0; +http://webmeup-crawler.com/)" "tekmedicgloves.com"
185.191.171.5 - - [09/Sep/2022:08:17:01 -0700] "GET /phpMyAdmin/setup/?token=3b22f82cf8184c36434a661b25266817&version_check=1 HTTP/1.1" 200 12687 "-" "Mozilla/5.0 (compatible; SemrushBot/7~bl; +http://www.semrush.com/bot.html)" "tekmedicgloves.com"
185.191.171.35 - - [09/Sep/2022:08:17:03 -0700] "GET /phpMyAdmin/setup/index.php?token=efd4e4cbbedf6d07cfe674c7f1d47b39&version_check=1 HTTP/1.1" 200 12705 "-" "Mozilla/5.0 (compatible; SemrushBot/7~bl; +http://www.semrush.com/bot.html)" "tekmedicgloves.com"
157.90.181.207 - - [09/Sep/2022:08:17:05 -0700] "GET /beta/products.php?cat=24&subcat=46 HTTP/1.1" 200 35920 "-" "Mozilla/5.0 (compatible; BLEXBot/1.0; +http://webmeup-crawler.com/)" "tekmedicgloves.com"
185.191.171.39 - - [09/Sep/2022:08:17:05 -0700] "GET /phpMyAdmin/setup/?token=b1f9ef09e05a0d5f20e086bc3fe8588b&version_check=1 HTTP/1.1" 200 12687 "-" "Mozilla/5.0 (compatible; SemrushBot/7~bl; +http://www.semrush.com/bot.html)" "tekmedicgloves.com"
157.90.181.207 - - [09/Sep/2022:08:17:08 -0700] "GET /beta/team-view/bradley-grosh/wsdindex.html HTTP/1.1" 404 88 "-" "Mozilla/5.0 (compatible; BLEXBot/1.0; +http://webmeup-crawler.com/)" "tekmedicgloves.com"
157.90.181.207 - - [09/Sep/2022:08:17:13 -0700] "GET /beta/team-view/jessica-priston/wsdindex.html HTTP/1.1" 404 88 "-" "Mozilla/5.0 (compatible; BLEXBot/1.0; +http://webmeup-crawler.com/)" "tekmedicgloves.com"
185.191.171.9 - - [09/Sep/2022:08:17:14 -0700] "GET /phpMyAdmin/setup/?token=852378e9f41d9125e37d98dfaba6fd9b&version_check=1 HTTP/1.1" 200 12687 "-" "Mozilla/5.0 (compatible; SemrushBot/7~bl; +http://www.semrush.com/bot.html)" "tekmedicgloves.com"
185.191.171.33 - - [09/Sep/2022:08:17:20 -0700] "GET /phpMyAdmin/setup/?token=1fd6ab5014c124e8f1c025066c7bb7d2&version_check=1 HTTP/1.1" 200 12691 "-" "Mozilla/5.0 (compatible; SemrushBot/7~bl; +http://www.semrush.com/bot.html)" "www.tekmedicgloves.com"
157.90.181.207 - - [09/Sep/2022:08:17:21 -0700] "GET /beta/team-view/linda-smith/wsdindex.html HTTP/1.1" 404 88 "-" "Mozilla/5.0 (compatible; BLEXBot/1.0; +http://webmeup-crawler.com/)" "tekmedicgloves.com"
185.191.171.9 - - [09/Sep/2022:08:17:23 -0700] "GET /phpMyAdmin/setup/index.php?token=17e31e7516df2dd52fd845742f104224&version_check=1 HTTP/1.1" 200 12709 "-" "Mozilla/5.0 (compatible; SemrushBot/7~bl; +http://www.semrush.com/bot.html)" "www.tekmedicgloves.com"
157.90.181.207 - - [09/Sep/2022:08:17:26 -0700] "GET /beta/team-view/mark-johnson/wsdindex.html HTTP/1.1" 404 88 "-" "Mozilla/5.0 (compatible; BLEXBot/1.0; +http://webmeup-crawler.com/)" "tekmedicgloves.com"
157.90.181.207 - - [09/Sep/2022:08:17:32 -0700] "GET /beta/team-view/olivia-pool/wsdindex.html HTTP/1.1" 404 88 "-" "Mozilla/5.0 (compatible; BLEXBot/1.0; +http://webmeup-crawler.com/)" "tekmedicgloves.com"
157.90.181.207 - - [09/Sep/2022:08:17:36 -0700] "GET /beta/team-view/sam-kromstain/wsdindex.html HTTP/1.1" 404 88 "-" "Mozilla/5.0 (compatible; BLEXBot/1.0; +http://webmeup-crawler.com/)" "tekmedicgloves.com"
185.191.171.25 - - [09/Sep/2022:08:17:38 -0700] "GET /phpMyAdmin/setup/?token=b82281fd62231fba8653d23dcc9a9862&version_check=1 HTTP/1.1" 200 12687 "-" "Mozilla/5.0 (compatible; SemrushBot/7~bl; +http://www.semrush.com/bot.html)" "tekmedicgloves.com"
157.90.181.207 - - [09/Sep/2022:08:17:39 -0700] "GET /beta/wsdindex.html HTTP/1.1" 404 88 "-" "Mozilla/5.0 (compatible; BLEXBot/1.0; +http://webmeup-crawler.com/)" "tekmedicgloves.com"
185.191.171.24 - - [09/Sep/2022:08:17:49 -0700] "GET /phpMyAdmin/setup/?token=41c8a6238082d6b20ba693940fa61fcc&version_check=1 HTTP/1.1" 200 12691 "-" "Mozilla/5.0 (compatible; SemrushBot/7~bl; +http://www.semrush.com/bot.html)" "www.tekmedicgloves.com"
185.191.171.4 - - [09/Sep/2022:08:18:03 -0700] "GET /phpMyAdmin/setup/?token=84a20167d45b68ea18a32948f0c77c93&version_check=1 HTTP/1.1" 200 12691 "-" "Mozilla/5.0 (compatible; SemrushBot/7~bl; +http://www.semrush.com/bot.html)" "www.tekmedicgloves.com"
185.191.171.13 - - [09/Sep/2022:08:18:25 -0700] "GET /phpMyAdmin/setup/index.php?token=d5d843bf55cf42fe81986eb87173c0a4&version_check=1 HTTP/1.1" 200 12705 "-" "Mozilla/5.0 (compatible; SemrushBot/7~bl; +http://www.semrush.com/bot.html)" "tekmedicgloves.com"
185.191.171.13 - - [09/Sep/2022:08:18:50 -0700] "GET /phpMyAdmin/setup/?token=752f28443831b3ee45e7251da47e48e6&version_check=1 HTTP/1.1" 200 12691 "-" "Mozilla/5.0 (compatible; SemrushBot/7~bl; +http://www.semrush.com/bot.html)" "www.tekmedicgloves.com"
185.191.171.10 - - [09/Sep/2022:08:18:54 -0700] "GET /phpMyAdmin/setup/?token=569bca7d76902f3ebaa2817a24da0b9e&version_check=1 HTTP/1.1" 200 12691 "-" "Mozilla/5.0 (compatible; SemrushBot/7~bl; +http://www.semrush.com/bot.html)" "www.tekmedicgloves.com"
185.191.171.16 - - [09/Sep/2022:08:19:00 -0700] "GET /phpMyAdmin/setup/?token=51e5976b054665f40c719ad2cc7fa90a&version_check=1 HTTP/1.1" 200 12687 "-" "Mozilla/5.0 (compatible; SemrushBot/7~bl; +http://www.semrush.com/bot.html)" "tekmedicgloves.com"
185.191.171.5 - - [09/Sep/2022:08:19:11 -0700] "GET /phpMyAdmin/setup/?token=6148c78008c5acf0812a046eb05714a5&version_check=1 HTTP/1.1" 200 12691 "-" "Mozilla/5.0 (compatible; SemrushBot/7~bl; +http://www.semrush.com/bot.html)" "www.tekmedicgloves.com"
185.191.171.7 - - [09/Sep/2022:08:19:14 -0700] "GET /phpMyAdmin/setup/index.php?token=1c10a7b727da0472fdfe1b8bc2f140bd&version_check=1 HTTP/1.1" 200 12709 "-" "Mozilla/5.0 (compatible; SemrushBot/7~bl; +http://www.semrush.com/bot.html)" "www.tekmedicgloves.com"
185.191.171.25 - - [09/Sep/2022:08:19:31 -0700] "GET /phpMyAdmin/setup/?token=c0e330618daeb414e9ee428513b2aeab&version_check=1 HTTP/1.1" 200 12687 "-" "Mozilla/5.0 (compatible; SemrushBot/7~bl; +http://www.semrush.com/bot.html)" "tekmedicgloves.com"
185.191.171.21 - - [09/Sep/2022:08:19:39 -0700] "GET /phpMyAdmin/setup/?token=04a69769f79e8bd712a50422afeab8e5&version_check=1 HTTP/1.1" 200 12687 "-" "Mozilla/5.0 (compatible; SemrushBot/7~bl; +http://www.semrush.com/bot.html)" "tekmedicgloves.com"
185.191.171.3 - - [09/Sep/2022:08:20:18 -0700] "GET /phpMyAdmin/setup/?token=7c72f0956b869899fb404a9366df14cc&version_check=1 HTTP/1.1" 200 12687 "-" "Mozilla/5.0 (compatible; SemrushBot/7~bl; +http://www.semrush.com/bot.html)" "tekmedicgloves.com"
185.191.171.39 - - [09/Sep/2022:08:20:24 -0700] "GET /phpMyAdmin/setup/?token=5347cedcdf2e034e81444fa95d0e3e16&version_check=1 HTTP/1.1" 200 12687 "-" "Mozilla/5.0 (compatible; SemrushBot/7~bl; +http://www.semrush.com/bot.html)" "tekmedicgloves.com"
185.191.171.9 - - [09/Sep/2022:08:20:26 -0700] "GET /phpMyAdmin/setup/index.php?token=fcf0038345a6dac63ce33a8cfa55d1bc&version_check=1 HTTP/1.1" 200 12705 "-" "Mozilla/5.0 (compatible; SemrushBot/7~bl; +http://www.semrush.com/bot.html)" "tekmedicgloves.com"
185.191.171.43 - - [09/Sep/2022:08:20:49 -0700] "GET /phpMyAdmin/setup/index.php?token=c2d2df3718f432f44f7a6b079d87c267&version_check=1 HTTP/1.1" 200 12709 "-" "Mozilla/5.0 (compatible; SemrushBot/7~bl; +http://www.semrush.com/bot.html)" "www.tekmedicgloves.com"
185.191.171.10 - - [09/Sep/2022:08:20:54 -0700] "GET /phpMyAdmin/setup/?token=90a0f988e9540658ff17584cf28c1b76&version_check=1 HTTP/1.1" 200 12687 "-" "Mozilla/5.0 (compatible; SemrushBot/7~bl; +http://www.semrush.com/bot.html)" "tekmedicgloves.com"
185.191.171.3 - - [09/Sep/2022:08:21:01 -0700] "GET /phpMyAdmin/setup/?token=22436a8e10180359ec578cb65b0c5507&version_check=1 HTTP/1.1" 200 12691 "-" "Mozilla/5.0 (compatible; SemrushBot/7~bl; +http://www.semrush.com/bot.html)" "www.tekmedicgloves.com"
185.191.171.3 - - [09/Sep/2022:08:21:08 -0700] "GET /phpMyAdmin/setup/?token=b490b10116a5579e9eddd8ce7e948e4c&version_check=1 HTTP/1.1" 200 12687 "-" "Mozilla/5.0 (compatible; SemrushBot/7~bl; +http://www.semrush.com/bot.html)" "tekmedicgloves.com"
185.191.171.12 - - [09/Sep/2022:08:21:23 -0700] "GET /phpMyAdmin/setup/?token=619f4e7904f19cf2138e080b8fb3769d&version_check=1 HTTP/1.1" 200 12691 "-" "Mozilla/5.0 (compatible; SemrushBot/7~bl; +http://www.semrush.com/bot.html)" "www.tekmedicgloves.com"
185.191.171.25 - - [09/Sep/2022:08:21:25 -0700] "GET /phpMyAdmin/setup/?token=d26674810e8a83af9a484b5389c45f87&version_check=1 HTTP/1.1" 200 12687 "-" "Mozilla/5.0 (compatible; SemrushBot/7~bl; +http://www.semrush.com/bot.html)" "tekmedicgloves.com"
185.191.171.7 - - [09/Sep/2022:08:21:32 -0700] "GET /phpMyAdmin/setup/?token=ff247163f583344e33cf0bdae80bd30d&version_check=1 HTTP/1.1" 200 12687 "-" "Mozilla/5.0 (compatible; SemrushBot/7~bl; +http://www.semrush.com/bot.html)" "tekmedicgloves.com"
185.191.171.42 - - [09/Sep/2022:08:21:34 -0700] "GET /phpMyAdmin/setup/?token=0c8d58688225eb72694139d7c16d66aa&version_check=1 HTTP/1.1" 200 12687 "-" "Mozilla/5.0 (compatible; SemrushBot/7~bl; +http://www.semrush.com/bot.html)" "tekmedicgloves.com"
185.191.171.12 - - [09/Sep/2022:08:21:41 -0700] "GET /phpMyAdmin/setup/?token=f9aec5d1d51357976269f0ac6d5b716e&version_check=1 HTTP/1.1" 200 12687 "-" "Mozilla/5.0 (compatible; SemrushBot/7~bl; +http://www.semrush.com/bot.html)" "tekmedicgloves.com"
185.191.171.44 - - [09/Sep/2022:08:21:56 -0700] "GET /phpMyAdmin/setup/?token=2d13f3b977a948e2c3fa2fd261292962&version_check=1 HTTP/1.1" 200 12691 "-" "Mozilla/5.0 (compatible; SemrushBot/7~bl; +http://www.semrush.com/bot.html)" "www.tekmedicgloves.com"
185.191.171.36 - - [09/Sep/2022:08:21:58 -0700] "GET /phpMyAdmin/setup/index.php?token=578bce844bfb223f796caff326161d7e&version_check=1 HTTP/1.1" 200 12705 "-" "Mozilla/5.0 (compatible; SemrushBot/7~bl; +http://www.semrush.com/bot.html)" "tekmedicgloves.com"
185.191.171.43 - - [09/Sep/2022:08:22:12 -0700] "GET /phpMyAdmin/setup/?token=2893d88ca7f464c12f41d279cabc853d&version_check=1 HTTP/1.1" 200 12691 "-" "Mozilla/5.0 (compatible; SemrushBot/7~bl; +http://www.semrush.com/bot.html)" "www.tekmedicgloves.com"
185.191.171.5 - - [09/Sep/2022:08:22:34 -0700] "GET /phpMyAdmin/setup/?token=404f930bd69a7e2e8448760b0f7da7c3&version_check=1 HTTP/1.1" 200 12691 "-" "Mozilla/5.0 (compatible; SemrushBot/7~bl; +http://www.semrush.com/bot.html)" "www.tekmedicgloves.com"
185.191.171.42 - - [09/Sep/2022:08:22:45 -0700] "GET /phpMyAdmin/setup/index.php?token=8460760468c3c9bb242dea3a828d18ac&version_check=1 HTTP/1.1" 200 12709 "-" "Mozilla/5.0 (compatible; SemrushBot/7~bl; +http://www.semrush.com/bot.html)" "www.tekmedicgloves.com"
185.191.171.14 - - [09/Sep/2022:08:23:14 -0700] "GET /phpMyAdmin/setup/?token=e9d009c5a320bd565164d569966aff57&version_check=1 HTTP/1.1" 200 12691 "-" "Mozilla/5.0 (compatible; SemrushBot/7~bl; +http://www.semrush.com/bot.html)" "www.tekmedicgloves.com"
185.191.171.45 - - [09/Sep/2022:08:23:31 -0700] "GET /phpMyAdmin/setup/?token=55723e5ce1f4e0c115285fb2171e9248&version_check=1 HTTP/1.1" 200 12691 "-" "Mozilla/5.0 (compatible; SemrushBot/7~bl; +http://www.semrush.com/bot.html)" "www.tekmedicgloves.com"
185.191.171.15 - - [09/Sep/2022:08:23:34 -0700] "GET /phpMyAdmin/setup/?token=ea3ae5063e8223ce038a96c78985ef84&version_check=1 HTTP/1.1" 200 12687 "-" "Mozilla/5.0 (compatible; SemrushBot/7~bl; +http://www.semrush.com/bot.html)" "tekmedicgloves.com"
185.191.171.44 - - [09/Sep/2022:08:23:45 -0700] "GET /phpMyAdmin/setup/?token=c51605e8092af3639a338bb8397e18de&version_check=1 HTTP/1.1" 200 12687 "-" "Mozilla/5.0 (compatible; SemrushBot/7~bl; +http://www.semrush.com/bot.html)" "tekmedicgloves.com"
185.191.171.14 - - [09/Sep/2022:08:23:46 -0700] "GET /phpMyAdmin/setup/?token=8849e0ff5e66f08723ce4097770a82e9&version_check=1 HTTP/1.1" 200 12691 "-" "Mozilla/5.0 (compatible; SemrushBot/7~bl; +http://www.semrush.com/bot.html)" "www.tekmedicgloves.com"
185.191.171.42 - - [09/Sep/2022:08:24:19 -0700] "GET /phpMyAdmin/setup/?token=577a7dd26ba88844b0daf0fb17512f8d&version_check=1 HTTP/1.1" 200 12691 "-" "Mozilla/5.0 (compatible; SemrushBot/7~bl; +http://www.semrush.com/bot.html)" "www.tekmedicgloves.com"
185.191.171.39 - - [09/Sep/2022:08:24:29 -0700] "GET /phpMyAdmin/setup/?token=a5d6f7a689e01b18b1201b834d59b87e&version_check=1 HTTP/1.1" 200 12691 "-" "Mozilla/5.0 (compatible; SemrushBot/7~bl; +http://www.semrush.com/bot.html)" "www.tekmedicgloves.com"
185.191.171.25 - - [09/Sep/2022:08:24:37 -0700] "GET /phpMyAdmin/setup/?token=df52c3153a05853d2c5fd63c1ef61f3a&version_check=1 HTTP/1.1" 200 12687 "-" "Mozilla/5.0 (compatible; SemrushBot/7~bl; +http://www.semrush.com/bot.html)" "tekmedicgloves.com"
185.191.171.36 - - [09/Sep/2022:08:24:39 -0700] "GET /phpMyAdmin/setup/index.php?token=5667951b7a623dbe65532cb532e40fb5&version_check=1 HTTP/1.1" 200 12709 "-" "Mozilla/5.0 (compatible; SemrushBot/7~bl; +http://www.semrush.com/bot.html)" "www.tekmedicgloves.com"
185.191.171.25 - - [09/Sep/2022:08:24:46 -0700] "GET /phpMyAdmin/setup/?token=8083f934351ab5e4b088896c228138b7&version_check=1 HTTP/1.1" 200 12687 "-" "Mozilla/5.0 (compatible; SemrushBot/7~bl; +http://www.semrush.com/bot.html)" "tekmedicgloves.com"
185.191.171.25 - - [09/Sep/2022:08:25:16 -0700] "GET /phpMyAdmin/setup/?token=44fb0af3b94b8467397fa2508fbca5fc&version_check=1 HTTP/1.1" 200 12687 "-" "Mozilla/5.0 (compatible; SemrushBot/7~bl; +http://www.semrush.com/bot.html)" "tekmedicgloves.com"
185.191.171.23 - - [09/Sep/2022:08:25:19 -0700] "GET /phpMyAdmin/setup/?token=e229640f9249cc149e9be4409aa0210d&version_check=1 HTTP/1.1" 200 12687 "-" "Mozilla/5.0 (compatible; SemrushBot/7~bl; +http://www.semrush.com/bot.html)" "tekmedicgloves.com"
185.191.171.25 - - [09/Sep/2022:08:25:27 -0700] "GET /phpMyAdmin/setup/?token=1bb8a541d06c769b215419a5e81dc55e&version_check=1 HTTP/1.1" 200 12687 "-" "Mozilla/5.0 (compatible; SemrushBot/7~bl; +http://www.semrush.com/bot.html)" "tekmedicgloves.com"
185.191.171.41 - - [09/Sep/2022:08:25:33 -0700] "GET /phpMyAdmin/setup/?token=e9b729dc701fbbf5fda7b2a81fdddbc4&version_check=1 HTTP/1.1" 200 12687 "-" "Mozilla/5.0 (compatible; SemrushBot/7~bl; +http://www.semrush.com/bot.html)" "tekmedicgloves.com"
185.191.171.45 - - [09/Sep/2022:08:25:39 -0700] "GET /phpMyAdmin/setup/?token=2397267a3ee4bc68e013b412618fb368&version_check=1 HTTP/1.1" 200 12687 "-" "Mozilla/5.0 (compatible; SemrushBot/7~bl; +http://www.semrush.com/bot.html)" "tekmedicgloves.com"
185.191.171.38 - - [09/Sep/2022:08:25:55 -0700] "GET /phpMyAdmin/setup/?token=18b9631cf97f87daa10738144b7c880c&version_check=1 HTTP/1.1" 200 12691 "-" "Mozilla/5.0 (compatible; SemrushBot/7~bl; +http://www.semrush.com/bot.html)" "www.tekmedicgloves.com"
185.191.171.25 - - [09/Sep/2022:08:25:56 -0700] "GET /phpMyAdmin/setup/index.php?token=57355b3ec6af8f1ee8dcbdf09fc8523a&version_check=1 HTTP/1.1" 200 12709 "-" "Mozilla/5.0 (compatible; SemrushBot/7~bl; +http://www.semrush.com/bot.html)" "www.tekmedicgloves.com"
185.191.171.13 - - [09/Sep/2022:08:26:15 -0700] "GET /phpMyAdmin/setup/?token=fc18465a92d2ef56c15a095735d42bdf&version_check=1 HTTP/1.1" 200 12687 "-" "Mozilla/5.0 (compatible; SemrushBot/7~bl; +http://www.semrush.com/bot.html)" "tekmedicgloves.com"
185.191.171.33 - - [09/Sep/2022:08:26:31 -0700] "GET /phpMyAdmin/setup/?token=29f144fff95b7b64e844547d7582a7aa&version_check=1 HTTP/1.1" 200 12691 "-" "Mozilla/5.0 (compatible; SemrushBot/7~bl; +http://www.semrush.com/bot.html)" "www.tekmedicgloves.com"
185.191.171.39 - - [09/Sep/2022:08:26:45 -0700] "GET /phpMyAdmin/setup/?token=f885dc424c2ed5114ee746e84743cd4d&version_check=1 HTTP/1.1" 200 12687 "-" "Mozilla/5.0 (compatible; SemrushBot/7~bl; +http://www.semrush.com/bot.html)" "tekmedicgloves.com"
185.191.171.42 - - [09/Sep/2022:08:26:47 -0700] "GET /phpMyAdmin/setup/?token=9ab686215f84347e034f280fb3590de9&version_check=1 HTTP/1.1" 200 12691 "-" "Mozilla/5.0 (compatible; SemrushBot/7~bl; +http://www.semrush.com/bot.html)" "www.tekmedicgloves.com"
185.191.171.9 - - [09/Sep/2022:08:27:15 -0700] "GET /phpMyAdmin/setup/index.php?token=1640033c01a452b7695207978dbf2466&version_check=1 HTTP/1.1" 200 12709 "-" "Mozilla/5.0 (compatible; SemrushBot/7~bl; +http://www.semrush.com/bot.html)" "www.tekmedicgloves.com"
185.191.171.39 - - [09/Sep/2022:08:27:17 -0700] "GET /phpMyAdmin/setup/?token=4b21ffa1fa04be669005344bf90744fe&version_check=1 HTTP/1.1" 200 12691 "-" "Mozilla/5.0 (compatible; SemrushBot/7~bl; +http://www.semrush.com/bot.html)" "www.tekmedicgloves.com"
185.191.171.1 - - [09/Sep/2022:08:27:29 -0700] "GET /phpMyAdmin/setup/index.php?token=837d8a3ed99c4eae6663f0b7accc5b2f&version_check=1 HTTP/1.1" 200 12709 "-" "Mozilla/5.0 (compatible; SemrushBot/7~bl; +http://www.semrush.com/bot.html)" "www.tekmedicgloves.com"
185.191.171.11 - - [09/Sep/2022:08:27:43 -0700] "GET /phpMyAdmin/setup/index.php?token=8e85ed0f21ea0fc38a1642c8783de555&version_check=1 HTTP/1.1" 200 12705 "-" "Mozilla/5.0 (compatible; SemrushBot/7~bl; +http://www.semrush.com/bot.html)" "tekmedicgloves.com"
185.191.171.22 - - [09/Sep/2022:08:27:56 -0700] "GET /phpMyAdmin/setup/index.php?token=924ae813075410f705ee5e2cb65ba43a&version_check=1 HTTP/1.1" 200 12705 "-" "Mozilla/5.0 (compatible; SemrushBot/7~bl; +http://www.semrush.com/bot.html)" "tekmedicgloves.com"
185.191.171.5 - - [09/Sep/2022:08:28:00 -0700] "GET /phpMyAdmin/setup/?token=12e6710e32f1d6ff01af0c94670a93c0&version_check=1 HTTP/1.1" 200 12691 "-" "Mozilla/5.0 (compatible; SemrushBot/7~bl; +http://www.semrush.com/bot.html)" "www.tekmedicgloves.com"
185.191.171.2 - - [09/Sep/2022:08:28:02 -0700] "GET /phpMyAdmin/setup/?token=be27e3f003f86597f3c2613f133fc65f&version_check=1 HTTP/1.1" 200 12687 "-" "Mozilla/5.0 (compatible; SemrushBot/7~bl; +http://www.semrush.com/bot.html)" "tekmedicgloves.com"
185.191.171.7 - - [09/Sep/2022:08:28:10 -0700] "GET /phpMyAdmin/setup/index.php?token=8a32c666e65b54af973ba9129c305796&version_check=1 HTTP/1.1" 200 12705 "-" "Mozilla/5.0 (compatible; SemrushBot/7~bl; +http://www.semrush.com/bot.html)" "tekmedicgloves.com"
185.191.171.1 - - [09/Sep/2022:08:28:17 -0700] "GET /phpMyAdmin/setup/?token=ac87760b47510f50316d158b7d7b3116&version_check=1 HTTP/1.1" 200 12691 "-" "Mozilla/5.0 (compatible; SemrushBot/7~bl; +http://www.semrush.com/bot.html)" "www.tekmedicgloves.com"
185.191.171.21 - - [09/Sep/2022:08:28:22 -0700] "GET /phpMyAdmin/setup/?token=56cf568300e0f704dc30135dec2ad877&version_check=1 HTTP/1.1" 200 12691 "-" "Mozilla/5.0 (compatible; SemrushBot/7~bl; +http://www.semrush.com/bot.html)" "www.tekmedicgloves.com"
185.191.171.42 - - [09/Sep/2022:08:28:24 -0700] "GET /phpMyAdmin/setup/?token=e12fda2e8ec65dbf4558bf27c3a3cd46&version_check=1 HTTP/1.1" 200 12691 "-" "Mozilla/5.0 (compatible; SemrushBot/7~bl; +http://www.semrush.com/bot.html)" "www.tekmedicgloves.com"
185.191.171.34 - - [09/Sep/2022:08:28:45 -0700] "GET /phpMyAdmin/setup/?token=1c9ce5b31dfec1ff3d94aae35b58d689&version_check=1 HTTP/1.1" 200 12687 "-" "Mozilla/5.0 (compatible; SemrushBot/7~bl; +http://www.semrush.com/bot.html)" "tekmedicgloves.com"
185.191.171.15 - - [09/Sep/2022:08:28:45 -0700] "GET /phpMyAdmin/setup/?token=461118d69cb5e77f63a7572b5836ad78&version_check=1 HTTP/1.1" 200 12691 "-" "Mozilla/5.0 (compatible; SemrushBot/7~bl; +http://www.semrush.com/bot.html)" "www.tekmedicgloves.com"
185.191.171.41 - - [09/Sep/2022:08:28:48 -0700] "GET /phpMyAdmin/setup/?token=ee46c4f535b6be13ef31df0671e70729&version_check=1 HTTP/1.1" 200 12687 "-" "Mozilla/5.0 (compatible; SemrushBot/7~bl; +http://www.semrush.com/bot.html)" "tekmedicgloves.com"
185.191.171.9 - - [09/Sep/2022:08:29:09 -0700] "GET /phpMyAdmin/setup/index.php?token=8f96528d549c8e89f2fa1d2e9cac6255&version_check=1 HTTP/1.1" 200 12705 "-" "Mozilla/5.0 (compatible; SemrushBot/7~bl; +http://www.semrush.com/bot.html)" "tekmedicgloves.com"
185.191.171.2 - - [09/Sep/2022:08:29:12 -0700] "GET /phpMyAdmin/setup/index.php?token=f9fa272959eafbe71aca3604a57e2f7e&version_check=1 HTTP/1.1" 200 12705 "-" "Mozilla/5.0 (compatible; SemrushBot/7~bl; +http://www.semrush.com/bot.html)" "tekmedicgloves.com"
185.191.171.25 - - [09/Sep/2022:08:29:15 -0700] "GET /phpMyAdmin/setup/?token=0b83a9e3886525e7af585857e4f71049&version_check=1 HTTP/1.1" 200 12687 "-" "Mozilla/5.0 (compatible; SemrushBot/7~bl; +http://www.semrush.com/bot.html)" "tekmedicgloves.com"
185.191.171.5 - - [09/Sep/2022:08:29:16 -0700] "GET /phpMyAdmin/setup/?token=3cca3b0136b1bea77b4b619811f4026b&version_check=1 HTTP/1.1" 200 12691 "-" "Mozilla/5.0 (compatible; SemrushBot/7~bl; +http://www.semrush.com/bot.html)" "www.tekmedicgloves.com"
185.191.171.34 - - [09/Sep/2022:08:29:18 -0700] "GET /phpMyAdmin/setup/?token=e0c7772ff08365007342408848c15614&version_check=1 HTTP/1.1" 200 12691 "-" "Mozilla/5.0 (compatible; SemrushBot/7~bl; +http://www.semrush.com/bot.html)" "www.tekmedicgloves.com"
185.191.171.45 - - [09/Sep/2022:08:29:27 -0700] "GET /phpMyAdmin/setup/?token=77c2fd5ff5de8336d9b99373ab938cc3&version_check=1 HTTP/1.1" 200 12687 "-" "Mozilla/5.0 (compatible; SemrushBot/7~bl; +http://www.semrush.com/bot.html)" "tekmedicgloves.com"
185.191.171.6 - - [09/Sep/2022:08:29:29 -0700] "GET /phpMyAdmin/setup/?token=cabcb94ee386385b9706acd17cc170d4&version_check=1 HTTP/1.1" 200 12687 "-" "Mozilla/5.0 (compatible; SemrushBot/7~bl; +http://www.semrush.com/bot.html)" "tekmedicgloves.com"
185.191.171.44 - - [09/Sep/2022:08:29:32 -0700] "GET /phpMyAdmin/setup/?token=33d99f7dfb1b06c148b3f17f3c73940f&version_check=1 HTTP/1.1" 200 12691 "-" "Mozilla/5.0 (compatible; SemrushBot/7~bl; +http://www.semrush.com/bot.html)" "www.tekmedicgloves.com"
185.191.171.36 - - [09/Sep/2022:08:30:24 -0700] "GET /phpMyAdmin/setup/index.php?token=1621bd2b6f0a0a89839c7a134efdbae5&version_check=1 HTTP/1.1" 200 12705 "-" "Mozilla/5.0 (compatible; SemrushBot/7~bl; +http://www.semrush.com/bot.html)" "tekmedicgloves.com"
185.191.171.11 - - [09/Sep/2022:08:30:34 -0700] "GET /phpMyAdmin/setup/?token=b151755bc45558969adfc8585661e7a9&version_check=1 HTTP/1.1" 200 12687 "-" "Mozilla/5.0 (compatible; SemrushBot/7~bl; +http://www.semrush.com/bot.html)" "tekmedicgloves.com"
185.191.171.35 - - [09/Sep/2022:08:30:42 -0700] "GET /phpMyAdmin/setup/?token=d6689c2d8a841e5dd3f178cc3f41bda2&version_check=1 HTTP/1.1" 200 12691 "-" "Mozilla/5.0 (compatible; SemrushBot/7~bl; +http://www.semrush.com/bot.html)" "www.tekmedicgloves.com"
185.191.171.11 - - [09/Sep/2022:08:30:51 -0700] "GET /phpMyAdmin/setup/?token=f0e3b2cfe05e0f74dc119d4c15a6bd5c&version_check=1 HTTP/1.1" 200 12687 "-" "Mozilla/5.0 (compatible; SemrushBot/7~bl; +http://www.semrush.com/bot.html)" "tekmedicgloves.com"
185.191.171.5 - - [09/Sep/2022:08:31:13 -0700] "GET /phpMyAdmin/setup/?token=197bea7ca0eb29829c1ba2ebee8da3b9&version_check=1 HTTP/1.1" 200 12691 "-" "Mozilla/5.0 (compatible; SemrushBot/7~bl; +http://www.semrush.com/bot.html)" "www.tekmedicgloves.com"
185.191.171.11 - - [09/Sep/2022:08:31:29 -0700] "GET /phpMyAdmin/setup/?token=060cb2e74c6c4579882e1fe6d751f2ab&version_check=1 HTTP/1.1" 200 12691 "-" "Mozilla/5.0 (compatible; SemrushBot/7~bl; +http://www.semrush.com/bot.html)" "www.tekmedicgloves.com"
185.191.171.3 - - [09/Sep/2022:08:31:57 -0700] "GET /phpMyAdmin/setup/index.php?token=6844c83631e2cf497e19efbca624c936&version_check=1 HTTP/1.1" 200 12705 "-" "Mozilla/5.0 (compatible; SemrushBot/7~bl; +http://www.semrush.com/bot.html)" "tekmedicgloves.com"
185.191.171.1 - - [09/Sep/2022:08:31:58 -0700] "GET /phpMyAdmin/setup/?token=a8fd4332e79086737dbb9528803fca57&version_check=1 HTTP/1.1" 200 12691 "-" "Mozilla/5.0 (compatible; SemrushBot/7~bl; +http://www.semrush.com/bot.html)" "www.tekmedicgloves.com"
185.191.171.16 - - [09/Sep/2022:08:32:07 -0700] "GET /phpMyAdmin/setup/index.php?token=7083467d2a5ca378aa6ecbc8f58420af&version_check=1 HTTP/1.1" 200 12705 "-" "Mozilla/5.0 (compatible; SemrushBot/7~bl; +http://www.semrush.com/bot.html)" "tekmedicgloves.com"
185.191.171.1 - - [09/Sep/2022:08:32:08 -0700] "GET /phpMyAdmin/setup/?token=6f9f35a8d2b9b0c345661d867ba2396a&version_check=1 HTTP/1.1" 200 12691 "-" "Mozilla/5.0 (compatible; SemrushBot/7~bl; +http://www.semrush.com/bot.html)" "www.tekmedicgloves.com"
185.191.171.6 - - [09/Sep/2022:08:32:11 -0700] "GET /phpMyAdmin/setup/?token=0e234e4ccb230e4c3d2808aa32f44b2b&version_check=1 HTTP/1.1" 200 12687 "-" "Mozilla/5.0 (compatible; SemrushBot/7~bl; +http://www.semrush.com/bot.html)" "tekmedicgloves.com"
185.191.171.14 - - [09/Sep/2022:08:32:18 -0700] "GET /phpMyAdmin/setup/?token=6f222d1e264a339dac5e257e841e7809&version_check=1 HTTP/1.1" 200 12691 "-" "Mozilla/5.0 (compatible; SemrushBot/7~bl; +http://www.semrush.com/bot.html)" "www.tekmedicgloves.com"
185.191.171.14 - - [09/Sep/2022:08:32:18 -0700] "GET /phpMyAdmin/setup/?token=0f5739adc0f570ccb9d5331276f649f6&version_check=1 HTTP/1.1" 200 12687 "-" "Mozilla/5.0 (compatible; SemrushBot/7~bl; +http://www.semrush.com/bot.html)" "tekmedicgloves.com"
185.191.171.43 - - [09/Sep/2022:08:32:29 -0700] "GET /phpMyAdmin/setup/?token=d7c2de11ed377683a5e8045bedb632ee&version_check=1 HTTP/1.1" 200 12691 "-" "Mozilla/5.0 (compatible; SemrushBot/7~bl; +http://www.semrush.com/bot.html)" "www.tekmedicgloves.com"
185.191.171.42 - - [09/Sep/2022:08:32:40 -0700] "GET /phpMyAdmin/setup/?token=1d3f002124d2686145528f286745f9ad&version_check=1 HTTP/1.1" 200 12691 "-" "Mozilla/5.0 (compatible; SemrushBot/7~bl; +http://www.semrush.com/bot.html)" "www.tekmedicgloves.com"
185.191.171.6 - - [09/Sep/2022:08:32:47 -0700] "GET /phpMyAdmin/setup/?token=d79306bb442c2e8076c5ea10bd5700c9&version_check=1 HTTP/1.1" 200 12691 "-" "Mozilla/5.0 (compatible; SemrushBot/7~bl; +http://www.semrush.com/bot.html)" "www.tekmedicgloves.com"
185.191.171.26 - - [09/Sep/2022:08:33:01 -0700] "GET /phpMyAdmin/setup/index.php?token=635faf77187367cb7ff238072df45643&version_check=1 HTTP/1.1" 200 12705 "-" "Mozilla/5.0 (compatible; SemrushBot/7~bl; +http://www.semrush.com/bot.html)" "tekmedicgloves.com"
185.191.171.6 - - [09/Sep/2022:08:33:04 -0700] "GET /phpMyAdmin/setup/index.php?token=0dc6f49aeed065dcc96822652934d1fb&version_check=1 HTTP/1.1" 200 12705 "-" "Mozilla/5.0 (compatible; SemrushBot/7~bl; +http://www.semrush.com/bot.html)" "tekmedicgloves.com"
185.191.171.2 - - [09/Sep/2022:08:33:07 -0700] "GET /phpMyAdmin/setup/index.php?token=41cdd14bed57ee15d597e3d16310c39c&version_check=1 HTTP/1.1" 200 12705 "-" "Mozilla/5.0 (compatible; SemrushBot/7~bl; +http://www.semrush.com/bot.html)" "tekmedicgloves.com"
185.191.171.22 - - [09/Sep/2022:08:33:09 -0700] "GET /phpMyAdmin/setup/?token=14446f371227a061b03c6c1ee0ea11ab&version_check=1 HTTP/1.1" 200 12691 "-" "Mozilla/5.0 (compatible; SemrushBot/7~bl; +http://www.semrush.com/bot.html)" "www.tekmedicgloves.com"
185.191.171.1 - - [09/Sep/2022:08:33:29 -0700] "GET /phpMyAdmin/setup/?token=736a632e8caaf650b3da0f698d98a139&version_check=1 HTTP/1.1" 200 12687 "-" "Mozilla/5.0 (compatible; SemrushBot/7~bl; +http://www.semrush.com/bot.html)" "tekmedicgloves.com"
185.191.171.5 - - [09/Sep/2022:08:33:50 -0700] "GET /phpMyAdmin/setup/?token=4629a67093f71561d6185f248abb3570&version_check=1 HTTP/1.1" 200 12691 "-" "Mozilla/5.0 (compatible; SemrushBot/7~bl; +http://www.semrush.com/bot.html)" "www.tekmedicgloves.com"
185.191.171.14 - - [09/Sep/2022:08:33:54 -0700] "GET /phpMyAdmin/setup/index.php?token=0dadbdecc9130e28fb8a4eaa7bb07363&version_check=1 HTTP/1.1" 200 12705 "-" "Mozilla/5.0 (compatible; SemrushBot/7~bl; +http://www.semrush.com/bot.html)" "tekmedicgloves.com"
185.191.171.26 - - [09/Sep/2022:08:33:59 -0700] "GET /phpMyAdmin/setup/?token=d2e4f81e6dca38de0ae70ef4f30e85c5&version_check=1 HTTP/1.1" 200 12687 "-" "Mozilla/5.0 (compatible; SemrushBot/7~bl; +http://www.semrush.com/bot.html)" "tekmedicgloves.com"
185.191.171.10 - - [09/Sep/2022:08:34:03 -0700] "GET /phpMyAdmin/setup/?token=3c22d2ee0bdf35c1b827d52e46e982a5&version_check=1 HTTP/1.1" 200 12691 "-" "Mozilla/5.0 (compatible; SemrushBot/7~bl; +http://www.semrush.com/bot.html)" "www.tekmedicgloves.com"
185.191.171.6 - - [09/Sep/2022:08:34:08 -0700] "GET /phpMyAdmin/setup/?token=87fde348d457fc586a9c4b227848027e&version_check=1 HTTP/1.1" 200 12691 "-" "Mozilla/5.0 (compatible; SemrushBot/7~bl; +http://www.semrush.com/bot.html)" "www.tekmedicgloves.com"
185.191.171.1 - - [09/Sep/2022:08:34:18 -0700] "GET /phpMyAdmin/setup/?token=674a5d98719684df76c56dafab234945&version_check=1 HTTP/1.1" 200 12691 "-" "Mozilla/5.0 (compatible; SemrushBot/7~bl; +http://www.semrush.com/bot.html)" "www.tekmedicgloves.com"
185.191.171.5 - - [09/Sep/2022:08:34:22 -0700] "GET /phpMyAdmin/setup/?token=ea02131218ca913d8aade03c49745dbe&version_check=1 HTTP/1.1" 200 12687 "-" "Mozilla/5.0 (compatible; SemrushBot/7~bl; +http://www.semrush.com/bot.html)" "tekmedicgloves.com"
185.191.171.4 - - [09/Sep/2022:08:34:57 -0700] "GET /phpMyAdmin/setup/?token=1f51fd9499ae9389800b0277e450a769&version_check=1 HTTP/1.1" 200 12687 "-" "Mozilla/5.0 (compatible; SemrushBot/7~bl; +http://www.semrush.com/bot.html)" "tekmedicgloves.com"
185.191.171.15 - - [09/Sep/2022:08:35:03 -0700] "GET /phpMyAdmin/setup/?token=b1c9650fe5322d1dcd3eaf8ad3b6fd8e&version_check=1 HTTP/1.1" 200 12687 "-" "Mozilla/5.0 (compatible; SemrushBot/7~bl; +http://www.semrush.com/bot.html)" "tekmedicgloves.com"
185.191.171.9 - - [09/Sep/2022:08:35:36 -0700] "GET /phpMyAdmin/setup/?token=fafd515c1d06ac2562798c9431d174d5&version_check=1 HTTP/1.1" 200 12691 "-" "Mozilla/5.0 (compatible; SemrushBot/7~bl; +http://www.semrush.com/bot.html)" "www.tekmedicgloves.com"
185.191.171.23 - - [09/Sep/2022:08:35:46 -0700] "GET /phpMyAdmin/setup/?token=384032199d83de85f78dbf2161479d8b&version_check=1 HTTP/1.1" 200 12687 "-" "Mozilla/5.0 (compatible; SemrushBot/7~bl; +http://www.semrush.com/bot.html)" "tekmedicgloves.com"
185.191.171.43 - - [09/Sep/2022:08:35:49 -0700] "GET /phpMyAdmin/setup/?token=a87c81ff5f6a92164c74f315c5ed5190&version_check=1 HTTP/1.1" 200 12691 "-" "Mozilla/5.0 (compatible; SemrushBot/7~bl; +http://www.semrush.com/bot.html)" "www.tekmedicgloves.com"
185.191.171.9 - - [09/Sep/2022:08:35:51 -0700] "GET /phpMyAdmin/setup/?token=b6be132a4b63ae219a27be3962bca8a3&version_check=1 HTTP/1.1" 200 12687 "-" "Mozilla/5.0 (compatible; SemrushBot/7~bl; +http://www.semrush.com/bot.html)" "tekmedicgloves.com"
185.191.171.38 - - [09/Sep/2022:08:36:28 -0700] "GET /phpMyAdmin/setup/?token=6814acbf046a1ce30ed130b32910ff58&version_check=1 HTTP/1.1" 200 12687 "-" "Mozilla/5.0 (compatible; SemrushBot/7~bl; +http://www.semrush.com/bot.html)" "tekmedicgloves.com"
185.191.171.7 - - [09/Sep/2022:08:36:30 -0700] "GET /phpMyAdmin/setup/index.php?token=661b20efb9a9bcebcb5dbdbb364e8649&version_check=1 HTTP/1.1" 200 12709 "-" "Mozilla/5.0 (compatible; SemrushBot/7~bl; +http://www.semrush.com/bot.html)" "www.tekmedicgloves.com"
185.191.171.2 - - [09/Sep/2022:08:36:38 -0700] "GET /phpMyAdmin/setup/?token=35ad92dcbc2f2100f276a9650ae1b0a4&version_check=1 HTTP/1.1" 200 12691 "-" "Mozilla/5.0 (compatible; SemrushBot/7~bl; +http://www.semrush.com/bot.html)" "www.tekmedicgloves.com"
185.191.171.14 - - [09/Sep/2022:08:36:47 -0700] "GET /phpMyAdmin/setup/?token=4650ec905e405a4ed5fdd7454f0acd66&version_check=1 HTTP/1.1" 200 12687 "-" "Mozilla/5.0 (compatible; SemrushBot/7~bl; +http://www.semrush.com/bot.html)" "tekmedicgloves.com"
185.191.171.38 - - [09/Sep/2022:08:36:57 -0700] "GET /phpMyAdmin/setup/?token=aebadf5713ca7e6b1de740fc03e3519c&version_check=1 HTTP/1.1" 200 12687 "-" "Mozilla/5.0 (compatible; SemrushBot/7~bl; +http://www.semrush.com/bot.html)" "tekmedicgloves.com"
185.191.171.7 - - [09/Sep/2022:08:37:02 -0700] "GET /phpMyAdmin/setup/index.php?token=3ebeec6f407c427609d6adee53a959e4&version_check=1 HTTP/1.1" 200 12705 "-" "Mozilla/5.0 (compatible; SemrushBot/7~bl; +http://www.semrush.com/bot.html)" "tekmedicgloves.com"
185.191.171.7 - - [09/Sep/2022:08:37:09 -0700] "GET /phpMyAdmin/setup/?token=2cff1ed2eec64e39d9163012899790e9&version_check=1 HTTP/1.1" 200 12691 "-" "Mozilla/5.0 (compatible; SemrushBot/7~bl; +http://www.semrush.com/bot.html)" "www.tekmedicgloves.com"
185.191.171.24 - - [09/Sep/2022:08:37:12 -0700] "GET /phpMyAdmin/setup/?token=82c14ac776313f1f127ef3c56847994a&version_check=1 HTTP/1.1" 200 12687 "-" "Mozilla/5.0 (compatible; SemrushBot/7~bl; +http://www.semrush.com/bot.html)" "tekmedicgloves.com"
185.191.171.6 - - [09/Sep/2022:08:37:20 -0700] "GET /phpMyAdmin/setup/index.php?token=1feaea54706d68a83e5f244542e8bcff&version_check=1 HTTP/1.1" 200 12709 "-" "Mozilla/5.0 (compatible; SemrushBot/7~bl; +http://www.semrush.com/bot.html)" "www.tekmedicgloves.com"
185.191.171.40 - - [09/Sep/2022:08:37:32 -0700] "GET /phpMyAdmin/setup/index.php?token=41c71ff3831a1c21fd6f7a404fe4c053&version_check=1 HTTP/1.1" 200 12705 "-" "Mozilla/5.0 (compatible; SemrushBot/7~bl; +http://www.semrush.com/bot.html)" "tekmedicgloves.com"
185.191.171.14 - - [09/Sep/2022:08:37:35 -0700] "GET /phpMyAdmin/setup/?token=fa2ab0c20d62c8e0874379b42c822618&version_check=1 HTTP/1.1" 200 12687 "-" "Mozilla/5.0 (compatible; SemrushBot/7~bl; +http://www.semrush.com/bot.html)" "tekmedicgloves.com"
185.191.171.3 - - [09/Sep/2022:08:37:50 -0700] "GET /phpMyAdmin/setup/?token=6f26f3697e836394f6e7fc71a434a020&version_check=1 HTTP/1.1" 200 12687 "-" "Mozilla/5.0 (compatible; SemrushBot/7~bl; +http://www.semrush.com/bot.html)" "tekmedicgloves.com"
185.191.171.10 - - [09/Sep/2022:08:38:17 -0700] "GET /phpMyAdmin/setup/?token=e40e70938b25cee894fa9f7fbf40fefb&version_check=1 HTTP/1.1" 200 12687 "-" "Mozilla/5.0 (compatible; SemrushBot/7~bl; +http://www.semrush.com/bot.html)" "tekmedicgloves.com"
185.191.171.4 - - [09/Sep/2022:08:38:18 -0700] "GET /phpMyAdmin/setup/?token=d8e8a343201e18fc75412633e991efab&version_check=1 HTTP/1.1" 200 12691 "-" "Mozilla/5.0 (compatible; SemrushBot/7~bl; +http://www.semrush.com/bot.html)" "www.tekmedicgloves.com"
185.191.171.40 - - [09/Sep/2022:08:38:27 -0700] "GET /phpMyAdmin/setup/?token=e7a1457a77a581b7eace8ee178ca6ad9&version_check=1 HTTP/1.1" 200 12691 "-" "Mozilla/5.0 (compatible; SemrushBot/7~bl; +http://www.semrush.com/bot.html)" "www.tekmedicgloves.com"
185.191.171.4 - - [09/Sep/2022:08:38:37 -0700] "GET /phpMyAdmin/setup/?token=0ca4522d334c4c62d8e5fef3960c16f2&version_check=1 HTTP/1.1" 200 12691 "-" "Mozilla/5.0 (compatible; SemrushBot/7~bl; +http://www.semrush.com/bot.html)" "www.tekmedicgloves.com"
185.191.171.3 - - [09/Sep/2022:08:38:41 -0700] "GET /phpMyAdmin/setup/?token=58a9797aed99a706758ba7c6ff8c86b4&version_check=1 HTTP/1.1" 200 12687 "-" "Mozilla/5.0 (compatible; SemrushBot/7~bl; +http://www.semrush.com/bot.html)" "tekmedicgloves.com"
185.191.171.20 - - [09/Sep/2022:08:38:56 -0700] "GET /phpMyAdmin/setup/index.php?token=16f2045b87f31070b5a68872e0be141e&version_check=1 HTTP/1.1" 200 12705 "-" "Mozilla/5.0 (compatible; SemrushBot/7~bl; +http://www.semrush.com/bot.html)" "tekmedicgloves.com"
185.191.171.24 - - [09/Sep/2022:08:39:07 -0700] "GET /phpMyAdmin/setup/?token=5b421b4c8244e0fd7f2ffb95bd714424&version_check=1 HTTP/1.1" 200 12691 "-" "Mozilla/5.0 (compatible; SemrushBot/7~bl; +http://www.semrush.com/bot.html)" "www.tekmedicgloves.com"
185.191.171.3 - - [09/Sep/2022:08:39:09 -0700] "GET /phpMyAdmin/setup/?token=e8647af8dfb02c73af2c49abd86d0fe2&version_check=1 HTTP/1.1" 200 12687 "-" "Mozilla/5.0 (compatible; SemrushBot/7~bl; +http://www.semrush.com/bot.html)" "tekmedicgloves.com"
185.191.171.3 - - [09/Sep/2022:08:39:10 -0700] "GET /phpMyAdmin/setup/?token=efd20575aca0c5b422c16c2c69ea945f&version_check=1 HTTP/1.1" 200 12691 "-" "Mozilla/5.0 (compatible; SemrushBot/7~bl; +http://www.semrush.com/bot.html)" "www.tekmedicgloves.com"
185.191.171.22 - - [09/Sep/2022:08:39:14 -0700] "GET /phpMyAdmin/setup/?token=c520a1b70ca3725e047dc2e009a94f36&version_check=1 HTTP/1.1" 200 12691 "-" "Mozilla/5.0 (compatible; SemrushBot/7~bl; +http://www.semrush.com/bot.html)" "www.tekmedicgloves.com"
185.191.171.13 - - [09/Sep/2022:08:39:20 -0700] "GET /phpMyAdmin/setup/?token=08808b07dca8a266be59927823b30293&version_check=1 HTTP/1.1" 200 12691 "-" "Mozilla/5.0 (compatible; SemrushBot/7~bl; +http://www.semrush.com/bot.html)" "www.tekmedicgloves.com"
185.191.171.17 - - [09/Sep/2022:08:39:30 -0700] "GET /phpMyAdmin/setup/?token=33bd950f24784808b7c3fa66a5ff3b96&version_check=1 HTTP/1.1" 200 12691 "-" "Mozilla/5.0 (compatible; SemrushBot/7~bl; +http://www.semrush.com/bot.html)" "www.tekmedicgloves.com"
185.191.171.41 - - [09/Sep/2022:08:39:57 -0700] "GET /phpMyAdmin/setup/?token=dbb0c316d5efe83f02befd64c1b82d0d&version_check=1 HTTP/1.1" 200 12687 "-" "Mozilla/5.0 (compatible; SemrushBot/7~bl; +http://www.semrush.com/bot.html)" "tekmedicgloves.com"
185.191.171.23 - - [09/Sep/2022:08:40:17 -0700] "GET /phpMyAdmin/setup/?token=badcb2550043c0d07791473b155ee7cd&version_check=1 HTTP/1.1" 200 12691 "-" "Mozilla/5.0 (compatible; SemrushBot/7~bl; +http://www.semrush.com/bot.html)" "www.tekmedicgloves.com"
185.191.171.24 - - [09/Sep/2022:08:40:22 -0700] "GET /robots.txt HTTP/1.1" 404 88 "-" "Mozilla/5.0 (compatible; SemrushBot/7~bl; +http://www.semrush.com/bot.html)" "www.tekmedicgloves.com"
185.191.171.3 - - [09/Sep/2022:08:40:23 -0700] "GET /phpMyAdmin/setup/index.php?token=46e6478e0a88a57df15448a932846446&version_check=1 HTTP/1.1" 200 12709 "-" "Mozilla/5.0 (compatible; SemrushBot/7~bl; +http://www.semrush.com/bot.html)" "www.tekmedicgloves.com"
185.191.171.19 - - [09/Sep/2022:08:40:37 -0700] "GET /phpMyAdmin/setup/?token=0beb205a074844936fd4cc04ac73dcc4&version_check=1 HTTP/1.1" 200 12687 "-" "Mozilla/5.0 (compatible; SemrushBot/7~bl; +http://www.semrush.com/bot.html)" "tekmedicgloves.com"
185.191.171.25 - - [09/Sep/2022:08:40:44 -0700] "GET /phpMyAdmin/setup/?token=a3b38ef98180ef1a77aa0c3414893646&version_check=1 HTTP/1.1" 200 12691 "-" "Mozilla/5.0 (compatible; SemrushBot/7~bl; +http://www.semrush.com/bot.html)" "www.tekmedicgloves.com"
185.191.171.6 - - [09/Sep/2022:08:40:45 -0700] "GET /phpMyAdmin/setup/?token=18c57e55d09470e915c796f7decca0ff&version_check=1 HTTP/1.1" 200 12687 "-" "Mozilla/5.0 (compatible; SemrushBot/7~bl; +http://www.semrush.com/bot.html)" "tekmedicgloves.com"
185.191.171.15 - - [09/Sep/2022:08:40:50 -0700] "GET /phpMyAdmin/setup/?token=ae380d81fd43de7131e97b6636b1db33&version_check=1 HTTP/1.1" 200 12687 "-" "Mozilla/5.0 (compatible; SemrushBot/7~bl; +http://www.semrush.com/bot.html)" "tekmedicgloves.com"
185.191.171.37 - - [09/Sep/2022:08:40:51 -0700] "GET /phpMyAdmin/setup/?token=da34974b7cf90c44104baf904b736797&version_check=1 HTTP/1.1" 200 12687 "-" "Mozilla/5.0 (compatible; SemrushBot/7~bl; +http://www.semrush.com/bot.html)" "tekmedicgloves.com"
185.191.171.5 - - [09/Sep/2022:08:40:59 -0700] "GET /phpMyAdmin/setup/?token=948a31addc3c1f0c8333f389ddafc3c0&version_check=1 HTTP/1.1" 200 12687 "-" "Mozilla/5.0 (compatible; SemrushBot/7~bl; +http://www.semrush.com/bot.html)" "tekmedicgloves.com"
185.191.171.39 - - [09/Sep/2022:08:41:13 -0700] "GET /phpMyAdmin/setup/?token=581e9674c167f1b88c1ac920e21821c4&version_check=1 HTTP/1.1" 200 12691 "-" "Mozilla/5.0 (compatible; SemrushBot/7~bl; +http://www.semrush.com/bot.html)" "www.tekmedicgloves.com"
185.191.171.16 - - [09/Sep/2022:08:41:31 -0700] "GET /phpMyAdmin/setup/?token=124343a0a2a595c14099055f0ce17e87&version_check=1 HTTP/1.1" 200 12687 "-" "Mozilla/5.0 (compatible; SemrushBot/7~bl; +http://www.semrush.com/bot.html)" "tekmedicgloves.com"
185.191.171.38 - - [09/Sep/2022:08:41:34 -0700] "GET /phpMyAdmin/setup/?token=407c41ed083652284877a3e2062676d4&version_check=1 HTTP/1.1" 200 12687 "-" "Mozilla/5.0 (compatible; SemrushBot/7~bl; +http://www.semrush.com/bot.html)" "tekmedicgloves.com"
185.191.171.11 - - [09/Sep/2022:08:41:45 -0700] "GET /phpMyAdmin/setup/?token=460009241802fddb67fd58063bc136e7&version_check=1 HTTP/1.1" 200 12687 "-" "Mozilla/5.0 (compatible; SemrushBot/7~bl; +http://www.semrush.com/bot.html)" "tekmedicgloves.com"
185.191.171.6 - - [09/Sep/2022:08:41:53 -0700] "GET /phpMyAdmin/setup/?token=ddf08bcc606a3a23653aa488dc8f1866&version_check=1 HTTP/1.1" 200 12687 "-" "Mozilla/5.0 (compatible; SemrushBot/7~bl; +http://www.semrush.com/bot.html)" "tekmedicgloves.com"
185.191.171.10 - - [09/Sep/2022:08:42:23 -0700] "GET /phpMyAdmin/setup/?token=4e9d6a014b199c3f86580a4f8c43793e&version_check=1 HTTP/1.1" 200 12691 "-" "Mozilla/5.0 (compatible; SemrushBot/7~bl; +http://www.semrush.com/bot.html)" "www.tekmedicgloves.com"
185.191.171.2 - - [09/Sep/2022:08:42:25 -0700] "GET /phpMyAdmin/setup/index.php?token=872539c596cbe18cf3a3237862af3d06&version_check=1 HTTP/1.1" 200 12705 "-" "Mozilla/5.0 (compatible; SemrushBot/7~bl; +http://www.semrush.com/bot.html)" "tekmedicgloves.com"
185.191.171.18 - - [09/Sep/2022:08:42:30 -0700] "GET /phpMyAdmin/setup/?token=01b128fb194f793b4e20ed1eae64db4b&version_check=1 HTTP/1.1" 200 12687 "-" "Mozilla/5.0 (compatible; SemrushBot/7~bl; +http://www.semrush.com/bot.html)" "tekmedicgloves.com"
185.191.171.2 - - [09/Sep/2022:08:42:37 -0700] "GET /phpMyAdmin/setup/index.php?token=58d87b33aeab792741a93b976d89c1e4&version_check=1 HTTP/1.1" 200 12709 "-" "Mozilla/5.0 (compatible; SemrushBot/7~bl; +http://www.semrush.com/bot.html)" "www.tekmedicgloves.com"
185.191.171.20 - - [09/Sep/2022:08:42:39 -0700] "GET /phpMyAdmin/setup/?token=879e27b3c948faae562f8d0caf782f73&version_check=1 HTTP/1.1" 200 12687 "-" "Mozilla/5.0 (compatible; SemrushBot/7~bl; +http://www.semrush.com/bot.html)" "tekmedicgloves.com"
185.191.171.11 - - [09/Sep/2022:08:42:42 -0700] "GET /phpMyAdmin/setup/index.php?token=a69105a74501642098b9a2acd1b48ab9&version_check=1 HTTP/1.1" 200 12705 "-" "Mozilla/5.0 (compatible; SemrushBot/7~bl; +http://www.semrush.com/bot.html)" "tekmedicgloves.com"
185.191.171.18 - - [09/Sep/2022:08:42:58 -0700] "GET /phpMyAdmin/setup/?token=686eec3c6033cb1d90f228ee0fa9bd59&version_check=1 HTTP/1.1" 200 12691 "-" "Mozilla/5.0 (compatible; SemrushBot/7~bl; +http://www.semrush.com/bot.html)" "www.tekmedicgloves.com"
185.191.171.7 - - [09/Sep/2022:08:43:41 -0700] "GET /robots.txt HTTP/1.1" 404 88 "-" "Mozilla/5.0 (compatible; SemrushBot/7~bl; +http://www.semrush.com/bot.html)" "tekmedicgloves.com"
185.191.171.6 - - [09/Sep/2022:08:43:41 -0700] "GET /phpMyAdmin/setup/?token=29a699b3549129dbb1d448d612647094&version_check=1 HTTP/1.1" 200 12687 "-" "Mozilla/5.0 (compatible; SemrushBot/7~bl; +http://www.semrush.com/bot.html)" "tekmedicgloves.com"
185.191.171.24 - - [09/Sep/2022:08:43:49 -0700] "GET /phpMyAdmin/setup/?token=015b4a7f9e3891452ea7dd66fa61f9b7&version_check=1 HTTP/1.1" 200 12691 "-" "Mozilla/5.0 (compatible; SemrushBot/7~bl; +http://www.semrush.com/bot.html)" "www.tekmedicgloves.com"
185.191.171.5 - - [09/Sep/2022:08:43:51 -0700] "GET /phpMyAdmin/setup/?token=30f82fe90327195ee3c57285e6df2f19&version_check=1 HTTP/1.1" 200 12691 "-" "Mozilla/5.0 (compatible; SemrushBot/7~bl; +http://www.semrush.com/bot.html)" "www.tekmedicgloves.com"
185.191.171.44 - - [09/Sep/2022:08:43:54 -0700] "GET /phpMyAdmin/setup/?token=e710910ef64d4ecf7006c3d5fa1abd2d&version_check=1 HTTP/1.1" 200 12691 "-" "Mozilla/5.0 (compatible; SemrushBot/7~bl; +http://www.semrush.com/bot.html)" "www.tekmedicgloves.com"
185.191.171.1 - - [09/Sep/2022:08:44:00 -0700] "GET /phpMyAdmin/setup/?token=5e2e41c71377641fc7e9b4000cfae6d4&version_check=1 HTTP/1.1" 200 12687 "-" "Mozilla/5.0 (compatible; SemrushBot/7~bl; +http://www.semrush.com/bot.html)" "tekmedicgloves.com"
185.191.171.3 - - [09/Sep/2022:08:44:01 -0700] "GET /phpMyAdmin/setup/?token=72da15c98f845a392f589944950747b9&version_check=1 HTTP/1.1" 200 12691 "-" "Mozilla/5.0 (compatible; SemrushBot/7~bl; +http://www.semrush.com/bot.html)" "www.tekmedicgloves.com"
185.191.171.33 - - [09/Sep/2022:08:44:03 -0700] "GET /phpMyAdmin/setup/?token=0ab6bda0c0e393afe5a127a4ac988be1&version_check=1 HTTP/1.1" 200 12691 "-" "Mozilla/5.0 (compatible; SemrushBot/7~bl; +http://www.semrush.com/bot.html)" "www.tekmedicgloves.com"
185.191.171.2 - - [09/Sep/2022:08:44:06 -0700] "GET /phpMyAdmin/setup/?token=6a8f79c274177a896a84c5e724fe61ca&version_check=1 HTTP/1.1" 200 12691 "-" "Mozilla/5.0 (compatible; SemrushBot/7~bl; +http://www.semrush.com/bot.html)" "www.tekmedicgloves.com"
185.191.171.18 - - [09/Sep/2022:08:44:14 -0700] "GET /phpMyAdmin/setup/?token=decaf0c543364fbfdee7b3c95dcb9af6&version_check=1 HTTP/1.1" 200 12687 "-" "Mozilla/5.0 (compatible; SemrushBot/7~bl; +http://www.semrush.com/bot.html)" "tekmedicgloves.com"
185.191.171.22 - - [09/Sep/2022:08:44:31 -0700] "GET /phpMyAdmin/setup/?token=93f24030c87f52264920bf7cdf13bbc5&version_check=1 HTTP/1.1" 200 12687 "-" "Mozilla/5.0 (compatible; SemrushBot/7~bl; +http://www.semrush.com/bot.html)" "tekmedicgloves.com"
185.191.171.23 - - [09/Sep/2022:08:44:34 -0700] "GET /phpMyAdmin/setup/?token=d7bfd816b5c4b6da97b239fe03b856db&version_check=1 HTTP/1.1" 200 12687 "-" "Mozilla/5.0 (compatible; SemrushBot/7~bl; +http://www.semrush.com/bot.html)" "tekmedicgloves.com"
185.191.171.21 - - [09/Sep/2022:08:44:40 -0700] "GET /phpMyAdmin/setup/?token=3175d44e3697673986291b2316061030&version_check=1 HTTP/1.1" 200 12687 "-" "Mozilla/5.0 (compatible; SemrushBot/7~bl; +http://www.semrush.com/bot.html)" "tekmedicgloves.com"
185.191.171.45 - - [09/Sep/2022:08:44:55 -0700] "GET /phpMyAdmin/setup/?token=ac5c6a1435117e805bfb9eb167fb5d25&version_check=1 HTTP/1.1" 200 12691 "-" "Mozilla/5.0 (compatible; SemrushBot/7~bl; +http://www.semrush.com/bot.html)" "www.tekmedicgloves.com"
185.191.171.21 - - [09/Sep/2022:08:44:59 -0700] "GET /phpMyAdmin/setup/?token=c4d9c4a39cf5d4daf4adc4a3c6c932a1&version_check=1 HTTP/1.1" 200 12691 "-" "Mozilla/5.0 (compatible; SemrushBot/7~bl; +http://www.semrush.com/bot.html)" "www.tekmedicgloves.com"
185.191.171.25 - - [09/Sep/2022:08:45:05 -0700] "GET /phpMyAdmin/setup/?token=35f32e9af976ba886529c7a870344516&version_check=1 HTTP/1.1" 200 12691 "-" "Mozilla/5.0 (compatible; SemrushBot/7~bl; +http://www.semrush.com/bot.html)" "www.tekmedicgloves.com"
185.191.171.24 - - [09/Sep/2022:08:45:20 -0700] "GET /phpMyAdmin/setup/?token=a5fa0e1d2568fb0deff9cdb3f51d9f28&version_check=1 HTTP/1.1" 200 12691 "-" "Mozilla/5.0 (compatible; SemrushBot/7~bl; +http://www.semrush.com/bot.html)" "www.tekmedicgloves.com"
185.191.171.38 - - [09/Sep/2022:08:46:24 -0700] "GET /phpMyAdmin/setup/?token=3ed3dcfc616a9c709f80f12c72f6d401&version_check=1 HTTP/1.1" 200 12691 "-" "Mozilla/5.0 (compatible; SemrushBot/7~bl; +http://www.semrush.com/bot.html)" "www.tekmedicgloves.com"
185.191.171.26 - - [09/Sep/2022:08:46:27 -0700] "GET /phpMyAdmin/setup/?token=dd6461b478930797997a637614f80895&version_check=1 HTTP/1.1" 200 12687 "-" "Mozilla/5.0 (compatible; SemrushBot/7~bl; +http://www.semrush.com/bot.html)" "tekmedicgloves.com"
185.191.171.1 - - [09/Sep/2022:08:46:30 -0700] "GET /phpMyAdmin/setup/index.php?token=5cbaa1fc89530a68b746eab93edbc298&version_check=1 HTTP/1.1" 200 12705 "-" "Mozilla/5.0 (compatible; SemrushBot/7~bl; +http://www.semrush.com/bot.html)" "tekmedicgloves.com"
185.191.171.11 - - [09/Sep/2022:08:46:37 -0700] "GET /phpMyAdmin/setup/?token=df334d2dca252ff4152b14cc206a7d7d&version_check=1 HTTP/1.1" 200 12687 "-" "Mozilla/5.0 (compatible; SemrushBot/7~bl; +http://www.semrush.com/bot.html)" "tekmedicgloves.com"
185.191.171.34 - - [09/Sep/2022:08:46:41 -0700] "GET /phpMyAdmin/setup/index.php?token=aaecc0c1153882ab7c237c4ff6ec362a&version_check=1 HTTP/1.1" 200 12705 "-" "Mozilla/5.0 (compatible; SemrushBot/7~bl; +http://www.semrush.com/bot.html)" "tekmedicgloves.com"
185.191.171.44 - - [09/Sep/2022:08:46:51 -0700] "GET /phpMyAdmin/setup/?token=e70d64cafe1b5d46cdea2abcc1c74a46&version_check=1 HTTP/1.1" 200 12687 "-" "Mozilla/5.0 (compatible; SemrushBot/7~bl; +http://www.semrush.com/bot.html)" "tekmedicgloves.com"
