185.191.171.11 - - [10/Sep/2022:20:21:26 -0700] "GET /phpMyAdmin/setup/?token=1db0978ccbaf291fe2260894a0771ed6&version_check=1 HTTP/1.1" 200 12687 "-" "Mozilla/5.0 (compatible; SemrushBot/7~bl; +http://www.semrush.com/bot.html)" "tekmedicgloves.com"
185.191.171.16 - - [10/Sep/2022:20:21:34 -0700] "GET /phpMyAdmin/setup/?token=52e627a9037ab638167e4e405a561b07&version_check=1 HTTP/1.1" 200 12687 "-" "Mozilla/5.0 (compatible; SemrushBot/7~bl; +http://www.semrush.com/bot.html)" "tekmedicgloves.com"
185.191.171.14 - - [10/Sep/2022:20:21:48 -0700] "GET /phpMyAdmin/setup/?token=e84a23a8373a2e6a65b23169a60ed722&version_check=1 HTTP/1.1" 200 12687 "-" "Mozilla/5.0 (compatible; SemrushBot/7~bl; +http://www.semrush.com/bot.html)" "tekmedicgloves.com"
185.191.171.24 - - [10/Sep/2022:20:22:06 -0700] "GET /phpMyAdmin/setup/?token=1e19e76e3e105481f4c52e0be619b3a8&version_check=1 HTTP/1.1" 200 12691 "-" "Mozilla/5.0 (compatible; SemrushBot/7~bl; +http://www.semrush.com/bot.html)" "www.tekmedicgloves.com"
185.191.171.2 - - [10/Sep/2022:20:22:22 -0700] "GET /phpMyAdmin/setup/?token=a815f031f16f3cc35c3d5205bddb024f&version_check=1 HTTP/1.1" 200 12691 "-" "Mozilla/5.0 (compatible; SemrushBot/7~bl; +http://www.semrush.com/bot.html)" "www.tekmedicgloves.com"
185.191.171.1 - - [10/Sep/2022:20:22:30 -0700] "GET /phpMyAdmin/setup/?token=d5ec1e0ee05e49d3e79f5be30f9bb275&version_check=1 HTTP/1.1" 200 12687 "-" "Mozilla/5.0 (compatible; SemrushBot/7~bl; +http://www.semrush.com/bot.html)" "tekmedicgloves.com"
185.191.171.39 - - [10/Sep/2022:20:22:43 -0700] "GET /phpMyAdmin/setup/?token=54ceea1372b246b75737f85ddf7faf59&version_check=1 HTTP/1.1" 200 12691 "-" "Mozilla/5.0 (compatible; SemrushBot/7~bl; +http://www.semrush.com/bot.html)" "www.tekmedicgloves.com"
185.191.171.8 - - [10/Sep/2022:20:22:43 -0700] "GET /phpMyAdmin/setup/?token=b960dbd5939bce83ce97df39598c271d&version_check=1 HTTP/1.1" 200 12687 "-" "Mozilla/5.0 (compatible; SemrushBot/7~bl; +http://www.semrush.com/bot.html)" "tekmedicgloves.com"
185.191.171.38 - - [10/Sep/2022:20:22:51 -0700] "GET /phpMyAdmin/setup/?token=6d68ecc74ab1016a4709f5bc98fabaea&version_check=1 HTTP/1.1" 200 12691 "-" "Mozilla/5.0 (compatible; SemrushBot/7~bl; +http://www.semrush.com/bot.html)" "www.tekmedicgloves.com"
185.191.171.7 - - [10/Sep/2022:20:23:03 -0700] "GET /phpMyAdmin/setup/?token=381d52874832c42a459c312b71236edd&version_check=1 HTTP/1.1" 200 12687 "-" "Mozilla/5.0 (compatible; SemrushBot/7~bl; +http://www.semrush.com/bot.html)" "tekmedicgloves.com"
185.191.171.16 - - [10/Sep/2022:20:23:06 -0700] "GET /phpMyAdmin/setup/index.php?token=8a760dfe187aadb0f57845d3a96af5db&version_check=1 HTTP/1.1" 200 12705 "-" "Mozilla/5.0 (compatible; SemrushBot/7~bl; +http://www.semrush.com/bot.html)" "tekmedicgloves.com"
185.191.171.15 - - [10/Sep/2022:20:23:22 -0700] "GET /phpMyAdmin/setup/index.php?token=f3a834c8b9d6b27cce3b037ba6b0b598&version_check=1 HTTP/1.1" 200 12709 "-" "Mozilla/5.0 (compatible; SemrushBot/7~bl; +http://www.semrush.com/bot.html)" "www.tekmedicgloves.com"
185.191.171.18 - - [10/Sep/2022:20:23:36 -0700] "GET /phpMyAdmin/setup/?token=d15be5a9a3c4bbe7b6819f30e1700cf5&version_check=1 HTTP/1.1" 200 12691 "-" "Mozilla/5.0 (compatible; SemrushBot/7~bl; +http://www.semrush.com/bot.html)" "www.tekmedicgloves.com"
185.191.171.24 - - [10/Sep/2022:20:23:43 -0700] "GET /phpMyAdmin/setup/?token=5f4381401c66c88a524c95afc50eb8c9&version_check=1 HTTP/1.1" 200 12691 "-" "Mozilla/5.0 (compatible; SemrushBot/7~bl; +http://www.semrush.com/bot.html)" "www.tekmedicgloves.com"
185.191.171.38 - - [10/Sep/2022:20:23:45 -0700] "GET /phpMyAdmin/setup/?token=5ee2b748191f81afd87838bc434965b0&version_check=1 HTTP/1.1" 200 12691 "-" "Mozilla/5.0 (compatible; SemrushBot/7~bl; +http://www.semrush.com/bot.html)" "www.tekmedicgloves.com"
185.191.171.26 - - [10/Sep/2022:20:23:57 -0700] "GET /phpMyAdmin/setup/index.php?token=6c26acb3f09646fa14ae253c15ceef17&version_check=1 HTTP/1.1" 200 12705 "-" "Mozilla/5.0 (compatible; SemrushBot/7~bl; +http://www.semrush.com/bot.html)" "tekmedicgloves.com"
185.191.171.12 - - [10/Sep/2022:20:24:17 -0700] "GET /phpMyAdmin/setup/?token=50bb2281562455e559aadc70b11f1c31&version_check=1 HTTP/1.1" 200 12691 "-" "Mozilla/5.0 (compatible; SemrushBot/7~bl; +http://www.semrush.com/bot.html)" "www.tekmedicgloves.com"
185.191.171.21 - - [10/Sep/2022:20:24:19 -0700] "GET /phpMyAdmin/setup/index.php?token=cf93be2d38b40ef1447b2e20a23f59f1&version_check=1 HTTP/1.1" 200 12709 "-" "Mozilla/5.0 (compatible; SemrushBot/7~bl; +http://www.semrush.com/bot.html)" "www.tekmedicgloves.com"
185.191.171.3 - - [10/Sep/2022:20:24:22 -0700] "GET /phpMyAdmin/setup/?token=14512bab629186c06dc46d14e6b7d6e2&version_check=1 HTTP/1.1" 200 12691 "-" "Mozilla/5.0 (compatible; SemrushBot/7~bl; +http://www.semrush.com/bot.html)" "www.tekmedicgloves.com"
185.191.171.2 - - [10/Sep/2022:20:24:31 -0700] "GET /phpMyAdmin/setup/index.php?token=c58ba270bfc732f1cea9bd842471ce85&version_check=1 HTTP/1.1" 200 12709 "-" "Mozilla/5.0 (compatible; SemrushBot/7~bl; +http://www.semrush.com/bot.html)" "www.tekmedicgloves.com"
185.191.171.37 - - [10/Sep/2022:20:24:51 -0700] "GET /phpMyAdmin/setup/?token=db385d496e1d5b8cb7b3ad0c4c9f2e73&version_check=1 HTTP/1.1" 200 12691 "-" "Mozilla/5.0 (compatible; SemrushBot/7~bl; +http://www.semrush.com/bot.html)" "www.tekmedicgloves.com"
185.191.171.24 - - [10/Sep/2022:20:25:04 -0700] "GET /phpMyAdmin/setup/index.php?token=07e5c1d3e1e30ee8787f01d03cc71ce8&version_check=1 HTTP/1.1" 200 12705 "-" "Mozilla/5.0 (compatible; SemrushBot/7~bl; +http://www.semrush.com/bot.html)" "tekmedicgloves.com"
185.191.171.4 - - [10/Sep/2022:20:25:09 -0700] "GET /phpMyAdmin/setup/?token=c934ccc026398c59287ed862c465e089&version_check=1 HTTP/1.1" 200 12687 "-" "Mozilla/5.0 (compatible; SemrushBot/7~bl; +http://www.semrush.com/bot.html)" "tekmedicgloves.com"
185.191.171.22 - - [10/Sep/2022:20:25:12 -0700] "GET /phpMyAdmin/setup/?token=5d6a8e397ffa76a3b0efcd030e1d91ec&version_check=1 HTTP/1.1" 200 12687 "-" "Mozilla/5.0 (compatible; SemrushBot/7~bl; +http://www.semrush.com/bot.html)" "tekmedicgloves.com"
185.191.171.15 - - [10/Sep/2022:20:25:37 -0700] "GET /phpMyAdmin/setup/?token=22aee32a78d5f8cd4ed96adcce092a2e&version_check=1 HTTP/1.1" 200 12687 "-" "Mozilla/5.0 (compatible; SemrushBot/7~bl; +http://www.semrush.com/bot.html)" "tekmedicgloves.com"
185.191.171.23 - - [10/Sep/2022:20:25:47 -0700] "GET /phpMyAdmin/setup/?token=7a065733155b9ed2adfe7f57bc6699d8&version_check=1 HTTP/1.1" 200 12687 "-" "Mozilla/5.0 (compatible; SemrushBot/7~bl; +http://www.semrush.com/bot.html)" "tekmedicgloves.com"
20.168.83.65 - - [10/Sep/2022:20:25:52 -0700] "GET / HTTP/1.1" 200 696 "-" "Mozilla/5.0 (Windows NT 10.0; Win64; x64) AppleWebKit/537.36 (KHTML, like Gecko) Chrome/78.0.3904.108 Safari/537.36" "tekmedicgloves.com"
20.168.83.65 - - [10/Sep/2022:20:25:52 -0700] "GET / HTTP/1.1" 200 696 "-" "Mozilla/5.0 (Windows NT 10.0; Win64; x64) AppleWebKit/537.36 (KHTML, like Gecko) Chrome/78.0.3904.108 Safari/537.36" "tekmedicgloves.com"
20.168.83.65 - - [10/Sep/2022:20:25:52 -0700] "GET /wp-includes/wlwmanifest.xml HTTP/1.1" 404 73 "-" "Mozilla/5.0 (Windows NT 10.0; Win64; x64) AppleWebKit/537.36 (KHTML, like Gecko) Chrome/78.0.3904.108 Safari/537.36" "tekmedicgloves.com"
20.168.83.65 - - [10/Sep/2022:20:25:52 -0700] "GET /xmlrpc.php?rsd HTTP/1.1" 404 73 "-" "Mozilla/5.0 (Windows NT 10.0; Win64; x64) AppleWebKit/537.36 (KHTML, like Gecko) Chrome/78.0.3904.108 Safari/537.36" "tekmedicgloves.com"
20.168.83.65 - - [10/Sep/2022:20:25:53 -0700] "GET /blog/wp-includes/wlwmanifest.xml HTTP/1.1" 404 73 "-" "Mozilla/5.0 (Windows NT 10.0; Win64; x64) AppleWebKit/537.36 (KHTML, like Gecko) Chrome/78.0.3904.108 Safari/537.36" "tekmedicgloves.com"
20.168.83.65 - - [10/Sep/2022:20:25:53 -0700] "GET /website/wp-includes/wlwmanifest.xml HTTP/1.1" 404 73 "-" "Mozilla/5.0 (Windows NT 10.0; Win64; x64) AppleWebKit/537.36 (KHTML, like Gecko) Chrome/78.0.3904.108 Safari/537.36" "tekmedicgloves.com"
20.168.83.65 - - [10/Sep/2022:20:25:53 -0700] "GET /news/wp-includes/wlwmanifest.xml HTTP/1.1" 404 73 "-" "Mozilla/5.0 (Windows NT 10.0; Win64; x64) AppleWebKit/537.36 (KHTML, like Gecko) Chrome/78.0.3904.108 Safari/537.36" "tekmedicgloves.com"
20.168.83.65 - - [10/Sep/2022:20:25:53 -0700] "GET /2018/wp-includes/wlwmanifest.xml HTTP/1.1" 404 73 "-" "Mozilla/5.0 (Windows NT 10.0; Win64; x64) AppleWebKit/537.36 (KHTML, like Gecko) Chrome/78.0.3904.108 Safari/537.36" "tekmedicgloves.com"
20.168.83.65 - - [10/Sep/2022:20:25:53 -0700] "GET /2019/wp-includes/wlwmanifest.xml HTTP/1.1" 404 73 "-" "Mozilla/5.0 (Windows NT 10.0; Win64; x64) AppleWebKit/537.36 (KHTML, like Gecko) Chrome/78.0.3904.108 Safari/537.36" "tekmedicgloves.com"
20.168.83.65 - - [10/Sep/2022:20:25:53 -0700] "GET /wp1/wp-includes/wlwmanifest.xml HTTP/1.1" 404 73 "-" "Mozilla/5.0 (Windows NT 10.0; Win64; x64) AppleWebKit/537.36 (KHTML, like Gecko) Chrome/78.0.3904.108 Safari/537.36" "tekmedicgloves.com"
20.168.83.65 - - [10/Sep/2022:20:25:54 -0700] "GET /test/wp-includes/wlwmanifest.xml HTTP/1.1" 404 73 "-" "Mozilla/5.0 (Windows NT 10.0; Win64; x64) AppleWebKit/537.36 (KHTML, like Gecko) Chrome/78.0.3904.108 Safari/537.36" "tekmedicgloves.com"
20.168.83.65 - - [10/Sep/2022:20:25:54 -0700] "GET /wp2/wp-includes/wlwmanifest.xml HTTP/1.1" 404 73 "-" "Mozilla/5.0 (Windows NT 10.0; Win64; x64) AppleWebKit/537.36 (KHTML, like Gecko) Chrome/78.0.3904.108 Safari/537.36" "tekmedicgloves.com"
20.168.83.65 - - [10/Sep/2022:20:25:54 -0700] "GET /cms/wp-includes/wlwmanifest.xml HTTP/1.1" 404 73 "-" "Mozilla/5.0 (Windows NT 10.0; Win64; x64) AppleWebKit/537.36 (KHTML, like Gecko) Chrome/78.0.3904.108 Safari/537.36" "tekmedicgloves.com"
185.191.171.25 - - [10/Sep/2022:20:26:13 -0700] "GET /phpMyAdmin/setup/?token=5dcbe71123ea6a37c0437de3b17238bd&version_check=1 HTTP/1.1" 200 12687 "-" "Mozilla/5.0 (compatible; SemrushBot/7~bl; +http://www.semrush.com/bot.html)" "tekmedicgloves.com"
185.191.171.12 - - [10/Sep/2022:20:26:18 -0700] "GET /phpMyAdmin/setup/?token=7492f71b7a6f5511f789f6e7f6a16d94&version_check=1 HTTP/1.1" 200 12687 "-" "Mozilla/5.0 (compatible; SemrushBot/7~bl; +http://www.semrush.com/bot.html)" "tekmedicgloves.com"
185.191.171.42 - - [10/Sep/2022:20:26:27 -0700] "GET /phpMyAdmin/setup/index.php?token=6bf6770bdac45916971cf5fcf6b00908&version_check=1 HTTP/1.1" 200 12705 "-" "Mozilla/5.0 (compatible; SemrushBot/7~bl; +http://www.semrush.com/bot.html)" "tekmedicgloves.com"
185.191.171.25 - - [10/Sep/2022:20:26:30 -0700] "GET /phpMyAdmin/setup/index.php?token=03e719eff24094fc78df009047c62b5a&version_check=1 HTTP/1.1" 200 12705 "-" "Mozilla/5.0 (compatible; SemrushBot/7~bl; +http://www.semrush.com/bot.html)" "tekmedicgloves.com"
185.191.171.12 - - [10/Sep/2022:20:26:53 -0700] "GET /phpMyAdmin/setup/?token=6cfda0947af9d19587ae109cd869f060&version_check=1 HTTP/1.1" 200 12691 "-" "Mozilla/5.0 (compatible; SemrushBot/7~bl; +http://www.semrush.com/bot.html)" "www.tekmedicgloves.com"
185.191.171.10 - - [10/Sep/2022:20:27:04 -0700] "GET /phpMyAdmin/setup/?token=0ae77dd8bb38f8f28bf89da6a64289f2&version_check=1 HTTP/1.1" 200 12691 "-" "Mozilla/5.0 (compatible; SemrushBot/7~bl; +http://www.semrush.com/bot.html)" "www.tekmedicgloves.com"
185.191.171.12 - - [10/Sep/2022:20:27:17 -0700] "GET /phpMyAdmin/setup/?token=e2ccf06841e82ec82c2fc72dd9f329ae&version_check=1 HTTP/1.1" 200 12691 "-" "Mozilla/5.0 (compatible; SemrushBot/7~bl; +http://www.semrush.com/bot.html)" "www.tekmedicgloves.com"
185.191.171.4 - - [10/Sep/2022:20:27:17 -0700] "GET /phpMyAdmin/setup/?token=4435098f41c28b2795d6fee5919248bc&version_check=1 HTTP/1.1" 200 12687 "-" "Mozilla/5.0 (compatible; SemrushBot/7~bl; +http://www.semrush.com/bot.html)" "tekmedicgloves.com"
185.191.171.12 - - [10/Sep/2022:20:27:28 -0700] "GET /phpMyAdmin/setup/?token=edd644a5271b3b0fb2cb47bb056cc39e&version_check=1 HTTP/1.1" 200 12687 "-" "Mozilla/5.0 (compatible; SemrushBot/7~bl; +http://www.semrush.com/bot.html)" "tekmedicgloves.com"
185.191.171.7 - - [10/Sep/2022:20:27:35 -0700] "GET /phpMyAdmin/setup/?token=471ba5ab7407f31d6f6c5d8bdd48d44c&version_check=1 HTTP/1.1" 200 12687 "-" "Mozilla/5.0 (compatible; SemrushBot/7~bl; +http://www.semrush.com/bot.html)" "tekmedicgloves.com"
185.191.171.15 - - [10/Sep/2022:20:27:39 -0700] "GET /phpMyAdmin/setup/?token=bc20c4616995c390fddddd05d095af5b&version_check=1 HTTP/1.1" 200 12691 "-" "Mozilla/5.0 (compatible; SemrushBot/7~bl; +http://www.semrush.com/bot.html)" "www.tekmedicgloves.com"
185.191.171.8 - - [10/Sep/2022:20:27:46 -0700] "GET /phpMyAdmin/setup/?token=a156f698bdb095a58c703a5c0882a1ea&version_check=1 HTTP/1.1" 200 12687 "-" "Mozilla/5.0 (compatible; SemrushBot/7~bl; +http://www.semrush.com/bot.html)" "tekmedicgloves.com"
185.191.171.39 - - [10/Sep/2022:20:28:00 -0700] "GET /phpMyAdmin/setup/?token=9278b5b37e57bacdd95170ca05dabd43&version_check=1 HTTP/1.1" 200 12687 "-" "Mozilla/5.0 (compatible; SemrushBot/7~bl; +http://www.semrush.com/bot.html)" "tekmedicgloves.com"
185.191.171.23 - - [10/Sep/2022:20:28:08 -0700] "GET /phpMyAdmin/setup/index.php?token=ea425b5ce05dd7c73d852f42ac32683f&version_check=1 HTTP/1.1" 200 12709 "-" "Mozilla/5.0 (compatible; SemrushBot/7~bl; +http://www.semrush.com/bot.html)" "www.tekmedicgloves.com"
185.191.171.13 - - [10/Sep/2022:20:28:11 -0700] "GET /phpMyAdmin/setup/?token=acecfc9bae2e023e999bf8b36a513e4d&version_check=1 HTTP/1.1" 200 12691 "-" "Mozilla/5.0 (compatible; SemrushBot/7~bl; +http://www.semrush.com/bot.html)" "www.tekmedicgloves.com"
185.191.171.35 - - [10/Sep/2022:20:28:13 -0700] "GET /phpMyAdmin/setup/?token=7e4257e8b642a54bac68db3aadf57c6d&version_check=1 HTTP/1.1" 200 12691 "-" "Mozilla/5.0 (compatible; SemrushBot/7~bl; +http://www.semrush.com/bot.html)" "www.tekmedicgloves.com"
185.191.171.8 - - [10/Sep/2022:20:28:22 -0700] "GET /phpMyAdmin/setup/index.php?token=d154cc3b0877339a27043587b2d661dd&version_check=1 HTTP/1.1" 200 12705 "-" "Mozilla/5.0 (compatible; SemrushBot/7~bl; +http://www.semrush.com/bot.html)" "tekmedicgloves.com"
185.191.171.6 - - [10/Sep/2022:20:28:25 -0700] "GET /phpMyAdmin/setup/?token=39a25c0e44bd8860649ea89091593e47&version_check=1 HTTP/1.1" 200 12687 "-" "Mozilla/5.0 (compatible; SemrushBot/7~bl; +http://www.semrush.com/bot.html)" "tekmedicgloves.com"
185.191.171.39 - - [10/Sep/2022:20:28:35 -0700] "GET /phpMyAdmin/setup/?token=f0079efd4a32014c66ee26833f2430ef&version_check=1 HTTP/1.1" 200 12691 "-" "Mozilla/5.0 (compatible; SemrushBot/7~bl; +http://www.semrush.com/bot.html)" "www.tekmedicgloves.com"
185.191.171.24 - - [10/Sep/2022:20:29:03 -0700] "GET /phpMyAdmin/setup/?token=e1223d57d130dbb7f00bc282a2748e04&version_check=1 HTTP/1.1" 200 12691 "-" "Mozilla/5.0 (compatible; SemrushBot/7~bl; +http://www.semrush.com/bot.html)" "www.tekmedicgloves.com"
185.191.171.10 - - [10/Sep/2022:20:29:24 -0700] "GET /phpMyAdmin/setup/?token=331ec990e6375a653430677647278740&version_check=1 HTTP/1.1" 200 12687 "-" "Mozilla/5.0 (compatible; SemrushBot/7~bl; +http://www.semrush.com/bot.html)" "tekmedicgloves.com"
185.191.171.45 - - [10/Sep/2022:20:29:59 -0700] "GET /phpMyAdmin/setup/index.php?token=edb14320af2f71f74bbddcbbf3e768aa&version_check=1 HTTP/1.1" 200 12705 "-" "Mozilla/5.0 (compatible; SemrushBot/7~bl; +http://www.semrush.com/bot.html)" "tekmedicgloves.com"
185.191.171.10 - - [10/Sep/2022:20:30:09 -0700] "GET /phpMyAdmin/setup/index.php?token=95fb72797d99dc3144f5587853cc8141&version_check=1 HTTP/1.1" 200 12705 "-" "Mozilla/5.0 (compatible; SemrushBot/7~bl; +http://www.semrush.com/bot.html)" "tekmedicgloves.com"
185.191.171.40 - - [10/Sep/2022:20:30:24 -0700] "GET /phpMyAdmin/setup/?token=9447bcdb34dd996cd3ca33cac105fd36&version_check=1 HTTP/1.1" 200 12687 "-" "Mozilla/5.0 (compatible; SemrushBot/7~bl; +http://www.semrush.com/bot.html)" "tekmedicgloves.com"
185.191.171.13 - - [10/Sep/2022:20:30:36 -0700] "GET /phpMyAdmin/setup/?token=8055389f68529ee259712b0307e19e44&version_check=1 HTTP/1.1" 200 12691 "-" "Mozilla/5.0 (compatible; SemrushBot/7~bl; +http://www.semrush.com/bot.html)" "www.tekmedicgloves.com"
185.191.171.23 - - [10/Sep/2022:20:30:41 -0700] "GET /phpMyAdmin/setup/?token=4fcb25f7a21b733507b7bacccf4243a4&version_check=1 HTTP/1.1" 200 12687 "-" "Mozilla/5.0 (compatible; SemrushBot/7~bl; +http://www.semrush.com/bot.html)" "tekmedicgloves.com"
185.191.171.44 - - [10/Sep/2022:20:31:11 -0700] "GET /phpMyAdmin/setup/?token=979a03a0467ac7a1dd86b36a399cd5a0&version_check=1 HTTP/1.1" 200 12691 "-" "Mozilla/5.0 (compatible; SemrushBot/7~bl; +http://www.semrush.com/bot.html)" "www.tekmedicgloves.com"
185.191.171.24 - - [10/Sep/2022:20:31:13 -0700] "GET /phpMyAdmin/setup/?token=630d4537c284a90976a887d0be749be6&version_check=1 HTTP/1.1" 200 12691 "-" "Mozilla/5.0 (compatible; SemrushBot/7~bl; +http://www.semrush.com/bot.html)" "www.tekmedicgloves.com"
185.191.171.24 - - [10/Sep/2022:20:31:13 -0700] "GET /phpMyAdmin/setup/?token=bbe88e01f13433afc9859729c3b743dd&version_check=1 HTTP/1.1" 200 12687 "-" "Mozilla/5.0 (compatible; SemrushBot/7~bl; +http://www.semrush.com/bot.html)" "tekmedicgloves.com"
185.191.171.9 - - [10/Sep/2022:20:31:15 -0700] "GET /phpMyAdmin/setup/?token=7898378c251d1e297d3371e225b5ac87&version_check=1 HTTP/1.1" 200 12691 "-" "Mozilla/5.0 (compatible; SemrushBot/7~bl; +http://www.semrush.com/bot.html)" "www.tekmedicgloves.com"
185.191.171.16 - - [10/Sep/2022:20:31:23 -0700] "GET /phpMyAdmin/setup/?token=a24cb6dd2e4b326cdc617088e6f8d016&version_check=1 HTTP/1.1" 200 12687 "-" "Mozilla/5.0 (compatible; SemrushBot/7~bl; +http://www.semrush.com/bot.html)" "tekmedicgloves.com"
185.191.171.40 - - [10/Sep/2022:20:31:26 -0700] "GET /phpMyAdmin/setup/?token=5b7758fa56fc1ae8398399ce329ec614&version_check=1 HTTP/1.1" 200 12691 "-" "Mozilla/5.0 (compatible; SemrushBot/7~bl; +http://www.semrush.com/bot.html)" "www.tekmedicgloves.com"
185.191.171.38 - - [10/Sep/2022:20:31:29 -0700] "GET /phpMyAdmin/setup/?token=3c89f067ed981cf5b87a017d612a63c5&version_check=1 HTTP/1.1" 200 12687 "-" "Mozilla/5.0 (compatible; SemrushBot/7~bl; +http://www.semrush.com/bot.html)" "tekmedicgloves.com"
185.191.171.40 - - [10/Sep/2022:20:31:39 -0700] "GET /phpMyAdmin/setup/?token=639a0e8d557902a70b26b390b65eae5e&version_check=1 HTTP/1.1" 200 12691 "-" "Mozilla/5.0 (compatible; SemrushBot/7~bl; +http://www.semrush.com/bot.html)" "www.tekmedicgloves.com"
185.191.171.26 - - [10/Sep/2022:20:31:53 -0700] "GET /phpMyAdmin/setup/?token=8c0e51058fd368d4ddf8a112fc5b95af&version_check=1 HTTP/1.1" 200 12687 "-" "Mozilla/5.0 (compatible; SemrushBot/7~bl; +http://www.semrush.com/bot.html)" "tekmedicgloves.com"
185.191.171.10 - - [10/Sep/2022:20:32:37 -0700] "GET /phpMyAdmin/setup/?token=7c8888c6c1a974a9c2b30bd42c75abfc&version_check=1 HTTP/1.1" 200 12687 "-" "Mozilla/5.0 (compatible; SemrushBot/7~bl; +http://www.semrush.com/bot.html)" "tekmedicgloves.com"
185.191.171.9 - - [10/Sep/2022:20:32:48 -0700] "GET /phpMyAdmin/setup/?token=64a203e73812a09e862310948d6b273b&version_check=1 HTTP/1.1" 200 12687 "-" "Mozilla/5.0 (compatible; SemrushBot/7~bl; +http://www.semrush.com/bot.html)" "tekmedicgloves.com"
185.191.171.45 - - [10/Sep/2022:20:32:51 -0700] "GET /phpMyAdmin/setup/index.php?token=cfcae856d42b4bb170399d4ea51414e1&version_check=1 HTTP/1.1" 200 12709 "-" "Mozilla/5.0 (compatible; SemrushBot/7~bl; +http://www.semrush.com/bot.html)" "www.tekmedicgloves.com"
185.191.171.16 - - [10/Sep/2022:20:32:52 -0700] "GET /phpMyAdmin/setup/?token=4cdfdc37acf1403bbc899df2fe5d7e72&version_check=1 HTTP/1.1" 200 12687 "-" "Mozilla/5.0 (compatible; SemrushBot/7~bl; +http://www.semrush.com/bot.html)" "tekmedicgloves.com"
185.191.171.45 - - [10/Sep/2022:20:32:52 -0700] "GET /phpMyAdmin/setup/?token=d62c04c32e47ef4609c501047c8f2805&version_check=1 HTTP/1.1" 200 12691 "-" "Mozilla/5.0 (compatible; SemrushBot/7~bl; +http://www.semrush.com/bot.html)" "www.tekmedicgloves.com"
185.191.171.17 - - [10/Sep/2022:20:32:58 -0700] "GET /phpMyAdmin/setup/?token=bd3cf5be684a6110c1b79059732846fc&version_check=1 HTTP/1.1" 200 12687 "-" "Mozilla/5.0 (compatible; SemrushBot/7~bl; +http://www.semrush.com/bot.html)" "tekmedicgloves.com"
185.191.171.4 - - [10/Sep/2022:20:33:16 -0700] "GET /phpMyAdmin/setup/?token=49942a7e47cdad34afade93c7e32bf59&version_check=1 HTTP/1.1" 200 12691 "-" "Mozilla/5.0 (compatible; SemrushBot/7~bl; +http://www.semrush.com/bot.html)" "www.tekmedicgloves.com"
185.191.171.9 - - [10/Sep/2022:20:33:22 -0700] "GET /phpMyAdmin/setup/?token=8e393f3c7d9e556e3827f5a063bc3d4c&version_check=1 HTTP/1.1" 200 12691 "-" "Mozilla/5.0 (compatible; SemrushBot/7~bl; +http://www.semrush.com/bot.html)" "www.tekmedicgloves.com"
185.191.171.45 - - [10/Sep/2022:20:33:31 -0700] "GET /phpMyAdmin/setup/?token=ac9e60e07c9a6b60c72cbebd88383f3a&version_check=1 HTTP/1.1" 200 12691 "-" "Mozilla/5.0 (compatible; SemrushBot/7~bl; +http://www.semrush.com/bot.html)" "www.tekmedicgloves.com"
185.191.171.5 - - [10/Sep/2022:20:33:45 -0700] "GET /phpMyAdmin/setup/?token=3fd7a10a35bce66d42ba0c70161926df&version_check=1 HTTP/1.1" 200 12687 "-" "Mozilla/5.0 (compatible; SemrushBot/7~bl; +http://www.semrush.com/bot.html)" "tekmedicgloves.com"
185.191.171.8 - - [10/Sep/2022:20:33:49 -0700] "GET /phpMyAdmin/setup/index.php?token=a06ba93fe0be24f63086dfeddba15e0a&version_check=1 HTTP/1.1" 200 12705 "-" "Mozilla/5.0 (compatible; SemrushBot/7~bl; +http://www.semrush.com/bot.html)" "tekmedicgloves.com"
185.191.171.7 - - [10/Sep/2022:20:33:51 -0700] "GET /phpMyAdmin/setup/?token=891ffdbbc2ddc5bbb8e7471d0890fe8f&version_check=1 HTTP/1.1" 200 12687 "-" "Mozilla/5.0 (compatible; SemrushBot/7~bl; +http://www.semrush.com/bot.html)" "tekmedicgloves.com"
185.191.171.36 - - [10/Sep/2022:20:33:59 -0700] "GET /phpMyAdmin/setup/?token=1752363ceeb78f62509e9af12532ec9c&version_check=1 HTTP/1.1" 200 12691 "-" "Mozilla/5.0 (compatible; SemrushBot/7~bl; +http://www.semrush.com/bot.html)" "www.tekmedicgloves.com"
185.191.171.5 - - [10/Sep/2022:20:34:06 -0700] "GET /phpMyAdmin/setup/?token=f3ea3d0c8e6dde3e20f8de0c385df8ad&version_check=1 HTTP/1.1" 200 12691 "-" "Mozilla/5.0 (compatible; SemrushBot/7~bl; +http://www.semrush.com/bot.html)" "www.tekmedicgloves.com"
185.191.171.21 - - [10/Sep/2022:20:34:13 -0700] "GET /phpMyAdmin/setup/?token=df28770bd5bb2504091af8aaea2331a4&version_check=1 HTTP/1.1" 200 12691 "-" "Mozilla/5.0 (compatible; SemrushBot/7~bl; +http://www.semrush.com/bot.html)" "www.tekmedicgloves.com"
185.191.171.1 - - [10/Sep/2022:20:34:21 -0700] "GET /phpMyAdmin/setup/?token=6ecc8c2ca278eb740f9cf7a1076a014a&version_check=1 HTTP/1.1" 200 12691 "-" "Mozilla/5.0 (compatible; SemrushBot/7~bl; +http://www.semrush.com/bot.html)" "www.tekmedicgloves.com"
185.191.171.33 - - [10/Sep/2022:20:34:24 -0700] "GET /phpMyAdmin/setup/?token=e4f7c64310bd29f76680916a9887649e&version_check=1 HTTP/1.1" 200 12687 "-" "Mozilla/5.0 (compatible; SemrushBot/7~bl; +http://www.semrush.com/bot.html)" "tekmedicgloves.com"
185.191.171.42 - - [10/Sep/2022:20:35:27 -0700] "GET /phpMyAdmin/setup/?token=06393abf223eee2b055d0dc69640075b&version_check=1 HTTP/1.1" 200 12687 "-" "Mozilla/5.0 (compatible; SemrushBot/7~bl; +http://www.semrush.com/bot.html)" "tekmedicgloves.com"
185.191.171.7 - - [10/Sep/2022:20:35:36 -0700] "GET /phpMyAdmin/setup/?token=91c805699a760153d2739b4fa78f6f86&version_check=1 HTTP/1.1" 200 12691 "-" "Mozilla/5.0 (compatible; SemrushBot/7~bl; +http://www.semrush.com/bot.html)" "www.tekmedicgloves.com"
185.191.171.40 - - [10/Sep/2022:20:35:40 -0700] "GET /phpMyAdmin/setup/?token=f45936f0dbe0aa0c5e0c7c8c7ec1c6e4&version_check=1 HTTP/1.1" 200 12691 "-" "Mozilla/5.0 (compatible; SemrushBot/7~bl; +http://www.semrush.com/bot.html)" "www.tekmedicgloves.com"
185.191.171.25 - - [10/Sep/2022:20:35:42 -0700] "GET /phpMyAdmin/setup/?token=13506723418f98243e9aba124749d6e5&version_check=1 HTTP/1.1" 200 12687 "-" "Mozilla/5.0 (compatible; SemrushBot/7~bl; +http://www.semrush.com/bot.html)" "tekmedicgloves.com"
185.191.171.40 - - [10/Sep/2022:20:35:42 -0700] "GET /phpMyAdmin/setup/?token=6ca6edffc410478fd4ade478c2c3812e&version_check=1 HTTP/1.1" 200 12691 "-" "Mozilla/5.0 (compatible; SemrushBot/7~bl; +http://www.semrush.com/bot.html)" "www.tekmedicgloves.com"
185.191.171.34 - - [10/Sep/2022:20:35:44 -0700] "GET /phpMyAdmin/setup/?token=74902d6ace588466d7c6bd0923fa07a3&version_check=1 HTTP/1.1" 200 12687 "-" "Mozilla/5.0 (compatible; SemrushBot/7~bl; +http://www.semrush.com/bot.html)" "tekmedicgloves.com"
185.191.171.26 - - [10/Sep/2022:20:35:47 -0700] "GET /phpMyAdmin/setup/?token=a0f4c9c18efb52e4af077a578855c2f0&version_check=1 HTTP/1.1" 200 12687 "-" "Mozilla/5.0 (compatible; SemrushBot/7~bl; +http://www.semrush.com/bot.html)" "tekmedicgloves.com"
185.191.171.23 - - [10/Sep/2022:20:35:52 -0700] "GET /phpMyAdmin/setup/?token=7ddd4a19c0043048de5df0bacfc77a80&version_check=1 HTTP/1.1" 200 12687 "-" "Mozilla/5.0 (compatible; SemrushBot/7~bl; +http://www.semrush.com/bot.html)" "tekmedicgloves.com"
185.191.171.10 - - [10/Sep/2022:20:36:19 -0700] "GET /phpMyAdmin/setup/index.php?token=71bfc80129b580fcce3203890590f7cc&version_check=1 HTTP/1.1" 200 12705 "-" "Mozilla/5.0 (compatible; SemrushBot/7~bl; +http://www.semrush.com/bot.html)" "tekmedicgloves.com"
185.191.171.36 - - [10/Sep/2022:20:36:35 -0700] "GET /phpMyAdmin/setup/?token=59ab32cddbdc26e12384bee1d6893f80&version_check=1 HTTP/1.1" 200 12687 "-" "Mozilla/5.0 (compatible; SemrushBot/7~bl; +http://www.semrush.com/bot.html)" "tekmedicgloves.com"
185.191.171.41 - - [10/Sep/2022:20:36:51 -0700] "GET /phpMyAdmin/setup/index.php?token=2ff60ff52e264045403fdd63c023608f&version_check=1 HTTP/1.1" 200 12705 "-" "Mozilla/5.0 (compatible; SemrushBot/7~bl; +http://www.semrush.com/bot.html)" "tekmedicgloves.com"
185.191.171.16 - - [10/Sep/2022:20:37:04 -0700] "GET /phpMyAdmin/setup/index.php?token=16b1ce677177dde62bd310550db51ac2&version_check=1 HTTP/1.1" 200 12705 "-" "Mozilla/5.0 (compatible; SemrushBot/7~bl; +http://www.semrush.com/bot.html)" "tekmedicgloves.com"
185.191.171.39 - - [10/Sep/2022:20:37:05 -0700] "GET /phpMyAdmin/setup/?token=495ebe63bb774632f76c8fbe328196e6&version_check=1 HTTP/1.1" 200 12691 "-" "Mozilla/5.0 (compatible; SemrushBot/7~bl; +http://www.semrush.com/bot.html)" "www.tekmedicgloves.com"
185.191.171.7 - - [10/Sep/2022:20:37:15 -0700] "GET /phpMyAdmin/setup/index.php?token=e38dffdd0f5bf7704fb3816cead9aafc&version_check=1 HTTP/1.1" 200 12705 "-" "Mozilla/5.0 (compatible; SemrushBot/7~bl; +http://www.semrush.com/bot.html)" "tekmedicgloves.com"
185.191.171.7 - - [10/Sep/2022:20:37:21 -0700] "GET /phpMyAdmin/setup/index.php?token=258ad4aa57369480ec7f3d6ba89a163e&version_check=1 HTTP/1.1" 200 12709 "-" "Mozilla/5.0 (compatible; SemrushBot/7~bl; +http://www.semrush.com/bot.html)" "www.tekmedicgloves.com"
185.191.171.40 - - [10/Sep/2022:20:37:31 -0700] "GET /phpMyAdmin/setup/?token=9f459c47717bf2f7c2a63b903ab0adc5&version_check=1 HTTP/1.1" 200 12691 "-" "Mozilla/5.0 (compatible; SemrushBot/7~bl; +http://www.semrush.com/bot.html)" "www.tekmedicgloves.com"
185.191.171.24 - - [10/Sep/2022:20:37:38 -0700] "GET /phpMyAdmin/setup/?token=3814a039158d13250e708a4a357365d5&version_check=1 HTTP/1.1" 200 12691 "-" "Mozilla/5.0 (compatible; SemrushBot/7~bl; +http://www.semrush.com/bot.html)" "www.tekmedicgloves.com"
185.191.171.12 - - [10/Sep/2022:20:37:50 -0700] "GET /phpMyAdmin/setup/?token=84f575fa43e360fe55678d63f947f769&version_check=1 HTTP/1.1" 200 12687 "-" "Mozilla/5.0 (compatible; SemrushBot/7~bl; +http://www.semrush.com/bot.html)" "tekmedicgloves.com"
185.191.171.10 - - [10/Sep/2022:20:37:51 -0700] "GET /phpMyAdmin/setup/?token=583671fd0404526c02f293300ea47238&version_check=1 HTTP/1.1" 200 12691 "-" "Mozilla/5.0 (compatible; SemrushBot/7~bl; +http://www.semrush.com/bot.html)" "www.tekmedicgloves.com"
185.191.171.25 - - [10/Sep/2022:20:37:55 -0700] "GET /phpMyAdmin/setup/index.php?token=23358b654426dec996043aa6a0f3d3a6&version_check=1 HTTP/1.1" 200 12705 "-" "Mozilla/5.0 (compatible; SemrushBot/7~bl; +http://www.semrush.com/bot.html)" "tekmedicgloves.com"
185.191.171.24 - - [10/Sep/2022:20:38:03 -0700] "GET /phpMyAdmin/setup/?token=5963b445a0b75c27b5faa48efaea31fc&version_check=1 HTTP/1.1" 200 12687 "-" "Mozilla/5.0 (compatible; SemrushBot/7~bl; +http://www.semrush.com/bot.html)" "tekmedicgloves.com"
185.191.171.21 - - [10/Sep/2022:20:38:05 -0700] "GET /phpMyAdmin/setup/?token=11d5d56abcc5f43872d9d97d081e8a92&version_check=1 HTTP/1.1" 200 12691 "-" "Mozilla/5.0 (compatible; SemrushBot/7~bl; +http://www.semrush.com/bot.html)" "www.tekmedicgloves.com"
185.191.171.11 - - [10/Sep/2022:20:38:07 -0700] "GET /phpMyAdmin/setup/index.php?token=832f0c4bc76eb31648fbae843e42eede&version_check=1 HTTP/1.1" 200 12709 "-" "Mozilla/5.0 (compatible; SemrushBot/7~bl; +http://www.semrush.com/bot.html)" "www.tekmedicgloves.com"
185.191.171.14 - - [10/Sep/2022:20:38:14 -0700] "GET /phpMyAdmin/setup/?token=a7387d6fa8ee1525d0adecf951250524&version_check=1 HTTP/1.1" 200 12691 "-" "Mozilla/5.0 (compatible; SemrushBot/7~bl; +http://www.semrush.com/bot.html)" "www.tekmedicgloves.com"
185.191.171.5 - - [10/Sep/2022:20:38:25 -0700] "GET /phpMyAdmin/setup/?token=7f65c6fcf97a07b610b1dac42317b0be&version_check=1 HTTP/1.1" 200 12687 "-" "Mozilla/5.0 (compatible; SemrushBot/7~bl; +http://www.semrush.com/bot.html)" "tekmedicgloves.com"
185.191.171.19 - - [10/Sep/2022:20:38:29 -0700] "GET /phpMyAdmin/setup/?token=8371db93a59f04b30ecf066ca7c92624&version_check=1 HTTP/1.1" 200 12687 "-" "Mozilla/5.0 (compatible; SemrushBot/7~bl; +http://www.semrush.com/bot.html)" "tekmedicgloves.com"
185.191.171.5 - - [10/Sep/2022:20:38:47 -0700] "GET /phpMyAdmin/setup/?token=ec38618b7ccbac214c4113ff7d348081&version_check=1 HTTP/1.1" 200 12691 "-" "Mozilla/5.0 (compatible; SemrushBot/7~bl; +http://www.semrush.com/bot.html)" "www.tekmedicgloves.com"
185.191.171.9 - - [10/Sep/2022:20:38:51 -0700] "GET /phpMyAdmin/setup/?token=5c384decfada9992f8535c7565c81b7f&version_check=1 HTTP/1.1" 200 12691 "-" "Mozilla/5.0 (compatible; SemrushBot/7~bl; +http://www.semrush.com/bot.html)" "www.tekmedicgloves.com"
185.191.171.3 - - [10/Sep/2022:20:39:08 -0700] "GET /phpMyAdmin/setup/?token=3234451a8e34ec48a559cb4781566c26&version_check=1 HTTP/1.1" 200 12687 "-" "Mozilla/5.0 (compatible; SemrushBot/7~bl; +http://www.semrush.com/bot.html)" "tekmedicgloves.com"
185.191.171.36 - - [10/Sep/2022:20:39:26 -0700] "GET /robots.txt HTTP/1.1" 404 88 "-" "Mozilla/5.0 (compatible; SemrushBot/7~bl; +http://www.semrush.com/bot.html)" "tekmedicgloves.com"
185.191.171.3 - - [10/Sep/2022:20:39:26 -0700] "GET /phpMyAdmin/setup/?token=8780382cc7769551a9bbace53d0ee777&version_check=1 HTTP/1.1" 200 12687 "-" "Mozilla/5.0 (compatible; SemrushBot/7~bl; +http://www.semrush.com/bot.html)" "tekmedicgloves.com"
185.191.171.39 - - [10/Sep/2022:20:39:36 -0700] "GET /phpMyAdmin/setup/?token=bfe655c1072d97e5c6be121415d3454f&version_check=1 HTTP/1.1" 200 12687 "-" "Mozilla/5.0 (compatible; SemrushBot/7~bl; +http://www.semrush.com/bot.html)" "tekmedicgloves.com"
185.191.171.10 - - [10/Sep/2022:20:39:38 -0700] "GET /phpMyAdmin/setup/?token=d264a70f9f0c27bf60a516ba32709f39&version_check=1 HTTP/1.1" 200 12691 "-" "Mozilla/5.0 (compatible; SemrushBot/7~bl; +http://www.semrush.com/bot.html)" "www.tekmedicgloves.com"
185.191.171.24 - - [10/Sep/2022:20:40:03 -0700] "GET /phpMyAdmin/setup/?token=55b75b489ecf0570580190b1928644cf&version_check=1 HTTP/1.1" 200 12687 "-" "Mozilla/5.0 (compatible; SemrushBot/7~bl; +http://www.semrush.com/bot.html)" "tekmedicgloves.com"
185.191.171.38 - - [10/Sep/2022:20:40:10 -0700] "GET /phpMyAdmin/setup/?token=2a6c5004d2dd91ef36ae5237a5bd9dea&version_check=1 HTTP/1.1" 200 12691 "-" "Mozilla/5.0 (compatible; SemrushBot/7~bl; +http://www.semrush.com/bot.html)" "www.tekmedicgloves.com"
185.191.171.3 - - [10/Sep/2022:20:40:16 -0700] "GET /phpMyAdmin/setup/index.php?token=c8145258a9dd34e36eb6ff7c4630743e&version_check=1 HTTP/1.1" 200 12705 "-" "Mozilla/5.0 (compatible; SemrushBot/7~bl; +http://www.semrush.com/bot.html)" "tekmedicgloves.com"
185.191.171.42 - - [10/Sep/2022:20:40:23 -0700] "GET /phpMyAdmin/setup/?token=edc9447cee3f87e681ef6dfdfe763aff&version_check=1 HTTP/1.1" 200 12687 "-" "Mozilla/5.0 (compatible; SemrushBot/7~bl; +http://www.semrush.com/bot.html)" "tekmedicgloves.com"
185.191.171.10 - - [10/Sep/2022:20:40:24 -0700] "GET /phpMyAdmin/setup/?token=efb47fdb9c47e3f7cb3cc36a1efd771a&version_check=1 HTTP/1.1" 200 12691 "-" "Mozilla/5.0 (compatible; SemrushBot/7~bl; +http://www.semrush.com/bot.html)" "www.tekmedicgloves.com"
185.191.171.6 - - [10/Sep/2022:20:40:47 -0700] "GET /phpMyAdmin/setup/?token=9d3540925980102acca9607342f8a1c3&version_check=1 HTTP/1.1" 200 12687 "-" "Mozilla/5.0 (compatible; SemrushBot/7~bl; +http://www.semrush.com/bot.html)" "tekmedicgloves.com"
185.191.171.41 - - [10/Sep/2022:20:40:48 -0700] "GET /phpMyAdmin/setup/?token=88e75b4f6e90022772279f1b138d01db&version_check=1 HTTP/1.1" 200 12691 "-" "Mozilla/5.0 (compatible; SemrushBot/7~bl; +http://www.semrush.com/bot.html)" "www.tekmedicgloves.com"
185.191.171.38 - - [10/Sep/2022:20:41:03 -0700] "GET /phpMyAdmin/setup/index.php?token=43467de89ddadff5d263d0503571bb16&version_check=1 HTTP/1.1" 200 12705 "-" "Mozilla/5.0 (compatible; SemrushBot/7~bl; +http://www.semrush.com/bot.html)" "tekmedicgloves.com"
185.191.171.39 - - [10/Sep/2022:20:41:07 -0700] "GET /phpMyAdmin/setup/?token=df8108627e2e696676660b202350f7dd&version_check=1 HTTP/1.1" 200 12691 "-" "Mozilla/5.0 (compatible; SemrushBot/7~bl; +http://www.semrush.com/bot.html)" "www.tekmedicgloves.com"
185.191.171.38 - - [10/Sep/2022:20:41:10 -0700] "GET /phpMyAdmin/setup/?token=89094b2fdf9572141a39b4359f4e878b&version_check=1 HTTP/1.1" 200 12691 "-" "Mozilla/5.0 (compatible; SemrushBot/7~bl; +http://www.semrush.com/bot.html)" "www.tekmedicgloves.com"
185.191.171.24 - - [10/Sep/2022:20:41:35 -0700] "GET /phpMyAdmin/setup/?token=8b97a2ac9d6a8871935bf56f66e6521b&version_check=1 HTTP/1.1" 200 12691 "-" "Mozilla/5.0 (compatible; SemrushBot/7~bl; +http://www.semrush.com/bot.html)" "www.tekmedicgloves.com"
185.191.171.23 - - [10/Sep/2022:20:41:45 -0700] "GET /phpMyAdmin/setup/?token=a94739dfe9b9dc561add51586d041d8d&version_check=1 HTTP/1.1" 200 12687 "-" "Mozilla/5.0 (compatible; SemrushBot/7~bl; +http://www.semrush.com/bot.html)" "tekmedicgloves.com"
185.191.171.38 - - [10/Sep/2022:20:41:52 -0700] "GET /phpMyAdmin/setup/?token=c176015ff81b14d35169a1a7dbde56e9&version_check=1 HTTP/1.1" 200 12691 "-" "Mozilla/5.0 (compatible; SemrushBot/7~bl; +http://www.semrush.com/bot.html)" "www.tekmedicgloves.com"
185.191.171.11 - - [10/Sep/2022:20:41:57 -0700] "GET /phpMyAdmin/setup/index.php?token=66c98bde7447794e742732f929ae53f1&version_check=1 HTTP/1.1" 200 12705 "-" "Mozilla/5.0 (compatible; SemrushBot/7~bl; +http://www.semrush.com/bot.html)" "tekmedicgloves.com"
185.191.171.33 - - [10/Sep/2022:20:42:10 -0700] "GET /phpMyAdmin/setup/?token=7f0aee63c50564428ddb8133a8903a63&version_check=1 HTTP/1.1" 200 12687 "-" "Mozilla/5.0 (compatible; SemrushBot/7~bl; +http://www.semrush.com/bot.html)" "tekmedicgloves.com"
185.191.171.44 - - [10/Sep/2022:20:42:12 -0700] "GET /phpMyAdmin/setup/?token=ba70b4cf7dbef6b7f6bb0757e86d9eee&version_check=1 HTTP/1.1" 200 12687 "-" "Mozilla/5.0 (compatible; SemrushBot/7~bl; +http://www.semrush.com/bot.html)" "tekmedicgloves.com"
185.191.171.7 - - [10/Sep/2022:20:42:19 -0700] "GET /phpMyAdmin/setup/index.php?token=a4da61ba9ef5239ae2fbc5a66ddb8f60&version_check=1 HTTP/1.1" 200 12705 "-" "Mozilla/5.0 (compatible; SemrushBot/7~bl; +http://www.semrush.com/bot.html)" "tekmedicgloves.com"
51.222.253.2 - - [10/Sep/2022:20:42:41 -0700] "GET /beta/products.php?cat=21&id=13 HTTP/1.1" 200 53988 "-" "Mozilla/5.0 (compatible; AhrefsBot/7.0; +http://ahrefs.com/robot/)" "tekmedicgloves.com"
51.222.253.3 - - [10/Sep/2022:20:42:42 -0700] "GET /beta/wp-content/themes/theme48838/style.css HTTP/1.1" 200 243 "-" "Mozilla/5.0 (compatible; AhrefsBot/7.0; +http://ahrefs.com/robot/)" "tekmedicgloves.com"
51.222.253.12 - - [10/Sep/2022:20:42:42 -0700] "GET /beta/wp-content/themes/CherryFramework/js/jquery.mobilemenu.js HTTP/1.1" 200 908 "-" "Mozilla/5.0 (compatible; AhrefsBot/7.0; +http://ahrefs.com/robot/)" "tekmedicgloves.com"
51.222.253.9 - - [10/Sep/2022:20:42:43 -0700] "GET /beta/wp-content/themes/CherryFramework/js/jquery-1.7.2.min.js HTTP/1.1" 200 33630 "-" "Mozilla/5.0 (compatible; AhrefsBot/7.0; +http://ahrefs.com/robot/)" "tekmedicgloves.com"
51.222.253.2 - - [10/Sep/2022:20:42:43 -0700] "GET /beta/wp-content/themes/theme48838/images/social/rss.png HTTP/1.1" 200 2128 "-" "Mozilla/5.0 (compatible; AhrefsBot/7.0; +http://ahrefs.com/robot/)" "tekmedicgloves.com"
51.222.253.20 - - [10/Sep/2022:20:42:43 -0700] "GET /beta/wp-content/plugins/cherry-plugin/lib/js/FlexSlider/flexslider.css HTTP/1.1" 200 1323 "-" "Mozilla/5.0 (compatible; AhrefsBot/7.0; +http://ahrefs.com/robot/)" "tekmedicgloves.com"
51.222.253.9 - - [10/Sep/2022:20:42:44 -0700] "GET /beta/wp-content/plugins/cherry-plugin/includes/css/cherry-plugin.css HTTP/1.1" 200 4752 "-" "Mozilla/5.0 (compatible; AhrefsBot/7.0; +http://ahrefs.com/robot/)" "tekmedicgloves.com"
51.222.253.20 - - [10/Sep/2022:20:42:44 -0700] "GET /beta/wp-content/plugins/cherry-plugin/lib/js/FlexSlider/jquery.flexslider-min.js HTTP/1.1" 200 5177 "-" "Mozilla/5.0 (compatible; AhrefsBot/7.0; +http://ahrefs.com/robot/)" "tekmedicgloves.com"
51.222.253.15 - - [10/Sep/2022:20:42:45 -0700] "GET /beta/wp-content/themes/CherryFramework/js/superfish.js HTTP/1.1" 200 1280 "-" "Mozilla/5.0 (compatible; AhrefsBot/7.0; +http://ahrefs.com/robot/)" "tekmedicgloves.com"
51.222.253.12 - - [10/Sep/2022:20:42:45 -0700] "GET /beta/wp-content/themes/theme48838/images/social/facebook.png HTTP/1.1" 200 1671 "-" "Mozilla/5.0 (compatible; AhrefsBot/7.0; +http://ahrefs.com/robot/)" "tekmedicgloves.com"
51.222.253.12 - - [10/Sep/2022:20:42:46 -0700] "GET /beta/wp-content/themes/theme48838/bootstrap/css/responsive.css HTTP/1.1" 200 4226 "-" "Mozilla/5.0 (compatible; AhrefsBot/7.0; +http://ahrefs.com/robot/)" "tekmedicgloves.com"
51.222.253.13 - - [10/Sep/2022:20:42:46 -0700] "GET /beta/wp-content/themes/theme48838/bootstrap/css/bootstrap.css HTTP/1.1" 200 15793 "-" "Mozilla/5.0 (compatible; AhrefsBot/7.0; +http://ahrefs.com/robot/)" "tekmedicgloves.com"
51.222.253.14 - - [10/Sep/2022:20:42:46 -0700] "GET /beta/wp-content/plugins/contact-form-7/includes/css/styles.css HTTP/1.1" 200 392 "-" "Mozilla/5.0 (compatible; AhrefsBot/7.0; +http://ahrefs.com/robot/)" "tekmedicgloves.com"
51.222.253.18 - - [10/Sep/2022:20:42:47 -0700] "GET /beta/wp-content/plugins/cherry-plugin/includes/js/cherry-plugin.js HTTP/1.1" 200 438 "-" "Mozilla/5.0 (compatible; AhrefsBot/7.0; +http://ahrefs.com/robot/)" "tekmedicgloves.com"
185.191.171.35 - - [10/Sep/2022:20:42:47 -0700] "GET /phpMyAdmin/setup/?token=cb30107135d679520b53f908c3a2b365&version_check=1 HTTP/1.1" 200 12691 "-" "Mozilla/5.0 (compatible; SemrushBot/7~bl; +http://www.semrush.com/bot.html)" "www.tekmedicgloves.com"
51.222.253.1 - - [10/Sep/2022:20:42:47 -0700] "GET /beta/wp-content/themes/CherryFramework/js/jflickrfeed.js HTTP/1.1" 200 560 "-" "Mozilla/5.0 (compatible; AhrefsBot/7.0; +http://ahrefs.com/robot/)" "tekmedicgloves.com"
51.222.253.8 - - [10/Sep/2022:20:42:48 -0700] "GET /beta/wp-content/themes/CherryFramework/js/jquery.debouncedresize.js HTTP/1.1" 200 226 "-" "Mozilla/5.0 (compatible; AhrefsBot/7.0; +http://ahrefs.com/robot/)" "tekmedicgloves.com"
51.222.253.18 - - [10/Sep/2022:20:42:48 -0700] "GET /beta/wp-content/themes/theme48838/main-style.css HTTP/1.1" 200 4849 "-" "Mozilla/5.0 (compatible; AhrefsBot/7.0; +http://ahrefs.com/robot/)" "tekmedicgloves.com"
51.222.253.9 - - [10/Sep/2022:20:42:48 -0700] "GET /beta/wp-content/themes/theme48838/images/social/google.png HTTP/1.1" 200 1611 "-" "Mozilla/5.0 (compatible; AhrefsBot/7.0; +http://ahrefs.com/robot/)" "tekmedicgloves.com"
51.222.253.13 - - [10/Sep/2022:20:42:49 -0700] "GET /beta/wp-content/themes/CherryFramework/js/jquery.mobile.customized.min.js HTTP/1.1" 200 6409 "-" "Mozilla/5.0 (compatible; AhrefsBot/7.0; +http://ahrefs.com/robot/)" "tekmedicgloves.com"
51.222.253.9 - - [10/Sep/2022:20:42:49 -0700] "GET /beta/wp-content/themes/theme48838/images/social/twitter.png HTTP/1.1" 200 1861 "-" "Mozilla/5.0 (compatible; AhrefsBot/7.0; +http://ahrefs.com/robot/)" "tekmedicgloves.com"
51.222.253.6 - - [10/Sep/2022:20:42:50 -0700] "GET /beta/wp-content/themes/CherryFramework/js/jquery.jplayer.min.js HTTP/1.1" 200 11945 "-" "Mozilla/5.0 (compatible; AhrefsBot/7.0; +http://ahrefs.com/robot/)" "tekmedicgloves.com"
51.222.253.10 - - [10/Sep/2022:20:42:50 -0700] "GET /beta/wp-includes/js/swfobject.js HTTP/1.1" 404 88 "-" "Mozilla/5.0 (compatible; AhrefsBot/7.0; +http://ahrefs.com/robot/)" "tekmedicgloves.com"
51.222.253.3 - - [10/Sep/2022:20:42:50 -0700] "GET /beta/wp-content/plugins/cherry-plugin/lib/js/jquery.easing.1.3.js HTTP/1.1" 200 814 "-" "Mozilla/5.0 (compatible; AhrefsBot/7.0; +http://ahrefs.com/robot/)" "tekmedicgloves.com"
51.222.253.16 - - [10/Sep/2022:20:42:50 -0700] "GET /beta/wp-content/plugins/contact-form-7/includes/js/jquery.form.min.js HTTP/1.1" 200 5878 "-" "Mozilla/5.0 (compatible; AhrefsBot/7.0; +http://ahrefs.com/robot/)" "tekmedicgloves.com"
51.222.253.16 - - [10/Sep/2022:20:42:51 -0700] "GET /beta/wp-content/themes/CherryFramework/js/camera.min.js HTTP/1.1" 200 8551 "-" "Mozilla/5.0 (compatible; AhrefsBot/7.0; +http://ahrefs.com/robot/)" "tekmedicgloves.com"
51.222.253.3 - - [10/Sep/2022:20:42:51 -0700] "GET /beta/wp-content/themes/CherryFramework/css/magnific-popup.css HTTP/1.1" 200 2166 "-" "Mozilla/5.0 (compatible; AhrefsBot/7.0; +http://ahrefs.com/robot/)" "tekmedicgloves.com"
51.222.253.9 - - [10/Sep/2022:20:42:51 -0700] "GET /beta/wp-content/plugins/cherry-plugin/lib/js/elasti-carousel/jquery.elastislide.js HTTP/1.1" 200 1963 "-" "Mozilla/5.0 (compatible; AhrefsBot/7.0; +http://ahrefs.com/robot/)" "tekmedicgloves.com"
51.222.253.20 - - [10/Sep/2022:20:42:52 -0700] "GET /beta/wp-content/plugins/cherry-plugin/lib/js/owl-carousel/owl.theme.css HTTP/1.1" 200 606 "-" "Mozilla/5.0 (compatible; AhrefsBot/7.0; +http://ahrefs.com/robot/)" "tekmedicgloves.com"
51.222.253.16 - - [10/Sep/2022:20:42:52 -0700] "GET /beta/wp-content/themes/CherryFramework/js/jquery.ba-resize.min.js HTTP/1.1" 200 616 "-" "Mozilla/5.0 (compatible; AhrefsBot/7.0; +http://ahrefs.com/robot/)" "tekmedicgloves.com"
51.222.253.9 - - [10/Sep/2022:20:42:52 -0700] "GET /beta/wp-includes/js/comment-reply.min.js HTTP/1.1" 404 88 "-" "Mozilla/5.0 (compatible; AhrefsBot/7.0; +http://ahrefs.com/robot/)" "tekmedicgloves.com"
51.222.253.5 - - [10/Sep/2022:20:42:52 -0700] "GET /beta/wp-content/themes/CherryFramework/css/camera.css HTTP/1.1" 200 3117 "-" "Mozilla/5.0 (compatible; AhrefsBot/7.0; +http://ahrefs.com/robot/)" "tekmedicgloves.com"
51.222.253.1 - - [10/Sep/2022:20:42:53 -0700] "GET /beta/wp-content/plugins/contact-form-7/includes/js/scripts.js HTTP/1.1" 200 1850 "-" "Mozilla/5.0 (compatible; AhrefsBot/7.0; +http://ahrefs.com/robot/)" "tekmedicgloves.com"
51.222.253.11 - - [10/Sep/2022:20:42:53 -0700] "GET /beta/wp-content/themes/CherryFramework/js/jquery.isotope.js HTTP/1.1" 200 4845 "-" "Mozilla/5.0 (compatible; AhrefsBot/7.0; +http://ahrefs.com/robot/)" "tekmedicgloves.com"
51.222.253.3 - - [10/Sep/2022:20:42:53 -0700] "GET /beta/wp-content/themes/CherryFramework/js/custom.js HTTP/1.1" 200 2131 "-" "Mozilla/5.0 (compatible; AhrefsBot/7.0; +http://ahrefs.com/robot/)" "tekmedicgloves.com"
51.222.253.2 - - [10/Sep/2022:20:42:54 -0700] "GET /beta/wp-content/themes/CherryFramework/bootstrap/js/bootstrap.min.js HTTP/1.1" 200 7654 "-" "Mozilla/5.0 (compatible; AhrefsBot/7.0; +http://ahrefs.com/robot/)" "tekmedicgloves.com"
51.222.253.9 - - [10/Sep/2022:20:42:54 -0700] "GET /beta/wp-content/themes/CherryFramework/js/modernizr.js HTTP/1.1" 200 5141 "-" "Mozilla/5.0 (compatible; AhrefsBot/7.0; +http://ahrefs.com/robot/)" "tekmedicgloves.com"
51.222.253.9 - - [10/Sep/2022:20:42:54 -0700] "GET /beta/wp-content/plugins/cherry-plugin/lib/js/owl-carousel/owl.carousel.css HTTP/1.1" 200 1119 "-" "Mozilla/5.0 (compatible; AhrefsBot/7.0; +http://ahrefs.com/robot/)" "tekmedicgloves.com"
51.222.253.7 - - [10/Sep/2022:20:42:55 -0700] "GET /beta/images/product/20141111074515_inosafe_p_aloevera.jpg HTTP/1.1" 200 707833 "-" "Mozilla/5.0 (compatible; AhrefsBot/7.0; +http://ahrefs.com/robot/)" "tekmedicgloves.com"
51.222.253.7 - - [10/Sep/2022:20:42:55 -0700] "GET /beta/wp-content/themes/CherryFramework/js/jplayer.playlist.min.js HTTP/1.1" 200 2404 "-" "Mozilla/5.0 (compatible; AhrefsBot/7.0; +http://ahrefs.com/robot/)" "tekmedicgloves.com"
51.222.253.13 - - [10/Sep/2022:20:42:56 -0700] "GET /beta/wp-content/themes/CherryFramework/js/jquery.magnific-popup.min.js HTTP/1.1" 200 7493 "-" "Mozilla/5.0 (compatible; AhrefsBot/7.0; +http://ahrefs.com/robot/)" "tekmedicgloves.com"
185.191.171.5 - - [10/Sep/2022:20:43:00 -0700] "GET /phpMyAdmin/setup/?token=ba011d9c8482caa451df008ebe77c67b&version_check=1 HTTP/1.1" 200 12687 "-" "Mozilla/5.0 (compatible; SemrushBot/7~bl; +http://www.semrush.com/bot.html)" "tekmedicgloves.com"
185.191.171.26 - - [10/Sep/2022:20:43:04 -0700] "GET /phpMyAdmin/setup/?token=b2714bbf21ab1fe08fca7bfc0547ba0f&version_check=1 HTTP/1.1" 200 12691 "-" "Mozilla/5.0 (compatible; SemrushBot/7~bl; +http://www.semrush.com/bot.html)" "www.tekmedicgloves.com"
185.191.171.7 - - [10/Sep/2022:20:43:15 -0700] "GET /phpMyAdmin/setup/?token=b2ddc86f916d95fe520c998b7b4b175f&version_check=1 HTTP/1.1" 200 12691 "-" "Mozilla/5.0 (compatible; SemrushBot/7~bl; +http://www.semrush.com/bot.html)" "www.tekmedicgloves.com"
185.191.171.38 - - [10/Sep/2022:20:43:19 -0700] "GET /phpMyAdmin/setup/?token=33b2c4dbff4dde51cd93dca6ef5a0f5f&version_check=1 HTTP/1.1" 200 12691 "-" "Mozilla/5.0 (compatible; SemrushBot/7~bl; +http://www.semrush.com/bot.html)" "www.tekmedicgloves.com"
185.191.171.26 - - [10/Sep/2022:20:43:21 -0700] "GET /phpMyAdmin/setup/?token=3cb208789f369de64e06789dc4816871&version_check=1 HTTP/1.1" 200 12687 "-" "Mozilla/5.0 (compatible; SemrushBot/7~bl; +http://www.semrush.com/bot.html)" "tekmedicgloves.com"
185.191.171.2 - - [10/Sep/2022:20:43:26 -0700] "GET /phpMyAdmin/setup/index.php?token=86d87e01e9c1feca22162b5dbaa72d73&version_check=1 HTTP/1.1" 200 12709 "-" "Mozilla/5.0 (compatible; SemrushBot/7~bl; +http://www.semrush.com/bot.html)" "www.tekmedicgloves.com"
185.191.171.38 - - [10/Sep/2022:20:43:27 -0700] "GET /phpMyAdmin/setup/index.php?token=9d8831cbd2f5ba79fbfd10afa48617ac&version_check=1 HTTP/1.1" 200 12705 "-" "Mozilla/5.0 (compatible; SemrushBot/7~bl; +http://www.semrush.com/bot.html)" "tekmedicgloves.com"
185.191.171.1 - - [10/Sep/2022:20:43:31 -0700] "GET /phpMyAdmin/setup/?token=2d11b71ff39b37b49961757efb2e0891&version_check=1 HTTP/1.1" 200 12691 "-" "Mozilla/5.0 (compatible; SemrushBot/7~bl; +http://www.semrush.com/bot.html)" "www.tekmedicgloves.com"
185.191.171.6 - - [10/Sep/2022:20:43:49 -0700] "GET /phpMyAdmin/setup/?token=054a1432c1b04550bb077ad2756eb365&version_check=1 HTTP/1.1" 200 12687 "-" "Mozilla/5.0 (compatible; SemrushBot/7~bl; +http://www.semrush.com/bot.html)" "tekmedicgloves.com"
185.191.171.33 - - [10/Sep/2022:20:44:15 -0700] "GET /phpMyAdmin/setup/?token=b9a3d09eb6b929f5909239f47a7e0f08&version_check=1 HTTP/1.1" 200 12687 "-" "Mozilla/5.0 (compatible; SemrushBot/7~bl; +http://www.semrush.com/bot.html)" "tekmedicgloves.com"
185.191.171.1 - - [10/Sep/2022:20:44:15 -0700] "GET /phpMyAdmin/setup/?token=ccc8a4c9aa2043e58be9aa9fbab19b66&version_check=1 HTTP/1.1" 200 12691 "-" "Mozilla/5.0 (compatible; SemrushBot/7~bl; +http://www.semrush.com/bot.html)" "www.tekmedicgloves.com"
185.191.171.33 - - [10/Sep/2022:20:44:25 -0700] "GET /phpMyAdmin/setup/?token=308293680d26f81f24b6d7a6f8228f25&version_check=1 HTTP/1.1" 200 12687 "-" "Mozilla/5.0 (compatible; SemrushBot/7~bl; +http://www.semrush.com/bot.html)" "tekmedicgloves.com"
185.191.171.20 - - [10/Sep/2022:20:44:28 -0700] "GET /phpMyAdmin/setup/index.php?token=0c03e17d8095170777a93e2bfc614f02&version_check=1 HTTP/1.1" 200 12709 "-" "Mozilla/5.0 (compatible; SemrushBot/7~bl; +http://www.semrush.com/bot.html)" "www.tekmedicgloves.com"
185.191.171.25 - - [10/Sep/2022:20:44:33 -0700] "GET /phpMyAdmin/setup/index.php?token=d27b1cd7df9242f6717b3de40b374262&version_check=1 HTTP/1.1" 200 12709 "-" "Mozilla/5.0 (compatible; SemrushBot/7~bl; +http://www.semrush.com/bot.html)" "www.tekmedicgloves.com"
185.191.171.6 - - [10/Sep/2022:20:44:38 -0700] "GET /phpMyAdmin/setup/?token=e41173356a61b44ae881883569863bf2&version_check=1 HTTP/1.1" 200 12691 "-" "Mozilla/5.0 (compatible; SemrushBot/7~bl; +http://www.semrush.com/bot.html)" "www.tekmedicgloves.com"
185.191.171.23 - - [10/Sep/2022:20:44:47 -0700] "GET /phpMyAdmin/setup/?token=46d97ebaa597b0e968c50699afd2178b&version_check=1 HTTP/1.1" 200 12687 "-" "Mozilla/5.0 (compatible; SemrushBot/7~bl; +http://www.semrush.com/bot.html)" "tekmedicgloves.com"
185.191.171.44 - - [10/Sep/2022:20:44:49 -0700] "GET /phpMyAdmin/setup/?token=a6f3e429766544b2ea20a2f257af5bf0&version_check=1 HTTP/1.1" 200 12687 "-" "Mozilla/5.0 (compatible; SemrushBot/7~bl; +http://www.semrush.com/bot.html)" "tekmedicgloves.com"
185.191.171.21 - - [10/Sep/2022:20:44:52 -0700] "GET /phpMyAdmin/setup/?token=2b5205f9233b76ee0c6ca465c64bc8c3&version_check=1 HTTP/1.1" 200 12687 "-" "Mozilla/5.0 (compatible; SemrushBot/7~bl; +http://www.semrush.com/bot.html)" "tekmedicgloves.com"
185.191.171.26 - - [10/Sep/2022:20:44:58 -0700] "GET /phpMyAdmin/setup/?token=92dd67b2a1bffbf3a38672685c1fd761&version_check=1 HTTP/1.1" 200 12687 "-" "Mozilla/5.0 (compatible; SemrushBot/7~bl; +http://www.semrush.com/bot.html)" "tekmedicgloves.com"
185.191.171.36 - - [10/Sep/2022:20:45:12 -0700] "GET /phpMyAdmin/setup/?token=27a4713395ba68d1beab03229362482b&version_check=1 HTTP/1.1" 200 12691 "-" "Mozilla/5.0 (compatible; SemrushBot/7~bl; +http://www.semrush.com/bot.html)" "www.tekmedicgloves.com"
