185.191.171.6 - - [11/Sep/2022:11:09:40 -0700] "GET /phpMyAdmin/setup/?token=5f7b097c4ac70a40f196e6633e0a0c6d&version_check=1 HTTP/1.1" 200 12691 "-" "Mozilla/5.0 (compatible; SemrushBot/7~bl; +http://www.semrush.com/bot.html)" "www.tekmedicgloves.com"
185.191.171.14 - - [11/Sep/2022:11:09:48 -0700] "GET /phpMyAdmin/setup/?token=50b5772b268d6bbd005dc29abf6d457b&version_check=1 HTTP/1.1" 200 12687 "-" "Mozilla/5.0 (compatible; SemrushBot/7~bl; +http://www.semrush.com/bot.html)" "tekmedicgloves.com"
185.191.171.42 - - [11/Sep/2022:11:09:54 -0700] "GET /phpMyAdmin/setup/index.php?token=19f55c5ac852e0c0d5c6d9d8cc43d534&version_check=1 HTTP/1.1" 200 12705 "-" "Mozilla/5.0 (compatible; SemrushBot/7~bl; +http://www.semrush.com/bot.html)" "tekmedicgloves.com"
185.191.171.14 - - [11/Sep/2022:11:10:24 -0700] "GET /phpMyAdmin/setup/?token=431f447313220dce1f5d91b25ee1074e&version_check=1 HTTP/1.1" 200 12687 "-" "Mozilla/5.0 (compatible; SemrushBot/7~bl; +http://www.semrush.com/bot.html)" "tekmedicgloves.com"
185.191.171.16 - - [11/Sep/2022:11:10:50 -0700] "GET /phpMyAdmin/setup/?token=8103bce68bba5ec1525f2bef6fa8ae41&version_check=1 HTTP/1.1" 200 12691 "-" "Mozilla/5.0 (compatible; SemrushBot/7~bl; +http://www.semrush.com/bot.html)" "www.tekmedicgloves.com"
185.191.171.19 - - [11/Sep/2022:11:10:54 -0700] "GET /phpMyAdmin/setup/?token=9c43dd0b26227a68582b48c47a08b66e&version_check=1 HTTP/1.1" 200 12687 "-" "Mozilla/5.0 (compatible; SemrushBot/7~bl; +http://www.semrush.com/bot.html)" "tekmedicgloves.com"
185.191.171.12 - - [11/Sep/2022:11:10:56 -0700] "GET /phpMyAdmin/setup/?token=986b0d655a141f779e5f9cff2a21c4c9&version_check=1 HTTP/1.1" 200 12687 "-" "Mozilla/5.0 (compatible; SemrushBot/7~bl; +http://www.semrush.com/bot.html)" "tekmedicgloves.com"
185.191.171.17 - - [11/Sep/2022:11:11:12 -0700] "GET /phpMyAdmin/setup/?token=013d573f2df5b040a6e4e3a5c4cfaeb7&version_check=1 HTTP/1.1" 200 12691 "-" "Mozilla/5.0 (compatible; SemrushBot/7~bl; +http://www.semrush.com/bot.html)" "www.tekmedicgloves.com"
185.191.171.19 - - [11/Sep/2022:11:11:34 -0700] "GET /phpMyAdmin/setup/?token=4b8e9298b4f117288584ec3459dca8b0&version_check=1 HTTP/1.1" 200 12687 "-" "Mozilla/5.0 (compatible; SemrushBot/7~bl; +http://www.semrush.com/bot.html)" "tekmedicgloves.com"
185.191.171.26 - - [11/Sep/2022:11:11:41 -0700] "GET /phpMyAdmin/setup/?token=da899b981f13129ff41a612c192494bf&version_check=1 HTTP/1.1" 200 12691 "-" "Mozilla/5.0 (compatible; SemrushBot/7~bl; +http://www.semrush.com/bot.html)" "www.tekmedicgloves.com"
185.191.171.16 - - [11/Sep/2022:11:11:53 -0700] "GET /phpMyAdmin/setup/?token=59955141bf13a693c605b82bae3b3cb3&version_check=1 HTTP/1.1" 200 12687 "-" "Mozilla/5.0 (compatible; SemrushBot/7~bl; +http://www.semrush.com/bot.html)" "tekmedicgloves.com"
185.191.171.39 - - [11/Sep/2022:11:12:00 -0700] "GET /phpMyAdmin/setup/?token=05c7b9e8d83b41ef1bc65050563fed7e&version_check=1 HTTP/1.1" 200 12691 "-" "Mozilla/5.0 (compatible; SemrushBot/7~bl; +http://www.semrush.com/bot.html)" "www.tekmedicgloves.com"
185.191.171.18 - - [11/Sep/2022:11:12:09 -0700] "GET /phpMyAdmin/setup/?token=e868a361fca5bd2aac0ea77fb6de51a2&version_check=1 HTTP/1.1" 200 12687 "-" "Mozilla/5.0 (compatible; SemrushBot/7~bl; +http://www.semrush.com/bot.html)" "tekmedicgloves.com"
185.191.171.18 - - [11/Sep/2022:11:12:12 -0700] "GET /phpMyAdmin/setup/?token=a5b811ffa1636de0c0577f3a5a9e573e&version_check=1 HTTP/1.1" 200 12687 "-" "Mozilla/5.0 (compatible; SemrushBot/7~bl; +http://www.semrush.com/bot.html)" "tekmedicgloves.com"
185.191.171.1 - - [11/Sep/2022:11:12:12 -0700] "GET /phpMyAdmin/setup/?token=71ca007a7dc86c681e3794f6d6c6d54b&version_check=1 HTTP/1.1" 200 12691 "-" "Mozilla/5.0 (compatible; SemrushBot/7~bl; +http://www.semrush.com/bot.html)" "www.tekmedicgloves.com"
185.191.171.33 - - [11/Sep/2022:11:12:16 -0700] "GET /phpMyAdmin/setup/?token=e31c143e32113d83371d444fea8f1793&version_check=1 HTTP/1.1" 200 12687 "-" "Mozilla/5.0 (compatible; SemrushBot/7~bl; +http://www.semrush.com/bot.html)" "tekmedicgloves.com"
185.191.171.5 - - [11/Sep/2022:11:12:34 -0700] "GET /phpMyAdmin/setup/index.php?token=cfc9aea0c37f929be2045a05d5fef718&version_check=1 HTTP/1.1" 200 12709 "-" "Mozilla/5.0 (compatible; SemrushBot/7~bl; +http://www.semrush.com/bot.html)" "www.tekmedicgloves.com"
185.191.171.33 - - [11/Sep/2022:11:12:47 -0700] "GET /phpMyAdmin/setup/?token=250d7c37a154f1e912870f14931a5987&version_check=1 HTTP/1.1" 200 12687 "-" "Mozilla/5.0 (compatible; SemrushBot/7~bl; +http://www.semrush.com/bot.html)" "tekmedicgloves.com"
185.191.171.6 - - [11/Sep/2022:11:13:05 -0700] "GET /phpMyAdmin/setup/?token=bba2f1bd2ee1fc6e97b55a1720562ae5&version_check=1 HTTP/1.1" 200 12691 "-" "Mozilla/5.0 (compatible; SemrushBot/7~bl; +http://www.semrush.com/bot.html)" "www.tekmedicgloves.com"
185.191.171.8 - - [11/Sep/2022:11:13:16 -0700] "GET /phpMyAdmin/setup/index.php?token=afdf5a31f5d74b510e78e85a1dd32934&version_check=1 HTTP/1.1" 200 12705 "-" "Mozilla/5.0 (compatible; SemrushBot/7~bl; +http://www.semrush.com/bot.html)" "tekmedicgloves.com"
185.191.171.37 - - [11/Sep/2022:11:13:18 -0700] "GET /phpMyAdmin/setup/index.php?token=439d045dfe287324fed7bd019a4aa108&version_check=1 HTTP/1.1" 200 12705 "-" "Mozilla/5.0 (compatible; SemrushBot/7~bl; +http://www.semrush.com/bot.html)" "tekmedicgloves.com"
185.191.171.22 - - [11/Sep/2022:11:13:56 -0700] "GET /phpMyAdmin/setup/index.php?token=1df71af08b821c03c63eb0e15a0a7333&version_check=1 HTTP/1.1" 200 12705 "-" "Mozilla/5.0 (compatible; SemrushBot/7~bl; +http://www.semrush.com/bot.html)" "tekmedicgloves.com"
185.191.171.7 - - [11/Sep/2022:11:14:21 -0700] "GET /phpMyAdmin/setup/?token=42180f3768777faec486a82cd18103b6&version_check=1 HTTP/1.1" 200 12691 "-" "Mozilla/5.0 (compatible; SemrushBot/7~bl; +http://www.semrush.com/bot.html)" "www.tekmedicgloves.com"
185.191.171.24 - - [11/Sep/2022:11:14:28 -0700] "GET /phpMyAdmin/setup/index.php?token=31882c333cb9b21b7ecf88a01f7a6df9&version_check=1 HTTP/1.1" 200 12705 "-" "Mozilla/5.0 (compatible; SemrushBot/7~bl; +http://www.semrush.com/bot.html)" "tekmedicgloves.com"
185.191.171.39 - - [11/Sep/2022:11:14:31 -0700] "GET /phpMyAdmin/setup/?token=424b9fdd4503863430c53003632ac33d&version_check=1 HTTP/1.1" 200 12687 "-" "Mozilla/5.0 (compatible; SemrushBot/7~bl; +http://www.semrush.com/bot.html)" "tekmedicgloves.com"
185.191.171.26 - - [11/Sep/2022:11:15:02 -0700] "GET /phpMyAdmin/setup/?token=3ec250466d3ed2cb97af4a442fae003d&version_check=1 HTTP/1.1" 200 12691 "-" "Mozilla/5.0 (compatible; SemrushBot/7~bl; +http://www.semrush.com/bot.html)" "www.tekmedicgloves.com"
185.191.171.1 - - [11/Sep/2022:11:15:18 -0700] "GET /phpMyAdmin/setup/?token=5e66a7470c213a734114038f162dec26&version_check=1 HTTP/1.1" 200 12691 "-" "Mozilla/5.0 (compatible; SemrushBot/7~bl; +http://www.semrush.com/bot.html)" "www.tekmedicgloves.com"
185.191.171.13 - - [11/Sep/2022:11:15:20 -0700] "GET /phpMyAdmin/setup/index.php?token=07e084e967de40b9a3c125ad719d4a57&version_check=1 HTTP/1.1" 200 12705 "-" "Mozilla/5.0 (compatible; SemrushBot/7~bl; +http://www.semrush.com/bot.html)" "tekmedicgloves.com"
185.191.171.33 - - [11/Sep/2022:11:15:34 -0700] "GET /phpMyAdmin/setup/index.php?token=fe4ee5fdc1ea3365610bb296a5c6e331&version_check=1 HTTP/1.1" 200 12705 "-" "Mozilla/5.0 (compatible; SemrushBot/7~bl; +http://www.semrush.com/bot.html)" "tekmedicgloves.com"
185.191.171.37 - - [11/Sep/2022:11:15:35 -0700] "GET /phpMyAdmin/setup/?token=178f555a50594c025234808551e4cd1b&version_check=1 HTTP/1.1" 200 12691 "-" "Mozilla/5.0 (compatible; SemrushBot/7~bl; +http://www.semrush.com/bot.html)" "www.tekmedicgloves.com"
185.191.171.37 - - [11/Sep/2022:11:15:45 -0700] "GET /phpMyAdmin/setup/?token=3407187875885dfe6044595d645e2da9&version_check=1 HTTP/1.1" 200 12691 "-" "Mozilla/5.0 (compatible; SemrushBot/7~bl; +http://www.semrush.com/bot.html)" "www.tekmedicgloves.com"
185.191.171.14 - - [11/Sep/2022:11:15:51 -0700] "GET /phpMyAdmin/setup/?token=7b453b4000a702dc8e75b4247bbfe237&version_check=1 HTTP/1.1" 200 12691 "-" "Mozilla/5.0 (compatible; SemrushBot/7~bl; +http://www.semrush.com/bot.html)" "www.tekmedicgloves.com"
185.191.171.24 - - [11/Sep/2022:11:16:04 -0700] "GET /phpMyAdmin/setup/?token=2b93a72d4c703b608897e439342e7926&version_check=1 HTTP/1.1" 200 12691 "-" "Mozilla/5.0 (compatible; SemrushBot/7~bl; +http://www.semrush.com/bot.html)" "www.tekmedicgloves.com"
185.191.171.40 - - [11/Sep/2022:11:16:07 -0700] "GET /phpMyAdmin/setup/?token=a44b7c63eadfc2a9d794df91862e71e3&version_check=1 HTTP/1.1" 200 12687 "-" "Mozilla/5.0 (compatible; SemrushBot/7~bl; +http://www.semrush.com/bot.html)" "tekmedicgloves.com"
185.191.171.39 - - [11/Sep/2022:11:16:31 -0700] "GET /phpMyAdmin/setup/?token=80a04e8dc02b1528d89f16b033396837&version_check=1 HTTP/1.1" 200 12687 "-" "Mozilla/5.0 (compatible; SemrushBot/7~bl; +http://www.semrush.com/bot.html)" "tekmedicgloves.com"
185.191.171.14 - - [11/Sep/2022:11:16:37 -0700] "GET /phpMyAdmin/setup/?token=4eb198f3e116c5d376ee93dbc57e5237&version_check=1 HTTP/1.1" 200 12691 "-" "Mozilla/5.0 (compatible; SemrushBot/7~bl; +http://www.semrush.com/bot.html)" "www.tekmedicgloves.com"
185.191.171.2 - - [11/Sep/2022:11:16:52 -0700] "GET /phpMyAdmin/setup/?token=486f0c3f3a94994f6438cec4fa6e82f0&version_check=1 HTTP/1.1" 200 12687 "-" "Mozilla/5.0 (compatible; SemrushBot/7~bl; +http://www.semrush.com/bot.html)" "tekmedicgloves.com"
185.191.171.39 - - [11/Sep/2022:11:17:00 -0700] "GET /phpMyAdmin/setup/?token=c2744d3f6966340c23dcba7e7014090c&version_check=1 HTTP/1.1" 200 12687 "-" "Mozilla/5.0 (compatible; SemrushBot/7~bl; +http://www.semrush.com/bot.html)" "tekmedicgloves.com"
185.191.171.22 - - [11/Sep/2022:11:17:05 -0700] "GET /phpMyAdmin/setup/?token=da4e046daa058fb0ad89c0d14057887f&version_check=1 HTTP/1.1" 200 12691 "-" "Mozilla/5.0 (compatible; SemrushBot/7~bl; +http://www.semrush.com/bot.html)" "www.tekmedicgloves.com"
185.191.171.39 - - [11/Sep/2022:11:17:07 -0700] "GET /phpMyAdmin/setup/?token=a37c2e4691bd1661d12423c81686bc62&version_check=1 HTTP/1.1" 200 12691 "-" "Mozilla/5.0 (compatible; SemrushBot/7~bl; +http://www.semrush.com/bot.html)" "www.tekmedicgloves.com"
185.191.171.18 - - [11/Sep/2022:11:17:11 -0700] "GET /phpMyAdmin/setup/?token=3ea0f5999c249ff5245e6b737e23d188&version_check=1 HTTP/1.1" 200 12687 "-" "Mozilla/5.0 (compatible; SemrushBot/7~bl; +http://www.semrush.com/bot.html)" "tekmedicgloves.com"
185.191.171.40 - - [11/Sep/2022:11:17:17 -0700] "GET /phpMyAdmin/setup/?token=7890025f345f302e31ee0414e6869f50&version_check=1 HTTP/1.1" 200 12691 "-" "Mozilla/5.0 (compatible; SemrushBot/7~bl; +http://www.semrush.com/bot.html)" "www.tekmedicgloves.com"
185.191.171.9 - - [11/Sep/2022:11:17:30 -0700] "GET /phpMyAdmin/setup/?token=6443e7ca01548ccbc97ce6fd6deb8d27&version_check=1 HTTP/1.1" 200 12687 "-" "Mozilla/5.0 (compatible; SemrushBot/7~bl; +http://www.semrush.com/bot.html)" "tekmedicgloves.com"
185.191.171.5 - - [11/Sep/2022:11:17:52 -0700] "GET /phpMyAdmin/setup/index.php?token=1e22fca28b43101c43570c740dd46c1c&version_check=1 HTTP/1.1" 200 12709 "-" "Mozilla/5.0 (compatible; SemrushBot/7~bl; +http://www.semrush.com/bot.html)" "www.tekmedicgloves.com"
185.191.171.6 - - [11/Sep/2022:11:17:54 -0700] "GET /phpMyAdmin/setup/?token=94048a2d9500bf8c077eddaf95852a04&version_check=1 HTTP/1.1" 200 12687 "-" "Mozilla/5.0 (compatible; SemrushBot/7~bl; +http://www.semrush.com/bot.html)" "tekmedicgloves.com"
185.191.171.11 - - [11/Sep/2022:11:17:57 -0700] "GET /phpMyAdmin/setup/?token=d237d0bd97260cfc47585f73bae9fa69&version_check=1 HTTP/1.1" 200 12687 "-" "Mozilla/5.0 (compatible; SemrushBot/7~bl; +http://www.semrush.com/bot.html)" "tekmedicgloves.com"
114.119.139.25 - - [11/Sep/2022:11:18:02 -0700] "GET /beta/market.php?id=8 HTTP/1.1" 200 6349 "http://www.tekmedicgloves.com/beta/home.php" "Mozilla/5.0 (Linux; Android 7.0;) AppleWebKit/537.36 (KHTML, like Gecko) Mobile Safari/537.36 (compatible; PetalBot;+https://webmaster.petalsearch.com/site/petalbot)" "www.tekmedicgloves.com"
185.191.171.19 - - [11/Sep/2022:11:18:11 -0700] "GET /phpMyAdmin/setup/?token=badb4d3cd520f463d2d8db62d8f62c52&version_check=1 HTTP/1.1" 200 12691 "-" "Mozilla/5.0 (compatible; SemrushBot/7~bl; +http://www.semrush.com/bot.html)" "www.tekmedicgloves.com"
185.191.171.33 - - [11/Sep/2022:11:18:17 -0700] "GET /phpMyAdmin/setup/?token=69aa03cd064c6a0cedba2f2abadc0781&version_check=1 HTTP/1.1" 200 12691 "-" "Mozilla/5.0 (compatible; SemrushBot/7~bl; +http://www.semrush.com/bot.html)" "www.tekmedicgloves.com"
185.191.171.8 - - [11/Sep/2022:11:18:36 -0700] "GET /phpMyAdmin/setup/?token=ba04a17352b2b67e3fb6f43b8a1254d1&version_check=1 HTTP/1.1" 200 12687 "-" "Mozilla/5.0 (compatible; SemrushBot/7~bl; +http://www.semrush.com/bot.html)" "tekmedicgloves.com"
185.191.171.25 - - [11/Sep/2022:11:18:43 -0700] "GET /phpMyAdmin/setup/?token=8bce68b6157b0372bdf7d46cda20a00a&version_check=1 HTTP/1.1" 200 12691 "-" "Mozilla/5.0 (compatible; SemrushBot/7~bl; +http://www.semrush.com/bot.html)" "www.tekmedicgloves.com"
185.191.171.11 - - [11/Sep/2022:11:19:10 -0700] "GET /phpMyAdmin/setup/?token=cd00a0b344c71b5dc3cfe32725c18b6e&version_check=1 HTTP/1.1" 200 12691 "-" "Mozilla/5.0 (compatible; SemrushBot/7~bl; +http://www.semrush.com/bot.html)" "www.tekmedicgloves.com"
185.191.171.37 - - [11/Sep/2022:11:19:19 -0700] "GET /phpMyAdmin/setup/?token=603005392a853587315eaa11f385e84f&version_check=1 HTTP/1.1" 200 12691 "-" "Mozilla/5.0 (compatible; SemrushBot/7~bl; +http://www.semrush.com/bot.html)" "www.tekmedicgloves.com"
185.191.171.14 - - [11/Sep/2022:11:19:30 -0700] "GET /phpMyAdmin/setup/?token=d700fe124be88ef22c063a404a07c93b&version_check=1 HTTP/1.1" 200 12691 "-" "Mozilla/5.0 (compatible; SemrushBot/7~bl; +http://www.semrush.com/bot.html)" "www.tekmedicgloves.com"
185.191.171.34 - - [11/Sep/2022:11:19:35 -0700] "GET /phpMyAdmin/setup/?token=a01a3f567cf586182e163ccf9074d2cb&version_check=1 HTTP/1.1" 200 12691 "-" "Mozilla/5.0 (compatible; SemrushBot/7~bl; +http://www.semrush.com/bot.html)" "www.tekmedicgloves.com"
185.191.171.10 - - [11/Sep/2022:11:19:39 -0700] "GET /phpMyAdmin/setup/index.php?token=998fd29b33f97091a5c0916168671b1d&version_check=1 HTTP/1.1" 200 12705 "-" "Mozilla/5.0 (compatible; SemrushBot/7~bl; +http://www.semrush.com/bot.html)" "tekmedicgloves.com"
185.191.171.16 - - [11/Sep/2022:11:19:51 -0700] "GET /phpMyAdmin/setup/?token=d392ce8270409f8459481ae6a2c9a3f7&version_check=1 HTTP/1.1" 200 12691 "-" "Mozilla/5.0 (compatible; SemrushBot/7~bl; +http://www.semrush.com/bot.html)" "www.tekmedicgloves.com"
185.191.171.7 - - [11/Sep/2022:11:19:54 -0700] "GET /phpMyAdmin/setup/?token=7e2d818e65834eb7753b8a44a5066faf&version_check=1 HTTP/1.1" 200 12691 "-" "Mozilla/5.0 (compatible; SemrushBot/7~bl; +http://www.semrush.com/bot.html)" "www.tekmedicgloves.com"
185.191.171.44 - - [11/Sep/2022:11:19:56 -0700] "GET /phpMyAdmin/setup/?token=1cfe7a98c7e23df728aecc99cce0b705&version_check=1 HTTP/1.1" 200 12691 "-" "Mozilla/5.0 (compatible; SemrushBot/7~bl; +http://www.semrush.com/bot.html)" "www.tekmedicgloves.com"
185.191.171.15 - - [11/Sep/2022:11:19:57 -0700] "GET /phpMyAdmin/setup/index.php?token=9fd5752d511e160076f161cadb35b07a&version_check=1 HTTP/1.1" 200 12705 "-" "Mozilla/5.0 (compatible; SemrushBot/7~bl; +http://www.semrush.com/bot.html)" "tekmedicgloves.com"
185.191.171.9 - - [11/Sep/2022:11:20:31 -0700] "GET /phpMyAdmin/setup/?token=2f66f3920cc367bb29d3d3a8b940cab1&version_check=1 HTTP/1.1" 200 12691 "-" "Mozilla/5.0 (compatible; SemrushBot/7~bl; +http://www.semrush.com/bot.html)" "www.tekmedicgloves.com"
185.191.171.13 - - [11/Sep/2022:11:20:32 -0700] "GET /phpMyAdmin/setup/?token=11dda5038eceb9de206aea2a677f740b&version_check=1 HTTP/1.1" 200 12687 "-" "Mozilla/5.0 (compatible; SemrushBot/7~bl; +http://www.semrush.com/bot.html)" "tekmedicgloves.com"
185.191.171.19 - - [11/Sep/2022:11:20:37 -0700] "GET /phpMyAdmin/setup/?token=97a37e8ed022b1923a940027bb62254a&version_check=1 HTTP/1.1" 200 12691 "-" "Mozilla/5.0 (compatible; SemrushBot/7~bl; +http://www.semrush.com/bot.html)" "www.tekmedicgloves.com"
185.191.171.38 - - [11/Sep/2022:11:20:50 -0700] "GET /phpMyAdmin/setup/index.php?token=7fa5ed8f412008e1f62805c32ff3b2fd&version_check=1 HTTP/1.1" 200 12705 "-" "Mozilla/5.0 (compatible; SemrushBot/7~bl; +http://www.semrush.com/bot.html)" "tekmedicgloves.com"
185.191.171.18 - - [11/Sep/2022:11:21:24 -0700] "GET /phpMyAdmin/setup/?token=a80e251dbccfc98b3460e6cba8609cec&version_check=1 HTTP/1.1" 200 12691 "-" "Mozilla/5.0 (compatible; SemrushBot/7~bl; +http://www.semrush.com/bot.html)" "www.tekmedicgloves.com"
185.191.171.17 - - [11/Sep/2022:11:21:28 -0700] "GET /phpMyAdmin/setup/?token=a6ceb3df9fd21280a7350de48decf6b8&version_check=1 HTTP/1.1" 200 12691 "-" "Mozilla/5.0 (compatible; SemrushBot/7~bl; +http://www.semrush.com/bot.html)" "www.tekmedicgloves.com"
185.191.171.34 - - [11/Sep/2022:11:21:32 -0700] "GET /phpMyAdmin/setup/index.php?token=f98c5c26bdd89c1a370646ebd1ccb147&version_check=1 HTTP/1.1" 200 12705 "-" "Mozilla/5.0 (compatible; SemrushBot/7~bl; +http://www.semrush.com/bot.html)" "tekmedicgloves.com"
185.191.171.44 - - [11/Sep/2022:11:21:43 -0700] "GET /phpMyAdmin/setup/?token=3a456f5420f3194c9711fde500cedda8&version_check=1 HTTP/1.1" 200 12687 "-" "Mozilla/5.0 (compatible; SemrushBot/7~bl; +http://www.semrush.com/bot.html)" "tekmedicgloves.com"
185.191.171.18 - - [11/Sep/2022:11:21:44 -0700] "GET /phpMyAdmin/setup/?token=7447e88fd08bd644b96741933e56bfbd&version_check=1 HTTP/1.1" 200 12687 "-" "Mozilla/5.0 (compatible; SemrushBot/7~bl; +http://www.semrush.com/bot.html)" "tekmedicgloves.com"
185.191.171.3 - - [11/Sep/2022:11:22:01 -0700] "GET /phpMyAdmin/setup/index.php?token=6495670b3ffa02520bd69bf831f5b336&version_check=1 HTTP/1.1" 200 12705 "-" "Mozilla/5.0 (compatible; SemrushBot/7~bl; +http://www.semrush.com/bot.html)" "tekmedicgloves.com"
185.191.171.5 - - [11/Sep/2022:11:22:51 -0700] "GET /phpMyAdmin/setup/?token=663f84ad2621c7e36e254c50e47552af&version_check=1 HTTP/1.1" 200 12687 "-" "Mozilla/5.0 (compatible; SemrushBot/7~bl; +http://www.semrush.com/bot.html)" "tekmedicgloves.com"
185.191.171.9 - - [11/Sep/2022:11:22:55 -0700] "GET /phpMyAdmin/setup/?token=f1a7ff5fdf7e4d676a1098a76780b2e1&version_check=1 HTTP/1.1" 200 12691 "-" "Mozilla/5.0 (compatible; SemrushBot/7~bl; +http://www.semrush.com/bot.html)" "www.tekmedicgloves.com"
185.191.171.17 - - [11/Sep/2022:11:23:02 -0700] "GET /phpMyAdmin/setup/?token=4294465ff3eb3dab84189ec89d9a27d9&version_check=1 HTTP/1.1" 200 12691 "-" "Mozilla/5.0 (compatible; SemrushBot/7~bl; +http://www.semrush.com/bot.html)" "www.tekmedicgloves.com"
185.191.171.39 - - [11/Sep/2022:11:23:07 -0700] "GET /phpMyAdmin/setup/?token=dbd1d81f7f299e8de6e2b72a3e35e205&version_check=1 HTTP/1.1" 200 12687 "-" "Mozilla/5.0 (compatible; SemrushBot/7~bl; +http://www.semrush.com/bot.html)" "tekmedicgloves.com"
185.191.171.19 - - [11/Sep/2022:11:23:18 -0700] "GET /phpMyAdmin/setup/?token=700a21e80afe807ad964f15d09162dc7&version_check=1 HTTP/1.1" 200 12687 "-" "Mozilla/5.0 (compatible; SemrushBot/7~bl; +http://www.semrush.com/bot.html)" "tekmedicgloves.com"
185.191.171.5 - - [11/Sep/2022:11:23:24 -0700] "GET /phpMyAdmin/setup/index.php?token=12e42280ffe74c7b75aec9148c35df6d&version_check=1 HTTP/1.1" 200 12705 "-" "Mozilla/5.0 (compatible; SemrushBot/7~bl; +http://www.semrush.com/bot.html)" "tekmedicgloves.com"
185.191.171.6 - - [11/Sep/2022:11:24:05 -0700] "GET /phpMyAdmin/setup/?token=3354d2ac95c6df539d1b047f19579295&version_check=1 HTTP/1.1" 200 12687 "-" "Mozilla/5.0 (compatible; SemrushBot/7~bl; +http://www.semrush.com/bot.html)" "tekmedicgloves.com"
185.191.171.33 - - [11/Sep/2022:11:24:14 -0700] "GET /phpMyAdmin/setup/?token=7b3c70b3df6b8016c8df9a5af8a025b5&version_check=1 HTTP/1.1" 200 12687 "-" "Mozilla/5.0 (compatible; SemrushBot/7~bl; +http://www.semrush.com/bot.html)" "tekmedicgloves.com"
185.191.171.16 - - [11/Sep/2022:11:24:18 -0700] "GET /phpMyAdmin/setup/?token=224501f17444de6fe8aca2c6ab553762&version_check=1 HTTP/1.1" 200 12687 "-" "Mozilla/5.0 (compatible; SemrushBot/7~bl; +http://www.semrush.com/bot.html)" "tekmedicgloves.com"
185.191.171.13 - - [11/Sep/2022:11:24:21 -0700] "GET /phpMyAdmin/setup/?token=f24decb8feee5562fdf55c34d3df1e29&version_check=1 HTTP/1.1" 200 12691 "-" "Mozilla/5.0 (compatible; SemrushBot/7~bl; +http://www.semrush.com/bot.html)" "www.tekmedicgloves.com"
185.191.171.9 - - [11/Sep/2022:11:24:35 -0700] "GET /phpMyAdmin/setup/?token=55323545390d911959d393c07151bec5&version_check=1 HTTP/1.1" 200 12691 "-" "Mozilla/5.0 (compatible; SemrushBot/7~bl; +http://www.semrush.com/bot.html)" "www.tekmedicgloves.com"
185.191.171.19 - - [11/Sep/2022:11:24:37 -0700] "GET /phpMyAdmin/setup/?token=f4cf67095bad4b2e2aa9b39c053eb7c1&version_check=1 HTTP/1.1" 200 12691 "-" "Mozilla/5.0 (compatible; SemrushBot/7~bl; +http://www.semrush.com/bot.html)" "www.tekmedicgloves.com"
185.191.171.25 - - [11/Sep/2022:11:24:54 -0700] "GET /phpMyAdmin/setup/?token=55e82b7ec955ee0370c323cf300f096f&version_check=1 HTTP/1.1" 200 12691 "-" "Mozilla/5.0 (compatible; SemrushBot/7~bl; +http://www.semrush.com/bot.html)" "www.tekmedicgloves.com"
185.191.171.2 - - [11/Sep/2022:11:25:06 -0700] "GET /phpMyAdmin/setup/?token=bae8d7441cb45ef4dc99ba6363042e30&version_check=1 HTTP/1.1" 200 12691 "-" "Mozilla/5.0 (compatible; SemrushBot/7~bl; +http://www.semrush.com/bot.html)" "www.tekmedicgloves.com"
185.191.171.7 - - [11/Sep/2022:11:25:12 -0700] "GET /phpMyAdmin/setup/?token=00ae82c1617575488d99639366abb532&version_check=1 HTTP/1.1" 200 12687 "-" "Mozilla/5.0 (compatible; SemrushBot/7~bl; +http://www.semrush.com/bot.html)" "tekmedicgloves.com"
185.191.171.19 - - [11/Sep/2022:11:25:23 -0700] "GET /phpMyAdmin/setup/?token=7cd55b708372454c33d19c87a9e0e0d0&version_check=1 HTTP/1.1" 200 12691 "-" "Mozilla/5.0 (compatible; SemrushBot/7~bl; +http://www.semrush.com/bot.html)" "www.tekmedicgloves.com"
185.191.171.17 - - [11/Sep/2022:11:25:34 -0700] "GET /phpMyAdmin/setup/?token=452a82a2fe7de313e83abae2b828f798&version_check=1 HTTP/1.1" 200 12691 "-" "Mozilla/5.0 (compatible; SemrushBot/7~bl; +http://www.semrush.com/bot.html)" "www.tekmedicgloves.com"
185.191.171.38 - - [11/Sep/2022:11:25:38 -0700] "GET /phpMyAdmin/setup/index.php?token=b7fa3a6a1d4678e107a8f338af46403f&version_check=1 HTTP/1.1" 200 12705 "-" "Mozilla/5.0 (compatible; SemrushBot/7~bl; +http://www.semrush.com/bot.html)" "tekmedicgloves.com"
185.191.171.33 - - [11/Sep/2022:11:25:41 -0700] "GET /phpMyAdmin/setup/?token=c3d936fd4389c4f5134e1eb0b57f9dc1&version_check=1 HTTP/1.1" 200 12691 "-" "Mozilla/5.0 (compatible; SemrushBot/7~bl; +http://www.semrush.com/bot.html)" "www.tekmedicgloves.com"
185.191.171.3 - - [11/Sep/2022:11:25:58 -0700] "GET /phpMyAdmin/setup/?token=be7da6e7ef868c3a9e6ddc2c3a04eaea&version_check=1 HTTP/1.1" 200 12691 "-" "Mozilla/5.0 (compatible; SemrushBot/7~bl; +http://www.semrush.com/bot.html)" "www.tekmedicgloves.com"
185.191.171.5 - - [11/Sep/2022:11:26:06 -0700] "GET /phpMyAdmin/setup/?token=e27a6398ace61433fa9c3251e2fedc65&version_check=1 HTTP/1.1" 200 12691 "-" "Mozilla/5.0 (compatible; SemrushBot/7~bl; +http://www.semrush.com/bot.html)" "www.tekmedicgloves.com"
185.191.171.2 - - [11/Sep/2022:11:26:22 -0700] "GET /phpMyAdmin/setup/?token=8d8ed5d4b820fc92ea678c8b9315b749&version_check=1 HTTP/1.1" 200 12691 "-" "Mozilla/5.0 (compatible; SemrushBot/7~bl; +http://www.semrush.com/bot.html)" "www.tekmedicgloves.com"
185.191.171.20 - - [11/Sep/2022:11:26:32 -0700] "GET /phpMyAdmin/setup/?token=5ef28aeb71636771782e4a31057c1c2f&version_check=1 HTTP/1.1" 200 12687 "-" "Mozilla/5.0 (compatible; SemrushBot/7~bl; +http://www.semrush.com/bot.html)" "tekmedicgloves.com"
185.191.171.33 - - [11/Sep/2022:11:26:36 -0700] "GET /phpMyAdmin/setup/?token=7ef961578af68d922f37a0f3ea5d5214&version_check=1 HTTP/1.1" 200 12687 "-" "Mozilla/5.0 (compatible; SemrushBot/7~bl; +http://www.semrush.com/bot.html)" "tekmedicgloves.com"
185.191.171.10 - - [11/Sep/2022:11:26:50 -0700] "GET /phpMyAdmin/setup/?token=ffc5cd8e2b2cbe5d0a43374fb66ac117&version_check=1 HTTP/1.1" 200 12691 "-" "Mozilla/5.0 (compatible; SemrushBot/7~bl; +http://www.semrush.com/bot.html)" "www.tekmedicgloves.com"
185.191.171.5 - - [11/Sep/2022:11:27:27 -0700] "GET /phpMyAdmin/setup/?token=a8ca3615fd23511e42a447c65f67d757&version_check=1 HTTP/1.1" 200 12691 "-" "Mozilla/5.0 (compatible; SemrushBot/7~bl; +http://www.semrush.com/bot.html)" "www.tekmedicgloves.com"
185.191.171.34 - - [11/Sep/2022:11:27:47 -0700] "GET /phpMyAdmin/setup/?token=94617f70aa69f4d0011ceb1bbf19cd59&version_check=1 HTTP/1.1" 200 12691 "-" "Mozilla/5.0 (compatible; SemrushBot/7~bl; +http://www.semrush.com/bot.html)" "www.tekmedicgloves.com"
185.191.171.14 - - [11/Sep/2022:11:28:07 -0700] "GET /phpMyAdmin/setup/?token=7d4c4734aae79b00e41d5a0b10031549&version_check=1 HTTP/1.1" 200 12687 "-" "Mozilla/5.0 (compatible; SemrushBot/7~bl; +http://www.semrush.com/bot.html)" "tekmedicgloves.com"
185.191.171.39 - - [11/Sep/2022:11:28:10 -0700] "GET /phpMyAdmin/setup/?token=b2430182f6435f6553fda87ac8b86489&version_check=1 HTTP/1.1" 200 12687 "-" "Mozilla/5.0 (compatible; SemrushBot/7~bl; +http://www.semrush.com/bot.html)" "tekmedicgloves.com"
185.191.171.2 - - [11/Sep/2022:11:28:27 -0700] "GET /phpMyAdmin/setup/?token=34f0a211c59f3971448ce4fd411fa84f&version_check=1 HTTP/1.1" 200 12691 "-" "Mozilla/5.0 (compatible; SemrushBot/7~bl; +http://www.semrush.com/bot.html)" "www.tekmedicgloves.com"
185.191.171.18 - - [11/Sep/2022:11:28:30 -0700] "GET /phpMyAdmin/setup/index.php?token=bfadf20da4f047e997e494c454628c53&version_check=1 HTTP/1.1" 200 12705 "-" "Mozilla/5.0 (compatible; SemrushBot/7~bl; +http://www.semrush.com/bot.html)" "tekmedicgloves.com"
185.191.171.23 - - [11/Sep/2022:11:28:42 -0700] "GET /phpMyAdmin/setup/?token=f5530d86478d940c308a3033c60b435a&version_check=1 HTTP/1.1" 200 12691 "-" "Mozilla/5.0 (compatible; SemrushBot/7~bl; +http://www.semrush.com/bot.html)" "www.tekmedicgloves.com"
185.191.171.39 - - [11/Sep/2022:11:29:00 -0700] "GET /phpMyAdmin/setup/?token=e1c97034882a579ab4c0eedd8d45f24e&version_check=1 HTTP/1.1" 200 12691 "-" "Mozilla/5.0 (compatible; SemrushBot/7~bl; +http://www.semrush.com/bot.html)" "www.tekmedicgloves.com"
185.191.171.34 - - [11/Sep/2022:11:29:03 -0700] "GET /phpMyAdmin/setup/index.php?token=a2c9b146461c403da6f155699b787776&version_check=1 HTTP/1.1" 200 12705 "-" "Mozilla/5.0 (compatible; SemrushBot/7~bl; +http://www.semrush.com/bot.html)" "tekmedicgloves.com"
185.191.171.34 - - [11/Sep/2022:11:29:11 -0700] "GET /phpMyAdmin/setup/?token=0258e7b74a334fd26a960fbc65dfe568&version_check=1 HTTP/1.1" 200 12687 "-" "Mozilla/5.0 (compatible; SemrushBot/7~bl; +http://www.semrush.com/bot.html)" "tekmedicgloves.com"
185.191.171.24 - - [11/Sep/2022:11:29:16 -0700] "GET /phpMyAdmin/setup/?token=79d62d8f50ad6dd858e95651241b2b3a&version_check=1 HTTP/1.1" 200 12691 "-" "Mozilla/5.0 (compatible; SemrushBot/7~bl; +http://www.semrush.com/bot.html)" "www.tekmedicgloves.com"
185.191.171.33 - - [11/Sep/2022:11:29:20 -0700] "GET /phpMyAdmin/setup/?token=0cd3f8a5bc2535576d1da6f00f6d7c3f&version_check=1 HTTP/1.1" 200 12691 "-" "Mozilla/5.0 (compatible; SemrushBot/7~bl; +http://www.semrush.com/bot.html)" "www.tekmedicgloves.com"
185.191.171.4 - - [11/Sep/2022:11:29:43 -0700] "GET /phpMyAdmin/setup/?token=269249f2330c0d06dd536d507d1c9c05&version_check=1 HTTP/1.1" 200 12687 "-" "Mozilla/5.0 (compatible; SemrushBot/7~bl; +http://www.semrush.com/bot.html)" "tekmedicgloves.com"
185.191.171.8 - - [11/Sep/2022:11:29:51 -0700] "GET /phpMyAdmin/setup/?token=c52a3b49ea3dcdd4d6af0bad09bbdd1d&version_check=1 HTTP/1.1" 200 12691 "-" "Mozilla/5.0 (compatible; SemrushBot/7~bl; +http://www.semrush.com/bot.html)" "www.tekmedicgloves.com"
185.191.171.9 - - [11/Sep/2022:11:29:54 -0700] "GET /phpMyAdmin/setup/?token=9001d867065c8fd47b98628a274f1923&version_check=1 HTTP/1.1" 200 12687 "-" "Mozilla/5.0 (compatible; SemrushBot/7~bl; +http://www.semrush.com/bot.html)" "tekmedicgloves.com"
185.191.171.24 - - [11/Sep/2022:11:30:02 -0700] "GET /phpMyAdmin/setup/?token=2a1a9a6a6b30a01ab6927211123b6266&version_check=1 HTTP/1.1" 200 12691 "-" "Mozilla/5.0 (compatible; SemrushBot/7~bl; +http://www.semrush.com/bot.html)" "www.tekmedicgloves.com"
185.191.171.38 - - [11/Sep/2022:11:30:03 -0700] "GET /phpMyAdmin/setup/?token=c4cce0c420d747523f25fa749851380d&version_check=1 HTTP/1.1" 200 12687 "-" "Mozilla/5.0 (compatible; SemrushBot/7~bl; +http://www.semrush.com/bot.html)" "tekmedicgloves.com"
185.191.171.26 - - [11/Sep/2022:11:30:06 -0700] "GET /robots.txt HTTP/1.1" 404 88 "-" "Mozilla/5.0 (compatible; SemrushBot/7~bl; +http://www.semrush.com/bot.html)" "tekmedicgloves.com"
185.191.171.40 - - [11/Sep/2022:11:30:06 -0700] "GET /phpMyAdmin/setup/index.php?token=1a9cacd9241ec9fa502693f3861e9f8a&version_check=1 HTTP/1.1" 200 12705 "-" "Mozilla/5.0 (compatible; SemrushBot/7~bl; +http://www.semrush.com/bot.html)" "tekmedicgloves.com"
185.191.171.13 - - [11/Sep/2022:11:30:19 -0700] "GET /phpMyAdmin/setup/?token=7134bc847030f25b285b8c29c7ef40be&version_check=1 HTTP/1.1" 200 12691 "-" "Mozilla/5.0 (compatible; SemrushBot/7~bl; +http://www.semrush.com/bot.html)" "www.tekmedicgloves.com"
185.191.171.4 - - [11/Sep/2022:11:30:54 -0700] "GET /phpMyAdmin/setup/?token=c1080628fbb766a4762c94cf2b554e10&version_check=1 HTTP/1.1" 200 12691 "-" "Mozilla/5.0 (compatible; SemrushBot/7~bl; +http://www.semrush.com/bot.html)" "www.tekmedicgloves.com"
185.191.171.39 - - [11/Sep/2022:11:31:02 -0700] "GET /phpMyAdmin/setup/?token=2260817782e68bd977902117356ace24&version_check=1 HTTP/1.1" 200 12691 "-" "Mozilla/5.0 (compatible; SemrushBot/7~bl; +http://www.semrush.com/bot.html)" "www.tekmedicgloves.com"
185.191.171.2 - - [11/Sep/2022:11:31:45 -0700] "GET /phpMyAdmin/setup/?token=2b68315150eb6060707c0f4fe118a53d&version_check=1 HTTP/1.1" 200 12687 "-" "Mozilla/5.0 (compatible; SemrushBot/7~bl; +http://www.semrush.com/bot.html)" "tekmedicgloves.com"
185.191.171.18 - - [11/Sep/2022:11:31:53 -0700] "GET /phpMyAdmin/setup/?token=82c17b9b81961fc103ec3c64e99d1fa5&version_check=1 HTTP/1.1" 200 12687 "-" "Mozilla/5.0 (compatible; SemrushBot/7~bl; +http://www.semrush.com/bot.html)" "tekmedicgloves.com"
185.191.171.18 - - [11/Sep/2022:11:32:00 -0700] "GET /phpMyAdmin/setup/index.php?token=b01fd92fd483f9bee12471ec073c6c5c&version_check=1 HTTP/1.1" 200 12705 "-" "Mozilla/5.0 (compatible; SemrushBot/7~bl; +http://www.semrush.com/bot.html)" "tekmedicgloves.com"
185.191.171.22 - - [11/Sep/2022:11:32:17 -0700] "GET /phpMyAdmin/setup/?token=b9fad975e86d6d897ac075e36dcf505f&version_check=1 HTTP/1.1" 200 12691 "-" "Mozilla/5.0 (compatible; SemrushBot/7~bl; +http://www.semrush.com/bot.html)" "www.tekmedicgloves.com"
185.191.171.42 - - [11/Sep/2022:11:32:42 -0700] "GET /phpMyAdmin/setup/?token=91fca7d336ec92e37f0c31223d702b30&version_check=1 HTTP/1.1" 200 12687 "-" "Mozilla/5.0 (compatible; SemrushBot/7~bl; +http://www.semrush.com/bot.html)" "tekmedicgloves.com"
185.191.171.8 - - [11/Sep/2022:11:32:44 -0700] "GET /phpMyAdmin/setup/?token=e98b68541b811611287d96ce158bfe73&version_check=1 HTTP/1.1" 200 12687 "-" "Mozilla/5.0 (compatible; SemrushBot/7~bl; +http://www.semrush.com/bot.html)" "tekmedicgloves.com"
185.191.171.15 - - [11/Sep/2022:11:32:46 -0700] "GET /phpMyAdmin/setup/?token=d42dcefa3e9a2f8d8955420df0c5a17d&version_check=1 HTTP/1.1" 200 12687 "-" "Mozilla/5.0 (compatible; SemrushBot/7~bl; +http://www.semrush.com/bot.html)" "tekmedicgloves.com"
185.191.171.22 - - [11/Sep/2022:11:32:47 -0700] "GET /phpMyAdmin/setup/?token=ff31b137f1d145acc0c94530b95e3f76&version_check=1 HTTP/1.1" 200 12691 "-" "Mozilla/5.0 (compatible; SemrushBot/7~bl; +http://www.semrush.com/bot.html)" "www.tekmedicgloves.com"
185.191.171.18 - - [11/Sep/2022:11:33:16 -0700] "GET /phpMyAdmin/setup/?token=3237ea1f7168d387131ea88b1c6fdad2&version_check=1 HTTP/1.1" 200 12691 "-" "Mozilla/5.0 (compatible; SemrushBot/7~bl; +http://www.semrush.com/bot.html)" "www.tekmedicgloves.com"
185.191.171.38 - - [11/Sep/2022:11:33:17 -0700] "GET /phpMyAdmin/setup/?token=fdd3ebb2655b0247cc2dfb4474892e9b&version_check=1 HTTP/1.1" 200 12687 "-" "Mozilla/5.0 (compatible; SemrushBot/7~bl; +http://www.semrush.com/bot.html)" "tekmedicgloves.com"
185.191.171.40 - - [11/Sep/2022:11:33:26 -0700] "GET /phpMyAdmin/setup/?token=a9f570e337291d33f87401e9c5174dbd&version_check=1 HTTP/1.1" 200 12691 "-" "Mozilla/5.0 (compatible; SemrushBot/7~bl; +http://www.semrush.com/bot.html)" "www.tekmedicgloves.com"
185.191.171.39 - - [11/Sep/2022:11:33:39 -0700] "GET /phpMyAdmin/setup/?token=6215453a2897efe8dfb979549778b8f6&version_check=1 HTTP/1.1" 200 12691 "-" "Mozilla/5.0 (compatible; SemrushBot/7~bl; +http://www.semrush.com/bot.html)" "www.tekmedicgloves.com"
185.191.171.24 - - [11/Sep/2022:11:33:49 -0700] "GET /phpMyAdmin/setup/?token=5f7ff514dccc151ec03dae477f3da8a2&version_check=1 HTTP/1.1" 200 12687 "-" "Mozilla/5.0 (compatible; SemrushBot/7~bl; +http://www.semrush.com/bot.html)" "tekmedicgloves.com"
185.191.171.40 - - [11/Sep/2022:11:33:53 -0700] "GET /phpMyAdmin/setup/?token=2b5edcaced26917cd884115031562d4f&version_check=1 HTTP/1.1" 200 12691 "-" "Mozilla/5.0 (compatible; SemrushBot/7~bl; +http://www.semrush.com/bot.html)" "www.tekmedicgloves.com"
185.191.171.17 - - [11/Sep/2022:11:34:05 -0700] "GET /phpMyAdmin/setup/index.php?token=4585836f46b04e042f259b99ccce1193&version_check=1 HTTP/1.1" 200 12709 "-" "Mozilla/5.0 (compatible; SemrushBot/7~bl; +http://www.semrush.com/bot.html)" "www.tekmedicgloves.com"
185.191.171.1 - - [11/Sep/2022:11:34:16 -0700] "GET /phpMyAdmin/setup/?token=098e0268d036ba903d38b5262f50e73c&version_check=1 HTTP/1.1" 200 12687 "-" "Mozilla/5.0 (compatible; SemrushBot/7~bl; +http://www.semrush.com/bot.html)" "tekmedicgloves.com"
185.191.171.45 - - [11/Sep/2022:11:34:20 -0700] "GET /phpMyAdmin/setup/?token=eaadf9580b5de4c0d1882323d225dc67&version_check=1 HTTP/1.1" 200 12687 "-" "Mozilla/5.0 (compatible; SemrushBot/7~bl; +http://www.semrush.com/bot.html)" "tekmedicgloves.com"
185.191.171.4 - - [11/Sep/2022:11:34:46 -0700] "GET /phpMyAdmin/setup/?token=6b02a7d0c07e4dba8acee65895b5d05c&version_check=1 HTTP/1.1" 200 12687 "-" "Mozilla/5.0 (compatible; SemrushBot/7~bl; +http://www.semrush.com/bot.html)" "tekmedicgloves.com"
185.191.171.21 - - [11/Sep/2022:11:35:36 -0700] "GET /phpMyAdmin/setup/?token=b74a1a024ab3cf0cb0240fd578a8ea3f&version_check=1 HTTP/1.1" 200 12691 "-" "Mozilla/5.0 (compatible; SemrushBot/7~bl; +http://www.semrush.com/bot.html)" "www.tekmedicgloves.com"
185.191.171.21 - - [11/Sep/2022:11:35:40 -0700] "GET /phpMyAdmin/setup/?token=9d0eb3c1f677003987705fcb553ce36f&version_check=1 HTTP/1.1" 200 12691 "-" "Mozilla/5.0 (compatible; SemrushBot/7~bl; +http://www.semrush.com/bot.html)" "www.tekmedicgloves.com"
185.191.171.13 - - [11/Sep/2022:11:35:51 -0700] "GET /phpMyAdmin/setup/?token=c3a91a000a515b7b5e5385884ce5d3a5&version_check=1 HTTP/1.1" 200 12691 "-" "Mozilla/5.0 (compatible; SemrushBot/7~bl; +http://www.semrush.com/bot.html)" "www.tekmedicgloves.com"
185.191.171.11 - - [11/Sep/2022:11:36:05 -0700] "GET /phpMyAdmin/setup/?token=18a7822a2d26a76779111892bcbaa4af&version_check=1 HTTP/1.1" 200 12691 "-" "Mozilla/5.0 (compatible; SemrushBot/7~bl; +http://www.semrush.com/bot.html)" "www.tekmedicgloves.com"
185.191.171.38 - - [11/Sep/2022:11:36:06 -0700] "GET /phpMyAdmin/setup/?token=ce5634c1112f2702c9942db722afe9a8&version_check=1 HTTP/1.1" 200 12691 "-" "Mozilla/5.0 (compatible; SemrushBot/7~bl; +http://www.semrush.com/bot.html)" "www.tekmedicgloves.com"
185.191.171.17 - - [11/Sep/2022:11:36:09 -0700] "GET /phpMyAdmin/setup/index.php?token=ea2486b0b3715455ff2b6da07d6cde22&version_check=1 HTTP/1.1" 200 12709 "-" "Mozilla/5.0 (compatible; SemrushBot/7~bl; +http://www.semrush.com/bot.html)" "www.tekmedicgloves.com"
185.191.171.4 - - [11/Sep/2022:11:36:17 -0700] "GET /phpMyAdmin/setup/index.php?token=e7c5fde8f675f5de621f1dd9d9352d16&version_check=1 HTTP/1.1" 200 12705 "-" "Mozilla/5.0 (compatible; SemrushBot/7~bl; +http://www.semrush.com/bot.html)" "tekmedicgloves.com"
185.191.171.10 - - [11/Sep/2022:11:36:26 -0700] "GET /phpMyAdmin/setup/index.php?token=7d645e8b9477c2fa61a2b7f106576d95&version_check=1 HTTP/1.1" 200 12705 "-" "Mozilla/5.0 (compatible; SemrushBot/7~bl; +http://www.semrush.com/bot.html)" "tekmedicgloves.com"
185.191.171.5 - - [11/Sep/2022:11:36:32 -0700] "GET /phpMyAdmin/setup/?token=f7523e7581d1ca58fe336c7131ebfa4f&version_check=1 HTTP/1.1" 200 12687 "-" "Mozilla/5.0 (compatible; SemrushBot/7~bl; +http://www.semrush.com/bot.html)" "tekmedicgloves.com"
185.191.171.4 - - [11/Sep/2022:11:36:42 -0700] "GET /phpMyAdmin/setup/?token=454f28d8efef0e733fb54ffe1d3d3210&version_check=1 HTTP/1.1" 200 12687 "-" "Mozilla/5.0 (compatible; SemrushBot/7~bl; +http://www.semrush.com/bot.html)" "tekmedicgloves.com"
185.191.171.35 - - [11/Sep/2022:11:36:44 -0700] "GET /phpMyAdmin/setup/?token=86828844bdf7d8cf99ee59ad9a911e9c&version_check=1 HTTP/1.1" 200 12687 "-" "Mozilla/5.0 (compatible; SemrushBot/7~bl; +http://www.semrush.com/bot.html)" "tekmedicgloves.com"
185.191.171.38 - - [11/Sep/2022:11:36:47 -0700] "GET /phpMyAdmin/setup/?token=65b2135edd68ca7c8b6704efe29ad7bc&version_check=1 HTTP/1.1" 200 12691 "-" "Mozilla/5.0 (compatible; SemrushBot/7~bl; +http://www.semrush.com/bot.html)" "www.tekmedicgloves.com"
185.191.171.4 - - [11/Sep/2022:11:36:50 -0700] "GET /phpMyAdmin/setup/?token=2362c8cfee897b6444a81e8ad445f6af&version_check=1 HTTP/1.1" 200 12691 "-" "Mozilla/5.0 (compatible; SemrushBot/7~bl; +http://www.semrush.com/bot.html)" "www.tekmedicgloves.com"
185.191.171.1 - - [11/Sep/2022:11:36:55 -0700] "GET /phpMyAdmin/setup/?token=98c8112ff00b5b67b612c62360ef0c4e&version_check=1 HTTP/1.1" 200 12691 "-" "Mozilla/5.0 (compatible; SemrushBot/7~bl; +http://www.semrush.com/bot.html)" "www.tekmedicgloves.com"
185.191.171.19 - - [11/Sep/2022:11:37:05 -0700] "GET /phpMyAdmin/setup/?token=7201d256573f08465fbe04320d38e9b1&version_check=1 HTTP/1.1" 200 12691 "-" "Mozilla/5.0 (compatible; SemrushBot/7~bl; +http://www.semrush.com/bot.html)" "www.tekmedicgloves.com"
185.191.171.34 - - [11/Sep/2022:11:37:21 -0700] "GET /phpMyAdmin/setup/?token=e091f71a161b83424fa995adc1d32712&version_check=1 HTTP/1.1" 200 12687 "-" "Mozilla/5.0 (compatible; SemrushBot/7~bl; +http://www.semrush.com/bot.html)" "tekmedicgloves.com"
149.56.160.148 - - [11/Sep/2022:11:37:27 -0700] "GET / HTTP/1.1" 200 696 "-" "Mozilla/5.0 (compatible; Dataprovider.com)" "www.tekmedicgloves.com"
185.191.171.7 - - [11/Sep/2022:11:37:27 -0700] "GET /phpMyAdmin/setup/?token=98b880257358bdd5456656a9fccac74a&version_check=1 HTTP/1.1" 200 12687 "-" "Mozilla/5.0 (compatible; SemrushBot/7~bl; +http://www.semrush.com/bot.html)" "tekmedicgloves.com"
149.56.160.148 - - [11/Sep/2022:11:37:28 -0700] "GET /robots.txt HTTP/1.1" 404 73 "-" "Mozilla/5.0 (compatible; Dataprovider.com)" "www.tekmedicgloves.com"
149.56.160.148 - - [11/Sep/2022:11:37:28 -0700] "GET /sitemap.xml HTTP/1.1" 404 73 "-" "Mozilla/5.0 (compatible; Dataprovider.com)" "www.tekmedicgloves.com"
149.56.160.148 - - [11/Sep/2022:11:37:28 -0700] "GET / HTTP/1.1" 200 696 "-" "Mozilla/5.0 (compatible; Dataprovider.com)" "www.tekmedicgloves.com"
149.56.160.148 - - [11/Sep/2022:11:37:29 -0700] "GET /?C=N;O=D HTTP/1.1" 200 696 "-" "Mozilla/5.0 (compatible; Dataprovider.com)" "www.tekmedicgloves.com"
149.56.160.148 - - [11/Sep/2022:11:37:30 -0700] "GET /?C=M;O=A HTTP/1.1" 200 696 "-" "Mozilla/5.0 (compatible; Dataprovider.com)" "www.tekmedicgloves.com"
149.56.160.148 - - [11/Sep/2022:11:37:31 -0700] "GET /?C=S;O=A HTTP/1.1" 200 696 "-" "Mozilla/5.0 (compatible; Dataprovider.com)" "www.tekmedicgloves.com"
149.56.160.148 - - [11/Sep/2022:11:37:32 -0700] "GET /?C=D;O=A HTTP/1.1" 200 696 "-" "Mozilla/5.0 (compatible; Dataprovider.com)" "www.tekmedicgloves.com"
149.56.160.148 - - [11/Sep/2022:11:37:33 -0700] "GET /beta/ HTTP/1.1" 200 161 "-" "Mozilla/5.0 (compatible; Dataprovider.com)" "www.tekmedicgloves.com"
149.56.160.148 - - [11/Sep/2022:11:37:34 -0700] "GET /phpMyAdmin/ HTTP/1.1" 200 7463 "-" "Mozilla/5.0 (compatible; Dataprovider.com)" "www.tekmedicgloves.com"
149.56.160.148 - - [11/Sep/2022:11:37:36 -0700] "GET /?C=N;O=A HTTP/1.1" 200 696 "-" "Mozilla/5.0 (compatible; Dataprovider.com)" "www.tekmedicgloves.com"
149.56.160.148 - - [11/Sep/2022:11:37:37 -0700] "GET /?C=M;O=D HTTP/1.1" 200 696 "-" "Mozilla/5.0 (compatible; Dataprovider.com)" "www.tekmedicgloves.com"
149.56.160.148 - - [11/Sep/2022:11:37:38 -0700] "GET /?C=S;O=D HTTP/1.1" 200 696 "-" "Mozilla/5.0 (compatible; Dataprovider.com)" "www.tekmedicgloves.com"
149.56.160.148 - - [11/Sep/2022:11:37:39 -0700] "GET /ads.txt HTTP/1.1" 404 73 "-" "Mozilla/5.0 (compatible; Dataprovider.com)" "www.tekmedicgloves.com"
149.56.160.148 - - [11/Sep/2022:11:37:39 -0700] "GET / HTTP/1.1" 200 696 "-" "Mozilla/5.0 (Linux; Android 5.1.1; SM-G925F Build/LMY47X) AppleWebKit/537.36 (KHTML, like Gecko) Chrome/45.0.2454.94 Mobile Safari/537.36" "www.tekmedicgloves.com"
185.191.171.18 - - [11/Sep/2022:11:37:44 -0700] "GET /phpMyAdmin/setup/index.php?token=b510a2f571daf4e7826a90b7e4529665&version_check=1 HTTP/1.1" 200 12709 "-" "Mozilla/5.0 (compatible; SemrushBot/7~bl; +http://www.semrush.com/bot.html)" "www.tekmedicgloves.com"
149.56.160.209 - - [11/Sep/2022:11:37:46 -0700] "GET / HTTP/1.1" 200 347 "-" "Mozilla/5.0 (compatible; Dataprovider.com)" "www.tekmedicgloves.com"
185.191.171.33 - - [11/Sep/2022:11:37:55 -0700] "GET /phpMyAdmin/setup/?token=d0a4d29b03a65b785a902f903c551603&version_check=1 HTTP/1.1" 200 12691 "-" "Mozilla/5.0 (compatible; SemrushBot/7~bl; +http://www.semrush.com/bot.html)" "www.tekmedicgloves.com"
185.191.171.4 - - [11/Sep/2022:11:38:34 -0700] "GET /phpMyAdmin/setup/index.php?token=c74acd6f5b69060fd49cc9fc2a84130d&version_check=1 HTTP/1.1" 200 12705 "-" "Mozilla/5.0 (compatible; SemrushBot/7~bl; +http://www.semrush.com/bot.html)" "tekmedicgloves.com"
185.191.171.15 - - [11/Sep/2022:11:39:01 -0700] "GET /phpMyAdmin/setup/?token=159f9ef8b9fb3dd533ad5cf76b484c51&version_check=1 HTTP/1.1" 200 12691 "-" "Mozilla/5.0 (compatible; SemrushBot/7~bl; +http://www.semrush.com/bot.html)" "www.tekmedicgloves.com"
185.191.171.25 - - [11/Sep/2022:11:39:20 -0700] "GET /phpMyAdmin/setup/index.php?token=19114e9aa87069a04709ac303ff7fcb0&version_check=1 HTTP/1.1" 200 12705 "-" "Mozilla/5.0 (compatible; SemrushBot/7~bl; +http://www.semrush.com/bot.html)" "tekmedicgloves.com"
185.191.171.41 - - [11/Sep/2022:11:39:22 -0700] "GET /phpMyAdmin/setup/?token=c84ac544a319effde3d37bdb76c90686&version_check=1 HTTP/1.1" 200 12691 "-" "Mozilla/5.0 (compatible; SemrushBot/7~bl; +http://www.semrush.com/bot.html)" "www.tekmedicgloves.com"
185.191.171.10 - - [11/Sep/2022:11:39:24 -0700] "GET /phpMyAdmin/setup/?token=0928c707cadd346058847d72f4cea0d6&version_check=1 HTTP/1.1" 200 12687 "-" "Mozilla/5.0 (compatible; SemrushBot/7~bl; +http://www.semrush.com/bot.html)" "tekmedicgloves.com"
185.191.171.13 - - [11/Sep/2022:11:39:37 -0700] "GET /phpMyAdmin/setup/index.php?token=9b54547ffc57522cefaef9c895dfab6a&version_check=1 HTTP/1.1" 200 12705 "-" "Mozilla/5.0 (compatible; SemrushBot/7~bl; +http://www.semrush.com/bot.html)" "tekmedicgloves.com"
185.191.171.45 - - [11/Sep/2022:11:39:38 -0700] "GET /phpMyAdmin/setup/?token=d3a2d496a95bf5338d31b0ceab03b4d6&version_check=1 HTTP/1.1" 200 12691 "-" "Mozilla/5.0 (compatible; SemrushBot/7~bl; +http://www.semrush.com/bot.html)" "www.tekmedicgloves.com"
185.191.171.1 - - [11/Sep/2022:11:39:53 -0700] "GET /phpMyAdmin/setup/?token=31d28d2b75050edb0c80099c9e6bc0cf&version_check=1 HTTP/1.1" 200 12691 "-" "Mozilla/5.0 (compatible; SemrushBot/7~bl; +http://www.semrush.com/bot.html)" "www.tekmedicgloves.com"
185.191.171.39 - - [11/Sep/2022:11:39:58 -0700] "GET /phpMyAdmin/setup/?token=4f53694b209988ec98c1ebebace4c2d8&version_check=1 HTTP/1.1" 200 12691 "-" "Mozilla/5.0 (compatible; SemrushBot/7~bl; +http://www.semrush.com/bot.html)" "www.tekmedicgloves.com"
185.191.171.19 - - [11/Sep/2022:11:40:03 -0700] "GET /phpMyAdmin/setup/?token=7ca9c495540e7799bd9788203f7dfac3&version_check=1 HTTP/1.1" 200 12687 "-" "Mozilla/5.0 (compatible; SemrushBot/7~bl; +http://www.semrush.com/bot.html)" "tekmedicgloves.com"
185.191.171.39 - - [11/Sep/2022:11:40:15 -0700] "GET /phpMyAdmin/setup/?token=aa2af519fc9897555a46930ea2049d32&version_check=1 HTTP/1.1" 200 12687 "-" "Mozilla/5.0 (compatible; SemrushBot/7~bl; +http://www.semrush.com/bot.html)" "tekmedicgloves.com"
185.191.171.8 - - [11/Sep/2022:11:40:19 -0700] "GET /phpMyAdmin/setup/?token=79176240d222525ad6270bf383147dae&version_check=1 HTTP/1.1" 200 12691 "-" "Mozilla/5.0 (compatible; SemrushBot/7~bl; +http://www.semrush.com/bot.html)" "www.tekmedicgloves.com"
185.191.171.8 - - [11/Sep/2022:11:40:25 -0700] "GET /phpMyAdmin/setup/?token=5542fed8c8573e88c79fb6200c05a70b&version_check=1 HTTP/1.1" 200 12687 "-" "Mozilla/5.0 (compatible; SemrushBot/7~bl; +http://www.semrush.com/bot.html)" "tekmedicgloves.com"
185.191.171.39 - - [11/Sep/2022:11:41:00 -0700] "GET /phpMyAdmin/setup/?token=f0dc664d9701dee07e7fc3b0d55f04d6&version_check=1 HTTP/1.1" 200 12687 "-" "Mozilla/5.0 (compatible; SemrushBot/7~bl; +http://www.semrush.com/bot.html)" "tekmedicgloves.com"
185.191.171.2 - - [11/Sep/2022:11:41:19 -0700] "GET /phpMyAdmin/setup/?token=903e95ae1f5ae8712c857a2a1ec9fce4&version_check=1 HTTP/1.1" 200 12687 "-" "Mozilla/5.0 (compatible; SemrushBot/7~bl; +http://www.semrush.com/bot.html)" "tekmedicgloves.com"
185.191.171.2 - - [11/Sep/2022:11:41:21 -0700] "GET /phpMyAdmin/setup/index.php?token=9040bfdbcf11c7760de9e8fed78a5bfd&version_check=1 HTTP/1.1" 200 12705 "-" "Mozilla/5.0 (compatible; SemrushBot/7~bl; +http://www.semrush.com/bot.html)" "tekmedicgloves.com"
114.119.139.220 - - [11/Sep/2022:11:41:21 -0700] "GET /beta/home.php HTTP/1.1" 200 35074 "-" "Mozilla/5.0 (Linux; Android 7.0;) AppleWebKit/537.36 (KHTML, like Gecko) Mobile Safari/537.36 (compatible; PetalBot;+https://webmaster.petalsearch.com/site/petalbot)" "www.tekmedicgloves.com"
114.119.139.220 - - [11/Sep/2022:11:41:22 -0700] "GET /beta/wp-content/themes/theme48838/bootstrap/css/bootstrap.css HTTP/1.1" 200 15793 "http://www.tekmedicgloves.com/beta/home.php" "Mozilla/5.0 (Linux; Android 7.0;) AppleWebKit/537.36 (KHTML, like Gecko) Mobile Safari/537.36 (compatible; PetalBot;+https://webmaster.petalsearch.com/site/petalbot)" "www.tekmedicgloves.com"
114.119.139.220 - - [11/Sep/2022:11:41:22 -0700] "GET /beta/wp-content/themes/theme48838/bootstrap/css/responsive.css HTTP/1.1" 200 4226 "http://www.tekmedicgloves.com/beta/home.php" "Mozilla/5.0 (Linux; Android 7.0;) AppleWebKit/537.36 (KHTML, like Gecko) Mobile Safari/537.36 (compatible; PetalBot;+https://webmaster.petalsearch.com/site/petalbot)" "www.tekmedicgloves.com"
114.119.139.220 - - [11/Sep/2022:11:41:22 -0700] "GET /beta/wp-content/themes/CherryFramework/css/camera.css HTTP/1.1" 200 3117 "http://www.tekmedicgloves.com/beta/home.php" "Mozilla/5.0 (Linux; Android 7.0;) AppleWebKit/537.36 (KHTML, like Gecko) Mobile Safari/537.36 (compatible; PetalBot;+https://webmaster.petalsearch.com/site/petalbot)" "www.tekmedicgloves.com"
114.119.139.220 - - [11/Sep/2022:11:41:22 -0700] "GET /beta/wp-content/themes/theme48838/style.css HTTP/1.1" 200 243 "http://www.tekmedicgloves.com/beta/home.php" "Mozilla/5.0 (Linux; Android 7.0;) AppleWebKit/537.36 (KHTML, like Gecko) Mobile Safari/537.36 (compatible; PetalBot;+https://webmaster.petalsearch.com/site/petalbot)" "www.tekmedicgloves.com"
114.119.139.220 - - [11/Sep/2022:11:41:22 -0700] "GET /beta/wp-content/plugins/cherry-plugin/lib/js/FlexSlider/flexslider.css HTTP/1.1" 200 1323 "http://www.tekmedicgloves.com/beta/home.php" "Mozilla/5.0 (Linux; Android 7.0;) AppleWebKit/537.36 (KHTML, like Gecko) Mobile Safari/537.36 (compatible; PetalBot;+https://webmaster.petalsearch.com/site/petalbot)" "www.tekmedicgloves.com"
114.119.139.220 - - [11/Sep/2022:11:41:22 -0700] "GET /beta/wp-content/plugins/cherry-plugin/lib/js/owl-carousel/owl.carousel.css HTTP/1.1" 200 1119 "http://www.tekmedicgloves.com/beta/home.php" "Mozilla/5.0 (Linux; Android 7.0;) AppleWebKit/537.36 (KHTML, like Gecko) Mobile Safari/537.36 (compatible; PetalBot;+https://webmaster.petalsearch.com/site/petalbot)" "www.tekmedicgloves.com"
114.119.139.220 - - [11/Sep/2022:11:41:22 -0700] "GET /beta/wp-content/plugins/cherry-plugin/lib/js/owl-carousel/owl.theme.css HTTP/1.1" 200 606 "http://www.tekmedicgloves.com/beta/home.php" "Mozilla/5.0 (Linux; Android 7.0;) AppleWebKit/537.36 (KHTML, like Gecko) Mobile Safari/537.36 (compatible; PetalBot;+https://webmaster.petalsearch.com/site/petalbot)" "www.tekmedicgloves.com"
114.119.139.220 - - [11/Sep/2022:11:41:23 -0700] "GET /beta/wp-content/plugins/contact-form-7/includes/css/styles.css HTTP/1.1" 200 392 "http://www.tekmedicgloves.com/beta/home.php" "Mozilla/5.0 (Linux; Android 7.0;) AppleWebKit/537.36 (KHTML, like Gecko) Mobile Safari/537.36 (compatible; PetalBot;+https://webmaster.petalsearch.com/site/petalbot)" "www.tekmedicgloves.com"
114.119.139.220 - - [11/Sep/2022:11:41:23 -0700] "GET /beta/wp-content/plugins/cherry-plugin/includes/css/cherry-plugin.css HTTP/1.1" 200 4752 "http://www.tekmedicgloves.com/beta/home.php" "Mozilla/5.0 (Linux; Android 7.0;) AppleWebKit/537.36 (KHTML, like Gecko) Mobile Safari/537.36 (compatible; PetalBot;+https://webmaster.petalsearch.com/site/petalbot)" "www.tekmedicgloves.com"
114.119.139.220 - - [11/Sep/2022:11:41:23 -0700] "GET /beta/wp-content/themes/theme48838/main-style.css HTTP/1.1" 200 4849 "http://www.tekmedicgloves.com/beta/home.php" "Mozilla/5.0 (Linux; Android 7.0;) AppleWebKit/537.36 (KHTML, like Gecko) Mobile Safari/537.36 (compatible; PetalBot;+https://webmaster.petalsearch.com/site/petalbot)" "www.tekmedicgloves.com"
