114.119.139.217 - - [10/Sep/2022:21:12:40 -0700] "GET /beta/products.php?cat=24&subcat=43&id=17 HTTP/1.1" 200 56921 "https://tekmedicgloves.com/beta/products.php?cat=24&subcat=43" "Mozilla/5.0 (Linux; Android 7.0;) AppleWebKit/537.36 (KHTML, like Gecko) Mobile Safari/537.36 (compatible; PetalBot;+https://webmaster.petalsearch.com/site/petalbot)" "tekmedicgloves.com"
185.191.171.3 - - [10/Sep/2022:21:12:53 -0700] "GET /phpMyAdmin/setup/?token=6cbd079e4f0700bdae0f070ee8a85cd9&version_check=1 HTTP/1.1" 200 12691 "-" "Mozilla/5.0 (compatible; SemrushBot/7~bl; +http://www.semrush.com/bot.html)" "www.tekmedicgloves.com"
185.191.171.3 - - [10/Sep/2022:21:13:35 -0700] "GET /phpMyAdmin/setup/?token=08cf2958c878effbd52e5d1843acf8ee&version_check=1 HTTP/1.1" 200 12691 "-" "Mozilla/5.0 (compatible; SemrushBot/7~bl; +http://www.semrush.com/bot.html)" "www.tekmedicgloves.com"
185.191.171.21 - - [10/Sep/2022:21:13:43 -0700] "GET /phpMyAdmin/setup/?token=3c00fb531910b730d6995cbadeda964a&version_check=1 HTTP/1.1" 200 12687 "-" "Mozilla/5.0 (compatible; SemrushBot/7~bl; +http://www.semrush.com/bot.html)" "tekmedicgloves.com"
185.191.171.42 - - [10/Sep/2022:21:13:47 -0700] "GET /phpMyAdmin/setup/index.php?token=a4d6f4212797c4424ffbf0adbeb3c5de&version_check=1 HTTP/1.1" 200 12705 "-" "Mozilla/5.0 (compatible; SemrushBot/7~bl; +http://www.semrush.com/bot.html)" "tekmedicgloves.com"
185.191.171.24 - - [10/Sep/2022:21:13:51 -0700] "GET /phpMyAdmin/setup/?token=c8cf8a47b4151f3424b41e19282b5e2d&version_check=1 HTTP/1.1" 200 12687 "-" "Mozilla/5.0 (compatible; SemrushBot/7~bl; +http://www.semrush.com/bot.html)" "tekmedicgloves.com"
185.191.171.3 - - [10/Sep/2022:21:13:55 -0700] "GET /phpMyAdmin/setup/?token=486977823fba293d7e32dbadc26fed3b&version_check=1 HTTP/1.1" 200 12691 "-" "Mozilla/5.0 (compatible; SemrushBot/7~bl; +http://www.semrush.com/bot.html)" "www.tekmedicgloves.com"
40.77.189.203 - - [10/Sep/2022:21:14:03 -0700] "GET /beta/wp-content/themes/CherryFramework/style.css HTTP/1.1" 200 528 "-" "Mozilla/5.0 (Windows NT 6.1; WOW64) AppleWebKit/534+ (KHTML, like Gecko) BingPreview/1.0b" "tekmedicgloves.com"
40.77.189.67 - - [10/Sep/2022:21:14:03 -0700] "GET /beta/wp-content/themes/CherryFramework/css/style.css HTTP/1.1" 200 66507 "-" "Mozilla/5.0 (Windows NT 6.1; WOW64) AppleWebKit/534+ (KHTML, like Gecko) BingPreview/1.0b" "tekmedicgloves.com"
185.191.171.11 - - [10/Sep/2022:21:14:29 -0700] "GET /phpMyAdmin/setup/?token=2d64987651bf12cc28c0d313e10d93b7&version_check=1 HTTP/1.1" 200 12691 "-" "Mozilla/5.0 (compatible; SemrushBot/7~bl; +http://www.semrush.com/bot.html)" "www.tekmedicgloves.com"
185.191.171.1 - - [10/Sep/2022:21:14:38 -0700] "GET /phpMyAdmin/setup/?token=f8191b45162d35fb312106b4b503f733&version_check=1 HTTP/1.1" 200 12691 "-" "Mozilla/5.0 (compatible; SemrushBot/7~bl; +http://www.semrush.com/bot.html)" "www.tekmedicgloves.com"
185.191.171.9 - - [10/Sep/2022:21:14:39 -0700] "GET /phpMyAdmin/setup/index.php?token=b65f5bdfee4b6888b3062bba316c08ad&version_check=1 HTTP/1.1" 200 12705 "-" "Mozilla/5.0 (compatible; SemrushBot/7~bl; +http://www.semrush.com/bot.html)" "tekmedicgloves.com"
185.191.171.45 - - [10/Sep/2022:21:14:40 -0700] "GET /phpMyAdmin/setup/?token=cf1879e4750d4a14c4181dc2a2a06ddd&version_check=1 HTTP/1.1" 200 12691 "-" "Mozilla/5.0 (compatible; SemrushBot/7~bl; +http://www.semrush.com/bot.html)" "www.tekmedicgloves.com"
185.191.171.22 - - [10/Sep/2022:21:14:41 -0700] "GET /phpMyAdmin/setup/?token=8af10aac3c68ee6d43d0af97dd055c25&version_check=1 HTTP/1.1" 200 12687 "-" "Mozilla/5.0 (compatible; SemrushBot/7~bl; +http://www.semrush.com/bot.html)" "tekmedicgloves.com"
185.191.171.24 - - [10/Sep/2022:21:14:51 -0700] "GET /phpMyAdmin/setup/?token=726dd48fe28fa8df0f11d881be27c178&version_check=1 HTTP/1.1" 200 12691 "-" "Mozilla/5.0 (compatible; SemrushBot/7~bl; +http://www.semrush.com/bot.html)" "www.tekmedicgloves.com"
185.191.171.7 - - [10/Sep/2022:21:14:53 -0700] "GET /phpMyAdmin/setup/?token=2369462a6c9d13e34384a829ef4f9c82&version_check=1 HTTP/1.1" 200 12687 "-" "Mozilla/5.0 (compatible; SemrushBot/7~bl; +http://www.semrush.com/bot.html)" "tekmedicgloves.com"
185.191.171.39 - - [10/Sep/2022:21:15:07 -0700] "GET /phpMyAdmin/setup/?token=66a6459c7994c132fbb7eaa3f650e00f&version_check=1 HTTP/1.1" 200 12691 "-" "Mozilla/5.0 (compatible; SemrushBot/7~bl; +http://www.semrush.com/bot.html)" "www.tekmedicgloves.com"
185.191.171.14 - - [10/Sep/2022:21:15:18 -0700] "GET /phpMyAdmin/setup/?token=a2ff2fc2531b7518ccdd700123d7477c&version_check=1 HTTP/1.1" 200 12687 "-" "Mozilla/5.0 (compatible; SemrushBot/7~bl; +http://www.semrush.com/bot.html)" "tekmedicgloves.com"
185.191.171.22 - - [10/Sep/2022:21:15:25 -0700] "GET /phpMyAdmin/setup/?token=f80e7671810ba3b3f118987ccec5a59b&version_check=1 HTTP/1.1" 200 12691 "-" "Mozilla/5.0 (compatible; SemrushBot/7~bl; +http://www.semrush.com/bot.html)" "www.tekmedicgloves.com"
185.191.171.7 - - [10/Sep/2022:21:15:51 -0700] "GET /phpMyAdmin/setup/index.php?token=c7e8a5aeabb8078126b79e978c2c0b29&version_check=1 HTTP/1.1" 200 12705 "-" "Mozilla/5.0 (compatible; SemrushBot/7~bl; +http://www.semrush.com/bot.html)" "tekmedicgloves.com"
185.191.171.24 - - [10/Sep/2022:21:16:03 -0700] "GET /phpMyAdmin/setup/?token=71ff7f43f882f6a9393b81b947cc3ca4&version_check=1 HTTP/1.1" 200 12687 "-" "Mozilla/5.0 (compatible; SemrushBot/7~bl; +http://www.semrush.com/bot.html)" "tekmedicgloves.com"
185.191.171.18 - - [10/Sep/2022:21:16:08 -0700] "GET /phpMyAdmin/setup/index.php?token=d404a7feb94207d70dd05657b911d586&version_check=1 HTTP/1.1" 200 12705 "-" "Mozilla/5.0 (compatible; SemrushBot/7~bl; +http://www.semrush.com/bot.html)" "tekmedicgloves.com"
185.191.171.5 - - [10/Sep/2022:21:16:35 -0700] "GET /phpMyAdmin/setup/?token=2299f38a2bb5f120923d4379285035be&version_check=1 HTTP/1.1" 200 12691 "-" "Mozilla/5.0 (compatible; SemrushBot/7~bl; +http://www.semrush.com/bot.html)" "www.tekmedicgloves.com"
185.191.171.9 - - [10/Sep/2022:21:16:53 -0700] "GET /phpMyAdmin/setup/?token=55cd1fa862d22a023dcba6d6806298ec&version_check=1 HTTP/1.1" 200 12687 "-" "Mozilla/5.0 (compatible; SemrushBot/7~bl; +http://www.semrush.com/bot.html)" "tekmedicgloves.com"
185.191.171.11 - - [10/Sep/2022:21:16:55 -0700] "GET /phpMyAdmin/setup/?token=b20a90297e6d85634173b5c82835f767&version_check=1 HTTP/1.1" 200 12691 "-" "Mozilla/5.0 (compatible; SemrushBot/7~bl; +http://www.semrush.com/bot.html)" "www.tekmedicgloves.com"
185.191.171.42 - - [10/Sep/2022:21:17:03 -0700] "GET /phpMyAdmin/setup/?token=3b4596d2d74b2e703b42c517291949f2&version_check=1 HTTP/1.1" 200 12687 "-" "Mozilla/5.0 (compatible; SemrushBot/7~bl; +http://www.semrush.com/bot.html)" "tekmedicgloves.com"
185.191.171.21 - - [10/Sep/2022:21:17:20 -0700] "GET /phpMyAdmin/setup/?token=6d4270ca719304f5b136461a783ccd18&version_check=1 HTTP/1.1" 200 12691 "-" "Mozilla/5.0 (compatible; SemrushBot/7~bl; +http://www.semrush.com/bot.html)" "www.tekmedicgloves.com"
185.191.171.39 - - [10/Sep/2022:21:17:24 -0700] "GET /phpMyAdmin/setup/?token=6601cc8bfb2228e34a42727c193bb2af&version_check=1 HTTP/1.1" 200 12687 "-" "Mozilla/5.0 (compatible; SemrushBot/7~bl; +http://www.semrush.com/bot.html)" "tekmedicgloves.com"
185.191.171.35 - - [10/Sep/2022:21:17:28 -0700] "GET /phpMyAdmin/setup/?token=065558c5e597ad0d45ffd0f72bc17f0f&version_check=1 HTTP/1.1" 200 12691 "-" "Mozilla/5.0 (compatible; SemrushBot/7~bl; +http://www.semrush.com/bot.html)" "www.tekmedicgloves.com"
185.191.171.13 - - [10/Sep/2022:21:17:33 -0700] "GET /phpMyAdmin/setup/?token=6171190d0abdfc94bc08bd2770b96615&version_check=1 HTTP/1.1" 200 12687 "-" "Mozilla/5.0 (compatible; SemrushBot/7~bl; +http://www.semrush.com/bot.html)" "tekmedicgloves.com"
185.191.171.35 - - [10/Sep/2022:21:17:39 -0700] "GET /phpMyAdmin/setup/?token=ae9f17e1557a0becfb8f3f29e850258a&version_check=1 HTTP/1.1" 200 12691 "-" "Mozilla/5.0 (compatible; SemrushBot/7~bl; +http://www.semrush.com/bot.html)" "www.tekmedicgloves.com"
185.191.171.26 - - [10/Sep/2022:21:17:50 -0700] "GET /phpMyAdmin/setup/?token=cd5b973457819503106cca25066fae17&version_check=1 HTTP/1.1" 200 12691 "-" "Mozilla/5.0 (compatible; SemrushBot/7~bl; +http://www.semrush.com/bot.html)" "www.tekmedicgloves.com"
185.191.171.35 - - [10/Sep/2022:21:18:07 -0700] "GET /phpMyAdmin/setup/?token=ea9d38039d8f4a9705c3f2f78621966b&version_check=1 HTTP/1.1" 200 12687 "-" "Mozilla/5.0 (compatible; SemrushBot/7~bl; +http://www.semrush.com/bot.html)" "tekmedicgloves.com"
185.191.171.22 - - [10/Sep/2022:21:18:20 -0700] "GET /phpMyAdmin/setup/?token=657249539b784678e43667169f98c7de&version_check=1 HTTP/1.1" 200 12691 "-" "Mozilla/5.0 (compatible; SemrushBot/7~bl; +http://www.semrush.com/bot.html)" "www.tekmedicgloves.com"
185.191.171.42 - - [10/Sep/2022:21:18:23 -0700] "GET /phpMyAdmin/setup/index.php?token=3eac68bd478cad8965ca7d7eb42c3d2a&version_check=1 HTTP/1.1" 200 12705 "-" "Mozilla/5.0 (compatible; SemrushBot/7~bl; +http://www.semrush.com/bot.html)" "tekmedicgloves.com"
185.191.171.21 - - [10/Sep/2022:21:18:26 -0700] "GET /phpMyAdmin/setup/index.php?token=6951695c5255cc78d06223f66581bbd3&version_check=1 HTTP/1.1" 200 12709 "-" "Mozilla/5.0 (compatible; SemrushBot/7~bl; +http://www.semrush.com/bot.html)" "www.tekmedicgloves.com"
185.191.171.18 - - [10/Sep/2022:21:18:27 -0700] "GET /phpMyAdmin/setup/?token=d1fa41e6003ab9909794681fcd79e8af&version_check=1 HTTP/1.1" 200 12687 "-" "Mozilla/5.0 (compatible; SemrushBot/7~bl; +http://www.semrush.com/bot.html)" "tekmedicgloves.com"
185.191.171.39 - - [10/Sep/2022:21:18:31 -0700] "GET /phpMyAdmin/setup/?token=1162e6306df6f40b663e9b194f84f694&version_check=1 HTTP/1.1" 200 12687 "-" "Mozilla/5.0 (compatible; SemrushBot/7~bl; +http://www.semrush.com/bot.html)" "tekmedicgloves.com"
185.191.171.45 - - [10/Sep/2022:21:18:37 -0700] "GET /phpMyAdmin/setup/?token=7617b9efc36d1b98bc12404d07895ffb&version_check=1 HTTP/1.1" 200 12687 "-" "Mozilla/5.0 (compatible; SemrushBot/7~bl; +http://www.semrush.com/bot.html)" "tekmedicgloves.com"
185.191.171.24 - - [10/Sep/2022:21:18:37 -0700] "GET /phpMyAdmin/setup/?token=74a1da676f4f86348d4e70116ebc31b0&version_check=1 HTTP/1.1" 200 12691 "-" "Mozilla/5.0 (compatible; SemrushBot/7~bl; +http://www.semrush.com/bot.html)" "www.tekmedicgloves.com"
185.191.171.44 - - [10/Sep/2022:21:18:56 -0700] "GET /phpMyAdmin/setup/?token=16946c7d24a2d838f57d6bfe435d10ca&version_check=1 HTTP/1.1" 200 12691 "-" "Mozilla/5.0 (compatible; SemrushBot/7~bl; +http://www.semrush.com/bot.html)" "www.tekmedicgloves.com"
185.191.171.7 - - [10/Sep/2022:21:18:56 -0700] "GET /phpMyAdmin/setup/?token=3141303c970cbd957593ecf77d0e8bc1&version_check=1 HTTP/1.1" 200 12687 "-" "Mozilla/5.0 (compatible; SemrushBot/7~bl; +http://www.semrush.com/bot.html)" "tekmedicgloves.com"
185.191.171.42 - - [10/Sep/2022:21:18:58 -0700] "GET /phpMyAdmin/setup/index.php?token=3d96165d5b4b3fe992a5bf8078d3c536&version_check=1 HTTP/1.1" 200 12709 "-" "Mozilla/5.0 (compatible; SemrushBot/7~bl; +http://www.semrush.com/bot.html)" "www.tekmedicgloves.com"
185.191.171.15 - - [10/Sep/2022:21:19:15 -0700] "GET /phpMyAdmin/setup/?token=3b49e443f21f99b309d2b199d0273a4c&version_check=1 HTTP/1.1" 200 12691 "-" "Mozilla/5.0 (compatible; SemrushBot/7~bl; +http://www.semrush.com/bot.html)" "www.tekmedicgloves.com"
185.191.171.42 - - [10/Sep/2022:21:20:00 -0700] "GET /phpMyAdmin/setup/?token=7694bf6b200038bce358a40f5bcc0b3c&version_check=1 HTTP/1.1" 200 12691 "-" "Mozilla/5.0 (compatible; SemrushBot/7~bl; +http://www.semrush.com/bot.html)" "www.tekmedicgloves.com"
185.191.171.24 - - [10/Sep/2022:21:20:05 -0700] "GET /phpMyAdmin/setup/?token=c3086c591fd7ec47cc0c8e0e5ae315f4&version_check=1 HTTP/1.1" 200 12691 "-" "Mozilla/5.0 (compatible; SemrushBot/7~bl; +http://www.semrush.com/bot.html)" "www.tekmedicgloves.com"
185.191.171.18 - - [10/Sep/2022:21:20:19 -0700] "GET /phpMyAdmin/setup/index.php?token=b89bb2d0419db75b55ca6e914f409c77&version_check=1 HTTP/1.1" 200 12705 "-" "Mozilla/5.0 (compatible; SemrushBot/7~bl; +http://www.semrush.com/bot.html)" "tekmedicgloves.com"
185.191.171.44 - - [10/Sep/2022:21:20:26 -0700] "GET /phpMyAdmin/setup/?token=c4027e807b5cc07719b7270c1f538cd4&version_check=1 HTTP/1.1" 200 12691 "-" "Mozilla/5.0 (compatible; SemrushBot/7~bl; +http://www.semrush.com/bot.html)" "www.tekmedicgloves.com"
185.191.171.26 - - [10/Sep/2022:21:20:29 -0700] "GET /phpMyAdmin/setup/?token=5fdd3f0d19aa902489992531a9a667d3&version_check=1 HTTP/1.1" 200 12687 "-" "Mozilla/5.0 (compatible; SemrushBot/7~bl; +http://www.semrush.com/bot.html)" "tekmedicgloves.com"
185.191.171.17 - - [10/Sep/2022:21:20:32 -0700] "GET /phpMyAdmin/setup/index.php?token=fc43410650afc0d118ea8a2ea8976291&version_check=1 HTTP/1.1" 200 12705 "-" "Mozilla/5.0 (compatible; SemrushBot/7~bl; +http://www.semrush.com/bot.html)" "tekmedicgloves.com"
185.191.171.2 - - [10/Sep/2022:21:20:43 -0700] "GET /phpMyAdmin/setup/?token=979a354bc4efad98477a5a42417170ce&version_check=1 HTTP/1.1" 200 12687 "-" "Mozilla/5.0 (compatible; SemrushBot/7~bl; +http://www.semrush.com/bot.html)" "tekmedicgloves.com"
185.191.171.20 - - [10/Sep/2022:21:20:50 -0700] "GET /phpMyAdmin/setup/?token=766a80efb7674aebc6d480c29089ad42&version_check=1 HTTP/1.1" 200 12687 "-" "Mozilla/5.0 (compatible; SemrushBot/7~bl; +http://www.semrush.com/bot.html)" "tekmedicgloves.com"
185.191.171.16 - - [10/Sep/2022:21:20:56 -0700] "GET /phpMyAdmin/setup/?token=4ba059888c7ef10d574e4a5e1ef6bdea&version_check=1 HTTP/1.1" 200 12687 "-" "Mozilla/5.0 (compatible; SemrushBot/7~bl; +http://www.semrush.com/bot.html)" "tekmedicgloves.com"
185.191.171.39 - - [10/Sep/2022:21:21:20 -0700] "GET /phpMyAdmin/setup/?token=1f28f575cd50c501a642fa5189b5b9cf&version_check=1 HTTP/1.1" 200 12691 "-" "Mozilla/5.0 (compatible; SemrushBot/7~bl; +http://www.semrush.com/bot.html)" "www.tekmedicgloves.com"
185.191.171.44 - - [10/Sep/2022:21:21:34 -0700] "GET /phpMyAdmin/setup/?token=a81432ee741fc0ce214ba2b9a97a5dcb&version_check=1 HTTP/1.1" 200 12687 "-" "Mozilla/5.0 (compatible; SemrushBot/7~bl; +http://www.semrush.com/bot.html)" "tekmedicgloves.com"
185.191.171.18 - - [10/Sep/2022:21:21:47 -0700] "GET /phpMyAdmin/setup/?token=0f17d3aa19e52d55706c76485140aa94&version_check=1 HTTP/1.1" 200 12687 "-" "Mozilla/5.0 (compatible; SemrushBot/7~bl; +http://www.semrush.com/bot.html)" "tekmedicgloves.com"
185.191.171.44 - - [10/Sep/2022:21:21:52 -0700] "GET /phpMyAdmin/setup/?token=f6420b06f39de930fd4a250b8833aebf&version_check=1 HTTP/1.1" 200 12687 "-" "Mozilla/5.0 (compatible; SemrushBot/7~bl; +http://www.semrush.com/bot.html)" "tekmedicgloves.com"
185.191.171.24 - - [10/Sep/2022:21:22:10 -0700] "GET /phpMyAdmin/setup/?token=923c0968f8c611f5ee4e56bed8e2ab7c&version_check=1 HTTP/1.1" 200 12691 "-" "Mozilla/5.0 (compatible; SemrushBot/7~bl; +http://www.semrush.com/bot.html)" "www.tekmedicgloves.com"
185.191.171.18 - - [10/Sep/2022:21:22:33 -0700] "GET /phpMyAdmin/setup/?token=3e7d8d2bf610da0bd28574a6a7970717&version_check=1 HTTP/1.1" 200 12687 "-" "Mozilla/5.0 (compatible; SemrushBot/7~bl; +http://www.semrush.com/bot.html)" "tekmedicgloves.com"
185.191.171.12 - - [10/Sep/2022:21:22:39 -0700] "GET /phpMyAdmin/setup/?token=ff13c668c30ba163602409ac9a40bd7f&version_check=1 HTTP/1.1" 200 12687 "-" "Mozilla/5.0 (compatible; SemrushBot/7~bl; +http://www.semrush.com/bot.html)" "tekmedicgloves.com"
185.191.171.44 - - [10/Sep/2022:21:22:54 -0700] "GET /phpMyAdmin/setup/index.php?token=950a770a2043559fabd7d1e42c24ad0f&version_check=1 HTTP/1.1" 200 12709 "-" "Mozilla/5.0 (compatible; SemrushBot/7~bl; +http://www.semrush.com/bot.html)" "www.tekmedicgloves.com"
185.191.171.44 - - [10/Sep/2022:21:23:05 -0700] "GET /phpMyAdmin/setup/?token=0f23cc6761f05e3e3df21b9adcdc819c&version_check=1 HTTP/1.1" 200 12687 "-" "Mozilla/5.0 (compatible; SemrushBot/7~bl; +http://www.semrush.com/bot.html)" "tekmedicgloves.com"
185.191.171.40 - - [10/Sep/2022:21:23:07 -0700] "GET /phpMyAdmin/setup/index.php?token=e68d0fe536a64dba7061f5839e7b5e59&version_check=1 HTTP/1.1" 200 12709 "-" "Mozilla/5.0 (compatible; SemrushBot/7~bl; +http://www.semrush.com/bot.html)" "www.tekmedicgloves.com"
185.191.171.24 - - [10/Sep/2022:21:23:11 -0700] "GET /phpMyAdmin/setup/?token=4275effc79fc90811507d987d2ffbcb5&version_check=1 HTTP/1.1" 200 12691 "-" "Mozilla/5.0 (compatible; SemrushBot/7~bl; +http://www.semrush.com/bot.html)" "www.tekmedicgloves.com"
185.191.171.38 - - [10/Sep/2022:21:23:21 -0700] "GET /phpMyAdmin/setup/?token=03128ae16ee6baa314340646790d4bdf&version_check=1 HTTP/1.1" 200 12691 "-" "Mozilla/5.0 (compatible; SemrushBot/7~bl; +http://www.semrush.com/bot.html)" "www.tekmedicgloves.com"
185.191.171.7 - - [10/Sep/2022:21:23:58 -0700] "GET /phpMyAdmin/setup/?token=bc40ee360f81dd0eeca6072c81be1733&version_check=1 HTTP/1.1" 200 12691 "-" "Mozilla/5.0 (compatible; SemrushBot/7~bl; +http://www.semrush.com/bot.html)" "www.tekmedicgloves.com"
185.191.171.37 - - [10/Sep/2022:21:23:59 -0700] "GET /phpMyAdmin/setup/?token=360901c76c125b21451253af874b348a&version_check=1 HTTP/1.1" 200 12687 "-" "Mozilla/5.0 (compatible; SemrushBot/7~bl; +http://www.semrush.com/bot.html)" "tekmedicgloves.com"
185.191.171.18 - - [10/Sep/2022:21:24:09 -0700] "GET /phpMyAdmin/setup/index.php?token=f3b093620512e931e0f2f46104f471d1&version_check=1 HTTP/1.1" 200 12705 "-" "Mozilla/5.0 (compatible; SemrushBot/7~bl; +http://www.semrush.com/bot.html)" "tekmedicgloves.com"
185.191.171.1 - - [10/Sep/2022:21:24:12 -0700] "GET /phpMyAdmin/setup/?token=28561687b48feb16c04fa2831e3ba904&version_check=1 HTTP/1.1" 200 12691 "-" "Mozilla/5.0 (compatible; SemrushBot/7~bl; +http://www.semrush.com/bot.html)" "www.tekmedicgloves.com"
185.191.171.24 - - [10/Sep/2022:21:24:12 -0700] "GET /phpMyAdmin/setup/index.php?token=d89d1b491d0afd1637103be1a2be46ad&version_check=1 HTTP/1.1" 200 12705 "-" "Mozilla/5.0 (compatible; SemrushBot/7~bl; +http://www.semrush.com/bot.html)" "tekmedicgloves.com"
185.191.171.23 - - [10/Sep/2022:21:24:21 -0700] "GET /phpMyAdmin/setup/?token=50c9fb127336b3ce86e5b2e39c234979&version_check=1 HTTP/1.1" 200 12687 "-" "Mozilla/5.0 (compatible; SemrushBot/7~bl; +http://www.semrush.com/bot.html)" "tekmedicgloves.com"
185.191.171.17 - - [10/Sep/2022:21:24:24 -0700] "GET /phpMyAdmin/setup/?token=eeb7c0325e5fe92c5c6367096b8dc542&version_check=1 HTTP/1.1" 200 12687 "-" "Mozilla/5.0 (compatible; SemrushBot/7~bl; +http://www.semrush.com/bot.html)" "tekmedicgloves.com"
185.191.171.20 - - [10/Sep/2022:21:24:27 -0700] "GET /phpMyAdmin/setup/?token=0f888609794b0afc97197f12d54cd524&version_check=1 HTTP/1.1" 200 12691 "-" "Mozilla/5.0 (compatible; SemrushBot/7~bl; +http://www.semrush.com/bot.html)" "www.tekmedicgloves.com"
185.191.171.13 - - [10/Sep/2022:21:24:48 -0700] "GET /phpMyAdmin/setup/?token=ea855ef4a638701694b9836d4aaeb341&version_check=1 HTTP/1.1" 200 12691 "-" "Mozilla/5.0 (compatible; SemrushBot/7~bl; +http://www.semrush.com/bot.html)" "www.tekmedicgloves.com"
185.191.171.4 - - [10/Sep/2022:21:24:58 -0700] "GET /phpMyAdmin/setup/index.php?token=36b8e4825114b7c928a3a9a33b20c538&version_check=1 HTTP/1.1" 200 12705 "-" "Mozilla/5.0 (compatible; SemrushBot/7~bl; +http://www.semrush.com/bot.html)" "tekmedicgloves.com"
185.191.171.4 - - [10/Sep/2022:21:25:03 -0700] "GET /phpMyAdmin/setup/index.php?token=dd1de1d15794d417e785729abc76972f&version_check=1 HTTP/1.1" 200 12709 "-" "Mozilla/5.0 (compatible; SemrushBot/7~bl; +http://www.semrush.com/bot.html)" "www.tekmedicgloves.com"
185.191.171.39 - - [10/Sep/2022:21:25:07 -0700] "GET /phpMyAdmin/setup/?token=513e7a6b2eff27358249cb51c336198e&version_check=1 HTTP/1.1" 200 12691 "-" "Mozilla/5.0 (compatible; SemrushBot/7~bl; +http://www.semrush.com/bot.html)" "www.tekmedicgloves.com"
185.191.171.19 - - [10/Sep/2022:21:25:18 -0700] "GET /phpMyAdmin/setup/?token=34eca338f76a7dfdef14f0fbc895c235&version_check=1 HTTP/1.1" 200 12687 "-" "Mozilla/5.0 (compatible; SemrushBot/7~bl; +http://www.semrush.com/bot.html)" "tekmedicgloves.com"
185.191.171.19 - - [10/Sep/2022:21:25:26 -0700] "GET /phpMyAdmin/setup/?token=70e895b407e5373eae08e5873bf768f9&version_check=1 HTTP/1.1" 200 12691 "-" "Mozilla/5.0 (compatible; SemrushBot/7~bl; +http://www.semrush.com/bot.html)" "www.tekmedicgloves.com"
185.191.171.15 - - [10/Sep/2022:21:25:45 -0700] "GET /phpMyAdmin/setup/?token=26242bba38af89549d0ff4f4888e28ba&version_check=1 HTTP/1.1" 200 12691 "-" "Mozilla/5.0 (compatible; SemrushBot/7~bl; +http://www.semrush.com/bot.html)" "www.tekmedicgloves.com"
185.191.171.24 - - [10/Sep/2022:21:25:49 -0700] "GET /phpMyAdmin/setup/?token=1d3b7a2910579100bff26ec484d4c99f&version_check=1 HTTP/1.1" 200 12687 "-" "Mozilla/5.0 (compatible; SemrushBot/7~bl; +http://www.semrush.com/bot.html)" "tekmedicgloves.com"
185.191.171.40 - - [10/Sep/2022:21:25:57 -0700] "GET /phpMyAdmin/setup/?token=a7c638fb88879817ee9fff803d4f9937&version_check=1 HTTP/1.1" 200 12691 "-" "Mozilla/5.0 (compatible; SemrushBot/7~bl; +http://www.semrush.com/bot.html)" "www.tekmedicgloves.com"
185.191.171.1 - - [10/Sep/2022:21:26:05 -0700] "GET /phpMyAdmin/setup/?token=c94db47ce377c31fbaecb0ba107b9a94&version_check=1 HTTP/1.1" 200 12691 "-" "Mozilla/5.0 (compatible; SemrushBot/7~bl; +http://www.semrush.com/bot.html)" "www.tekmedicgloves.com"
185.191.171.21 - - [10/Sep/2022:21:26:33 -0700] "GET /phpMyAdmin/setup/?token=c6fdd2d34436ddba8371e8f13bd007cc&version_check=1 HTTP/1.1" 200 12691 "-" "Mozilla/5.0 (compatible; SemrushBot/7~bl; +http://www.semrush.com/bot.html)" "www.tekmedicgloves.com"
185.191.171.9 - - [10/Sep/2022:21:26:47 -0700] "GET /phpMyAdmin/setup/?token=3e52ec656231e23e9ef813b989727d43&version_check=1 HTTP/1.1" 200 12687 "-" "Mozilla/5.0 (compatible; SemrushBot/7~bl; +http://www.semrush.com/bot.html)" "tekmedicgloves.com"
185.191.171.10 - - [10/Sep/2022:21:26:53 -0700] "GET /phpMyAdmin/setup/?token=e89facd8ce316b14a4a2e3ade61cb1b3&version_check=1 HTTP/1.1" 200 12691 "-" "Mozilla/5.0 (compatible; SemrushBot/7~bl; +http://www.semrush.com/bot.html)" "www.tekmedicgloves.com"
185.191.171.5 - - [10/Sep/2022:21:27:08 -0700] "GET /phpMyAdmin/setup/?token=aed1272b43792b47d79d0a9472c96a18&version_check=1 HTTP/1.1" 200 12687 "-" "Mozilla/5.0 (compatible; SemrushBot/7~bl; +http://www.semrush.com/bot.html)" "tekmedicgloves.com"
185.191.171.23 - - [10/Sep/2022:21:27:35 -0700] "GET /phpMyAdmin/setup/?token=b7c90d2d4182cd98896d62a6e49ea073&version_check=1 HTTP/1.1" 200 12691 "-" "Mozilla/5.0 (compatible; SemrushBot/7~bl; +http://www.semrush.com/bot.html)" "www.tekmedicgloves.com"
185.191.171.18 - - [10/Sep/2022:21:27:40 -0700] "GET /phpMyAdmin/setup/?token=61f647bbae4907b54184109d6efa995a&version_check=1 HTTP/1.1" 200 12687 "-" "Mozilla/5.0 (compatible; SemrushBot/7~bl; +http://www.semrush.com/bot.html)" "tekmedicgloves.com"
185.191.171.17 - - [10/Sep/2022:21:27:43 -0700] "GET /phpMyAdmin/setup/index.php?token=ef9e9882765fd56fe4b2d064d294f4b9&version_check=1 HTTP/1.1" 200 12709 "-" "Mozilla/5.0 (compatible; SemrushBot/7~bl; +http://www.semrush.com/bot.html)" "www.tekmedicgloves.com"
185.191.171.44 - - [10/Sep/2022:21:27:59 -0700] "GET /phpMyAdmin/setup/index.php?token=f1c655652d2b16ddcc34e55e66eb6a6b&version_check=1 HTTP/1.1" 200 12705 "-" "Mozilla/5.0 (compatible; SemrushBot/7~bl; +http://www.semrush.com/bot.html)" "tekmedicgloves.com"
185.191.171.19 - - [10/Sep/2022:21:28:20 -0700] "GET /phpMyAdmin/setup/?token=cb42c4e7f15c448a05635e4cf8d8d64f&version_check=1 HTTP/1.1" 200 12691 "-" "Mozilla/5.0 (compatible; SemrushBot/7~bl; +http://www.semrush.com/bot.html)" "www.tekmedicgloves.com"
185.191.171.36 - - [10/Sep/2022:21:28:42 -0700] "GET /phpMyAdmin/setup/?token=df1595a52dd0135f6bc1f2dd5b2f27db&version_check=1 HTTP/1.1" 200 12687 "-" "Mozilla/5.0 (compatible; SemrushBot/7~bl; +http://www.semrush.com/bot.html)" "tekmedicgloves.com"
51.222.253.19 - - [10/Sep/2022:21:28:48 -0700] "GET /beta/products.php?cat=23&subcat=40&id=17 HTTP/1.1" 200 56913 "-" "Mozilla/5.0 (compatible; AhrefsBot/7.0; +http://ahrefs.com/robot/)" "tekmedicgloves.com"
185.191.171.18 - - [10/Sep/2022:21:28:48 -0700] "GET /phpMyAdmin/setup/?token=79bf38a8cf2f82692ae68aa3efdcc3b1&version_check=1 HTTP/1.1" 200 12687 "-" "Mozilla/5.0 (compatible; SemrushBot/7~bl; +http://www.semrush.com/bot.html)" "tekmedicgloves.com"
185.191.171.35 - - [10/Sep/2022:21:28:52 -0700] "GET /phpMyAdmin/setup/?token=1dbb16b417e53239d252a0719c59edf5&version_check=1 HTTP/1.1" 200 12691 "-" "Mozilla/5.0 (compatible; SemrushBot/7~bl; +http://www.semrush.com/bot.html)" "www.tekmedicgloves.com"
185.191.171.19 - - [10/Sep/2022:21:29:02 -0700] "GET /phpMyAdmin/setup/?token=d740c0ef61edba2faff9bb3c1d1a6560&version_check=1 HTTP/1.1" 200 12687 "-" "Mozilla/5.0 (compatible; SemrushBot/7~bl; +http://www.semrush.com/bot.html)" "tekmedicgloves.com"
185.191.171.42 - - [10/Sep/2022:21:29:02 -0700] "GET /phpMyAdmin/setup/?token=36f656ea18cb35902bf5328a1715d296&version_check=1 HTTP/1.1" 200 12691 "-" "Mozilla/5.0 (compatible; SemrushBot/7~bl; +http://www.semrush.com/bot.html)" "www.tekmedicgloves.com"
185.191.171.18 - - [10/Sep/2022:21:29:07 -0700] "GET /phpMyAdmin/setup/index.php?token=69025b7698544af07abda1e3440eeb2f&version_check=1 HTTP/1.1" 200 12709 "-" "Mozilla/5.0 (compatible; SemrushBot/7~bl; +http://www.semrush.com/bot.html)" "www.tekmedicgloves.com"
185.191.171.15 - - [10/Sep/2022:21:29:09 -0700] "GET /phpMyAdmin/setup/?token=a2c252e2b41d828fe5ad21c17cdbe83a&version_check=1 HTTP/1.1" 200 12687 "-" "Mozilla/5.0 (compatible; SemrushBot/7~bl; +http://www.semrush.com/bot.html)" "tekmedicgloves.com"
185.191.171.45 - - [10/Sep/2022:21:29:09 -0700] "GET /phpMyAdmin/setup/?token=39b135f09dc070bc9a5e8edaaa0cb378&version_check=1 HTTP/1.1" 200 12691 "-" "Mozilla/5.0 (compatible; SemrushBot/7~bl; +http://www.semrush.com/bot.html)" "www.tekmedicgloves.com"
185.191.171.42 - - [10/Sep/2022:21:29:22 -0700] "GET /phpMyAdmin/setup/?token=9424b53e2808d32e4c13b9562f4e34d4&version_check=1 HTTP/1.1" 200 12687 "-" "Mozilla/5.0 (compatible; SemrushBot/7~bl; +http://www.semrush.com/bot.html)" "tekmedicgloves.com"
185.191.171.12 - - [10/Sep/2022:21:29:30 -0700] "GET /phpMyAdmin/setup/?token=6bd003448e4f33c0b566ee01429006c8&version_check=1 HTTP/1.1" 200 12687 "-" "Mozilla/5.0 (compatible; SemrushBot/7~bl; +http://www.semrush.com/bot.html)" "tekmedicgloves.com"
185.191.171.26 - - [10/Sep/2022:21:29:38 -0700] "GET /phpMyAdmin/setup/?token=68cd678ae51e45aad3f3e3d5b9a8394a&version_check=1 HTTP/1.1" 200 12687 "-" "Mozilla/5.0 (compatible; SemrushBot/7~bl; +http://www.semrush.com/bot.html)" "tekmedicgloves.com"
185.191.171.4 - - [10/Sep/2022:21:29:49 -0700] "GET /phpMyAdmin/setup/?token=158516c3a70fd64d3802856ee7efae7e&version_check=1 HTTP/1.1" 200 12691 "-" "Mozilla/5.0 (compatible; SemrushBot/7~bl; +http://www.semrush.com/bot.html)" "www.tekmedicgloves.com"
185.191.171.2 - - [10/Sep/2022:21:29:56 -0700] "GET /phpMyAdmin/setup/?token=96e79a232718415613199ca4604b1079&version_check=1 HTTP/1.1" 200 12687 "-" "Mozilla/5.0 (compatible; SemrushBot/7~bl; +http://www.semrush.com/bot.html)" "tekmedicgloves.com"
185.191.171.24 - - [10/Sep/2022:21:29:57 -0700] "GET /phpMyAdmin/setup/index.php?token=0dbb021d229e198f62d54c669b11d33a&version_check=1 HTTP/1.1" 200 12705 "-" "Mozilla/5.0 (compatible; SemrushBot/7~bl; +http://www.semrush.com/bot.html)" "tekmedicgloves.com"
185.191.171.17 - - [10/Sep/2022:21:30:32 -0700] "GET /phpMyAdmin/setup/index.php?token=9a09a813f51a3a82ab605116e2d39661&version_check=1 HTTP/1.1" 200 12705 "-" "Mozilla/5.0 (compatible; SemrushBot/7~bl; +http://www.semrush.com/bot.html)" "tekmedicgloves.com"
185.191.171.34 - - [10/Sep/2022:21:30:36 -0700] "GET /phpMyAdmin/setup/index.php?token=8aa2f203132774bf5d264c5324c7fdd8&version_check=1 HTTP/1.1" 200 12709 "-" "Mozilla/5.0 (compatible; SemrushBot/7~bl; +http://www.semrush.com/bot.html)" "www.tekmedicgloves.com"
185.191.171.18 - - [10/Sep/2022:21:30:42 -0700] "GET /phpMyAdmin/setup/?token=f82ab3bbc8a640db83115af5b0c9c8c7&version_check=1 HTTP/1.1" 200 12687 "-" "Mozilla/5.0 (compatible; SemrushBot/7~bl; +http://www.semrush.com/bot.html)" "tekmedicgloves.com"
185.191.171.39 - - [10/Sep/2022:21:30:49 -0700] "GET /phpMyAdmin/setup/?token=e9267ec048ec85df15a17187f7e6d317&version_check=1 HTTP/1.1" 200 12691 "-" "Mozilla/5.0 (compatible; SemrushBot/7~bl; +http://www.semrush.com/bot.html)" "www.tekmedicgloves.com"
185.191.171.18 - - [10/Sep/2022:21:30:52 -0700] "GET /phpMyAdmin/setup/index.php?token=1ec16770d8a5575a01f712a79dfe6620&version_check=1 HTTP/1.1" 200 12705 "-" "Mozilla/5.0 (compatible; SemrushBot/7~bl; +http://www.semrush.com/bot.html)" "tekmedicgloves.com"
185.191.171.24 - - [10/Sep/2022:21:31:02 -0700] "GET /phpMyAdmin/setup/index.php?token=ef6069480e8576952569bc307e62543e&version_check=1 HTTP/1.1" 200 12705 "-" "Mozilla/5.0 (compatible; SemrushBot/7~bl; +http://www.semrush.com/bot.html)" "tekmedicgloves.com"
185.191.171.20 - - [10/Sep/2022:21:31:15 -0700] "GET /phpMyAdmin/setup/?token=73f7c728b4f46d3882f3a6d39795d8bc&version_check=1 HTTP/1.1" 200 12687 "-" "Mozilla/5.0 (compatible; SemrushBot/7~bl; +http://www.semrush.com/bot.html)" "tekmedicgloves.com"
185.191.171.18 - - [10/Sep/2022:21:31:42 -0700] "GET /phpMyAdmin/setup/?token=6f0ae32ae4950433c7873f50e635efa2&version_check=1 HTTP/1.1" 200 12691 "-" "Mozilla/5.0 (compatible; SemrushBot/7~bl; +http://www.semrush.com/bot.html)" "www.tekmedicgloves.com"
185.191.171.19 - - [10/Sep/2022:21:31:44 -0700] "GET /phpMyAdmin/setup/?token=2567373464296e4ffd283952f64fa40d&version_check=1 HTTP/1.1" 200 12691 "-" "Mozilla/5.0 (compatible; SemrushBot/7~bl; +http://www.semrush.com/bot.html)" "www.tekmedicgloves.com"
185.191.171.11 - - [10/Sep/2022:21:31:58 -0700] "GET /phpMyAdmin/setup/?token=585bdcf4661f729c129db5e8bd68ae3f&version_check=1 HTTP/1.1" 200 12691 "-" "Mozilla/5.0 (compatible; SemrushBot/7~bl; +http://www.semrush.com/bot.html)" "www.tekmedicgloves.com"
185.191.171.10 - - [10/Sep/2022:21:32:10 -0700] "GET /phpMyAdmin/setup/?token=c1f2c965e62551bc0919193941c51fe9&version_check=1 HTTP/1.1" 200 12691 "-" "Mozilla/5.0 (compatible; SemrushBot/7~bl; +http://www.semrush.com/bot.html)" "www.tekmedicgloves.com"
185.191.171.18 - - [10/Sep/2022:21:32:12 -0700] "GET /phpMyAdmin/setup/?token=7bf28a6516b35f07c8012cd3c4d63459&version_check=1 HTTP/1.1" 200 12691 "-" "Mozilla/5.0 (compatible; SemrushBot/7~bl; +http://www.semrush.com/bot.html)" "www.tekmedicgloves.com"
185.191.171.25 - - [10/Sep/2022:21:32:21 -0700] "GET /phpMyAdmin/setup/?token=add57dc54f65c8e81d1662282520d89f&version_check=1 HTTP/1.1" 200 12691 "-" "Mozilla/5.0 (compatible; SemrushBot/7~bl; +http://www.semrush.com/bot.html)" "www.tekmedicgloves.com"
185.191.171.8 - - [10/Sep/2022:21:32:25 -0700] "GET /phpMyAdmin/setup/?token=e472add94c5b6d5815b2aa2b31929d1c&version_check=1 HTTP/1.1" 200 12691 "-" "Mozilla/5.0 (compatible; SemrushBot/7~bl; +http://www.semrush.com/bot.html)" "www.tekmedicgloves.com"
185.191.171.1 - - [10/Sep/2022:21:32:27 -0700] "GET /phpMyAdmin/setup/index.php?token=87ee2031ec04bda0008b473875922e78&version_check=1 HTTP/1.1" 200 12705 "-" "Mozilla/5.0 (compatible; SemrushBot/7~bl; +http://www.semrush.com/bot.html)" "tekmedicgloves.com"
185.191.171.18 - - [10/Sep/2022:21:32:39 -0700] "GET /phpMyAdmin/setup/?token=13a0e768d0738a155478761dd34d3ac4&version_check=1 HTTP/1.1" 200 12687 "-" "Mozilla/5.0 (compatible; SemrushBot/7~bl; +http://www.semrush.com/bot.html)" "tekmedicgloves.com"
185.191.171.3 - - [10/Sep/2022:21:32:42 -0700] "GET /phpMyAdmin/setup/?token=686f94471c1e8874850f1fac6197e236&version_check=1 HTTP/1.1" 200 12687 "-" "Mozilla/5.0 (compatible; SemrushBot/7~bl; +http://www.semrush.com/bot.html)" "tekmedicgloves.com"
185.191.171.17 - - [10/Sep/2022:21:32:47 -0700] "GET /phpMyAdmin/setup/?token=f683e3fb0e850341425e9020e0b353cd&version_check=1 HTTP/1.1" 200 12687 "-" "Mozilla/5.0 (compatible; SemrushBot/7~bl; +http://www.semrush.com/bot.html)" "tekmedicgloves.com"
185.191.171.40 - - [10/Sep/2022:21:32:59 -0700] "GET /phpMyAdmin/setup/?token=366f09365fbe992e1b1791c4833142f8&version_check=1 HTTP/1.1" 200 12691 "-" "Mozilla/5.0 (compatible; SemrushBot/7~bl; +http://www.semrush.com/bot.html)" "www.tekmedicgloves.com"
185.191.171.41 - - [10/Sep/2022:21:33:03 -0700] "GET /phpMyAdmin/setup/index.php?token=a1f2e623888d4b83c22eede239c146d4&version_check=1 HTTP/1.1" 200 12709 "-" "Mozilla/5.0 (compatible; SemrushBot/7~bl; +http://www.semrush.com/bot.html)" "www.tekmedicgloves.com"
185.191.171.8 - - [10/Sep/2022:21:33:09 -0700] "GET /phpMyAdmin/setup/index.php?token=1729d2d69418a2df25fab3988ea733c7&version_check=1 HTTP/1.1" 200 12705 "-" "Mozilla/5.0 (compatible; SemrushBot/7~bl; +http://www.semrush.com/bot.html)" "tekmedicgloves.com"
185.191.171.9 - - [10/Sep/2022:21:33:48 -0700] "GET /phpMyAdmin/setup/index.php?token=fce29dbe792a829c725b39ff4d6cb5e5&version_check=1 HTTP/1.1" 200 12705 "-" "Mozilla/5.0 (compatible; SemrushBot/7~bl; +http://www.semrush.com/bot.html)" "tekmedicgloves.com"
185.191.171.41 - - [10/Sep/2022:21:34:08 -0700] "GET /phpMyAdmin/setup/index.php?token=ffecb85da37b1253eff3e07ab8d37a61&version_check=1 HTTP/1.1" 200 12705 "-" "Mozilla/5.0 (compatible; SemrushBot/7~bl; +http://www.semrush.com/bot.html)" "tekmedicgloves.com"
185.191.171.24 - - [10/Sep/2022:21:34:21 -0700] "GET /phpMyAdmin/setup/?token=4c8d73711d330bcfe98b2552ebdd0db1&version_check=1 HTTP/1.1" 200 12691 "-" "Mozilla/5.0 (compatible; SemrushBot/7~bl; +http://www.semrush.com/bot.html)" "www.tekmedicgloves.com"
185.191.171.4 - - [10/Sep/2022:21:34:35 -0700] "GET /phpMyAdmin/setup/?token=341a250f60143a789bfcf9a6c14852b5&version_check=1 HTTP/1.1" 200 12687 "-" "Mozilla/5.0 (compatible; SemrushBot/7~bl; +http://www.semrush.com/bot.html)" "tekmedicgloves.com"
185.191.171.44 - - [10/Sep/2022:21:34:39 -0700] "GET /phpMyAdmin/setup/?token=9efe62322201ecd0e3617f40793b8000&version_check=1 HTTP/1.1" 200 12691 "-" "Mozilla/5.0 (compatible; SemrushBot/7~bl; +http://www.semrush.com/bot.html)" "www.tekmedicgloves.com"
185.191.171.38 - - [10/Sep/2022:21:34:41 -0700] "GET /phpMyAdmin/setup/?token=51f3b9b715f862b4890db6b2ddddb25d&version_check=1 HTTP/1.1" 200 12691 "-" "Mozilla/5.0 (compatible; SemrushBot/7~bl; +http://www.semrush.com/bot.html)" "www.tekmedicgloves.com"
185.191.171.42 - - [10/Sep/2022:21:34:55 -0700] "GET /phpMyAdmin/setup/index.php?token=407e1cfc98d8b98ae59f241287c67873&version_check=1 HTTP/1.1" 200 12705 "-" "Mozilla/5.0 (compatible; SemrushBot/7~bl; +http://www.semrush.com/bot.html)" "tekmedicgloves.com"
185.191.171.17 - - [10/Sep/2022:21:34:55 -0700] "GET /phpMyAdmin/setup/?token=082b6e22047b43b3e34788c40fb8015e&version_check=1 HTTP/1.1" 200 12691 "-" "Mozilla/5.0 (compatible; SemrushBot/7~bl; +http://www.semrush.com/bot.html)" "www.tekmedicgloves.com"
185.191.171.35 - - [10/Sep/2022:21:35:08 -0700] "GET /phpMyAdmin/setup/?token=38cbc5808767123eec3b25f6ecfda514&version_check=1 HTTP/1.1" 200 12691 "-" "Mozilla/5.0 (compatible; SemrushBot/7~bl; +http://www.semrush.com/bot.html)" "www.tekmedicgloves.com"
185.191.171.6 - - [10/Sep/2022:21:35:12 -0700] "GET /phpMyAdmin/setup/index.php?token=ecbe7a1a3593fd68fc0bb7bc58066369&version_check=1 HTTP/1.1" 200 12705 "-" "Mozilla/5.0 (compatible; SemrushBot/7~bl; +http://www.semrush.com/bot.html)" "tekmedicgloves.com"
185.191.171.26 - - [10/Sep/2022:21:35:19 -0700] "GET /phpMyAdmin/setup/?token=760d093d25e75b3ae60e90484a991e92&version_check=1 HTTP/1.1" 200 12691 "-" "Mozilla/5.0 (compatible; SemrushBot/7~bl; +http://www.semrush.com/bot.html)" "www.tekmedicgloves.com"
185.191.171.1 - - [10/Sep/2022:21:35:28 -0700] "GET /phpMyAdmin/setup/?token=b14c0bdfae0e0ba58c1e14e4abdb4ec9&version_check=1 HTTP/1.1" 200 12691 "-" "Mozilla/5.0 (compatible; SemrushBot/7~bl; +http://www.semrush.com/bot.html)" "www.tekmedicgloves.com"
185.191.171.1 - - [10/Sep/2022:21:35:38 -0700] "GET /phpMyAdmin/setup/?token=7ffb46e5cb8eb691c6262b748c25da05&version_check=1 HTTP/1.1" 200 12691 "-" "Mozilla/5.0 (compatible; SemrushBot/7~bl; +http://www.semrush.com/bot.html)" "www.tekmedicgloves.com"
185.191.171.7 - - [10/Sep/2022:21:35:40 -0700] "GET /phpMyAdmin/setup/?token=f3f3f796f1b1bda87532654ec2ac8d5d&version_check=1 HTTP/1.1" 200 12691 "-" "Mozilla/5.0 (compatible; SemrushBot/7~bl; +http://www.semrush.com/bot.html)" "www.tekmedicgloves.com"
185.191.171.5 - - [10/Sep/2022:21:35:42 -0700] "GET /phpMyAdmin/setup/?token=7c479ecca4294d8259698f97af7b9d02&version_check=1 HTTP/1.1" 200 12691 "-" "Mozilla/5.0 (compatible; SemrushBot/7~bl; +http://www.semrush.com/bot.html)" "www.tekmedicgloves.com"
185.191.171.22 - - [10/Sep/2022:21:35:44 -0700] "GET /phpMyAdmin/setup/?token=2ea940355b5047ef0b6df24ac7e83752&version_check=1 HTTP/1.1" 200 12687 "-" "Mozilla/5.0 (compatible; SemrushBot/7~bl; +http://www.semrush.com/bot.html)" "tekmedicgloves.com"
185.191.171.8 - - [10/Sep/2022:21:35:47 -0700] "GET /phpMyAdmin/setup/?token=16ca1c4dc4dfe6e1bbb5f74a638356f3&version_check=1 HTTP/1.1" 200 12687 "-" "Mozilla/5.0 (compatible; SemrushBot/7~bl; +http://www.semrush.com/bot.html)" "tekmedicgloves.com"
185.191.171.5 - - [10/Sep/2022:21:35:49 -0700] "GET /phpMyAdmin/setup/index.php?token=de81803d0fc341a243a8e24290100b0e&version_check=1 HTTP/1.1" 200 12705 "-" "Mozilla/5.0 (compatible; SemrushBot/7~bl; +http://www.semrush.com/bot.html)" "tekmedicgloves.com"
185.191.171.1 - - [10/Sep/2022:21:36:13 -0700] "GET /phpMyAdmin/setup/?token=6ef394d728959a6a692c6e351d1ae50e&version_check=1 HTTP/1.1" 200 12687 "-" "Mozilla/5.0 (compatible; SemrushBot/7~bl; +http://www.semrush.com/bot.html)" "tekmedicgloves.com"
185.191.171.42 - - [10/Sep/2022:21:36:22 -0700] "GET /phpMyAdmin/setup/index.php?token=55c9f1d1050d4e3211c6bb11fe88a3fe&version_check=1 HTTP/1.1" 200 12705 "-" "Mozilla/5.0 (compatible; SemrushBot/7~bl; +http://www.semrush.com/bot.html)" "tekmedicgloves.com"
185.191.171.34 - - [10/Sep/2022:21:36:29 -0700] "GET /phpMyAdmin/setup/?token=ed430c6e9c99cc27bdef1924f978b6b7&version_check=1 HTTP/1.1" 200 12687 "-" "Mozilla/5.0 (compatible; SemrushBot/7~bl; +http://www.semrush.com/bot.html)" "tekmedicgloves.com"
185.191.171.14 - - [10/Sep/2022:21:36:39 -0700] "GET /phpMyAdmin/setup/index.php?token=5d461493dfb1ccb197fb9e7f05ef1665&version_check=1 HTTP/1.1" 200 12705 "-" "Mozilla/5.0 (compatible; SemrushBot/7~bl; +http://www.semrush.com/bot.html)" "tekmedicgloves.com"
185.191.171.39 - - [10/Sep/2022:21:36:56 -0700] "GET /phpMyAdmin/setup/?token=e9301b31493e1b663a73565cd72f1b8e&version_check=1 HTTP/1.1" 200 12687 "-" "Mozilla/5.0 (compatible; SemrushBot/7~bl; +http://www.semrush.com/bot.html)" "tekmedicgloves.com"
185.191.171.39 - - [10/Sep/2022:21:37:31 -0700] "GET /robots.txt HTTP/1.1" 404 88 "-" "Mozilla/5.0 (compatible; SemrushBot/7~bl; +http://www.semrush.com/bot.html)" "www.tekmedicgloves.com"
185.191.171.19 - - [10/Sep/2022:21:37:32 -0700] "GET /phpMyAdmin/setup/?token=24ee372450e7a76399519ecf52efadf0&version_check=1 HTTP/1.1" 200 12691 "-" "Mozilla/5.0 (compatible; SemrushBot/7~bl; +http://www.semrush.com/bot.html)" "www.tekmedicgloves.com"
185.191.171.4 - - [10/Sep/2022:21:37:33 -0700] "GET /phpMyAdmin/setup/?token=1db2ef805a7979aa6d84369db5b88b2a&version_check=1 HTTP/1.1" 200 12687 "-" "Mozilla/5.0 (compatible; SemrushBot/7~bl; +http://www.semrush.com/bot.html)" "tekmedicgloves.com"
185.191.171.14 - - [10/Sep/2022:21:37:51 -0700] "GET /phpMyAdmin/setup/?token=6902f50f544989ad03652d4bc8bdef5e&version_check=1 HTTP/1.1" 200 12687 "-" "Mozilla/5.0 (compatible; SemrushBot/7~bl; +http://www.semrush.com/bot.html)" "tekmedicgloves.com"
185.191.171.38 - - [10/Sep/2022:21:37:53 -0700] "GET /phpMyAdmin/setup/?token=bc9a40dcae0dd95fe6cbe0feaf71d2c1&version_check=1 HTTP/1.1" 200 12691 "-" "Mozilla/5.0 (compatible; SemrushBot/7~bl; +http://www.semrush.com/bot.html)" "www.tekmedicgloves.com"
185.191.171.11 - - [10/Sep/2022:21:38:06 -0700] "GET /phpMyAdmin/setup/?token=bb253f033ed3e9ec257c04923b162caf&version_check=1 HTTP/1.1" 200 12687 "-" "Mozilla/5.0 (compatible; SemrushBot/7~bl; +http://www.semrush.com/bot.html)" "tekmedicgloves.com"
185.191.171.2 - - [10/Sep/2022:21:38:09 -0700] "GET /phpMyAdmin/setup/?token=a7b5aa639999d26653f1af626094ae83&version_check=1 HTTP/1.1" 200 12691 "-" "Mozilla/5.0 (compatible; SemrushBot/7~bl; +http://www.semrush.com/bot.html)" "www.tekmedicgloves.com"
185.191.171.4 - - [10/Sep/2022:21:38:14 -0700] "GET /phpMyAdmin/setup/?token=a9f3cfbd7d57dd0d8de7902a9c2052cf&version_check=1 HTTP/1.1" 200 12691 "-" "Mozilla/5.0 (compatible; SemrushBot/7~bl; +http://www.semrush.com/bot.html)" "www.tekmedicgloves.com"
185.191.171.38 - - [10/Sep/2022:21:38:27 -0700] "GET /phpMyAdmin/setup/?token=243432f9a3f2bd520ad0860a7c733f99&version_check=1 HTTP/1.1" 200 12687 "-" "Mozilla/5.0 (compatible; SemrushBot/7~bl; +http://www.semrush.com/bot.html)" "tekmedicgloves.com"
185.191.171.1 - - [10/Sep/2022:21:38:41 -0700] "GET /phpMyAdmin/setup/?token=4f5e8f33353b8d2ac123682c674bf805&version_check=1 HTTP/1.1" 200 12687 "-" "Mozilla/5.0 (compatible; SemrushBot/7~bl; +http://www.semrush.com/bot.html)" "tekmedicgloves.com"
34.174.29.240 - - [10/Sep/2022:21:38:59 -0700] "GET / HTTP/1.1" 200 696 "-" "Mozilla/5.0 (Windows NT 10.0; Win64; x64) AppleWebKit/537.36 (KHTML, like Gecko) Chrome/95.0.4638.69 Safari/537.36" "tekmedicgloves.com"
34.174.29.240 - - [10/Sep/2022:21:39:00 -0700] "GET /wp-includes/ID3/license.txt HTTP/1.1" 404 73 "-" "Mozilla/5.0 (Windows NT 10.0; Win64; x64) AppleWebKit/537.36 (KHTML, like Gecko) Chrome/95.0.4638.69 Safari/537.36" "tekmedicgloves.com"
34.174.29.240 - - [10/Sep/2022:21:39:00 -0700] "GET /feed/ HTTP/1.1" 404 73 "-" "Mozilla/5.0 (Windows NT 10.0; Win64; x64) AppleWebKit/537.36 (KHTML, like Gecko) Chrome/95.0.4638.69 Safari/537.36" "tekmedicgloves.com"
34.174.29.240 - - [10/Sep/2022:21:39:00 -0700] "GET /xmlrpc.php?rsd HTTP/1.1" 404 73 "-" "Mozilla/5.0 (Windows NT 10.0; Win64; x64) AppleWebKit/537.36 (KHTML, like Gecko) Chrome/95.0.4638.69 Safari/537.36" "tekmedicgloves.com"
34.174.29.240 - - [10/Sep/2022:21:39:00 -0700] "GET /blog/wp-includes/wlwmanifest.xml HTTP/1.1" 404 73 "-" "Mozilla/5.0 (Windows NT 10.0; Win64; x64) AppleWebKit/537.36 (KHTML, like Gecko) Chrome/95.0.4638.69 Safari/537.36" "tekmedicgloves.com"
34.174.29.240 - - [10/Sep/2022:21:39:01 -0700] "GET /web/wp-includes/wlwmanifest.xml HTTP/1.1" 404 73 "-" "Mozilla/5.0 (Windows NT 10.0; Win64; x64) AppleWebKit/537.36 (KHTML, like Gecko) Chrome/95.0.4638.69 Safari/537.36" "tekmedicgloves.com"
34.174.29.240 - - [10/Sep/2022:21:39:01 -0700] "GET /wordpress/wp-includes/wlwmanifest.xml HTTP/1.1" 404 73 "-" "Mozilla/5.0 (Windows NT 10.0; Win64; x64) AppleWebKit/537.36 (KHTML, like Gecko) Chrome/95.0.4638.69 Safari/537.36" "tekmedicgloves.com"
34.174.29.240 - - [10/Sep/2022:21:39:01 -0700] "GET /wp/wp-includes/wlwmanifest.xml HTTP/1.1" 404 73 "-" "Mozilla/5.0 (Windows NT 10.0; Win64; x64) AppleWebKit/537.36 (KHTML, like Gecko) Chrome/95.0.4638.69 Safari/537.36" "tekmedicgloves.com"
34.174.29.240 - - [10/Sep/2022:21:39:01 -0700] "GET /2020/wp-includes/wlwmanifest.xml HTTP/1.1" 404 73 "-" "Mozilla/5.0 (Windows NT 10.0; Win64; x64) AppleWebKit/537.36 (KHTML, like Gecko) Chrome/95.0.4638.69 Safari/537.36" "tekmedicgloves.com"
34.174.29.240 - - [10/Sep/2022:21:39:01 -0700] "GET /2019/wp-includes/wlwmanifest.xml HTTP/1.1" 404 73 "-" "Mozilla/5.0 (Windows NT 10.0; Win64; x64) AppleWebKit/537.36 (KHTML, like Gecko) Chrome/95.0.4638.69 Safari/537.36" "tekmedicgloves.com"
34.174.29.240 - - [10/Sep/2022:21:39:02 -0700] "GET /2021/wp-includes/wlwmanifest.xml HTTP/1.1" 404 73 "-" "Mozilla/5.0 (Windows NT 10.0; Win64; x64) AppleWebKit/537.36 (KHTML, like Gecko) Chrome/95.0.4638.69 Safari/537.36" "tekmedicgloves.com"
34.174.29.240 - - [10/Sep/2022:21:39:02 -0700] "GET /shop/wp-includes/wlwmanifest.xml HTTP/1.1" 404 73 "-" "Mozilla/5.0 (Windows NT 10.0; Win64; x64) AppleWebKit/537.36 (KHTML, like Gecko) Chrome/95.0.4638.69 Safari/537.36" "tekmedicgloves.com"
34.174.29.240 - - [10/Sep/2022:21:39:02 -0700] "GET /wp1/wp-includes/wlwmanifest.xml HTTP/1.1" 404 73 "-" "Mozilla/5.0 (Windows NT 10.0; Win64; x64) AppleWebKit/537.36 (KHTML, like Gecko) Chrome/95.0.4638.69 Safari/537.36" "tekmedicgloves.com"
34.174.29.240 - - [10/Sep/2022:21:39:02 -0700] "GET /test/wp-includes/wlwmanifest.xml HTTP/1.1" 404 73 "-" "Mozilla/5.0 (Windows NT 10.0; Win64; x64) AppleWebKit/537.36 (KHTML, like Gecko) Chrome/95.0.4638.69 Safari/537.36" "tekmedicgloves.com"
34.174.29.240 - - [10/Sep/2022:21:39:02 -0700] "GET /site/wp-includes/wlwmanifest.xml HTTP/1.1" 404 73 "-" "Mozilla/5.0 (Windows NT 10.0; Win64; x64) AppleWebKit/537.36 (KHTML, like Gecko) Chrome/95.0.4638.69 Safari/537.36" "tekmedicgloves.com"
34.174.29.240 - - [10/Sep/2022:21:39:03 -0700] "GET /cms/wp-includes/wlwmanifest.xml HTTP/1.1" 404 73 "-" "Mozilla/5.0 (Windows NT 10.0; Win64; x64) AppleWebKit/537.36 (KHTML, like Gecko) Chrome/95.0.4638.69 Safari/537.36" "tekmedicgloves.com"
185.191.171.14 - - [10/Sep/2022:21:39:03 -0700] "GET /phpMyAdmin/setup/?token=2166e38e4cf05b3fbbdac3acc9065d00&version_check=1 HTTP/1.1" 200 12691 "-" "Mozilla/5.0 (compatible; SemrushBot/7~bl; +http://www.semrush.com/bot.html)" "www.tekmedicgloves.com"
185.191.171.8 - - [10/Sep/2022:21:39:09 -0700] "GET /phpMyAdmin/setup/?token=78733bceee586b71242eba2ff6cb65eb&version_check=1 HTTP/1.1" 200 12687 "-" "Mozilla/5.0 (compatible; SemrushBot/7~bl; +http://www.semrush.com/bot.html)" "tekmedicgloves.com"
185.191.171.39 - - [10/Sep/2022:21:39:22 -0700] "GET /phpMyAdmin/setup/?token=31bf9fe0fa2615ed754a08679dbe74f1&version_check=1 HTTP/1.1" 200 12691 "-" "Mozilla/5.0 (compatible; SemrushBot/7~bl; +http://www.semrush.com/bot.html)" "www.tekmedicgloves.com"
185.191.171.19 - - [10/Sep/2022:21:39:25 -0700] "GET /phpMyAdmin/setup/?token=601e63209e18bdba420c92b4f44565e2&version_check=1 HTTP/1.1" 200 12691 "-" "Mozilla/5.0 (compatible; SemrushBot/7~bl; +http://www.semrush.com/bot.html)" "www.tekmedicgloves.com"
185.191.171.16 - - [10/Sep/2022:21:39:38 -0700] "GET /phpMyAdmin/setup/?token=1d4e204aadbb32c1234ee1e44629197c&version_check=1 HTTP/1.1" 200 12687 "-" "Mozilla/5.0 (compatible; SemrushBot/7~bl; +http://www.semrush.com/bot.html)" "tekmedicgloves.com"
185.191.171.41 - - [10/Sep/2022:21:39:43 -0700] "GET /phpMyAdmin/setup/?token=40c8d8ac2bfb40451a3ddb73be12f6fa&version_check=1 HTTP/1.1" 200 12691 "-" "Mozilla/5.0 (compatible; SemrushBot/7~bl; +http://www.semrush.com/bot.html)" "www.tekmedicgloves.com"
185.191.171.20 - - [10/Sep/2022:21:40:13 -0700] "GET /phpMyAdmin/setup/?token=1fdc7c2c56d83e602fd8a08fd45cc110&version_check=1 HTTP/1.1" 200 12691 "-" "Mozilla/5.0 (compatible; SemrushBot/7~bl; +http://www.semrush.com/bot.html)" "www.tekmedicgloves.com"
185.191.171.38 - - [10/Sep/2022:21:40:16 -0700] "GET /phpMyAdmin/setup/?token=3723f813d39fa39948acbb9fda1df448&version_check=1 HTTP/1.1" 200 12691 "-" "Mozilla/5.0 (compatible; SemrushBot/7~bl; +http://www.semrush.com/bot.html)" "www.tekmedicgloves.com"
185.191.171.1 - - [10/Sep/2022:21:40:16 -0700] "GET /phpMyAdmin/setup/index.php?token=f82512f68d219210370bb716443cda9a&version_check=1 HTTP/1.1" 200 12705 "-" "Mozilla/5.0 (compatible; SemrushBot/7~bl; +http://www.semrush.com/bot.html)" "tekmedicgloves.com"
185.191.171.41 - - [10/Sep/2022:21:40:20 -0700] "GET /phpMyAdmin/setup/?token=bd6915e80dbaf1bebaade8c585bdaa95&version_check=1 HTTP/1.1" 200 12691 "-" "Mozilla/5.0 (compatible; SemrushBot/7~bl; +http://www.semrush.com/bot.html)" "www.tekmedicgloves.com"
185.191.171.18 - - [10/Sep/2022:21:40:25 -0700] "GET /phpMyAdmin/setup/?token=1bbb032167254fc7f41e7021f735d928&version_check=1 HTTP/1.1" 200 12687 "-" "Mozilla/5.0 (compatible; SemrushBot/7~bl; +http://www.semrush.com/bot.html)" "tekmedicgloves.com"
185.191.171.1 - - [10/Sep/2022:21:40:51 -0700] "GET /phpMyAdmin/setup/?token=a30b1d2c5d40e62a46f6f50ae5f75f93&version_check=1 HTTP/1.1" 200 12687 "-" "Mozilla/5.0 (compatible; SemrushBot/7~bl; +http://www.semrush.com/bot.html)" "tekmedicgloves.com"
185.191.171.8 - - [10/Sep/2022:21:41:13 -0700] "GET /phpMyAdmin/setup/index.php?token=63e9208db759afe6a4969bf368af14f6&version_check=1 HTTP/1.1" 200 12709 "-" "Mozilla/5.0 (compatible; SemrushBot/7~bl; +http://www.semrush.com/bot.html)" "www.tekmedicgloves.com"
185.191.171.3 - - [10/Sep/2022:21:41:20 -0700] "GET /phpMyAdmin/setup/?token=ba3806a78587adca9d98226fe0bc39c0&version_check=1 HTTP/1.1" 200 12691 "-" "Mozilla/5.0 (compatible; SemrushBot/7~bl; +http://www.semrush.com/bot.html)" "www.tekmedicgloves.com"
185.191.171.34 - - [10/Sep/2022:21:41:29 -0700] "GET /phpMyAdmin/setup/index.php?token=0c3ac54f327c6a8f196b4d5d0a5735c9&version_check=1 HTTP/1.1" 200 12709 "-" "Mozilla/5.0 (compatible; SemrushBot/7~bl; +http://www.semrush.com/bot.html)" "www.tekmedicgloves.com"
185.191.171.8 - - [10/Sep/2022:21:41:35 -0700] "GET /phpMyAdmin/setup/index.php?token=5e29efb79a01adb669144de12a0aa287&version_check=1 HTTP/1.1" 200 12705 "-" "Mozilla/5.0 (compatible; SemrushBot/7~bl; +http://www.semrush.com/bot.html)" "tekmedicgloves.com"
185.191.171.9 - - [10/Sep/2022:21:41:37 -0700] "GET /phpMyAdmin/setup/?token=cc015d793f9b3e732ec8c96b6e06ed4b&version_check=1 HTTP/1.1" 200 12691 "-" "Mozilla/5.0 (compatible; SemrushBot/7~bl; +http://www.semrush.com/bot.html)" "www.tekmedicgloves.com"
185.191.171.22 - - [10/Sep/2022:21:41:37 -0700] "GET /phpMyAdmin/setup/?token=31008f0e58d90f5e4c32c33b3aa23db8&version_check=1 HTTP/1.1" 200 12687 "-" "Mozilla/5.0 (compatible; SemrushBot/7~bl; +http://www.semrush.com/bot.html)" "tekmedicgloves.com"
185.191.171.35 - - [10/Sep/2022:21:41:44 -0700] "GET /phpMyAdmin/setup/?token=624c9cc6f8613bb5de227b6e1fd4134c&version_check=1 HTTP/1.1" 200 12691 "-" "Mozilla/5.0 (compatible; SemrushBot/7~bl; +http://www.semrush.com/bot.html)" "www.tekmedicgloves.com"
185.191.171.33 - - [10/Sep/2022:21:42:07 -0700] "GET /phpMyAdmin/setup/?token=c04ed7202aa93cf7bbca8e6d5bf077d9&version_check=1 HTTP/1.1" 200 12687 "-" "Mozilla/5.0 (compatible; SemrushBot/7~bl; +http://www.semrush.com/bot.html)" "tekmedicgloves.com"
185.191.171.20 - - [10/Sep/2022:21:42:35 -0700] "GET /phpMyAdmin/setup/index.php?token=bc4036f2831d9e9bcf2a47462e57789d&version_check=1 HTTP/1.1" 200 12705 "-" "Mozilla/5.0 (compatible; SemrushBot/7~bl; +http://www.semrush.com/bot.html)" "tekmedicgloves.com"
