185.191.171.3 - - [10/Sep/2022:20:45:14 -0700] "GET /phpMyAdmin/setup/?token=453463dbf1fdf88c43a632169d29aacb&version_check=1 HTTP/1.1" 200 12691 "-" "Mozilla/5.0 (compatible; SemrushBot/7~bl; +http://www.semrush.com/bot.html)" "www.tekmedicgloves.com"
185.191.171.11 - - [10/Sep/2022:20:45:16 -0700] "GET /phpMyAdmin/setup/?token=bf3977bd6ed2c2c478e19fee1a706905&version_check=1 HTTP/1.1" 200 12691 "-" "Mozilla/5.0 (compatible; SemrushBot/7~bl; +http://www.semrush.com/bot.html)" "www.tekmedicgloves.com"
185.191.171.24 - - [10/Sep/2022:20:46:02 -0700] "GET /phpMyAdmin/setup/index.php?token=561769dd340503383bd84663ef401b1d&version_check=1 HTTP/1.1" 200 12709 "-" "Mozilla/5.0 (compatible; SemrushBot/7~bl; +http://www.semrush.com/bot.html)" "www.tekmedicgloves.com"
185.191.171.4 - - [10/Sep/2022:20:46:34 -0700] "GET /phpMyAdmin/setup/?token=56037db9a8d146bde66772008b8459fa&version_check=1 HTTP/1.1" 200 12687 "-" "Mozilla/5.0 (compatible; SemrushBot/7~bl; +http://www.semrush.com/bot.html)" "tekmedicgloves.com"
185.191.171.24 - - [10/Sep/2022:20:46:46 -0700] "GET /phpMyAdmin/setup/?token=d209afe6fcecac2de55f9f9d344a48f5&version_check=1 HTTP/1.1" 200 12691 "-" "Mozilla/5.0 (compatible; SemrushBot/7~bl; +http://www.semrush.com/bot.html)" "www.tekmedicgloves.com"
185.191.171.8 - - [10/Sep/2022:20:47:01 -0700] "GET /phpMyAdmin/setup/?token=b07faee12fc56b2feb9b5f8b7077b590&version_check=1 HTTP/1.1" 200 12691 "-" "Mozilla/5.0 (compatible; SemrushBot/7~bl; +http://www.semrush.com/bot.html)" "www.tekmedicgloves.com"
185.191.171.1 - - [10/Sep/2022:20:47:13 -0700] "GET /phpMyAdmin/setup/?token=a18731bdfc41acc09edf6a243a342363&version_check=1 HTTP/1.1" 200 12691 "-" "Mozilla/5.0 (compatible; SemrushBot/7~bl; +http://www.semrush.com/bot.html)" "www.tekmedicgloves.com"
185.191.171.13 - - [10/Sep/2022:20:47:13 -0700] "GET /phpMyAdmin/setup/index.php?token=a7fb8ac14ea9f328a314162cddcaf886&version_check=1 HTTP/1.1" 200 12705 "-" "Mozilla/5.0 (compatible; SemrushBot/7~bl; +http://www.semrush.com/bot.html)" "tekmedicgloves.com"
185.191.171.45 - - [10/Sep/2022:20:47:25 -0700] "GET /phpMyAdmin/setup/?token=040f9e5842c8207ae13fa7ae878a2e8d&version_check=1 HTTP/1.1" 200 12687 "-" "Mozilla/5.0 (compatible; SemrushBot/7~bl; +http://www.semrush.com/bot.html)" "tekmedicgloves.com"
185.191.171.33 - - [10/Sep/2022:20:47:27 -0700] "GET /phpMyAdmin/setup/index.php?token=c3fbc57b22ceb3e84989fca0e174c2a2&version_check=1 HTTP/1.1" 200 12705 "-" "Mozilla/5.0 (compatible; SemrushBot/7~bl; +http://www.semrush.com/bot.html)" "tekmedicgloves.com"
185.191.171.6 - - [10/Sep/2022:20:47:39 -0700] "GET /phpMyAdmin/setup/?token=a2fa0efee33d6d4f0655c3514729fdba&version_check=1 HTTP/1.1" 200 12687 "-" "Mozilla/5.0 (compatible; SemrushBot/7~bl; +http://www.semrush.com/bot.html)" "tekmedicgloves.com"
185.191.171.24 - - [10/Sep/2022:20:47:44 -0700] "GET /phpMyAdmin/setup/?token=3cadd5f96653c9a2291f6d1e0e783805&version_check=1 HTTP/1.1" 200 12691 "-" "Mozilla/5.0 (compatible; SemrushBot/7~bl; +http://www.semrush.com/bot.html)" "www.tekmedicgloves.com"
185.191.171.11 - - [10/Sep/2022:20:48:02 -0700] "GET /phpMyAdmin/setup/?token=81d0403449020757f0f98ddf61f6c059&version_check=1 HTTP/1.1" 200 12687 "-" "Mozilla/5.0 (compatible; SemrushBot/7~bl; +http://www.semrush.com/bot.html)" "tekmedicgloves.com"
185.191.171.7 - - [10/Sep/2022:20:48:08 -0700] "GET /phpMyAdmin/setup/?token=d30bfacfb47fdbc669578915933e2605&version_check=1 HTTP/1.1" 200 12687 "-" "Mozilla/5.0 (compatible; SemrushBot/7~bl; +http://www.semrush.com/bot.html)" "tekmedicgloves.com"
185.191.171.41 - - [10/Sep/2022:20:48:12 -0700] "GET /phpMyAdmin/setup/?token=844fafb202b58189eb586c9030242b4a&version_check=1 HTTP/1.1" 200 12687 "-" "Mozilla/5.0 (compatible; SemrushBot/7~bl; +http://www.semrush.com/bot.html)" "tekmedicgloves.com"
185.191.171.35 - - [10/Sep/2022:20:48:14 -0700] "GET /phpMyAdmin/setup/index.php?token=e636c136dd49f8ac7507b397ce31a88e&version_check=1 HTTP/1.1" 200 12705 "-" "Mozilla/5.0 (compatible; SemrushBot/7~bl; +http://www.semrush.com/bot.html)" "tekmedicgloves.com"
185.191.171.5 - - [10/Sep/2022:20:48:41 -0700] "GET /phpMyAdmin/setup/?token=e1ddba93de1d038eac3f07d0af52d2c5&version_check=1 HTTP/1.1" 200 12687 "-" "Mozilla/5.0 (compatible; SemrushBot/7~bl; +http://www.semrush.com/bot.html)" "tekmedicgloves.com"
185.191.171.1 - - [10/Sep/2022:20:48:46 -0700] "GET /phpMyAdmin/setup/?token=1f1e9e601728eaa5f7b8ee91434e9101&version_check=1 HTTP/1.1" 200 12691 "-" "Mozilla/5.0 (compatible; SemrushBot/7~bl; +http://www.semrush.com/bot.html)" "www.tekmedicgloves.com"
185.191.171.14 - - [10/Sep/2022:20:49:09 -0700] "GET /phpMyAdmin/setup/?token=c6f9fd2532414245e9ef2ee7c9344ab1&version_check=1 HTTP/1.1" 200 12691 "-" "Mozilla/5.0 (compatible; SemrushBot/7~bl; +http://www.semrush.com/bot.html)" "www.tekmedicgloves.com"
185.191.171.2 - - [10/Sep/2022:20:49:22 -0700] "GET /phpMyAdmin/setup/?token=ce613908ec584daf88f2369991499476&version_check=1 HTTP/1.1" 200 12687 "-" "Mozilla/5.0 (compatible; SemrushBot/7~bl; +http://www.semrush.com/bot.html)" "tekmedicgloves.com"
185.191.171.45 - - [10/Sep/2022:20:49:31 -0700] "GET /phpMyAdmin/setup/?token=73f66783ed16b128aa6a2072f9ec1796&version_check=1 HTTP/1.1" 200 12691 "-" "Mozilla/5.0 (compatible; SemrushBot/7~bl; +http://www.semrush.com/bot.html)" "www.tekmedicgloves.com"
185.191.171.14 - - [10/Sep/2022:20:49:40 -0700] "GET /phpMyAdmin/setup/index.php?token=a73076ddefbc2f7489fcd9c148bde676&version_check=1 HTTP/1.1" 200 12705 "-" "Mozilla/5.0 (compatible; SemrushBot/7~bl; +http://www.semrush.com/bot.html)" "tekmedicgloves.com"
185.191.171.37 - - [10/Sep/2022:20:49:51 -0700] "GET /phpMyAdmin/setup/?token=fdd24a9610c8bca8f61f1258eba660ee&version_check=1 HTTP/1.1" 200 12691 "-" "Mozilla/5.0 (compatible; SemrushBot/7~bl; +http://www.semrush.com/bot.html)" "www.tekmedicgloves.com"
185.191.171.26 - - [10/Sep/2022:20:49:53 -0700] "GET /phpMyAdmin/setup/index.php?token=014201baf796b2c7c8e217bf3e2b7b31&version_check=1 HTTP/1.1" 200 12705 "-" "Mozilla/5.0 (compatible; SemrushBot/7~bl; +http://www.semrush.com/bot.html)" "tekmedicgloves.com"
185.191.171.24 - - [10/Sep/2022:20:49:54 -0700] "GET /phpMyAdmin/setup/?token=33315ae5b63dcf12e05d02f0c7071638&version_check=1 HTTP/1.1" 200 12691 "-" "Mozilla/5.0 (compatible; SemrushBot/7~bl; +http://www.semrush.com/bot.html)" "www.tekmedicgloves.com"
185.191.171.4 - - [10/Sep/2022:20:49:56 -0700] "GET /phpMyAdmin/setup/?token=96db2255ef801520eb7abe16e48a3970&version_check=1 HTTP/1.1" 200 12687 "-" "Mozilla/5.0 (compatible; SemrushBot/7~bl; +http://www.semrush.com/bot.html)" "tekmedicgloves.com"
185.191.171.25 - - [10/Sep/2022:20:49:59 -0700] "GET /phpMyAdmin/setup/?token=3cb79ea864baa205f8abce73fa394310&version_check=1 HTTP/1.1" 200 12691 "-" "Mozilla/5.0 (compatible; SemrushBot/7~bl; +http://www.semrush.com/bot.html)" "www.tekmedicgloves.com"
185.191.171.3 - - [10/Sep/2022:20:50:07 -0700] "GET /phpMyAdmin/setup/?token=185bbe7df96ce366d4f028ded96ef9b5&version_check=1 HTTP/1.1" 200 12687 "-" "Mozilla/5.0 (compatible; SemrushBot/7~bl; +http://www.semrush.com/bot.html)" "tekmedicgloves.com"
185.191.171.45 - - [10/Sep/2022:20:50:09 -0700] "GET /phpMyAdmin/setup/?token=6691f4d0793584923652ce3d7827a045&version_check=1 HTTP/1.1" 200 12691 "-" "Mozilla/5.0 (compatible; SemrushBot/7~bl; +http://www.semrush.com/bot.html)" "www.tekmedicgloves.com"
185.191.171.33 - - [10/Sep/2022:20:50:14 -0700] "GET /phpMyAdmin/setup/?token=d2e79caf5f6f6a2e52f4924508fc8a8a&version_check=1 HTTP/1.1" 200 12691 "-" "Mozilla/5.0 (compatible; SemrushBot/7~bl; +http://www.semrush.com/bot.html)" "www.tekmedicgloves.com"
185.191.171.37 - - [10/Sep/2022:20:50:41 -0700] "GET /phpMyAdmin/setup/?token=80118c69457b292ccc465750c4e3ae9b&version_check=1 HTTP/1.1" 200 12687 "-" "Mozilla/5.0 (compatible; SemrushBot/7~bl; +http://www.semrush.com/bot.html)" "tekmedicgloves.com"
185.191.171.4 - - [10/Sep/2022:20:50:49 -0700] "GET /phpMyAdmin/setup/?token=3e97b7959436dbf30620cbfb86928f4d&version_check=1 HTTP/1.1" 200 12691 "-" "Mozilla/5.0 (compatible; SemrushBot/7~bl; +http://www.semrush.com/bot.html)" "www.tekmedicgloves.com"
185.191.171.8 - - [10/Sep/2022:20:50:59 -0700] "GET /phpMyAdmin/setup/?token=299728553e68539e39fa1d6c6e049780&version_check=1 HTTP/1.1" 200 12691 "-" "Mozilla/5.0 (compatible; SemrushBot/7~bl; +http://www.semrush.com/bot.html)" "www.tekmedicgloves.com"
185.191.171.18 - - [10/Sep/2022:20:51:12 -0700] "GET /phpMyAdmin/setup/?token=4fd63429f7cc1bfdd79d3db108b64ba1&version_check=1 HTTP/1.1" 200 12691 "-" "Mozilla/5.0 (compatible; SemrushBot/7~bl; +http://www.semrush.com/bot.html)" "www.tekmedicgloves.com"
185.191.171.10 - - [10/Sep/2022:20:51:17 -0700] "GET /phpMyAdmin/setup/?token=66cd96f6cab577a1c558b553c266f9ac&version_check=1 HTTP/1.1" 200 12687 "-" "Mozilla/5.0 (compatible; SemrushBot/7~bl; +http://www.semrush.com/bot.html)" "tekmedicgloves.com"
185.191.171.13 - - [10/Sep/2022:20:51:24 -0700] "GET /phpMyAdmin/setup/index.php?token=61899119b2ee3dd7e88bc32b7d12c93c&version_check=1 HTTP/1.1" 200 12705 "-" "Mozilla/5.0 (compatible; SemrushBot/7~bl; +http://www.semrush.com/bot.html)" "tekmedicgloves.com"
185.191.171.25 - - [10/Sep/2022:20:51:29 -0700] "GET /phpMyAdmin/setup/index.php?token=afade39e8ca09eb0a386376419f9d6d7&version_check=1 HTTP/1.1" 200 12705 "-" "Mozilla/5.0 (compatible; SemrushBot/7~bl; +http://www.semrush.com/bot.html)" "tekmedicgloves.com"
185.191.171.11 - - [10/Sep/2022:20:51:29 -0700] "GET /phpMyAdmin/setup/?token=2eb8ec6d665934893fcafa8ed912ac97&version_check=1 HTTP/1.1" 200 12691 "-" "Mozilla/5.0 (compatible; SemrushBot/7~bl; +http://www.semrush.com/bot.html)" "www.tekmedicgloves.com"
185.191.171.33 - - [10/Sep/2022:20:51:40 -0700] "GET /phpMyAdmin/setup/?token=296f8761cd717456d8620d7a9e35491b&version_check=1 HTTP/1.1" 200 12691 "-" "Mozilla/5.0 (compatible; SemrushBot/7~bl; +http://www.semrush.com/bot.html)" "www.tekmedicgloves.com"
185.191.171.6 - - [10/Sep/2022:20:51:56 -0700] "GET /phpMyAdmin/setup/?token=c813986d6f60973028aaf3987239e53c&version_check=1 HTTP/1.1" 200 12691 "-" "Mozilla/5.0 (compatible; SemrushBot/7~bl; +http://www.semrush.com/bot.html)" "www.tekmedicgloves.com"
185.191.171.16 - - [10/Sep/2022:20:52:10 -0700] "GET /phpMyAdmin/setup/?token=2b063fefc475c285dd4f5f9680d11250&version_check=1 HTTP/1.1" 200 12687 "-" "Mozilla/5.0 (compatible; SemrushBot/7~bl; +http://www.semrush.com/bot.html)" "tekmedicgloves.com"
185.191.171.3 - - [10/Sep/2022:20:52:28 -0700] "GET /phpMyAdmin/setup/?token=b904526f7709aa4e19cd8f9cda74b101&version_check=1 HTTP/1.1" 200 12691 "-" "Mozilla/5.0 (compatible; SemrushBot/7~bl; +http://www.semrush.com/bot.html)" "www.tekmedicgloves.com"
185.191.171.11 - - [10/Sep/2022:20:52:33 -0700] "GET /phpMyAdmin/setup/index.php?token=3f5c5557eac74f93e33fb18a340f5f16&version_check=1 HTTP/1.1" 200 12705 "-" "Mozilla/5.0 (compatible; SemrushBot/7~bl; +http://www.semrush.com/bot.html)" "tekmedicgloves.com"
185.191.171.41 - - [10/Sep/2022:20:52:56 -0700] "GET /phpMyAdmin/setup/?token=b2ef9f60b5721f9ebad0271adea296cd&version_check=1 HTTP/1.1" 200 12691 "-" "Mozilla/5.0 (compatible; SemrushBot/7~bl; +http://www.semrush.com/bot.html)" "www.tekmedicgloves.com"
185.191.171.41 - - [10/Sep/2022:20:53:03 -0700] "GET /phpMyAdmin/setup/?token=4f931cdbd5568575a62863988b00c6c8&version_check=1 HTTP/1.1" 200 12687 "-" "Mozilla/5.0 (compatible; SemrushBot/7~bl; +http://www.semrush.com/bot.html)" "tekmedicgloves.com"
185.191.171.23 - - [10/Sep/2022:20:53:08 -0700] "GET /phpMyAdmin/setup/?token=451863ad640971975b5d7055dcb62ae9&version_check=1 HTTP/1.1" 200 12687 "-" "Mozilla/5.0 (compatible; SemrushBot/7~bl; +http://www.semrush.com/bot.html)" "tekmedicgloves.com"
185.191.171.5 - - [10/Sep/2022:20:53:31 -0700] "GET /phpMyAdmin/setup/?token=37b641d1fc63534a308d7f8cb4944054&version_check=1 HTTP/1.1" 200 12691 "-" "Mozilla/5.0 (compatible; SemrushBot/7~bl; +http://www.semrush.com/bot.html)" "www.tekmedicgloves.com"
185.191.171.19 - - [10/Sep/2022:20:53:37 -0700] "GET /phpMyAdmin/setup/?token=f7e8411ebe8898ff1df50f2e7a3109ec&version_check=1 HTTP/1.1" 200 12687 "-" "Mozilla/5.0 (compatible; SemrushBot/7~bl; +http://www.semrush.com/bot.html)" "tekmedicgloves.com"
185.191.171.24 - - [10/Sep/2022:20:53:39 -0700] "GET /phpMyAdmin/setup/index.php?token=aaa62ca5a2db23c5b19cef0d6ac3cd65&version_check=1 HTTP/1.1" 200 12705 "-" "Mozilla/5.0 (compatible; SemrushBot/7~bl; +http://www.semrush.com/bot.html)" "tekmedicgloves.com"
185.191.171.36 - - [10/Sep/2022:20:53:39 -0700] "GET /phpMyAdmin/setup/index.php?token=34e744526a2967da01259a5152df034d&version_check=1 HTTP/1.1" 200 12709 "-" "Mozilla/5.0 (compatible; SemrushBot/7~bl; +http://www.semrush.com/bot.html)" "www.tekmedicgloves.com"
185.191.171.7 - - [10/Sep/2022:20:53:41 -0700] "GET /phpMyAdmin/setup/?token=afeea13ca92c0c1d3f528d59c14a276d&version_check=1 HTTP/1.1" 200 12691 "-" "Mozilla/5.0 (compatible; SemrushBot/7~bl; +http://www.semrush.com/bot.html)" "www.tekmedicgloves.com"
185.191.171.10 - - [10/Sep/2022:20:53:52 -0700] "GET /phpMyAdmin/setup/?token=36e8b0ac203dba355e10238e71df5c60&version_check=1 HTTP/1.1" 200 12687 "-" "Mozilla/5.0 (compatible; SemrushBot/7~bl; +http://www.semrush.com/bot.html)" "tekmedicgloves.com"
185.191.171.11 - - [10/Sep/2022:20:53:55 -0700] "GET /phpMyAdmin/setup/?token=74f94b59bab875e0643e6cf3de0ab704&version_check=1 HTTP/1.1" 200 12687 "-" "Mozilla/5.0 (compatible; SemrushBot/7~bl; +http://www.semrush.com/bot.html)" "tekmedicgloves.com"
185.191.171.14 - - [10/Sep/2022:20:53:59 -0700] "GET /phpMyAdmin/setup/?token=e4193c40aae6ffa0637dbeba2a9f3ad7&version_check=1 HTTP/1.1" 200 12691 "-" "Mozilla/5.0 (compatible; SemrushBot/7~bl; +http://www.semrush.com/bot.html)" "www.tekmedicgloves.com"
185.191.171.14 - - [10/Sep/2022:20:54:33 -0700] "GET /phpMyAdmin/setup/?token=e40bedb5c725e16abe76c7bbf2ab4d85&version_check=1 HTTP/1.1" 200 12687 "-" "Mozilla/5.0 (compatible; SemrushBot/7~bl; +http://www.semrush.com/bot.html)" "tekmedicgloves.com"
185.191.171.6 - - [10/Sep/2022:20:54:34 -0700] "GET /phpMyAdmin/setup/?token=dc090ca5119ddebb1703670d175e8d4f&version_check=1 HTTP/1.1" 200 12687 "-" "Mozilla/5.0 (compatible; SemrushBot/7~bl; +http://www.semrush.com/bot.html)" "tekmedicgloves.com"
185.191.171.44 - - [10/Sep/2022:20:54:39 -0700] "GET /phpMyAdmin/setup/?token=93358111334033d5c8fbd4ddb56f86c5&version_check=1 HTTP/1.1" 200 12691 "-" "Mozilla/5.0 (compatible; SemrushBot/7~bl; +http://www.semrush.com/bot.html)" "www.tekmedicgloves.com"
185.191.171.10 - - [10/Sep/2022:20:54:41 -0700] "GET /phpMyAdmin/setup/?token=9ade64ad15c18331757d76188db8f8f3&version_check=1 HTTP/1.1" 200 12691 "-" "Mozilla/5.0 (compatible; SemrushBot/7~bl; +http://www.semrush.com/bot.html)" "www.tekmedicgloves.com"
185.191.171.16 - - [10/Sep/2022:20:54:42 -0700] "GET /phpMyAdmin/setup/?token=373b0e88f566dabd3d9551f125d5e2f0&version_check=1 HTTP/1.1" 200 12687 "-" "Mozilla/5.0 (compatible; SemrushBot/7~bl; +http://www.semrush.com/bot.html)" "tekmedicgloves.com"
185.191.171.1 - - [10/Sep/2022:20:55:10 -0700] "GET /phpMyAdmin/setup/?token=b30861c655c402807f1e11fc760bd9d3&version_check=1 HTTP/1.1" 200 12691 "-" "Mozilla/5.0 (compatible; SemrushBot/7~bl; +http://www.semrush.com/bot.html)" "www.tekmedicgloves.com"
185.191.171.10 - - [10/Sep/2022:20:55:21 -0700] "GET /phpMyAdmin/setup/?token=4cf8cc2cd76b5e4caedd9602a2ca9458&version_check=1 HTTP/1.1" 200 12691 "-" "Mozilla/5.0 (compatible; SemrushBot/7~bl; +http://www.semrush.com/bot.html)" "www.tekmedicgloves.com"
185.191.171.42 - - [10/Sep/2022:20:55:34 -0700] "GET /phpMyAdmin/setup/?token=0a793b9317db71ed67bce46da6497f29&version_check=1 HTTP/1.1" 200 12691 "-" "Mozilla/5.0 (compatible; SemrushBot/7~bl; +http://www.semrush.com/bot.html)" "www.tekmedicgloves.com"
185.191.171.23 - - [10/Sep/2022:20:55:38 -0700] "GET /phpMyAdmin/setup/?token=a88fab5d1be2bc1c6ff0132296b8ceb0&version_check=1 HTTP/1.1" 200 12691 "-" "Mozilla/5.0 (compatible; SemrushBot/7~bl; +http://www.semrush.com/bot.html)" "www.tekmedicgloves.com"
185.191.171.44 - - [10/Sep/2022:20:55:47 -0700] "GET /phpMyAdmin/setup/?token=0234f50dfa23fb44b03ca2ef0cb68dbc&version_check=1 HTTP/1.1" 200 12691 "-" "Mozilla/5.0 (compatible; SemrushBot/7~bl; +http://www.semrush.com/bot.html)" "www.tekmedicgloves.com"
185.191.171.26 - - [10/Sep/2022:20:56:11 -0700] "GET /phpMyAdmin/setup/index.php?token=3fa3f20307b5f61aa2feb8add0c0e505&version_check=1 HTTP/1.1" 200 12705 "-" "Mozilla/5.0 (compatible; SemrushBot/7~bl; +http://www.semrush.com/bot.html)" "tekmedicgloves.com"
185.191.171.12 - - [10/Sep/2022:20:56:42 -0700] "GET /phpMyAdmin/setup/?token=98674a8d1e7d4170c8a5e222555eae3c&version_check=1 HTTP/1.1" 200 12691 "-" "Mozilla/5.0 (compatible; SemrushBot/7~bl; +http://www.semrush.com/bot.html)" "www.tekmedicgloves.com"
185.191.171.20 - - [10/Sep/2022:20:56:57 -0700] "GET /phpMyAdmin/setup/index.php?token=c1023883b97ae356cd2e96709d798b1b&version_check=1 HTTP/1.1" 200 12705 "-" "Mozilla/5.0 (compatible; SemrushBot/7~bl; +http://www.semrush.com/bot.html)" "tekmedicgloves.com"
185.191.171.2 - - [10/Sep/2022:20:57:15 -0700] "GET /phpMyAdmin/setup/?token=173f3c547e9027557f410ed96fddd00a&version_check=1 HTTP/1.1" 200 12691 "-" "Mozilla/5.0 (compatible; SemrushBot/7~bl; +http://www.semrush.com/bot.html)" "www.tekmedicgloves.com"
185.191.171.35 - - [10/Sep/2022:20:57:16 -0700] "GET /phpMyAdmin/setup/?token=6f14062a091e78853ff803e6e60b3f80&version_check=1 HTTP/1.1" 200 12687 "-" "Mozilla/5.0 (compatible; SemrushBot/7~bl; +http://www.semrush.com/bot.html)" "tekmedicgloves.com"
185.191.171.3 - - [10/Sep/2022:20:57:25 -0700] "GET /phpMyAdmin/setup/index.php?token=db3c48cb31551efd4aea4c7ef13d78db&version_check=1 HTTP/1.1" 200 12705 "-" "Mozilla/5.0 (compatible; SemrushBot/7~bl; +http://www.semrush.com/bot.html)" "tekmedicgloves.com"
185.191.171.11 - - [10/Sep/2022:20:57:28 -0700] "GET /phpMyAdmin/setup/?token=22cdd9803e688f564c28641ac90b2361&version_check=1 HTTP/1.1" 200 12691 "-" "Mozilla/5.0 (compatible; SemrushBot/7~bl; +http://www.semrush.com/bot.html)" "www.tekmedicgloves.com"
185.191.171.38 - - [10/Sep/2022:20:57:35 -0700] "GET /phpMyAdmin/setup/?token=349f021ddccda531805f5cd76b482f86&version_check=1 HTTP/1.1" 200 12687 "-" "Mozilla/5.0 (compatible; SemrushBot/7~bl; +http://www.semrush.com/bot.html)" "tekmedicgloves.com"
157.55.39.200 - - [10/Sep/2022:20:57:41 -0700] "GET /robots.txt HTTP/1.1" 404 88 "-" "Mozilla/5.0 (compatible; bingbot/2.0; +http://www.bing.com/bingbot.htm)" "tekmedicgloves.com"
185.191.171.35 - - [10/Sep/2022:20:57:41 -0700] "GET /phpMyAdmin/setup/?token=e8b740bd72eeb630de8b72aa623d702f&version_check=1 HTTP/1.1" 200 12691 "-" "Mozilla/5.0 (compatible; SemrushBot/7~bl; +http://www.semrush.com/bot.html)" "www.tekmedicgloves.com"
157.55.39.233 - - [10/Sep/2022:20:57:47 -0700] "GET /beta/products.php?cat=23&subcat=40&id=17 HTTP/1.1" 200 56913 "-" "Mozilla/5.0 (compatible; bingbot/2.0; +http://www.bing.com/bingbot.htm)" "tekmedicgloves.com"
185.191.171.3 - - [10/Sep/2022:20:57:51 -0700] "GET /phpMyAdmin/setup/?token=cdb0593f4feaa56b56bf6971ca9454e3&version_check=1 HTTP/1.1" 200 12687 "-" "Mozilla/5.0 (compatible; SemrushBot/7~bl; +http://www.semrush.com/bot.html)" "tekmedicgloves.com"
157.55.39.233 - - [10/Sep/2022:20:58:06 -0700] "GET /beta/wp-content/plugins/cherry-plugin/lib/js/elasti-carousel/jquery.elastislide.js HTTP/1.1" 200 1963 "-" "Mozilla/5.0 (compatible; bingbot/2.0; +http://www.bing.com/bingbot.htm)" "tekmedicgloves.com"
157.55.39.233 - - [10/Sep/2022:20:58:06 -0700] "GET /beta/wp-content/plugins/contact-form-7/includes/js/jquery.form.min.js HTTP/1.1" 200 5878 "-" "Mozilla/5.0 (compatible; bingbot/2.0; +http://www.bing.com/bingbot.htm)" "tekmedicgloves.com"
157.55.39.233 - - [10/Sep/2022:20:58:07 -0700] "GET /beta/wp-content/themes/CherryFramework/js/camera.min.js HTTP/1.1" 200 8551 "-" "Mozilla/5.0 (compatible; bingbot/2.0; +http://www.bing.com/bingbot.htm)" "tekmedicgloves.com"
157.55.39.233 - - [10/Sep/2022:20:58:07 -0700] "GET /beta/wp-content/themes/CherryFramework/js/jflickrfeed.js HTTP/1.1" 200 560 "-" "Mozilla/5.0 (compatible; bingbot/2.0; +http://www.bing.com/bingbot.htm)" "tekmedicgloves.com"
185.191.171.11 - - [10/Sep/2022:20:58:07 -0700] "GET /phpMyAdmin/setup/?token=9288adddb1df08c2aaa6bf2d2a642a29&version_check=1 HTTP/1.1" 200 12687 "-" "Mozilla/5.0 (compatible; SemrushBot/7~bl; +http://www.semrush.com/bot.html)" "tekmedicgloves.com"
185.191.171.40 - - [10/Sep/2022:20:58:08 -0700] "GET /phpMyAdmin/setup/?token=0bed685095ff4b91fbee49b3764eb2d9&version_check=1 HTTP/1.1" 200 12687 "-" "Mozilla/5.0 (compatible; SemrushBot/7~bl; +http://www.semrush.com/bot.html)" "tekmedicgloves.com"
157.55.39.223 - - [10/Sep/2022:20:58:11 -0700] "GET /beta/wp-content/plugins/cherry-plugin/lib/js/jquery.easing.1.3.js HTTP/1.1" 200 814 "-" "Mozilla/5.0 (compatible; bingbot/2.0; +http://www.bing.com/bingbot.htm)" "tekmedicgloves.com"
157.55.39.223 - - [10/Sep/2022:20:58:11 -0700] "GET /beta/wp-content/plugins/cherry-plugin/lib/js/owl-carousel/owl.carousel.css HTTP/1.1" 200 1119 "-" "Mozilla/5.0 (compatible; bingbot/2.0; +http://www.bing.com/bingbot.htm)" "tekmedicgloves.com"
157.55.39.223 - - [10/Sep/2022:20:58:11 -0700] "GET /beta/wp-content/themes/CherryFramework/js/jquery.ba-resize.min.js HTTP/1.1" 200 616 "-" "Mozilla/5.0 (compatible; bingbot/2.0; +http://www.bing.com/bingbot.htm)" "tekmedicgloves.com"
157.55.39.223 - - [10/Sep/2022:20:58:11 -0700] "GET /beta/wp-content/themes/theme48838/bootstrap/css/bootstrap.css HTTP/1.1" 200 15793 "-" "Mozilla/5.0 (compatible; bingbot/2.0; +http://www.bing.com/bingbot.htm)" "tekmedicgloves.com"
157.55.39.223 - - [10/Sep/2022:20:58:12 -0700] "GET /beta/wp-content/themes/theme48838/bootstrap/css/responsive.css HTTP/1.1" 200 4226 "-" "Mozilla/5.0 AppleWebKit/537.36 (KHTML, like Gecko; compatible; bingbot/2.0; +http://www.bing.com/bingbot.htm) Chrome/103.0.5060.134 Safari/537.36" "tekmedicgloves.com"
157.55.39.223 - - [10/Sep/2022:20:58:12 -0700] "GET /beta/wp-includes/js/swfobject.js HTTP/1.1" 404 88 "-" "Mozilla/5.0 (compatible; bingbot/2.0; +http://www.bing.com/bingbot.htm)" "tekmedicgloves.com"
40.77.167.24 - - [10/Sep/2022:20:58:17 -0700] "GET /beta/wp-content/themes/CherryFramework/js/custom.js HTTP/1.1" 200 2131 "-" "Mozilla/5.0 (compatible; bingbot/2.0; +http://www.bing.com/bingbot.htm)" "tekmedicgloves.com"
40.77.167.24 - - [10/Sep/2022:20:58:17 -0700] "GET /beta/wp-content/themes/CherryFramework/js/modernizr.js HTTP/1.1" 200 5141 "-" "Mozilla/5.0 (compatible; bingbot/2.0; +http://www.bing.com/bingbot.htm)" "tekmedicgloves.com"
40.77.167.24 - - [10/Sep/2022:20:58:17 -0700] "GET /beta/wp-content/themes/theme48838/main-style.css HTTP/1.1" 200 4849 "-" "Mozilla/5.0 (compatible; bingbot/2.0; +http://www.bing.com/bingbot.htm)" "tekmedicgloves.com"
185.191.171.17 - - [10/Sep/2022:20:58:21 -0700] "GET /phpMyAdmin/setup/?token=8014d0bf1c508bcedb27b8c54eaeb2db&version_check=1 HTTP/1.1" 200 12691 "-" "Mozilla/5.0 (compatible; SemrushBot/7~bl; +http://www.semrush.com/bot.html)" "www.tekmedicgloves.com"
157.55.39.245 - - [10/Sep/2022:20:58:21 -0700] "GET /beta/wp-content/plugins/cherry-plugin/includes/css/cherry-plugin.css HTTP/1.1" 200 4752 "-" "Mozilla/5.0 (compatible; bingbot/2.0; +http://www.bing.com/bingbot.htm)" "tekmedicgloves.com"
157.55.39.245 - - [10/Sep/2022:20:58:22 -0700] "GET /beta/wp-content/plugins/contact-form-7/includes/css/styles.css HTTP/1.1" 200 392 "-" "Mozilla/5.0 (compatible; bingbot/2.0; +http://www.bing.com/bingbot.htm)" "tekmedicgloves.com"
157.55.39.245 - - [10/Sep/2022:20:58:22 -0700] "GET /beta/wp-content/themes/CherryFramework/bootstrap/js/bootstrap.min.js HTTP/1.1" 200 7654 "-" "Mozilla/5.0 (compatible; bingbot/2.0; +http://www.bing.com/bingbot.htm)" "tekmedicgloves.com"
157.55.39.245 - - [10/Sep/2022:20:58:22 -0700] "GET /beta/wp-content/themes/CherryFramework/js/jplayer.playlist.min.js HTTP/1.1" 200 2404 "-" "Mozilla/5.0 (compatible; bingbot/2.0; +http://www.bing.com/bingbot.htm)" "tekmedicgloves.com"
157.55.39.245 - - [10/Sep/2022:20:58:22 -0700] "GET /beta/wp-content/themes/CherryFramework/js/jquery.jplayer.min.js HTTP/1.1" 200 11945 "-" "Mozilla/5.0 (compatible; bingbot/2.0; +http://www.bing.com/bingbot.htm)" "tekmedicgloves.com"
157.55.39.245 - - [10/Sep/2022:20:58:22 -0700] "GET /beta/wp-content/themes/CherryFramework/js/superfish.js HTTP/1.1" 200 1280 "-" "Mozilla/5.0 (compatible; bingbot/2.0; +http://www.bing.com/bingbot.htm)" "tekmedicgloves.com"
157.55.39.236 - - [10/Sep/2022:20:58:28 -0700] "GET /beta/wp-content/plugins/cherry-plugin/includes/js/cherry-plugin.js HTTP/1.1" 200 438 "-" "Mozilla/5.0 (compatible; bingbot/2.0; +http://www.bing.com/bingbot.htm)" "tekmedicgloves.com"
157.55.39.236 - - [10/Sep/2022:20:58:28 -0700] "GET /beta/wp-content/plugins/cherry-plugin/lib/js/FlexSlider/flexslider.css HTTP/1.1" 200 1323 "-" "Mozilla/5.0 (compatible; bingbot/2.0; +http://www.bing.com/bingbot.htm)" "tekmedicgloves.com"
157.55.39.236 - - [10/Sep/2022:20:58:28 -0700] "GET /beta/wp-content/plugins/cherry-plugin/lib/js/FlexSlider/jquery.flexslider-min.js HTTP/1.1" 200 5177 "-" "Mozilla/5.0 (compatible; bingbot/2.0; +http://www.bing.com/bingbot.htm)" "tekmedicgloves.com"
157.55.39.236 - - [10/Sep/2022:20:58:28 -0700] "GET /beta/wp-content/themes/CherryFramework/css/camera.css HTTP/1.1" 200 3117 "-" "Mozilla/5.0 (compatible; bingbot/2.0; +http://www.bing.com/bingbot.htm)" "tekmedicgloves.com"
157.55.39.236 - - [10/Sep/2022:20:58:28 -0700] "GET /beta/wp-content/themes/CherryFramework/css/magnific-popup.css HTTP/1.1" 200 2166 "-" "Mozilla/5.0 (compatible; bingbot/2.0; +http://www.bing.com/bingbot.htm)" "tekmedicgloves.com"
157.55.39.236 - - [10/Sep/2022:20:58:28 -0700] "GET /beta/wp-content/themes/CherryFramework/js/jquery-1.7.2.min.js HTTP/1.1" 200 33630 "-" "Mozilla/5.0 (compatible; bingbot/2.0; +http://www.bing.com/bingbot.htm)" "tekmedicgloves.com"
157.55.39.236 - - [10/Sep/2022:20:58:29 -0700] "GET /beta/wp-content/themes/CherryFramework/js/jquery.magnific-popup.min.js HTTP/1.1" 200 7493 "-" "Mozilla/5.0 (compatible; bingbot/2.0; +http://www.bing.com/bingbot.htm)" "tekmedicgloves.com"
157.55.39.236 - - [10/Sep/2022:20:58:29 -0700] "GET /beta/wp-content/themes/CherryFramework/js/jquery.mobilemenu.js HTTP/1.1" 200 908 "-" "Mozilla/5.0 (compatible; bingbot/2.0; +http://www.bing.com/bingbot.htm)" "tekmedicgloves.com"
185.191.171.33 - - [10/Sep/2022:20:58:35 -0700] "GET /phpMyAdmin/setup/index.php?token=3f18500f18e1e7bd0998a0902280139d&version_check=1 HTTP/1.1" 200 12705 "-" "Mozilla/5.0 (compatible; SemrushBot/7~bl; +http://www.semrush.com/bot.html)" "tekmedicgloves.com"
157.55.39.38 - - [10/Sep/2022:20:58:36 -0700] "GET /beta/wp-content/plugins/cherry-plugin/lib/js/owl-carousel/owl.theme.css HTTP/1.1" 200 606 "-" "Mozilla/5.0 (compatible; bingbot/2.0; +http://www.bing.com/bingbot.htm)" "tekmedicgloves.com"
157.55.39.38 - - [10/Sep/2022:20:58:36 -0700] "GET /beta/wp-content/plugins/contact-form-7/includes/js/scripts.js HTTP/1.1" 200 1850 "-" "Mozilla/5.0 (compatible; bingbot/2.0; +http://www.bing.com/bingbot.htm)" "tekmedicgloves.com"
157.55.39.38 - - [10/Sep/2022:20:58:36 -0700] "GET /beta/wp-content/themes/CherryFramework/js/jquery.debouncedresize.js HTTP/1.1" 200 226 "-" "Mozilla/5.0 (compatible; bingbot/2.0; +http://www.bing.com/bingbot.htm)" "tekmedicgloves.com"
157.55.39.38 - - [10/Sep/2022:20:58:36 -0700] "GET /beta/wp-content/themes/CherryFramework/js/jquery.mobile.customized.min.js HTTP/1.1" 200 6409 "-" "Mozilla/5.0 (compatible; bingbot/2.0; +http://www.bing.com/bingbot.htm)" "tekmedicgloves.com"
157.55.39.38 - - [10/Sep/2022:20:58:36 -0700] "GET /beta/wp-content/themes/theme48838/style.css HTTP/1.1" 200 243 "-" "Mozilla/5.0 (compatible; bingbot/2.0; +http://www.bing.com/bingbot.htm)" "tekmedicgloves.com"
157.55.39.38 - - [10/Sep/2022:20:58:37 -0700] "GET /beta/wp-includes/js/comment-reply.min.js HTTP/1.1" 404 88 "-" "Mozilla/5.0 (compatible; bingbot/2.0; +http://www.bing.com/bingbot.htm)" "tekmedicgloves.com"
185.191.171.14 - - [10/Sep/2022:20:58:58 -0700] "GET /phpMyAdmin/setup/?token=56cde390e5b32ca27907ad4a670d73ff&version_check=1 HTTP/1.1" 200 12687 "-" "Mozilla/5.0 (compatible; SemrushBot/7~bl; +http://www.semrush.com/bot.html)" "tekmedicgloves.com"
185.191.171.14 - - [10/Sep/2022:20:59:05 -0700] "GET /phpMyAdmin/setup/?token=addc61b3c26028abde736cff66ef7cfb&version_check=1 HTTP/1.1" 200 12687 "-" "Mozilla/5.0 (compatible; SemrushBot/7~bl; +http://www.semrush.com/bot.html)" "tekmedicgloves.com"
185.191.171.41 - - [10/Sep/2022:20:59:20 -0700] "GET /phpMyAdmin/setup/?token=5767408fd052832827c6e331f772de09&version_check=1 HTTP/1.1" 200 12691 "-" "Mozilla/5.0 (compatible; SemrushBot/7~bl; +http://www.semrush.com/bot.html)" "www.tekmedicgloves.com"
185.191.171.35 - - [10/Sep/2022:20:59:23 -0700] "GET /phpMyAdmin/setup/?token=f1e9a3f0182363b0fe1d701bf702235f&version_check=1 HTTP/1.1" 200 12687 "-" "Mozilla/5.0 (compatible; SemrushBot/7~bl; +http://www.semrush.com/bot.html)" "tekmedicgloves.com"
185.191.171.26 - - [10/Sep/2022:20:59:32 -0700] "GET /phpMyAdmin/setup/?token=660fa515c448d2aa3daed5d302055f32&version_check=1 HTTP/1.1" 200 12687 "-" "Mozilla/5.0 (compatible; SemrushBot/7~bl; +http://www.semrush.com/bot.html)" "tekmedicgloves.com"
185.191.171.25 - - [10/Sep/2022:20:59:33 -0700] "GET /phpMyAdmin/setup/?token=e5254826010be2de817899093aea5ace&version_check=1 HTTP/1.1" 200 12691 "-" "Mozilla/5.0 (compatible; SemrushBot/7~bl; +http://www.semrush.com/bot.html)" "www.tekmedicgloves.com"
185.191.171.10 - - [10/Sep/2022:21:00:07 -0700] "GET /phpMyAdmin/setup/index.php?token=ca874ef1c4448268c34bb1b1fd10c5d6&version_check=1 HTTP/1.1" 200 12709 "-" "Mozilla/5.0 (compatible; SemrushBot/7~bl; +http://www.semrush.com/bot.html)" "www.tekmedicgloves.com"
185.191.171.6 - - [10/Sep/2022:21:00:19 -0700] "GET /phpMyAdmin/setup/?token=22e01821e5ce6eac49fe176a980eed3e&version_check=1 HTTP/1.1" 200 12687 "-" "Mozilla/5.0 (compatible; SemrushBot/7~bl; +http://www.semrush.com/bot.html)" "tekmedicgloves.com"
185.191.171.24 - - [10/Sep/2022:21:00:20 -0700] "GET /phpMyAdmin/setup/index.php?token=4a22a6663e81692365e968c4008a0b8c&version_check=1 HTTP/1.1" 200 12705 "-" "Mozilla/5.0 (compatible; SemrushBot/7~bl; +http://www.semrush.com/bot.html)" "tekmedicgloves.com"
185.191.171.12 - - [10/Sep/2022:21:00:21 -0700] "GET /phpMyAdmin/setup/?token=e7b0985b2e6fbbe3f5ce87962fd9cc51&version_check=1 HTTP/1.1" 200 12691 "-" "Mozilla/5.0 (compatible; SemrushBot/7~bl; +http://www.semrush.com/bot.html)" "www.tekmedicgloves.com"
185.191.171.38 - - [10/Sep/2022:21:00:24 -0700] "GET /phpMyAdmin/setup/?token=023b6a8d5f59890fc922355423dbced4&version_check=1 HTTP/1.1" 200 12691 "-" "Mozilla/5.0 (compatible; SemrushBot/7~bl; +http://www.semrush.com/bot.html)" "www.tekmedicgloves.com"
185.191.171.3 - - [10/Sep/2022:21:01:16 -0700] "GET /phpMyAdmin/setup/?token=2782f4f94861c19b854ab020c976084f&version_check=1 HTTP/1.1" 200 12691 "-" "Mozilla/5.0 (compatible; SemrushBot/7~bl; +http://www.semrush.com/bot.html)" "www.tekmedicgloves.com"
185.191.171.22 - - [10/Sep/2022:21:01:24 -0700] "GET /phpMyAdmin/setup/index.php?token=1a08820338b0fd7f76d419c14e01ecf1&version_check=1 HTTP/1.1" 200 12705 "-" "Mozilla/5.0 (compatible; SemrushBot/7~bl; +http://www.semrush.com/bot.html)" "tekmedicgloves.com"
185.191.171.22 - - [10/Sep/2022:21:01:28 -0700] "GET /phpMyAdmin/setup/index.php?token=a2f1849ece17473ed6c0cf7f3c9f689b&version_check=1 HTTP/1.1" 200 12709 "-" "Mozilla/5.0 (compatible; SemrushBot/7~bl; +http://www.semrush.com/bot.html)" "www.tekmedicgloves.com"
185.191.171.3 - - [10/Sep/2022:21:01:49 -0700] "GET /phpMyAdmin/setup/?token=772019da9e118e495aa7e3a50e636420&version_check=1 HTTP/1.1" 200 12687 "-" "Mozilla/5.0 (compatible; SemrushBot/7~bl; +http://www.semrush.com/bot.html)" "tekmedicgloves.com"
185.191.171.13 - - [10/Sep/2022:21:01:50 -0700] "GET /phpMyAdmin/setup/?token=585ffc9174b2f4570d9fc0fe802a4237&version_check=1 HTTP/1.1" 200 12691 "-" "Mozilla/5.0 (compatible; SemrushBot/7~bl; +http://www.semrush.com/bot.html)" "www.tekmedicgloves.com"
185.191.171.41 - - [10/Sep/2022:21:01:52 -0700] "GET /robots.txt HTTP/1.1" 404 88 "-" "Mozilla/5.0 (compatible; SemrushBot/7~bl; +http://www.semrush.com/bot.html)" "www.tekmedicgloves.com"
185.191.171.20 - - [10/Sep/2022:21:01:52 -0700] "GET /phpMyAdmin/setup/?token=88f7f981adf43d1d908ad4105fb5cb2b&version_check=1 HTTP/1.1" 200 12691 "-" "Mozilla/5.0 (compatible; SemrushBot/7~bl; +http://www.semrush.com/bot.html)" "www.tekmedicgloves.com"
185.191.171.7 - - [10/Sep/2022:21:02:08 -0700] "GET /phpMyAdmin/setup/?token=7be9d0d51f6f22d06009a3aa498ff3dd&version_check=1 HTTP/1.1" 200 12687 "-" "Mozilla/5.0 (compatible; SemrushBot/7~bl; +http://www.semrush.com/bot.html)" "tekmedicgloves.com"
185.191.171.12 - - [10/Sep/2022:21:02:11 -0700] "GET /phpMyAdmin/setup/?token=77575db30261b2647949560eb289590d&version_check=1 HTTP/1.1" 200 12691 "-" "Mozilla/5.0 (compatible; SemrushBot/7~bl; +http://www.semrush.com/bot.html)" "www.tekmedicgloves.com"
185.191.171.39 - - [10/Sep/2022:21:02:18 -0700] "GET /phpMyAdmin/setup/?token=7c51e7fdeb878f16d19b02357293fcbc&version_check=1 HTTP/1.1" 200 12687 "-" "Mozilla/5.0 (compatible; SemrushBot/7~bl; +http://www.semrush.com/bot.html)" "tekmedicgloves.com"
185.191.171.6 - - [10/Sep/2022:21:02:20 -0700] "GET /phpMyAdmin/setup/index.php?token=47365d5755e9415010ecd475b54aba29&version_check=1 HTTP/1.1" 200 12705 "-" "Mozilla/5.0 (compatible; SemrushBot/7~bl; +http://www.semrush.com/bot.html)" "tekmedicgloves.com"
185.191.171.11 - - [10/Sep/2022:21:02:31 -0700] "GET /phpMyAdmin/setup/?token=8bc885c67674c90172d588c7d351756e&version_check=1 HTTP/1.1" 200 12687 "-" "Mozilla/5.0 (compatible; SemrushBot/7~bl; +http://www.semrush.com/bot.html)" "tekmedicgloves.com"
185.191.171.10 - - [10/Sep/2022:21:02:40 -0700] "GET /phpMyAdmin/setup/?token=401d6917ac3a0faa198b1a36c7d97702&version_check=1 HTTP/1.1" 200 12691 "-" "Mozilla/5.0 (compatible; SemrushBot/7~bl; +http://www.semrush.com/bot.html)" "www.tekmedicgloves.com"
185.191.171.10 - - [10/Sep/2022:21:02:43 -0700] "GET /phpMyAdmin/setup/?token=776bb6e46d78ac14d15edcb0ef8b0f3d&version_check=1 HTTP/1.1" 200 12687 "-" "Mozilla/5.0 (compatible; SemrushBot/7~bl; +http://www.semrush.com/bot.html)" "tekmedicgloves.com"
185.191.171.12 - - [10/Sep/2022:21:02:49 -0700] "GET /phpMyAdmin/setup/?token=ebf590ff8d726a4df8aff7f8f369d426&version_check=1 HTTP/1.1" 200 12687 "-" "Mozilla/5.0 (compatible; SemrushBot/7~bl; +http://www.semrush.com/bot.html)" "tekmedicgloves.com"
185.191.171.6 - - [10/Sep/2022:21:02:58 -0700] "GET /phpMyAdmin/setup/?token=d8f18a9439e2a2822cdb134f9febbef4&version_check=1 HTTP/1.1" 200 12687 "-" "Mozilla/5.0 (compatible; SemrushBot/7~bl; +http://www.semrush.com/bot.html)" "tekmedicgloves.com"
185.191.171.7 - - [10/Sep/2022:21:03:08 -0700] "GET /phpMyAdmin/setup/?token=1f7815049e671760d3b5f7255891b6de&version_check=1 HTTP/1.1" 200 12691 "-" "Mozilla/5.0 (compatible; SemrushBot/7~bl; +http://www.semrush.com/bot.html)" "www.tekmedicgloves.com"
185.191.171.42 - - [10/Sep/2022:21:03:16 -0700] "GET /phpMyAdmin/setup/?token=482bd0360c08dc1ff7d1ff15926a3a72&version_check=1 HTTP/1.1" 200 12687 "-" "Mozilla/5.0 (compatible; SemrushBot/7~bl; +http://www.semrush.com/bot.html)" "tekmedicgloves.com"
185.191.171.24 - - [10/Sep/2022:21:03:20 -0700] "GET /phpMyAdmin/setup/?token=7dc0d298c4ad7aacbb04ec02635e1478&version_check=1 HTTP/1.1" 200 12691 "-" "Mozilla/5.0 (compatible; SemrushBot/7~bl; +http://www.semrush.com/bot.html)" "www.tekmedicgloves.com"
185.191.171.3 - - [10/Sep/2022:21:03:21 -0700] "GET /phpMyAdmin/setup/?token=46be5c5fff061da4a1f89ec380249d14&version_check=1 HTTP/1.1" 200 12687 "-" "Mozilla/5.0 (compatible; SemrushBot/7~bl; +http://www.semrush.com/bot.html)" "tekmedicgloves.com"
185.191.171.2 - - [10/Sep/2022:21:03:23 -0700] "GET /phpMyAdmin/setup/?token=e8aef917b374fddb9a0329ada6cdc1b6&version_check=1 HTTP/1.1" 200 12691 "-" "Mozilla/5.0 (compatible; SemrushBot/7~bl; +http://www.semrush.com/bot.html)" "www.tekmedicgloves.com"
185.191.171.22 - - [10/Sep/2022:21:03:36 -0700] "GET /phpMyAdmin/setup/?token=96099add64d70ba98508f2259fee7581&version_check=1 HTTP/1.1" 200 12687 "-" "Mozilla/5.0 (compatible; SemrushBot/7~bl; +http://www.semrush.com/bot.html)" "tekmedicgloves.com"
185.191.171.24 - - [10/Sep/2022:21:03:41 -0700] "GET /phpMyAdmin/setup/index.php?token=d9c8beb15f76615582e67657826226c9&version_check=1 HTTP/1.1" 200 12705 "-" "Mozilla/5.0 (compatible; SemrushBot/7~bl; +http://www.semrush.com/bot.html)" "tekmedicgloves.com"
185.191.171.14 - - [10/Sep/2022:21:03:44 -0700] "GET /phpMyAdmin/setup/?token=f0f8c7649eb2ff9451fffeac908d05fe&version_check=1 HTTP/1.1" 200 12687 "-" "Mozilla/5.0 (compatible; SemrushBot/7~bl; +http://www.semrush.com/bot.html)" "tekmedicgloves.com"
185.191.171.6 - - [10/Sep/2022:21:03:50 -0700] "GET /phpMyAdmin/setup/?token=4e290f1880eecdf2b29632fc59afae52&version_check=1 HTTP/1.1" 200 12687 "-" "Mozilla/5.0 (compatible; SemrushBot/7~bl; +http://www.semrush.com/bot.html)" "tekmedicgloves.com"
185.191.171.1 - - [10/Sep/2022:21:03:55 -0700] "GET /phpMyAdmin/setup/?token=69db9b16694f6386bb84760fff743897&version_check=1 HTTP/1.1" 200 12691 "-" "Mozilla/5.0 (compatible; SemrushBot/7~bl; +http://www.semrush.com/bot.html)" "www.tekmedicgloves.com"
185.191.171.2 - - [10/Sep/2022:21:04:10 -0700] "GET /phpMyAdmin/setup/index.php?token=5b3e3638d5d8ca03224c04ce4bce32a8&version_check=1 HTTP/1.1" 200 12705 "-" "Mozilla/5.0 (compatible; SemrushBot/7~bl; +http://www.semrush.com/bot.html)" "tekmedicgloves.com"
185.191.171.5 - - [10/Sep/2022:21:04:19 -0700] "GET /phpMyAdmin/setup/?token=5048ccd86a758ca77553b8ffe6794f12&version_check=1 HTTP/1.1" 200 12691 "-" "Mozilla/5.0 (compatible; SemrushBot/7~bl; +http://www.semrush.com/bot.html)" "www.tekmedicgloves.com"
51.222.253.13 - - [10/Sep/2022:21:04:25 -0700] "GET /robots.txt HTTP/1.1" 404 88 "-" "Mozilla/5.0 (compatible; AhrefsBot/7.0; +http://ahrefs.com/robot/)" "tekmedicgloves.com"
51.222.253.7 - - [10/Sep/2022:21:04:26 -0700] "GET /beta/products.php?cat=23&subcat=35&id=15 HTTP/1.1" 200 56799 "-" "Mozilla/5.0 (compatible; AhrefsBot/7.0; +http://ahrefs.com/robot/)" "tekmedicgloves.com"
185.191.171.11 - - [10/Sep/2022:21:04:30 -0700] "GET /phpMyAdmin/setup/?token=9c811e92d420b69223985d3bc5982374&version_check=1 HTTP/1.1" 200 12691 "-" "Mozilla/5.0 (compatible; SemrushBot/7~bl; +http://www.semrush.com/bot.html)" "www.tekmedicgloves.com"
185.191.171.18 - - [10/Sep/2022:21:05:05 -0700] "GET /phpMyAdmin/setup/?token=284daad5e7798fd24b403c445528a630&version_check=1 HTTP/1.1" 200 12691 "-" "Mozilla/5.0 (compatible; SemrushBot/7~bl; +http://www.semrush.com/bot.html)" "www.tekmedicgloves.com"
185.191.171.24 - - [10/Sep/2022:21:05:12 -0700] "GET /phpMyAdmin/setup/?token=f94708bca6394bab0c16c1babdd850de&version_check=1 HTTP/1.1" 200 12691 "-" "Mozilla/5.0 (compatible; SemrushBot/7~bl; +http://www.semrush.com/bot.html)" "www.tekmedicgloves.com"
185.191.171.21 - - [10/Sep/2022:21:05:13 -0700] "GET /phpMyAdmin/setup/?token=682b3a3f14de096f71adc340da00ccb1&version_check=1 HTTP/1.1" 200 12691 "-" "Mozilla/5.0 (compatible; SemrushBot/7~bl; +http://www.semrush.com/bot.html)" "www.tekmedicgloves.com"
185.191.171.13 - - [10/Sep/2022:21:05:17 -0700] "GET /phpMyAdmin/setup/?token=d46c67127cd998a1b55e5e24e521ef07&version_check=1 HTTP/1.1" 200 12691 "-" "Mozilla/5.0 (compatible; SemrushBot/7~bl; +http://www.semrush.com/bot.html)" "www.tekmedicgloves.com"
185.191.171.21 - - [10/Sep/2022:21:05:37 -0700] "GET /phpMyAdmin/setup/?token=ef06d3969d8dc3f72771852609737819&version_check=1 HTTP/1.1" 200 12691 "-" "Mozilla/5.0 (compatible; SemrushBot/7~bl; +http://www.semrush.com/bot.html)" "www.tekmedicgloves.com"
185.191.171.23 - - [10/Sep/2022:21:06:05 -0700] "GET /phpMyAdmin/setup/?token=7a6cf77fff23d3d496bb52e994b37b61&version_check=1 HTTP/1.1" 200 12691 "-" "Mozilla/5.0 (compatible; SemrushBot/7~bl; +http://www.semrush.com/bot.html)" "www.tekmedicgloves.com"
185.191.171.22 - - [10/Sep/2022:21:06:30 -0700] "GET /phpMyAdmin/setup/?token=ff377b83158df478fcde4305a2ae6b6b&version_check=1 HTTP/1.1" 200 12691 "-" "Mozilla/5.0 (compatible; SemrushBot/7~bl; +http://www.semrush.com/bot.html)" "www.tekmedicgloves.com"
185.191.171.3 - - [10/Sep/2022:21:06:43 -0700] "GET /phpMyAdmin/setup/?token=933918860a414961368d3e844c9d2654&version_check=1 HTTP/1.1" 200 12687 "-" "Mozilla/5.0 (compatible; SemrushBot/7~bl; +http://www.semrush.com/bot.html)" "tekmedicgloves.com"
185.191.171.18 - - [10/Sep/2022:21:06:50 -0700] "GET /phpMyAdmin/setup/?token=910e87e738a130fb3e4a379b5f797679&version_check=1 HTTP/1.1" 200 12687 "-" "Mozilla/5.0 (compatible; SemrushBot/7~bl; +http://www.semrush.com/bot.html)" "tekmedicgloves.com"
185.191.171.10 - - [10/Sep/2022:21:07:01 -0700] "GET /phpMyAdmin/setup/?token=11f23532be2720cffc7b3ccbeaa7cddc&version_check=1 HTTP/1.1" 200 12691 "-" "Mozilla/5.0 (compatible; SemrushBot/7~bl; +http://www.semrush.com/bot.html)" "www.tekmedicgloves.com"
185.191.171.23 - - [10/Sep/2022:21:07:10 -0700] "GET /phpMyAdmin/setup/?token=8e70fdf14bdc69138cd323f229d6d409&version_check=1 HTTP/1.1" 200 12691 "-" "Mozilla/5.0 (compatible; SemrushBot/7~bl; +http://www.semrush.com/bot.html)" "www.tekmedicgloves.com"
185.191.171.39 - - [10/Sep/2022:21:07:12 -0700] "GET /phpMyAdmin/setup/?token=ab7ae14c976b7b54cd1974d6287ce92a&version_check=1 HTTP/1.1" 200 12687 "-" "Mozilla/5.0 (compatible; SemrushBot/7~bl; +http://www.semrush.com/bot.html)" "tekmedicgloves.com"
185.191.171.24 - - [10/Sep/2022:21:07:15 -0700] "GET /phpMyAdmin/setup/index.php?token=9f992078c15171839bc453894ab4f625&version_check=1 HTTP/1.1" 200 12709 "-" "Mozilla/5.0 (compatible; SemrushBot/7~bl; +http://www.semrush.com/bot.html)" "www.tekmedicgloves.com"
185.191.171.24 - - [10/Sep/2022:21:07:18 -0700] "GET /phpMyAdmin/setup/?token=791148d386599f77918b4bc887ccd5af&version_check=1 HTTP/1.1" 200 12687 "-" "Mozilla/5.0 (compatible; SemrushBot/7~bl; +http://www.semrush.com/bot.html)" "tekmedicgloves.com"
185.191.171.13 - - [10/Sep/2022:21:07:29 -0700] "GET /phpMyAdmin/setup/?token=b7cd6be567c7f972aa69cefc972820c4&version_check=1 HTTP/1.1" 200 12687 "-" "Mozilla/5.0 (compatible; SemrushBot/7~bl; +http://www.semrush.com/bot.html)" "tekmedicgloves.com"
185.191.171.35 - - [10/Sep/2022:21:07:35 -0700] "GET /phpMyAdmin/setup/index.php?token=4d7285af552ae6b6ac5c0ab3d7636bf7&version_check=1 HTTP/1.1" 200 12705 "-" "Mozilla/5.0 (compatible; SemrushBot/7~bl; +http://www.semrush.com/bot.html)" "tekmedicgloves.com"
185.191.171.3 - - [10/Sep/2022:21:07:58 -0700] "GET /phpMyAdmin/setup/?token=fb0ab767c1307e60d3cb56ed65ca5a99&version_check=1 HTTP/1.1" 200 12687 "-" "Mozilla/5.0 (compatible; SemrushBot/7~bl; +http://www.semrush.com/bot.html)" "tekmedicgloves.com"
185.191.171.15 - - [10/Sep/2022:21:08:05 -0700] "GET /phpMyAdmin/setup/?token=b5edc9dd3baed2f2d0a874e6494a62c9&version_check=1 HTTP/1.1" 200 12691 "-" "Mozilla/5.0 (compatible; SemrushBot/7~bl; +http://www.semrush.com/bot.html)" "www.tekmedicgloves.com"
185.191.171.25 - - [10/Sep/2022:21:08:07 -0700] "GET /phpMyAdmin/setup/index.php?token=fc5e1672210e10d51ecb72ae2456130b&version_check=1 HTTP/1.1" 200 12705 "-" "Mozilla/5.0 (compatible; SemrushBot/7~bl; +http://www.semrush.com/bot.html)" "tekmedicgloves.com"
185.191.171.4 - - [10/Sep/2022:21:08:36 -0700] "GET /phpMyAdmin/setup/?token=ce84f61dc3ea66857b52fd1cf7c51eec&version_check=1 HTTP/1.1" 200 12687 "-" "Mozilla/5.0 (compatible; SemrushBot/7~bl; +http://www.semrush.com/bot.html)" "tekmedicgloves.com"
185.191.171.41 - - [10/Sep/2022:21:08:52 -0700] "GET /phpMyAdmin/setup/?token=cf682e72cc976b6346cfd19ee475178d&version_check=1 HTTP/1.1" 200 12687 "-" "Mozilla/5.0 (compatible; SemrushBot/7~bl; +http://www.semrush.com/bot.html)" "tekmedicgloves.com"
185.191.171.33 - - [10/Sep/2022:21:09:14 -0700] "GET /phpMyAdmin/setup/?token=bdeb4c53f5f1391f8a0d0372688a7510&version_check=1 HTTP/1.1" 200 12691 "-" "Mozilla/5.0 (compatible; SemrushBot/7~bl; +http://www.semrush.com/bot.html)" "www.tekmedicgloves.com"
185.191.171.6 - - [10/Sep/2022:21:09:32 -0700] "GET /phpMyAdmin/setup/?token=085b1bf3446ce144934978b5f039a50d&version_check=1 HTTP/1.1" 200 12687 "-" "Mozilla/5.0 (compatible; SemrushBot/7~bl; +http://www.semrush.com/bot.html)" "tekmedicgloves.com"
185.191.171.2 - - [10/Sep/2022:21:09:35 -0700] "GET /phpMyAdmin/setup/?token=283debec01e9311e76385b238c8e9c7c&version_check=1 HTTP/1.1" 200 12691 "-" "Mozilla/5.0 (compatible; SemrushBot/7~bl; +http://www.semrush.com/bot.html)" "www.tekmedicgloves.com"
185.191.171.44 - - [10/Sep/2022:21:09:37 -0700] "GET /phpMyAdmin/setup/?token=1811c9ca470d9928a139b491b6a83e04&version_check=1 HTTP/1.1" 200 12687 "-" "Mozilla/5.0 (compatible; SemrushBot/7~bl; +http://www.semrush.com/bot.html)" "tekmedicgloves.com"
185.191.171.13 - - [10/Sep/2022:21:09:49 -0700] "GET /phpMyAdmin/setup/?token=37856802d72a7ee7b53dd08a84b6ec0c&version_check=1 HTTP/1.1" 200 12691 "-" "Mozilla/5.0 (compatible; SemrushBot/7~bl; +http://www.semrush.com/bot.html)" "www.tekmedicgloves.com"
185.191.171.37 - - [10/Sep/2022:21:09:52 -0700] "GET /phpMyAdmin/setup/index.php?token=05e2f05e94963144a4f6234975bbf51c&version_check=1 HTTP/1.1" 200 12705 "-" "Mozilla/5.0 (compatible; SemrushBot/7~bl; +http://www.semrush.com/bot.html)" "tekmedicgloves.com"
185.191.171.13 - - [10/Sep/2022:21:10:17 -0700] "GET /phpMyAdmin/setup/?token=7e49b6d1411910de354caf9b5f434769&version_check=1 HTTP/1.1" 200 12687 "-" "Mozilla/5.0 (compatible; SemrushBot/7~bl; +http://www.semrush.com/bot.html)" "tekmedicgloves.com"
185.191.171.21 - - [10/Sep/2022:21:10:18 -0700] "GET /phpMyAdmin/setup/?token=ce188983a4bb8ecdff3d3851c1c680d3&version_check=1 HTTP/1.1" 200 12687 "-" "Mozilla/5.0 (compatible; SemrushBot/7~bl; +http://www.semrush.com/bot.html)" "tekmedicgloves.com"
185.191.171.9 - - [10/Sep/2022:21:10:20 -0700] "GET /phpMyAdmin/setup/?token=192e979770745d07953f6e5d21b8b157&version_check=1 HTTP/1.1" 200 12691 "-" "Mozilla/5.0 (compatible; SemrushBot/7~bl; +http://www.semrush.com/bot.html)" "www.tekmedicgloves.com"
185.191.171.17 - - [10/Sep/2022:21:10:41 -0700] "GET /phpMyAdmin/setup/?token=14b2bc6f654d06ca2878c7c8a6d83c23&version_check=1 HTTP/1.1" 200 12691 "-" "Mozilla/5.0 (compatible; SemrushBot/7~bl; +http://www.semrush.com/bot.html)" "www.tekmedicgloves.com"
185.191.171.22 - - [10/Sep/2022:21:10:47 -0700] "GET /phpMyAdmin/setup/?token=7713404b6aa4000e9adbb936c1bbba09&version_check=1 HTTP/1.1" 200 12687 "-" "Mozilla/5.0 (compatible; SemrushBot/7~bl; +http://www.semrush.com/bot.html)" "tekmedicgloves.com"
185.191.171.5 - - [10/Sep/2022:21:10:52 -0700] "GET /phpMyAdmin/setup/?token=bfcd7f9412474fb2f115859316360685&version_check=1 HTTP/1.1" 200 12687 "-" "Mozilla/5.0 (compatible; SemrushBot/7~bl; +http://www.semrush.com/bot.html)" "tekmedicgloves.com"
185.191.171.4 - - [10/Sep/2022:21:10:54 -0700] "GET /phpMyAdmin/setup/?token=2acb2dbc3aaa4fcc97890e5a58e8e96f&version_check=1 HTTP/1.1" 200 12691 "-" "Mozilla/5.0 (compatible; SemrushBot/7~bl; +http://www.semrush.com/bot.html)" "www.tekmedicgloves.com"
185.191.171.23 - - [10/Sep/2022:21:11:04 -0700] "GET /phpMyAdmin/setup/?token=7f2ea6240327fc92a4212a533a22b1a4&version_check=1 HTTP/1.1" 200 12691 "-" "Mozilla/5.0 (compatible; SemrushBot/7~bl; +http://www.semrush.com/bot.html)" "www.tekmedicgloves.com"
185.191.171.8 - - [10/Sep/2022:21:11:17 -0700] "GET /phpMyAdmin/setup/?token=2866643f33faf0eaa482c3f32a356afe&version_check=1 HTTP/1.1" 200 12687 "-" "Mozilla/5.0 (compatible; SemrushBot/7~bl; +http://www.semrush.com/bot.html)" "tekmedicgloves.com"
185.191.171.34 - - [10/Sep/2022:21:11:20 -0700] "GET /phpMyAdmin/setup/?token=d0318e925245c5e95d6d91b06e67569a&version_check=1 HTTP/1.1" 200 12691 "-" "Mozilla/5.0 (compatible; SemrushBot/7~bl; +http://www.semrush.com/bot.html)" "www.tekmedicgloves.com"
185.191.171.18 - - [10/Sep/2022:21:11:45 -0700] "GET /phpMyAdmin/setup/?token=b9d572ed9941f3019bec012d2cbf4b21&version_check=1 HTTP/1.1" 200 12691 "-" "Mozilla/5.0 (compatible; SemrushBot/7~bl; +http://www.semrush.com/bot.html)" "www.tekmedicgloves.com"
185.191.171.39 - - [10/Sep/2022:21:11:51 -0700] "GET /robots.txt HTTP/1.1" 404 88 "-" "Mozilla/5.0 (compatible; SemrushBot/7~bl; +http://www.semrush.com/bot.html)" "tekmedicgloves.com"
185.191.171.4 - - [10/Sep/2022:21:11:51 -0700] "GET /phpMyAdmin/setup/?token=04015423178504a21239ab392fbeb66e&version_check=1 HTTP/1.1" 200 12687 "-" "Mozilla/5.0 (compatible; SemrushBot/7~bl; +http://www.semrush.com/bot.html)" "tekmedicgloves.com"
185.191.171.15 - - [10/Sep/2022:21:11:54 -0700] "GET /phpMyAdmin/setup/?token=df1d2337b0e0988eb3f6b74c7d8dae3c&version_check=1 HTTP/1.1" 200 12687 "-" "Mozilla/5.0 (compatible; SemrushBot/7~bl; +http://www.semrush.com/bot.html)" "tekmedicgloves.com"
185.191.171.6 - - [10/Sep/2022:21:11:56 -0700] "GET /phpMyAdmin/setup/?token=523890a942bcfa9ba2dea844f4ae3c43&version_check=1 HTTP/1.1" 200 12691 "-" "Mozilla/5.0 (compatible; SemrushBot/7~bl; +http://www.semrush.com/bot.html)" "www.tekmedicgloves.com"
185.191.171.23 - - [10/Sep/2022:21:12:04 -0700] "GET /phpMyAdmin/setup/?token=e6b0a76a88f74d046a90e3a6e1ad353f&version_check=1 HTTP/1.1" 200 12691 "-" "Mozilla/5.0 (compatible; SemrushBot/7~bl; +http://www.semrush.com/bot.html)" "www.tekmedicgloves.com"
185.191.171.4 - - [10/Sep/2022:21:12:13 -0700] "GET /phpMyAdmin/setup/index.php?token=605dfe95340f3569503ed4cb98d13588&version_check=1 HTTP/1.1" 200 12705 "-" "Mozilla/5.0 (compatible; SemrushBot/7~bl; +http://www.semrush.com/bot.html)" "tekmedicgloves.com"
185.191.171.38 - - [10/Sep/2022:21:12:25 -0700] "GET /phpMyAdmin/setup/index.php?token=52efd2b89011ec80a98189ce6a2b6503&version_check=1 HTTP/1.1" 200 12705 "-" "Mozilla/5.0 (compatible; SemrushBot/7~bl; +http://www.semrush.com/bot.html)" "tekmedicgloves.com"
185.191.171.23 - - [10/Sep/2022:21:12:37 -0700] "GET /phpMyAdmin/setup/?token=9aff637d2b7a617f459d99ae1f6d90c6&version_check=1 HTTP/1.1" 200 12687 "-" "Mozilla/5.0 (compatible; SemrushBot/7~bl; +http://www.semrush.com/bot.html)" "tekmedicgloves.com"
