185.191.171.2 - - [11/Sep/2022:10:01:52 -0700] "GET /phpMyAdmin/setup/?token=722c2da2edf7c500b67a1757f2f08dad&version_check=1 HTTP/1.1" 200 12687 "-" "Mozilla/5.0 (compatible; SemrushBot/7~bl; +http://www.semrush.com/bot.html)" "tekmedicgloves.com"
185.191.171.36 - - [11/Sep/2022:10:01:55 -0700] "GET /phpMyAdmin/setup/?token=65347d9f881ae5a704695f0b49844058&version_check=1 HTTP/1.1" 200 12691 "-" "Mozilla/5.0 (compatible; SemrushBot/7~bl; +http://www.semrush.com/bot.html)" "www.tekmedicgloves.com"
185.191.171.8 - - [11/Sep/2022:10:02:25 -0700] "GET /phpMyAdmin/setup/?token=ba7dbd2c0c852b69198e31cf9772001a&version_check=1 HTTP/1.1" 200 12687 "-" "Mozilla/5.0 (compatible; SemrushBot/7~bl; +http://www.semrush.com/bot.html)" "tekmedicgloves.com"
185.191.171.38 - - [11/Sep/2022:10:02:26 -0700] "GET /phpMyAdmin/setup/?token=cbd86d611218ebcb442bcf1287a2b3bc&version_check=1 HTTP/1.1" 200 12691 "-" "Mozilla/5.0 (compatible; SemrushBot/7~bl; +http://www.semrush.com/bot.html)" "www.tekmedicgloves.com"
185.191.171.1 - - [11/Sep/2022:10:02:52 -0700] "GET /phpMyAdmin/setup/?token=f96a01950632cab0e4a1de8ed7a4a6f7&version_check=1 HTTP/1.1" 200 12691 "-" "Mozilla/5.0 (compatible; SemrushBot/7~bl; +http://www.semrush.com/bot.html)" "www.tekmedicgloves.com"
185.191.171.38 - - [11/Sep/2022:10:03:02 -0700] "GET /phpMyAdmin/setup/?token=4a2325b76da56ad49b2c00dbb58f7811&version_check=1 HTTP/1.1" 200 12687 "-" "Mozilla/5.0 (compatible; SemrushBot/7~bl; +http://www.semrush.com/bot.html)" "tekmedicgloves.com"
185.191.171.10 - - [11/Sep/2022:10:03:04 -0700] "GET /phpMyAdmin/setup/?token=c5acb5ed54aafca2f18f5c3d2af862e7&version_check=1 HTTP/1.1" 200 12687 "-" "Mozilla/5.0 (compatible; SemrushBot/7~bl; +http://www.semrush.com/bot.html)" "tekmedicgloves.com"
185.191.171.12 - - [11/Sep/2022:10:03:14 -0700] "GET /phpMyAdmin/setup/index.php?token=cd61ccc29163d065a4cc74fc57c7febf&version_check=1 HTTP/1.1" 200 12705 "-" "Mozilla/5.0 (compatible; SemrushBot/7~bl; +http://www.semrush.com/bot.html)" "tekmedicgloves.com"
185.191.171.15 - - [11/Sep/2022:10:03:25 -0700] "GET /phpMyAdmin/setup/?token=d5fd02712fa8ffd4d34470c8449a65d4&version_check=1 HTTP/1.1" 200 12691 "-" "Mozilla/5.0 (compatible; SemrushBot/7~bl; +http://www.semrush.com/bot.html)" "www.tekmedicgloves.com"
185.191.171.7 - - [11/Sep/2022:10:03:49 -0700] "GET /phpMyAdmin/setup/?token=694ebdc06f8f2c8c47297a8c41030881&version_check=1 HTTP/1.1" 200 12691 "-" "Mozilla/5.0 (compatible; SemrushBot/7~bl; +http://www.semrush.com/bot.html)" "www.tekmedicgloves.com"
185.191.171.38 - - [11/Sep/2022:10:04:03 -0700] "GET /phpMyAdmin/setup/?token=f3701c4b46947ba79589f223aa15294a&version_check=1 HTTP/1.1" 200 12691 "-" "Mozilla/5.0 (compatible; SemrushBot/7~bl; +http://www.semrush.com/bot.html)" "www.tekmedicgloves.com"
185.191.171.38 - - [11/Sep/2022:10:04:16 -0700] "GET /phpMyAdmin/setup/index.php?token=8586329ac1682389faee5d620b8c17af&version_check=1 HTTP/1.1" 200 12709 "-" "Mozilla/5.0 (compatible; SemrushBot/7~bl; +http://www.semrush.com/bot.html)" "www.tekmedicgloves.com"
185.191.171.38 - - [11/Sep/2022:10:04:20 -0700] "GET /phpMyAdmin/setup/?token=bff1d72764a74374c7d272a349c1b8ed&version_check=1 HTTP/1.1" 200 12691 "-" "Mozilla/5.0 (compatible; SemrushBot/7~bl; +http://www.semrush.com/bot.html)" "www.tekmedicgloves.com"
185.191.171.7 - - [11/Sep/2022:10:04:27 -0700] "GET /phpMyAdmin/setup/?token=7f2bdec69cbd043e6cebe49cb78cf7fe&version_check=1 HTTP/1.1" 200 12687 "-" "Mozilla/5.0 (compatible; SemrushBot/7~bl; +http://www.semrush.com/bot.html)" "tekmedicgloves.com"
185.191.171.38 - - [11/Sep/2022:10:04:31 -0700] "GET /phpMyAdmin/setup/?token=3142d1a8be5bfac1404dd063824d1cf8&version_check=1 HTTP/1.1" 200 12691 "-" "Mozilla/5.0 (compatible; SemrushBot/7~bl; +http://www.semrush.com/bot.html)" "www.tekmedicgloves.com"
185.191.171.34 - - [11/Sep/2022:10:04:34 -0700] "GET /phpMyAdmin/setup/?token=8a8f19dd58e9c338e847883f9d8ea262&version_check=1 HTTP/1.1" 200 12687 "-" "Mozilla/5.0 (compatible; SemrushBot/7~bl; +http://www.semrush.com/bot.html)" "tekmedicgloves.com"
185.191.171.23 - - [11/Sep/2022:10:04:43 -0700] "GET /phpMyAdmin/setup/?token=37ffd639449e76f5dac494b94af1e33d&version_check=1 HTTP/1.1" 200 12691 "-" "Mozilla/5.0 (compatible; SemrushBot/7~bl; +http://www.semrush.com/bot.html)" "www.tekmedicgloves.com"
185.191.171.23 - - [11/Sep/2022:10:04:45 -0700] "GET /phpMyAdmin/setup/?token=2b858555be05a9897baf1d1eb9d5fd8b&version_check=1 HTTP/1.1" 200 12687 "-" "Mozilla/5.0 (compatible; SemrushBot/7~bl; +http://www.semrush.com/bot.html)" "tekmedicgloves.com"
185.191.171.21 - - [11/Sep/2022:10:04:50 -0700] "GET /phpMyAdmin/setup/?token=886a94caee01d69fb1215c70a672c98f&version_check=1 HTTP/1.1" 200 12687 "-" "Mozilla/5.0 (compatible; SemrushBot/7~bl; +http://www.semrush.com/bot.html)" "tekmedicgloves.com"
185.191.171.15 - - [11/Sep/2022:10:05:09 -0700] "GET /phpMyAdmin/setup/?token=1a806e46f8b42d6266ce64a51425bb7f&version_check=1 HTTP/1.1" 200 12687 "-" "Mozilla/5.0 (compatible; SemrushBot/7~bl; +http://www.semrush.com/bot.html)" "tekmedicgloves.com"
185.191.171.18 - - [11/Sep/2022:10:05:16 -0700] "GET /phpMyAdmin/setup/?token=602ab43291a72d987a998a5f889b9468&version_check=1 HTTP/1.1" 200 12687 "-" "Mozilla/5.0 (compatible; SemrushBot/7~bl; +http://www.semrush.com/bot.html)" "tekmedicgloves.com"
185.191.171.26 - - [11/Sep/2022:10:05:25 -0700] "GET /phpMyAdmin/setup/?token=49f8f4432b6570f1c95b14b2702810ad&version_check=1 HTTP/1.1" 200 12691 "-" "Mozilla/5.0 (compatible; SemrushBot/7~bl; +http://www.semrush.com/bot.html)" "www.tekmedicgloves.com"
185.191.171.33 - - [11/Sep/2022:10:05:26 -0700] "GET /phpMyAdmin/setup/?token=003606147a6b0e6536f9c57286e982a2&version_check=1 HTTP/1.1" 200 12687 "-" "Mozilla/5.0 (compatible; SemrushBot/7~bl; +http://www.semrush.com/bot.html)" "tekmedicgloves.com"
185.191.171.10 - - [11/Sep/2022:10:05:27 -0700] "GET /phpMyAdmin/setup/?token=eba471d5d6d68b9817a9ec34408c4bbc&version_check=1 HTTP/1.1" 200 12691 "-" "Mozilla/5.0 (compatible; SemrushBot/7~bl; +http://www.semrush.com/bot.html)" "www.tekmedicgloves.com"
50.21.188.40 - - [11/Sep/2022:10:05:58 -0700] "GET /sitemap.xml HTTP/1.1" 404 88 "-" "IonCrawl (https://www.ionos.de/terms-gtc/faq-crawler-en/)" "tekmedicgloves.com"
185.191.171.12 - - [11/Sep/2022:10:05:58 -0700] "GET /phpMyAdmin/setup/?token=77d13a6c406e71ad69a2bd54ac808bf3&version_check=1 HTTP/1.1" 200 12687 "-" "Mozilla/5.0 (compatible; SemrushBot/7~bl; +http://www.semrush.com/bot.html)" "tekmedicgloves.com"
50.21.188.40 - - [11/Sep/2022:10:05:59 -0700] "GET / HTTP/1.1" 200 347 "-" "IonCrawl (https://www.ionos.de/terms-gtc/faq-crawler-en/)" "tekmedicgloves.com"
50.21.188.40 - - [11/Sep/2022:10:06:00 -0700] "GET /wp-admin/admin-ajax.php HTTP/1.1" 404 88 "-" "IonCrawl (https://www.ionos.de/terms-gtc/faq-crawler-en/)" "tekmedicgloves.com"
185.191.171.2 - - [11/Sep/2022:10:06:23 -0700] "GET /phpMyAdmin/setup/?token=b45b37048474c809f212f10f89ded8e8&version_check=1 HTTP/1.1" 200 12687 "-" "Mozilla/5.0 (compatible; SemrushBot/7~bl; +http://www.semrush.com/bot.html)" "tekmedicgloves.com"
185.191.171.3 - - [11/Sep/2022:10:06:28 -0700] "GET /phpMyAdmin/setup/?token=dd48f654d6d4f7a766a330a9007cee51&version_check=1 HTTP/1.1" 200 12687 "-" "Mozilla/5.0 (compatible; SemrushBot/7~bl; +http://www.semrush.com/bot.html)" "tekmedicgloves.com"
185.191.171.33 - - [11/Sep/2022:10:06:49 -0700] "GET /phpMyAdmin/setup/?token=3e9bdd29726fb784a38211b321cc9611&version_check=1 HTTP/1.1" 200 12691 "-" "Mozilla/5.0 (compatible; SemrushBot/7~bl; +http://www.semrush.com/bot.html)" "www.tekmedicgloves.com"
185.191.171.2 - - [11/Sep/2022:10:07:00 -0700] "GET /phpMyAdmin/setup/?token=4e0d0b9c56ffca98e67813130be27ff3&version_check=1 HTTP/1.1" 200 12687 "-" "Mozilla/5.0 (compatible; SemrushBot/7~bl; +http://www.semrush.com/bot.html)" "tekmedicgloves.com"
185.191.171.2 - - [11/Sep/2022:10:07:15 -0700] "GET /phpMyAdmin/setup/?token=362fc7a57068618a4696603c273adb4b&version_check=1 HTTP/1.1" 200 12691 "-" "Mozilla/5.0 (compatible; SemrushBot/7~bl; +http://www.semrush.com/bot.html)" "www.tekmedicgloves.com"
185.191.171.5 - - [11/Sep/2022:10:07:18 -0700] "GET /phpMyAdmin/setup/?token=79d62e5dbf27c9b820091e817cda2727&version_check=1 HTTP/1.1" 200 12691 "-" "Mozilla/5.0 (compatible; SemrushBot/7~bl; +http://www.semrush.com/bot.html)" "www.tekmedicgloves.com"
185.191.171.21 - - [11/Sep/2022:10:07:26 -0700] "GET /phpMyAdmin/setup/?token=990800c1e4d99a802afd20689bde5cd5&version_check=1 HTTP/1.1" 200 12687 "-" "Mozilla/5.0 (compatible; SemrushBot/7~bl; +http://www.semrush.com/bot.html)" "tekmedicgloves.com"
185.191.171.3 - - [11/Sep/2022:10:07:35 -0700] "GET /phpMyAdmin/setup/?token=e79c174a329493f75f09449ac0d6253a&version_check=1 HTTP/1.1" 200 12691 "-" "Mozilla/5.0 (compatible; SemrushBot/7~bl; +http://www.semrush.com/bot.html)" "www.tekmedicgloves.com"
185.191.171.20 - - [11/Sep/2022:10:07:38 -0700] "GET /phpMyAdmin/setup/?token=ef27e00467f2b5453a3ab2e1a8f6a73b&version_check=1 HTTP/1.1" 200 12687 "-" "Mozilla/5.0 (compatible; SemrushBot/7~bl; +http://www.semrush.com/bot.html)" "tekmedicgloves.com"
185.191.171.44 - - [11/Sep/2022:10:07:40 -0700] "GET /phpMyAdmin/setup/?token=fada45a39ee754659b3b31471030fa20&version_check=1 HTTP/1.1" 200 12691 "-" "Mozilla/5.0 (compatible; SemrushBot/7~bl; +http://www.semrush.com/bot.html)" "www.tekmedicgloves.com"
185.191.171.26 - - [11/Sep/2022:10:07:45 -0700] "GET /phpMyAdmin/setup/?token=ed602ec75ca71373f33442414f2d5320&version_check=1 HTTP/1.1" 200 12687 "-" "Mozilla/5.0 (compatible; SemrushBot/7~bl; +http://www.semrush.com/bot.html)" "tekmedicgloves.com"
185.191.171.16 - - [11/Sep/2022:10:08:20 -0700] "GET /phpMyAdmin/setup/index.php?token=9c18cd46f08b1bd40c582e3b45514d64&version_check=1 HTTP/1.1" 200 12709 "-" "Mozilla/5.0 (compatible; SemrushBot/7~bl; +http://www.semrush.com/bot.html)" "www.tekmedicgloves.com"
185.191.171.14 - - [11/Sep/2022:10:08:23 -0700] "GET /phpMyAdmin/setup/?token=53dd49f4ccfe773de114760bb507d4ea&version_check=1 HTTP/1.1" 200 12691 "-" "Mozilla/5.0 (compatible; SemrushBot/7~bl; +http://www.semrush.com/bot.html)" "www.tekmedicgloves.com"
185.191.171.22 - - [11/Sep/2022:10:08:28 -0700] "GET /phpMyAdmin/setup/?token=ab9f4d293af81fa6fb094a35e0afe335&version_check=1 HTTP/1.1" 200 12687 "-" "Mozilla/5.0 (compatible; SemrushBot/7~bl; +http://www.semrush.com/bot.html)" "tekmedicgloves.com"
185.191.171.21 - - [11/Sep/2022:10:08:42 -0700] "GET /phpMyAdmin/setup/?token=d2d7d59ad4402c53cf772867d2b2847a&version_check=1 HTTP/1.1" 200 12687 "-" "Mozilla/5.0 (compatible; SemrushBot/7~bl; +http://www.semrush.com/bot.html)" "tekmedicgloves.com"
185.191.171.45 - - [11/Sep/2022:10:08:52 -0700] "GET /phpMyAdmin/setup/?token=8a23ac6b45f4863e2f7edf4d2ac1aaef&version_check=1 HTTP/1.1" 200 12691 "-" "Mozilla/5.0 (compatible; SemrushBot/7~bl; +http://www.semrush.com/bot.html)" "www.tekmedicgloves.com"
185.191.171.2 - - [11/Sep/2022:10:08:55 -0700] "GET /phpMyAdmin/setup/?token=6af38022522df6eff026490c220c3b7f&version_check=1 HTTP/1.1" 200 12691 "-" "Mozilla/5.0 (compatible; SemrushBot/7~bl; +http://www.semrush.com/bot.html)" "www.tekmedicgloves.com"
185.191.171.8 - - [11/Sep/2022:10:09:23 -0700] "GET /phpMyAdmin/setup/?token=b178fca7a18c668dbf63f4501f105aae&version_check=1 HTTP/1.1" 200 12691 "-" "Mozilla/5.0 (compatible; SemrushBot/7~bl; +http://www.semrush.com/bot.html)" "www.tekmedicgloves.com"
185.191.171.11 - - [11/Sep/2022:10:09:41 -0700] "GET /phpMyAdmin/setup/index.php?token=6ba2d728c82ccd7ce6b64a03bc3072d4&version_check=1 HTTP/1.1" 200 12705 "-" "Mozilla/5.0 (compatible; SemrushBot/7~bl; +http://www.semrush.com/bot.html)" "tekmedicgloves.com"
185.191.171.2 - - [11/Sep/2022:10:09:57 -0700] "GET /phpMyAdmin/setup/?token=897d1d5f5836052d9d51f56f62cf12bc&version_check=1 HTTP/1.1" 200 12691 "-" "Mozilla/5.0 (compatible; SemrushBot/7~bl; +http://www.semrush.com/bot.html)" "www.tekmedicgloves.com"
185.191.171.8 - - [11/Sep/2022:10:09:58 -0700] "GET /phpMyAdmin/setup/index.php?token=e522a92dc3d5b7e5956dbb148041fcc2&version_check=1 HTTP/1.1" 200 12705 "-" "Mozilla/5.0 (compatible; SemrushBot/7~bl; +http://www.semrush.com/bot.html)" "tekmedicgloves.com"
185.191.171.44 - - [11/Sep/2022:10:10:07 -0700] "GET /phpMyAdmin/setup/index.php?token=398db9a9225292cf54c4868e241c62eb&version_check=1 HTTP/1.1" 200 12709 "-" "Mozilla/5.0 (compatible; SemrushBot/7~bl; +http://www.semrush.com/bot.html)" "www.tekmedicgloves.com"
185.191.171.4 - - [11/Sep/2022:10:10:22 -0700] "GET /phpMyAdmin/setup/?token=df5967b3c750d65e6bb85d6a84f5c966&version_check=1 HTTP/1.1" 200 12691 "-" "Mozilla/5.0 (compatible; SemrushBot/7~bl; +http://www.semrush.com/bot.html)" "www.tekmedicgloves.com"
185.191.171.23 - - [11/Sep/2022:10:10:38 -0700] "GET /phpMyAdmin/setup/index.php?token=37f5bf72d44c2b5261726bc1ed99ab40&version_check=1 HTTP/1.1" 200 12705 "-" "Mozilla/5.0 (compatible; SemrushBot/7~bl; +http://www.semrush.com/bot.html)" "tekmedicgloves.com"
185.191.171.7 - - [11/Sep/2022:10:11:03 -0700] "GET /phpMyAdmin/setup/?token=577be2ce7ebbe8c129b5baa5745cd89e&version_check=1 HTTP/1.1" 200 12687 "-" "Mozilla/5.0 (compatible; SemrushBot/7~bl; +http://www.semrush.com/bot.html)" "tekmedicgloves.com"
185.191.171.22 - - [11/Sep/2022:10:11:19 -0700] "GET /phpMyAdmin/setup/?token=45d9e3e20c2f61ca61200a5eef30604f&version_check=1 HTTP/1.1" 200 12691 "-" "Mozilla/5.0 (compatible; SemrushBot/7~bl; +http://www.semrush.com/bot.html)" "www.tekmedicgloves.com"
185.191.171.36 - - [11/Sep/2022:10:11:34 -0700] "GET /phpMyAdmin/setup/?token=cdbb89b44a4e6ceb84977b7d9b44e0e7&version_check=1 HTTP/1.1" 200 12691 "-" "Mozilla/5.0 (compatible; SemrushBot/7~bl; +http://www.semrush.com/bot.html)" "www.tekmedicgloves.com"
185.191.171.16 - - [11/Sep/2022:10:11:38 -0700] "GET /phpMyAdmin/setup/?token=a17eeb6504e4349914c4904019635af5&version_check=1 HTTP/1.1" 200 12687 "-" "Mozilla/5.0 (compatible; SemrushBot/7~bl; +http://www.semrush.com/bot.html)" "tekmedicgloves.com"
185.191.171.14 - - [11/Sep/2022:10:11:40 -0700] "GET /phpMyAdmin/setup/?token=6a99cab30cf9bdccf67a1584f467eadc&version_check=1 HTTP/1.1" 200 12691 "-" "Mozilla/5.0 (compatible; SemrushBot/7~bl; +http://www.semrush.com/bot.html)" "www.tekmedicgloves.com"
185.191.171.18 - - [11/Sep/2022:10:11:43 -0700] "GET /phpMyAdmin/setup/?token=64ad1c243b63bd3c05c5a2e9ba89ead9&version_check=1 HTTP/1.1" 200 12691 "-" "Mozilla/5.0 (compatible; SemrushBot/7~bl; +http://www.semrush.com/bot.html)" "www.tekmedicgloves.com"
185.191.171.15 - - [11/Sep/2022:10:11:44 -0700] "GET /phpMyAdmin/setup/index.php?token=8d803628b8d3e62be61f97d9bec1a4e2&version_check=1 HTTP/1.1" 200 12705 "-" "Mozilla/5.0 (compatible; SemrushBot/7~bl; +http://www.semrush.com/bot.html)" "tekmedicgloves.com"
185.191.171.16 - - [11/Sep/2022:10:12:11 -0700] "GET /phpMyAdmin/setup/?token=c400ac6d348fd7a8de21ab4b1f930385&version_check=1 HTTP/1.1" 200 12691 "-" "Mozilla/5.0 (compatible; SemrushBot/7~bl; +http://www.semrush.com/bot.html)" "www.tekmedicgloves.com"
185.191.171.6 - - [11/Sep/2022:10:12:12 -0700] "GET /phpMyAdmin/setup/?token=04d7c5de92a3e0f8480b8663c7dd5106&version_check=1 HTTP/1.1" 200 12687 "-" "Mozilla/5.0 (compatible; SemrushBot/7~bl; +http://www.semrush.com/bot.html)" "tekmedicgloves.com"
185.191.171.9 - - [11/Sep/2022:10:12:23 -0700] "GET /phpMyAdmin/setup/?token=d639a429c3f1535f076f6b52f70971bc&version_check=1 HTTP/1.1" 200 12691 "-" "Mozilla/5.0 (compatible; SemrushBot/7~bl; +http://www.semrush.com/bot.html)" "www.tekmedicgloves.com"
185.191.171.16 - - [11/Sep/2022:10:12:26 -0700] "GET /phpMyAdmin/setup/?token=c450caa1061f905ef919cf0968928329&version_check=1 HTTP/1.1" 200 12691 "-" "Mozilla/5.0 (compatible; SemrushBot/7~bl; +http://www.semrush.com/bot.html)" "www.tekmedicgloves.com"
185.191.171.40 - - [11/Sep/2022:10:12:33 -0700] "GET /phpMyAdmin/setup/?token=3394352c48a61db8f26ac85d54bc629d&version_check=1 HTTP/1.1" 200 12691 "-" "Mozilla/5.0 (compatible; SemrushBot/7~bl; +http://www.semrush.com/bot.html)" "www.tekmedicgloves.com"
185.191.171.23 - - [11/Sep/2022:10:12:36 -0700] "GET /phpMyAdmin/setup/?token=f9d364b7f06ef9559d67f8505313266e&version_check=1 HTTP/1.1" 200 12691 "-" "Mozilla/5.0 (compatible; SemrushBot/7~bl; +http://www.semrush.com/bot.html)" "www.tekmedicgloves.com"
185.191.171.11 - - [11/Sep/2022:10:12:45 -0700] "GET /phpMyAdmin/setup/?token=9510a8de4d4810e31df0a1c3caa1c7e0&version_check=1 HTTP/1.1" 200 12687 "-" "Mozilla/5.0 (compatible; SemrushBot/7~bl; +http://www.semrush.com/bot.html)" "tekmedicgloves.com"
185.191.171.39 - - [11/Sep/2022:10:12:49 -0700] "GET /phpMyAdmin/setup/?token=11680893baf4bc428a3fa2b1b5e579b3&version_check=1 HTTP/1.1" 200 12687 "-" "Mozilla/5.0 (compatible; SemrushBot/7~bl; +http://www.semrush.com/bot.html)" "tekmedicgloves.com"
185.191.171.11 - - [11/Sep/2022:10:13:09 -0700] "GET /phpMyAdmin/setup/index.php?token=6f221e1a59897ca53133259614af2a61&version_check=1 HTTP/1.1" 200 12705 "-" "Mozilla/5.0 (compatible; SemrushBot/7~bl; +http://www.semrush.com/bot.html)" "tekmedicgloves.com"
185.191.171.3 - - [11/Sep/2022:10:13:21 -0700] "GET /phpMyAdmin/setup/?token=bb62470c9484d00a5ddc1813f21bceca&version_check=1 HTTP/1.1" 200 12687 "-" "Mozilla/5.0 (compatible; SemrushBot/7~bl; +http://www.semrush.com/bot.html)" "tekmedicgloves.com"
185.191.171.19 - - [11/Sep/2022:10:13:50 -0700] "GET /phpMyAdmin/setup/?token=417379dc5d11b826d45e853a964026f5&version_check=1 HTTP/1.1" 200 12691 "-" "Mozilla/5.0 (compatible; SemrushBot/7~bl; +http://www.semrush.com/bot.html)" "www.tekmedicgloves.com"
185.191.171.45 - - [11/Sep/2022:10:14:04 -0700] "GET /phpMyAdmin/setup/?token=47d3184a28ac1d8c4cfa38d54935338b&version_check=1 HTTP/1.1" 200 12687 "-" "Mozilla/5.0 (compatible; SemrushBot/7~bl; +http://www.semrush.com/bot.html)" "tekmedicgloves.com"
185.191.171.5 - - [11/Sep/2022:10:14:22 -0700] "GET /robots.txt HTTP/1.1" 404 88 "-" "Mozilla/5.0 (compatible; SemrushBot/7~bl; +http://www.semrush.com/bot.html)" "tekmedicgloves.com"
185.191.171.17 - - [11/Sep/2022:10:14:22 -0700] "GET /phpMyAdmin/setup/?token=789a24477916aba419838301ce070331&version_check=1 HTTP/1.1" 200 12687 "-" "Mozilla/5.0 (compatible; SemrushBot/7~bl; +http://www.semrush.com/bot.html)" "tekmedicgloves.com"
185.191.171.24 - - [11/Sep/2022:10:14:24 -0700] "GET /phpMyAdmin/setup/?token=923b6cd315ecf32c4ab1a3c916707643&version_check=1 HTTP/1.1" 200 12687 "-" "Mozilla/5.0 (compatible; SemrushBot/7~bl; +http://www.semrush.com/bot.html)" "tekmedicgloves.com"
185.191.171.35 - - [11/Sep/2022:10:14:37 -0700] "GET /phpMyAdmin/setup/?token=63d18f061be42a83653d0d12d9cc4f1f&version_check=1 HTTP/1.1" 200 12687 "-" "Mozilla/5.0 (compatible; SemrushBot/7~bl; +http://www.semrush.com/bot.html)" "tekmedicgloves.com"
185.191.171.42 - - [11/Sep/2022:10:14:39 -0700] "GET /phpMyAdmin/setup/?token=4ea9dfe297815d694a311feb1af42b35&version_check=1 HTTP/1.1" 200 12687 "-" "Mozilla/5.0 (compatible; SemrushBot/7~bl; +http://www.semrush.com/bot.html)" "tekmedicgloves.com"
185.191.171.40 - - [11/Sep/2022:10:14:45 -0700] "GET /phpMyAdmin/setup/?token=421d63e33f469f106856dd6157f3e6b7&version_check=1 HTTP/1.1" 200 12691 "-" "Mozilla/5.0 (compatible; SemrushBot/7~bl; +http://www.semrush.com/bot.html)" "www.tekmedicgloves.com"
185.191.171.9 - - [11/Sep/2022:10:14:55 -0700] "GET /phpMyAdmin/setup/?token=66fac0b4f82bb22345dadf1a1fcb57f3&version_check=1 HTTP/1.1" 200 12687 "-" "Mozilla/5.0 (compatible; SemrushBot/7~bl; +http://www.semrush.com/bot.html)" "tekmedicgloves.com"
185.191.171.18 - - [11/Sep/2022:10:15:08 -0700] "GET /phpMyAdmin/setup/index.php?token=cf4173cf6ffce0b4a6442ab519393d61&version_check=1 HTTP/1.1" 200 12709 "-" "Mozilla/5.0 (compatible; SemrushBot/7~bl; +http://www.semrush.com/bot.html)" "www.tekmedicgloves.com"
185.191.171.25 - - [11/Sep/2022:10:15:15 -0700] "GET /phpMyAdmin/setup/?token=d8db069e67c661ff7b0cba1401864deb&version_check=1 HTTP/1.1" 200 12691 "-" "Mozilla/5.0 (compatible; SemrushBot/7~bl; +http://www.semrush.com/bot.html)" "www.tekmedicgloves.com"
185.191.171.23 - - [11/Sep/2022:10:15:15 -0700] "GET /phpMyAdmin/setup/?token=0f52d76740c494b69488fec1cd0e16d7&version_check=1 HTTP/1.1" 200 12687 "-" "Mozilla/5.0 (compatible; SemrushBot/7~bl; +http://www.semrush.com/bot.html)" "tekmedicgloves.com"
185.191.171.24 - - [11/Sep/2022:10:15:35 -0700] "GET /phpMyAdmin/setup/?token=282589ae20b391d523aef165f383dfab&version_check=1 HTTP/1.1" 200 12691 "-" "Mozilla/5.0 (compatible; SemrushBot/7~bl; +http://www.semrush.com/bot.html)" "www.tekmedicgloves.com"
185.191.171.3 - - [11/Sep/2022:10:15:41 -0700] "GET /phpMyAdmin/setup/index.php?token=2e8c1448104626684695d03be161d63f&version_check=1 HTTP/1.1" 200 12705 "-" "Mozilla/5.0 (compatible; SemrushBot/7~bl; +http://www.semrush.com/bot.html)" "tekmedicgloves.com"
185.191.171.40 - - [11/Sep/2022:10:15:54 -0700] "GET /phpMyAdmin/setup/?token=1c00f6a77485b617225c07b292bf74bb&version_check=1 HTTP/1.1" 200 12687 "-" "Mozilla/5.0 (compatible; SemrushBot/7~bl; +http://www.semrush.com/bot.html)" "tekmedicgloves.com"
50.21.188.50 - - [11/Sep/2022:10:15:56 -0700] "GET /?C=S;O=A HTTP/1.1" 200 347 "-" "IonCrawl (https://www.ionos.de/terms-gtc/faq-crawler-en/)" "tekmedicgloves.com"
50.21.188.20 - - [11/Sep/2022:10:15:58 -0700] "GET /?C=D;O=A HTTP/1.1" 200 347 "-" "IonCrawl (https://www.ionos.de/terms-gtc/faq-crawler-en/)" "tekmedicgloves.com"
50.21.188.30 - - [11/Sep/2022:10:15:58 -0700] "GET /?C=N;O=D HTTP/1.1" 200 345 "-" "IonCrawl (https://www.ionos.de/terms-gtc/faq-crawler-en/)" "tekmedicgloves.com"
185.191.171.14 - - [11/Sep/2022:10:15:59 -0700] "GET /phpMyAdmin/setup/?token=c6b3aec112994fbb54c6acb35b62aaab&version_check=1 HTTP/1.1" 200 12691 "-" "Mozilla/5.0 (compatible; SemrushBot/7~bl; +http://www.semrush.com/bot.html)" "www.tekmedicgloves.com"
50.21.188.40 - - [11/Sep/2022:10:16:09 -0700] "GET /phpMyAdmin/ HTTP/1.1" 200 7540 "-" "IonCrawl (https://www.ionos.de/terms-gtc/faq-crawler-en/)" "tekmedicgloves.com"
50.21.188.40 - - [11/Sep/2022:10:16:11 -0700] "GET /?C=M;O=A HTTP/1.1" 200 347 "-" "IonCrawl (https://www.ionos.de/terms-gtc/faq-crawler-en/)" "tekmedicgloves.com"
50.21.188.30 - - [11/Sep/2022:10:16:13 -0700] "GET /beta/ HTTP/1.1" 200 161 "-" "IonCrawl (https://www.ionos.de/terms-gtc/faq-crawler-en/)" "tekmedicgloves.com"
185.191.171.26 - - [11/Sep/2022:10:16:15 -0700] "GET /phpMyAdmin/setup/?token=3c4ddcfd5c8464dfdc1c32b524e7ac77&version_check=1 HTTP/1.1" 200 12691 "-" "Mozilla/5.0 (compatible; SemrushBot/7~bl; +http://www.semrush.com/bot.html)" "www.tekmedicgloves.com"
185.191.171.12 - - [11/Sep/2022:10:16:17 -0700] "GET /phpMyAdmin/setup/?token=c62b0c898d3c9c4e43c22bda16b232f1&version_check=1 HTTP/1.1" 200 12691 "-" "Mozilla/5.0 (compatible; SemrushBot/7~bl; +http://www.semrush.com/bot.html)" "www.tekmedicgloves.com"
185.191.171.39 - - [11/Sep/2022:10:16:30 -0700] "GET /phpMyAdmin/setup/index.php?token=6066063f659e7e4011fb240d0a881549&version_check=1 HTTP/1.1" 200 12705 "-" "Mozilla/5.0 (compatible; SemrushBot/7~bl; +http://www.semrush.com/bot.html)" "tekmedicgloves.com"
185.191.171.34 - - [11/Sep/2022:10:16:52 -0700] "GET /phpMyAdmin/setup/?token=b51c98152656dd33ba3e494ac7a2d019&version_check=1 HTTP/1.1" 200 12691 "-" "Mozilla/5.0 (compatible; SemrushBot/7~bl; +http://www.semrush.com/bot.html)" "www.tekmedicgloves.com"
185.191.171.15 - - [11/Sep/2022:10:17:00 -0700] "GET /phpMyAdmin/setup/?token=9ebca984a3fe4133689904cd15a2ca5a&version_check=1 HTTP/1.1" 200 12687 "-" "Mozilla/5.0 (compatible; SemrushBot/7~bl; +http://www.semrush.com/bot.html)" "tekmedicgloves.com"
185.191.171.25 - - [11/Sep/2022:10:17:26 -0700] "GET /phpMyAdmin/setup/?token=df2c22fb7a4510088eb8da18515b0aaf&version_check=1 HTTP/1.1" 200 12687 "-" "Mozilla/5.0 (compatible; SemrushBot/7~bl; +http://www.semrush.com/bot.html)" "tekmedicgloves.com"
185.191.171.34 - - [11/Sep/2022:10:18:21 -0700] "GET /phpMyAdmin/setup/?token=d543a177187fa5ac9c6afe7838c0c290&version_check=1 HTTP/1.1" 200 12691 "-" "Mozilla/5.0 (compatible; SemrushBot/7~bl; +http://www.semrush.com/bot.html)" "www.tekmedicgloves.com"
185.191.171.40 - - [11/Sep/2022:10:18:23 -0700] "GET /phpMyAdmin/setup/?token=e92972cb6212bd66445846cbdac2d43d&version_check=1 HTTP/1.1" 200 12687 "-" "Mozilla/5.0 (compatible; SemrushBot/7~bl; +http://www.semrush.com/bot.html)" "tekmedicgloves.com"
185.191.171.2 - - [11/Sep/2022:10:18:45 -0700] "GET /phpMyAdmin/setup/?token=c49af7886cc8ad54c37bbbdb5af8c77e&version_check=1 HTTP/1.1" 200 12687 "-" "Mozilla/5.0 (compatible; SemrushBot/7~bl; +http://www.semrush.com/bot.html)" "tekmedicgloves.com"
185.191.171.9 - - [11/Sep/2022:10:18:54 -0700] "GET /phpMyAdmin/setup/?token=dcfd10857466929e4f84dc910f2e93f2&version_check=1 HTTP/1.1" 200 12691 "-" "Mozilla/5.0 (compatible; SemrushBot/7~bl; +http://www.semrush.com/bot.html)" "www.tekmedicgloves.com"
185.191.171.7 - - [11/Sep/2022:10:18:55 -0700] "GET /phpMyAdmin/setup/index.php?token=d7d635e1dd05fff7f0a9bfb654a2c2f0&version_check=1 HTTP/1.1" 200 12705 "-" "Mozilla/5.0 (compatible; SemrushBot/7~bl; +http://www.semrush.com/bot.html)" "tekmedicgloves.com"
185.191.171.9 - - [11/Sep/2022:10:18:58 -0700] "GET /phpMyAdmin/setup/?token=fb3e1636d14b455b5e7fb92a10cb3983&version_check=1 HTTP/1.1" 200 12691 "-" "Mozilla/5.0 (compatible; SemrushBot/7~bl; +http://www.semrush.com/bot.html)" "www.tekmedicgloves.com"
185.191.171.15 - - [11/Sep/2022:10:19:39 -0700] "GET /phpMyAdmin/setup/index.php?token=0d180cd140bc1b0ab32a6b08eb0df268&version_check=1 HTTP/1.1" 200 12705 "-" "Mozilla/5.0 (compatible; SemrushBot/7~bl; +http://www.semrush.com/bot.html)" "tekmedicgloves.com"
185.191.171.42 - - [11/Sep/2022:10:19:42 -0700] "GET /phpMyAdmin/setup/?token=146da7eb7d32bfd92802824140a0730f&version_check=1 HTTP/1.1" 200 12687 "-" "Mozilla/5.0 (compatible; SemrushBot/7~bl; +http://www.semrush.com/bot.html)" "tekmedicgloves.com"
185.191.171.22 - - [11/Sep/2022:10:19:55 -0700] "GET /phpMyAdmin/setup/?token=d2ec36d54cf8394eb6e693013255678e&version_check=1 HTTP/1.1" 200 12691 "-" "Mozilla/5.0 (compatible; SemrushBot/7~bl; +http://www.semrush.com/bot.html)" "www.tekmedicgloves.com"
185.191.171.26 - - [11/Sep/2022:10:19:55 -0700] "GET /phpMyAdmin/setup/index.php?token=6286b04e05521aaa5a370729a3d334da&version_check=1 HTTP/1.1" 200 12705 "-" "Mozilla/5.0 (compatible; SemrushBot/7~bl; +http://www.semrush.com/bot.html)" "tekmedicgloves.com"
185.191.171.7 - - [11/Sep/2022:10:20:12 -0700] "GET /phpMyAdmin/setup/?token=76812e5eeb7f39b4fadb05603115da0b&version_check=1 HTTP/1.1" 200 12691 "-" "Mozilla/5.0 (compatible; SemrushBot/7~bl; +http://www.semrush.com/bot.html)" "www.tekmedicgloves.com"
185.191.171.21 - - [11/Sep/2022:10:20:18 -0700] "GET /phpMyAdmin/setup/?token=188014781bb691ecdd91559f4bc12599&version_check=1 HTTP/1.1" 200 12687 "-" "Mozilla/5.0 (compatible; SemrushBot/7~bl; +http://www.semrush.com/bot.html)" "tekmedicgloves.com"
185.191.171.15 - - [11/Sep/2022:10:20:20 -0700] "GET /phpMyAdmin/setup/?token=7b2e5703f93c67f950bb5659fc9a9747&version_check=1 HTTP/1.1" 200 12687 "-" "Mozilla/5.0 (compatible; SemrushBot/7~bl; +http://www.semrush.com/bot.html)" "tekmedicgloves.com"
185.191.171.22 - - [11/Sep/2022:10:20:23 -0700] "GET /phpMyAdmin/setup/?token=d805a425e48e0251e6aef6e1d60470d8&version_check=1 HTTP/1.1" 200 12691 "-" "Mozilla/5.0 (compatible; SemrushBot/7~bl; +http://www.semrush.com/bot.html)" "www.tekmedicgloves.com"
185.191.171.21 - - [11/Sep/2022:10:20:31 -0700] "GET /phpMyAdmin/setup/?token=e908eafad9bbdb8e7816d33d9d0680ae&version_check=1 HTTP/1.1" 200 12687 "-" "Mozilla/5.0 (compatible; SemrushBot/7~bl; +http://www.semrush.com/bot.html)" "tekmedicgloves.com"
185.191.171.8 - - [11/Sep/2022:10:20:41 -0700] "GET /phpMyAdmin/setup/index.php?token=3b1ee31598e3d2fcdd415e9e3468f88a&version_check=1 HTTP/1.1" 200 12709 "-" "Mozilla/5.0 (compatible; SemrushBot/7~bl; +http://www.semrush.com/bot.html)" "www.tekmedicgloves.com"
185.191.171.36 - - [11/Sep/2022:10:20:41 -0700] "GET /phpMyAdmin/setup/?token=e3ec4ee169c8b996340e2d703cdf73d1&version_check=1 HTTP/1.1" 200 12687 "-" "Mozilla/5.0 (compatible; SemrushBot/7~bl; +http://www.semrush.com/bot.html)" "tekmedicgloves.com"
185.191.171.23 - - [11/Sep/2022:10:20:47 -0700] "GET /phpMyAdmin/setup/?token=58372b368cce0c63a12ef1d3d823544d&version_check=1 HTTP/1.1" 200 12691 "-" "Mozilla/5.0 (compatible; SemrushBot/7~bl; +http://www.semrush.com/bot.html)" "www.tekmedicgloves.com"
185.191.171.11 - - [11/Sep/2022:10:21:00 -0700] "GET /phpMyAdmin/setup/?token=5ccc80a69d6fb8b538a06b71f00932f3&version_check=1 HTTP/1.1" 200 12691 "-" "Mozilla/5.0 (compatible; SemrushBot/7~bl; +http://www.semrush.com/bot.html)" "www.tekmedicgloves.com"
185.191.171.24 - - [11/Sep/2022:10:21:11 -0700] "GET /phpMyAdmin/setup/?token=0871ce97d3545eeb428af45a1efe515d&version_check=1 HTTP/1.1" 200 12691 "-" "Mozilla/5.0 (compatible; SemrushBot/7~bl; +http://www.semrush.com/bot.html)" "www.tekmedicgloves.com"
185.191.171.17 - - [11/Sep/2022:10:21:38 -0700] "GET /phpMyAdmin/setup/?token=f329a0bae20213208e101d1d62efd4f5&version_check=1 HTTP/1.1" 200 12691 "-" "Mozilla/5.0 (compatible; SemrushBot/7~bl; +http://www.semrush.com/bot.html)" "www.tekmedicgloves.com"
185.191.171.40 - - [11/Sep/2022:10:21:39 -0700] "GET /phpMyAdmin/setup/?token=1ef84f94aef8d5f19eb3a6cba095575e&version_check=1 HTTP/1.1" 200 12691 "-" "Mozilla/5.0 (compatible; SemrushBot/7~bl; +http://www.semrush.com/bot.html)" "www.tekmedicgloves.com"
185.191.171.36 - - [11/Sep/2022:10:21:44 -0700] "GET /phpMyAdmin/setup/index.php?token=5899423dfee0040b88efdd11ee3ce91b&version_check=1 HTTP/1.1" 200 12705 "-" "Mozilla/5.0 (compatible; SemrushBot/7~bl; +http://www.semrush.com/bot.html)" "tekmedicgloves.com"
185.191.171.19 - - [11/Sep/2022:10:21:46 -0700] "GET /phpMyAdmin/setup/index.php?token=3a275475e6b512fc3492d4af3ea13756&version_check=1 HTTP/1.1" 200 12705 "-" "Mozilla/5.0 (compatible; SemrushBot/7~bl; +http://www.semrush.com/bot.html)" "tekmedicgloves.com"
185.191.171.16 - - [11/Sep/2022:10:21:56 -0700] "GET /phpMyAdmin/setup/?token=539d3aebf1ea47614b3b71dbd3de9855&version_check=1 HTTP/1.1" 200 12691 "-" "Mozilla/5.0 (compatible; SemrushBot/7~bl; +http://www.semrush.com/bot.html)" "www.tekmedicgloves.com"
185.191.171.7 - - [11/Sep/2022:10:22:03 -0700] "GET /phpMyAdmin/setup/index.php?token=a0ea2ec30c56d19cc290694944ae0d31&version_check=1 HTTP/1.1" 200 12705 "-" "Mozilla/5.0 (compatible; SemrushBot/7~bl; +http://www.semrush.com/bot.html)" "tekmedicgloves.com"
185.191.171.16 - - [11/Sep/2022:10:22:13 -0700] "GET /phpMyAdmin/setup/?token=63faab23030c8c987b545b595171ffab&version_check=1 HTTP/1.1" 200 12691 "-" "Mozilla/5.0 (compatible; SemrushBot/7~bl; +http://www.semrush.com/bot.html)" "www.tekmedicgloves.com"
185.191.171.12 - - [11/Sep/2022:10:22:34 -0700] "GET /phpMyAdmin/setup/?token=448083471a123a75f908d2bbf4bad99f&version_check=1 HTTP/1.1" 200 12691 "-" "Mozilla/5.0 (compatible; SemrushBot/7~bl; +http://www.semrush.com/bot.html)" "www.tekmedicgloves.com"
185.191.171.38 - - [11/Sep/2022:10:22:40 -0700] "GET /phpMyAdmin/setup/index.php?token=a2344491ceb09b94ff35f039305d12e8&version_check=1 HTTP/1.1" 200 12705 "-" "Mozilla/5.0 (compatible; SemrushBot/7~bl; +http://www.semrush.com/bot.html)" "tekmedicgloves.com"
185.191.171.26 - - [11/Sep/2022:10:22:55 -0700] "GET /phpMyAdmin/setup/?token=d3276a3ac9115b217b8809b3862b52f2&version_check=1 HTTP/1.1" 200 12687 "-" "Mozilla/5.0 (compatible; SemrushBot/7~bl; +http://www.semrush.com/bot.html)" "tekmedicgloves.com"
185.191.171.11 - - [11/Sep/2022:10:23:04 -0700] "GET /phpMyAdmin/setup/?token=091a4589b62fcbdf69714ea1632be83c&version_check=1 HTTP/1.1" 200 12691 "-" "Mozilla/5.0 (compatible; SemrushBot/7~bl; +http://www.semrush.com/bot.html)" "www.tekmedicgloves.com"
185.191.171.9 - - [11/Sep/2022:10:23:09 -0700] "GET /phpMyAdmin/setup/index.php?token=dada45f32229c7d9cfa70d809c8e8464&version_check=1 HTTP/1.1" 200 12705 "-" "Mozilla/5.0 (compatible; SemrushBot/7~bl; +http://www.semrush.com/bot.html)" "tekmedicgloves.com"
185.191.171.14 - - [11/Sep/2022:10:23:25 -0700] "GET /phpMyAdmin/setup/?token=03c744c80794baa9deb27ca60550da79&version_check=1 HTTP/1.1" 200 12687 "-" "Mozilla/5.0 (compatible; SemrushBot/7~bl; +http://www.semrush.com/bot.html)" "tekmedicgloves.com"
185.191.171.25 - - [11/Sep/2022:10:23:34 -0700] "GET /phpMyAdmin/setup/?token=74530688304b12a32af64a113f4d2080&version_check=1 HTTP/1.1" 200 12687 "-" "Mozilla/5.0 (compatible; SemrushBot/7~bl; +http://www.semrush.com/bot.html)" "tekmedicgloves.com"
185.191.171.33 - - [11/Sep/2022:10:23:34 -0700] "GET /phpMyAdmin/setup/?token=791236e1da30e805a6d3cce0e3286540&version_check=1 HTTP/1.1" 200 12691 "-" "Mozilla/5.0 (compatible; SemrushBot/7~bl; +http://www.semrush.com/bot.html)" "www.tekmedicgloves.com"
185.191.171.36 - - [11/Sep/2022:10:23:48 -0700] "GET /phpMyAdmin/setup/?token=19cf3025d50a9473132b5d5fa0ac689e&version_check=1 HTTP/1.1" 200 12691 "-" "Mozilla/5.0 (compatible; SemrushBot/7~bl; +http://www.semrush.com/bot.html)" "www.tekmedicgloves.com"
185.191.171.19 - - [11/Sep/2022:10:23:54 -0700] "GET /phpMyAdmin/setup/?token=fce11e603f8bf74bbb990250bea84e6a&version_check=1 HTTP/1.1" 200 12691 "-" "Mozilla/5.0 (compatible; SemrushBot/7~bl; +http://www.semrush.com/bot.html)" "www.tekmedicgloves.com"
185.191.171.12 - - [11/Sep/2022:10:24:50 -0700] "GET /phpMyAdmin/setup/?token=cf4d4b5f98067da9c7c1c2d6b10161a2&version_check=1 HTTP/1.1" 200 12687 "-" "Mozilla/5.0 (compatible; SemrushBot/7~bl; +http://www.semrush.com/bot.html)" "tekmedicgloves.com"
185.191.171.36 - - [11/Sep/2022:10:24:52 -0700] "GET /phpMyAdmin/setup/?token=a7d9efc5b3d9cacf33bcc5a146f5b520&version_check=1 HTTP/1.1" 200 12687 "-" "Mozilla/5.0 (compatible; SemrushBot/7~bl; +http://www.semrush.com/bot.html)" "tekmedicgloves.com"
185.191.171.9 - - [11/Sep/2022:10:25:00 -0700] "GET /phpMyAdmin/setup/?token=8ae3fa28b645b41c5a125a60bcf06b45&version_check=1 HTTP/1.1" 200 12691 "-" "Mozilla/5.0 (compatible; SemrushBot/7~bl; +http://www.semrush.com/bot.html)" "www.tekmedicgloves.com"
185.191.171.16 - - [11/Sep/2022:10:25:12 -0700] "GET /phpMyAdmin/setup/?token=db717859d5e72d6945a177abf9fbfb85&version_check=1 HTTP/1.1" 200 12691 "-" "Mozilla/5.0 (compatible; SemrushBot/7~bl; +http://www.semrush.com/bot.html)" "www.tekmedicgloves.com"
185.191.171.18 - - [11/Sep/2022:10:25:13 -0700] "GET /phpMyAdmin/setup/index.php?token=8cc64940a451d95bb8039095498ef367&version_check=1 HTTP/1.1" 200 12705 "-" "Mozilla/5.0 (compatible; SemrushBot/7~bl; +http://www.semrush.com/bot.html)" "tekmedicgloves.com"
185.191.171.38 - - [11/Sep/2022:10:25:22 -0700] "GET /phpMyAdmin/setup/?token=0e450470b5cc22ec7c8586b02ed0b444&version_check=1 HTTP/1.1" 200 12687 "-" "Mozilla/5.0 (compatible; SemrushBot/7~bl; +http://www.semrush.com/bot.html)" "tekmedicgloves.com"
185.191.171.12 - - [11/Sep/2022:10:25:45 -0700] "GET /phpMyAdmin/setup/?token=55a2eb0af110889e46ef99d8b99646b3&version_check=1 HTTP/1.1" 200 12691 "-" "Mozilla/5.0 (compatible; SemrushBot/7~bl; +http://www.semrush.com/bot.html)" "www.tekmedicgloves.com"
185.191.171.23 - - [11/Sep/2022:10:26:02 -0700] "GET /phpMyAdmin/setup/?token=8851a655e0d262bcc0104ac3eec01308&version_check=1 HTTP/1.1" 200 12691 "-" "Mozilla/5.0 (compatible; SemrushBot/7~bl; +http://www.semrush.com/bot.html)" "www.tekmedicgloves.com"
185.191.171.24 - - [11/Sep/2022:10:26:05 -0700] "GET /phpMyAdmin/setup/?token=0626c016a3cc231ffb5c1357dbc2e516&version_check=1 HTTP/1.1" 200 12687 "-" "Mozilla/5.0 (compatible; SemrushBot/7~bl; +http://www.semrush.com/bot.html)" "tekmedicgloves.com"
185.191.171.4 - - [11/Sep/2022:10:26:17 -0700] "GET /phpMyAdmin/setup/?token=3bd5edf72c2b7866ddb59819418c91cb&version_check=1 HTTP/1.1" 200 12691 "-" "Mozilla/5.0 (compatible; SemrushBot/7~bl; +http://www.semrush.com/bot.html)" "www.tekmedicgloves.com"
185.191.171.6 - - [11/Sep/2022:10:26:26 -0700] "GET /phpMyAdmin/setup/?token=ac189766dc2c307d88ec60664b8f836e&version_check=1 HTTP/1.1" 200 12687 "-" "Mozilla/5.0 (compatible; SemrushBot/7~bl; +http://www.semrush.com/bot.html)" "tekmedicgloves.com"
185.191.171.4 - - [11/Sep/2022:10:26:32 -0700] "GET /phpMyAdmin/setup/?token=2225424c6f1afe34d0d152e65a0a6459&version_check=1 HTTP/1.1" 200 12691 "-" "Mozilla/5.0 (compatible; SemrushBot/7~bl; +http://www.semrush.com/bot.html)" "www.tekmedicgloves.com"
185.191.171.39 - - [11/Sep/2022:10:26:50 -0700] "GET /phpMyAdmin/setup/index.php?token=646b1ba0978669e660535393db1fb15b&version_check=1 HTTP/1.1" 200 12709 "-" "Mozilla/5.0 (compatible; SemrushBot/7~bl; +http://www.semrush.com/bot.html)" "www.tekmedicgloves.com"
185.191.171.36 - - [11/Sep/2022:10:26:52 -0700] "GET /phpMyAdmin/setup/?token=8d2e126412a7136b88ea1e266164eb75&version_check=1 HTTP/1.1" 200 12687 "-" "Mozilla/5.0 (compatible; SemrushBot/7~bl; +http://www.semrush.com/bot.html)" "tekmedicgloves.com"
185.191.171.25 - - [11/Sep/2022:10:27:07 -0700] "GET /phpMyAdmin/setup/?token=7df93e0fbe6fce5162d3ac22945616f4&version_check=1 HTTP/1.1" 200 12687 "-" "Mozilla/5.0 (compatible; SemrushBot/7~bl; +http://www.semrush.com/bot.html)" "tekmedicgloves.com"
185.191.171.39 - - [11/Sep/2022:10:27:10 -0700] "GET /phpMyAdmin/setup/?token=ccd04bbb04cd0d04c64d22bf038dfe5e&version_check=1 HTTP/1.1" 200 12691 "-" "Mozilla/5.0 (compatible; SemrushBot/7~bl; +http://www.semrush.com/bot.html)" "www.tekmedicgloves.com"
185.191.171.39 - - [11/Sep/2022:10:27:20 -0700] "GET /phpMyAdmin/setup/?token=dbbe39ac8f164e4acdda0de5ddf27b63&version_check=1 HTTP/1.1" 200 12687 "-" "Mozilla/5.0 (compatible; SemrushBot/7~bl; +http://www.semrush.com/bot.html)" "tekmedicgloves.com"
185.191.171.7 - - [11/Sep/2022:10:27:23 -0700] "GET /phpMyAdmin/setup/?token=3e9a0624db9ea6de62a575656d9a8c9c&version_check=1 HTTP/1.1" 200 12687 "-" "Mozilla/5.0 (compatible; SemrushBot/7~bl; +http://www.semrush.com/bot.html)" "tekmedicgloves.com"
50.21.188.10 - - [11/Sep/2022:10:27:27 -0700] "GET /?C=D;O=D HTTP/1.1" 200 345 "-" "IonCrawl (https://www.ionos.de/terms-gtc/faq-crawler-en/)" "tekmedicgloves.com"
50.21.188.50 - - [11/Sep/2022:10:27:32 -0700] "GET /?C=N;O=A HTTP/1.1" 200 347 "-" "IonCrawl (https://www.ionos.de/terms-gtc/faq-crawler-en/)" "tekmedicgloves.com"
50.21.188.30 - - [11/Sep/2022:10:27:35 -0700] "GET /?C=S;O=D HTTP/1.1" 200 345 "-" "IonCrawl (https://www.ionos.de/terms-gtc/faq-crawler-en/)" "tekmedicgloves.com"
185.191.171.14 - - [11/Sep/2022:10:27:35 -0700] "GET /phpMyAdmin/setup/?token=6fd07d53987b3c00da6d6b804599e0b5&version_check=1 HTTP/1.1" 200 12691 "-" "Mozilla/5.0 (compatible; SemrushBot/7~bl; +http://www.semrush.com/bot.html)" "www.tekmedicgloves.com"
50.21.188.10 - - [11/Sep/2022:10:27:38 -0700] "GET /phpMyAdmin/url.php?url=http%3A%2F%2Fwww.phpmyadmin.net%2F&lang=en&collation_connection=utf8_general_ci&token=053f2a728520e24e65bda2fe035110e6 HTTP/1.1" 200 7267 "-" "IonCrawl (https://www.ionos.de/terms-gtc/faq-crawler-en/)" "tekmedicgloves.com"
50.21.188.10 - - [11/Sep/2022:10:27:39 -0700] "GET /robots.txt HTTP/1.1" 404 88 "-" "IonCrawl (https://www.ionos.de/terms-gtc/faq-crawler-en/)" "tekmedicgloves.com"
185.191.171.18 - - [11/Sep/2022:10:27:40 -0700] "GET /phpMyAdmin/setup/?token=5968f9c13f55a82bd9957fd39c0df9a7&version_check=1 HTTP/1.1" 200 12691 "-" "Mozilla/5.0 (compatible; SemrushBot/7~bl; +http://www.semrush.com/bot.html)" "www.tekmedicgloves.com"
50.21.188.20 - - [11/Sep/2022:10:27:43 -0700] "GET /?C=M;O=D HTTP/1.1" 200 345 "-" "IonCrawl (https://www.ionos.de/terms-gtc/faq-crawler-en/)" "tekmedicgloves.com"
185.191.171.36 - - [11/Sep/2022:10:27:48 -0700] "GET /phpMyAdmin/setup/index.php?token=3b37fba0d5cae8d5f657a7b205af6c49&version_check=1 HTTP/1.1" 200 12709 "-" "Mozilla/5.0 (compatible; SemrushBot/7~bl; +http://www.semrush.com/bot.html)" "www.tekmedicgloves.com"
50.21.188.40 - - [11/Sep/2022:10:27:55 -0700] "GET /beta/home.php HTTP/1.1" 200 35074 "-" "IonCrawl (https://www.ionos.de/terms-gtc/faq-crawler-en/)" "tekmedicgloves.com"
50.21.188.50 - - [11/Sep/2022:10:27:58 -0700] "GET /phpMyAdmin/Documentation.html HTTP/1.1" 200 72425 "-" "IonCrawl (https://www.ionos.de/terms-gtc/faq-crawler-en/)" "tekmedicgloves.com"
185.191.171.16 - - [11/Sep/2022:10:28:03 -0700] "GET /phpMyAdmin/setup/?token=a4d9f17158735f0aac0b25d67c01d6fe&version_check=1 HTTP/1.1" 200 12687 "-" "Mozilla/5.0 (compatible; SemrushBot/7~bl; +http://www.semrush.com/bot.html)" "tekmedicgloves.com"
185.191.171.10 - - [11/Sep/2022:10:28:06 -0700] "GET /phpMyAdmin/setup/?token=dcaf5609c9898e455c37588ee93d2166&version_check=1 HTTP/1.1" 200 12691 "-" "Mozilla/5.0 (compatible; SemrushBot/7~bl; +http://www.semrush.com/bot.html)" "www.tekmedicgloves.com"
185.191.171.19 - - [11/Sep/2022:10:28:08 -0700] "GET /phpMyAdmin/setup/index.php?token=034b5d6858c328f2a5e7104937f9ceff&version_check=1 HTTP/1.1" 200 12705 "-" "Mozilla/5.0 (compatible; SemrushBot/7~bl; +http://www.semrush.com/bot.html)" "tekmedicgloves.com"
185.191.171.1 - - [11/Sep/2022:10:28:20 -0700] "GET /phpMyAdmin/setup/?token=39e1c225424030fd8de6fdc70ba683f5&version_check=1 HTTP/1.1" 200 12687 "-" "Mozilla/5.0 (compatible; SemrushBot/7~bl; +http://www.semrush.com/bot.html)" "tekmedicgloves.com"
185.191.171.24 - - [11/Sep/2022:10:28:36 -0700] "GET /phpMyAdmin/setup/?token=fa4e2357a7cc337a97ecb34a87062f1f&version_check=1 HTTP/1.1" 200 12687 "-" "Mozilla/5.0 (compatible; SemrushBot/7~bl; +http://www.semrush.com/bot.html)" "tekmedicgloves.com"
185.191.171.1 - - [11/Sep/2022:10:28:48 -0700] "GET /phpMyAdmin/setup/?token=6cc9100ee9d2eaca5f1191ebd44d232b&version_check=1 HTTP/1.1" 200 12687 "-" "Mozilla/5.0 (compatible; SemrushBot/7~bl; +http://www.semrush.com/bot.html)" "tekmedicgloves.com"
185.191.171.9 - - [11/Sep/2022:10:29:11 -0700] "GET /phpMyAdmin/setup/?token=28e8e5092afebb26aaec0dcb4806f8e4&version_check=1 HTTP/1.1" 200 12691 "-" "Mozilla/5.0 (compatible; SemrushBot/7~bl; +http://www.semrush.com/bot.html)" "www.tekmedicgloves.com"
185.191.171.39 - - [11/Sep/2022:10:29:17 -0700] "GET /robots.txt HTTP/1.1" 404 88 "-" "Mozilla/5.0 (compatible; SemrushBot/7~bl; +http://www.semrush.com/bot.html)" "www.tekmedicgloves.com"
185.191.171.19 - - [11/Sep/2022:10:29:17 -0700] "GET /phpMyAdmin/setup/index.php?token=3f10467ff7b41ea7f9fc9b18d0daa9c4&version_check=1 HTTP/1.1" 200 12709 "-" "Mozilla/5.0 (compatible; SemrushBot/7~bl; +http://www.semrush.com/bot.html)" "www.tekmedicgloves.com"
185.191.171.39 - - [11/Sep/2022:10:29:31 -0700] "GET /phpMyAdmin/setup/?token=5656af01ebb5612b8c52fa405934ceb5&version_check=1 HTTP/1.1" 200 12691 "-" "Mozilla/5.0 (compatible; SemrushBot/7~bl; +http://www.semrush.com/bot.html)" "www.tekmedicgloves.com"
185.191.171.7 - - [11/Sep/2022:10:29:35 -0700] "GET /phpMyAdmin/setup/?token=0d013a9b71669f5f4aecd7bbe39b93fd&version_check=1 HTTP/1.1" 200 12687 "-" "Mozilla/5.0 (compatible; SemrushBot/7~bl; +http://www.semrush.com/bot.html)" "tekmedicgloves.com"
185.191.171.36 - - [11/Sep/2022:10:29:36 -0700] "GET /phpMyAdmin/setup/?token=d743c7d0e036a37fda58b24127222099&version_check=1 HTTP/1.1" 200 12691 "-" "Mozilla/5.0 (compatible; SemrushBot/7~bl; +http://www.semrush.com/bot.html)" "www.tekmedicgloves.com"
185.191.171.14 - - [11/Sep/2022:10:29:37 -0700] "GET /phpMyAdmin/setup/?token=8178e3c60f58442ceb6e17b4d745b872&version_check=1 HTTP/1.1" 200 12687 "-" "Mozilla/5.0 (compatible; SemrushBot/7~bl; +http://www.semrush.com/bot.html)" "tekmedicgloves.com"
185.191.171.44 - - [11/Sep/2022:10:30:03 -0700] "GET /phpMyAdmin/setup/?token=12acafb5bd872da0cc7960e7734d4720&version_check=1 HTTP/1.1" 200 12687 "-" "Mozilla/5.0 (compatible; SemrushBot/7~bl; +http://www.semrush.com/bot.html)" "tekmedicgloves.com"
50.21.188.30 - - [11/Sep/2022:10:30:11 -0700] "GET /phpMyAdmin/changelog.php HTTP/1.1" 200 7540 "-" "IonCrawl (https://www.ionos.de/terms-gtc/faq-crawler-en/)" "tekmedicgloves.com"
50.21.188.10 - - [11/Sep/2022:10:30:13 -0700] "GET /phpMyAdmin/url.php?url=http%3A%2F%2Fwww.phpmyadmin.net%2F&lang=en&token=aab6ccfbd9f2126b0862f2e62d813410 HTTP/1.1" 200 7540 "-" "IonCrawl (https://www.ionos.de/terms-gtc/faq-crawler-en/)" "tekmedicgloves.com"
185.191.171.19 - - [11/Sep/2022:10:30:14 -0700] "GET /phpMyAdmin/setup/?token=47b3291f3d3596386dce1bda5b7ce0f0&version_check=1 HTTP/1.1" 200 12687 "-" "Mozilla/5.0 (compatible; SemrushBot/7~bl; +http://www.semrush.com/bot.html)" "tekmedicgloves.com"
50.21.188.20 - - [11/Sep/2022:10:30:16 -0700] "GET /beta/products.php?cat=20 HTTP/1.1" 200 37670 "-" "IonCrawl (https://www.ionos.de/terms-gtc/faq-crawler-en/)" "tekmedicgloves.com"
50.21.188.50 - - [11/Sep/2022:10:30:17 -0700] "GET /phpMyAdmin/index.php HTTP/1.1" 200 7540 "-" "IonCrawl (https://www.ionos.de/terms-gtc/faq-crawler-en/)" "tekmedicgloves.com"
50.21.188.20 - - [11/Sep/2022:10:30:18 -0700] "GET /beta/products.php?cat=24 HTTP/1.1" 200 42544 "-" "IonCrawl (https://www.ionos.de/terms-gtc/faq-crawler-en/)" "tekmedicgloves.com"
50.21.188.30 - - [11/Sep/2022:10:30:19 -0700] "GET /beta/page.php?pg=2 HTTP/1.1" 200 28123 "-" "IonCrawl (https://www.ionos.de/terms-gtc/faq-crawler-en/)" "tekmedicgloves.com"
50.21.188.20 - - [11/Sep/2022:10:30:19 -0700] "GET /beta/index.php HTTP/1.1" 200 161 "-" "IonCrawl (https://www.ionos.de/terms-gtc/faq-crawler-en/)" "tekmedicgloves.com"
50.21.188.50 - - [11/Sep/2022:10:30:19 -0700] "GET /beta/market.php?id=7 HTTP/1.1" 200 6349 "-" "IonCrawl (https://www.ionos.de/terms-gtc/faq-crawler-en/)" "tekmedicgloves.com"
50.21.188.40 - - [11/Sep/2022:10:30:20 -0700] "GET /beta/products.php?cat=22 HTTP/1.1" 200 38826 "-" "IonCrawl (https://www.ionos.de/terms-gtc/faq-crawler-en/)" "tekmedicgloves.com"
50.21.188.50 - - [11/Sep/2022:10:30:21 -0700] "GET /beta/wsdindex.html HTTP/1.1" 404 88 "-" "IonCrawl (https://www.ionos.de/terms-gtc/faq-crawler-en/)" "tekmedicgloves.com"
50.21.188.30 - - [11/Sep/2022:10:30:21 -0700] "GET /beta/contacts.php HTTP/1.1" 200 24038 "-" "IonCrawl (https://www.ionos.de/terms-gtc/faq-crawler-en/)" "tekmedicgloves.com"
50.21.188.40 - - [11/Sep/2022:10:30:21 -0700] "GET /beta/products.php?cat=23 HTTP/1.1" 200 38758 "-" "IonCrawl (https://www.ionos.de/terms-gtc/faq-crawler-en/)" "tekmedicgloves.com"
50.21.188.50 - - [11/Sep/2022:10:30:22 -0700] "GET /phpMyAdmin/license.php HTTP/1.1" 200 7540 "-" "IonCrawl (https://www.ionos.de/terms-gtc/faq-crawler-en/)" "tekmedicgloves.com"
50.21.188.30 - - [11/Sep/2022:10:30:23 -0700] "GET /beta/market.php?id=8 HTTP/1.1" 200 6349 "-" "IonCrawl (https://www.ionos.de/terms-gtc/faq-crawler-en/)" "tekmedicgloves.com"
50.21.188.50 - - [11/Sep/2022:10:30:25 -0700] "GET /beta/products.php?cat=21 HTTP/1.1" 200 38812 "-" "IonCrawl (https://www.ionos.de/terms-gtc/faq-crawler-en/)" "tekmedicgloves.com"
185.191.171.19 - - [11/Sep/2022:10:30:25 -0700] "GET /phpMyAdmin/setup/index.php?token=6fa29c0ca99197cfc76cfb6a43d0e754&version_check=1 HTTP/1.1" 200 12705 "-" "Mozilla/5.0 (compatible; SemrushBot/7~bl; +http://www.semrush.com/bot.html)" "tekmedicgloves.com"
50.21.188.50 - - [11/Sep/2022:10:30:26 -0700] "GET /phpMyAdmin/LICENSE HTTP/1.1" 200 18011 "-" "IonCrawl (https://www.ionos.de/terms-gtc/faq-crawler-en/)" "tekmedicgloves.com"
185.191.171.16 - - [11/Sep/2022:10:30:43 -0700] "GET /phpMyAdmin/setup/?token=eb547bd54bc9a8355fc37db213afc572&version_check=1 HTTP/1.1" 200 12687 "-" "Mozilla/5.0 (compatible; SemrushBot/7~bl; +http://www.semrush.com/bot.html)" "tekmedicgloves.com"
185.191.171.10 - - [11/Sep/2022:10:30:53 -0700] "GET /phpMyAdmin/setup/?token=925b2cd72292e0d2277202d9c56576ea&version_check=1 HTTP/1.1" 200 12687 "-" "Mozilla/5.0 (compatible; SemrushBot/7~bl; +http://www.semrush.com/bot.html)" "tekmedicgloves.com"
185.191.171.35 - - [11/Sep/2022:10:30:59 -0700] "GET /phpMyAdmin/setup/index.php?token=f1f1ba4301197554efe3157a2ac5232a&version_check=1 HTTP/1.1" 200 12709 "-" "Mozilla/5.0 (compatible; SemrushBot/7~bl; +http://www.semrush.com/bot.html)" "www.tekmedicgloves.com"
185.191.171.15 - - [11/Sep/2022:10:31:05 -0700] "GET /phpMyAdmin/setup/index.php?token=24b649496e05fc8e956819d6321a1c96&version_check=1 HTTP/1.1" 200 12709 "-" "Mozilla/5.0 (compatible; SemrushBot/7~bl; +http://www.semrush.com/bot.html)" "www.tekmedicgloves.com"
185.191.171.6 - - [11/Sep/2022:10:31:33 -0700] "GET /phpMyAdmin/setup/?token=6de0379518fc6e060f927a1541894e84&version_check=1 HTTP/1.1" 200 12687 "-" "Mozilla/5.0 (compatible; SemrushBot/7~bl; +http://www.semrush.com/bot.html)" "tekmedicgloves.com"
185.191.171.4 - - [11/Sep/2022:10:31:49 -0700] "GET /phpMyAdmin/setup/?token=dee52d95ae79187889759be606d336fc&version_check=1 HTTP/1.1" 200 12691 "-" "Mozilla/5.0 (compatible; SemrushBot/7~bl; +http://www.semrush.com/bot.html)" "www.tekmedicgloves.com"
185.191.171.4 - - [11/Sep/2022:10:31:59 -0700] "GET /phpMyAdmin/setup/index.php?token=f8660220afd9d995470c6ec4808d6761&version_check=1 HTTP/1.1" 200 12705 "-" "Mozilla/5.0 (compatible; SemrushBot/7~bl; +http://www.semrush.com/bot.html)" "tekmedicgloves.com"
185.191.171.23 - - [11/Sep/2022:10:32:09 -0700] "GET /phpMyAdmin/setup/?token=0d5c88c0e9264bb0a7c5b35ca4eada5a&version_check=1 HTTP/1.1" 200 12691 "-" "Mozilla/5.0 (compatible; SemrushBot/7~bl; +http://www.semrush.com/bot.html)" "www.tekmedicgloves.com"
185.191.171.11 - - [11/Sep/2022:10:32:22 -0700] "GET /phpMyAdmin/setup/index.php?token=f031b54fd30bef600f09e8336385ede8&version_check=1 HTTP/1.1" 200 12705 "-" "Mozilla/5.0 (compatible; SemrushBot/7~bl; +http://www.semrush.com/bot.html)" "tekmedicgloves.com"
185.191.171.25 - - [11/Sep/2022:10:32:26 -0700] "GET /phpMyAdmin/setup/?token=62c1b1059c47ba9960420e172a9b3198&version_check=1 HTTP/1.1" 200 12691 "-" "Mozilla/5.0 (compatible; SemrushBot/7~bl; +http://www.semrush.com/bot.html)" "www.tekmedicgloves.com"
185.191.171.16 - - [11/Sep/2022:10:32:34 -0700] "GET /phpMyAdmin/setup/index.php?token=5ae65abc2548638e5023cc72f08a367c&version_check=1 HTTP/1.1" 200 12705 "-" "Mozilla/5.0 (compatible; SemrushBot/7~bl; +http://www.semrush.com/bot.html)" "tekmedicgloves.com"
185.191.171.18 - - [11/Sep/2022:10:32:41 -0700] "GET /phpMyAdmin/setup/?token=f0719956c10108e497f72ea03d179f03&version_check=1 HTTP/1.1" 200 12691 "-" "Mozilla/5.0 (compatible; SemrushBot/7~bl; +http://www.semrush.com/bot.html)" "www.tekmedicgloves.com"
