185.191.171.23 - - [29/Sep/2022:02:57:22 -0700] "GET /phpMyAdmin/setup/?token=03f32a91cc2428c79b976d44a2181c2d&version_check=1 HTTP/1.1" 200 12691 "-" "Mozilla/5.0 (compatible; SemrushBot/7~bl; +http://www.semrush.com/bot.html)" "www.tekmedicgloves.com"
185.191.171.8 - - [29/Sep/2022:02:57:26 -0700] "GET /phpMyAdmin/setup/?token=f46aac8db4a570dd87e372635c8710d0&version_check=1 HTTP/1.1" 200 12691 "-" "Mozilla/5.0 (compatible; SemrushBot/7~bl; +http://www.semrush.com/bot.html)" "www.tekmedicgloves.com"
185.191.171.1 - - [29/Sep/2022:02:57:43 -0700] "GET /phpMyAdmin/setup/?token=1297c6730a65743409de9f14a44a42e5&version_check=1 HTTP/1.1" 200 12691 "-" "Mozilla/5.0 (compatible; SemrushBot/7~bl; +http://www.semrush.com/bot.html)" "www.tekmedicgloves.com"
185.191.171.24 - - [29/Sep/2022:02:57:43 -0700] "GET /phpMyAdmin/setup/?token=f85532ba4913a89027446c67340cfb43&version_check=1 HTTP/1.1" 200 12687 "-" "Mozilla/5.0 (compatible; SemrushBot/7~bl; +http://www.semrush.com/bot.html)" "tekmedicgloves.com"
185.191.171.2 - - [29/Sep/2022:02:58:09 -0700] "GET /phpMyAdmin/setup/?token=0c159b5679cecaa1e6f7f577c2bed3a6&version_check=1 HTTP/1.1" 200 12691 "-" "Mozilla/5.0 (compatible; SemrushBot/7~bl; +http://www.semrush.com/bot.html)" "www.tekmedicgloves.com"
185.191.171.15 - - [29/Sep/2022:02:58:18 -0700] "GET /phpMyAdmin/setup/?token=1a7b27fe295bb0f5004ca6634100bae1&version_check=1 HTTP/1.1" 200 12687 "-" "Mozilla/5.0 (compatible; SemrushBot/7~bl; +http://www.semrush.com/bot.html)" "tekmedicgloves.com"
185.191.171.42 - - [29/Sep/2022:02:58:19 -0700] "GET /phpMyAdmin/setup/?token=c862834e9dbd4c2ad303930508fff495&version_check=1 HTTP/1.1" 200 12691 "-" "Mozilla/5.0 (compatible; SemrushBot/7~bl; +http://www.semrush.com/bot.html)" "www.tekmedicgloves.com"
185.191.171.14 - - [29/Sep/2022:02:58:36 -0700] "GET /phpMyAdmin/setup/?token=ffa2cc7184247536e5768a0d5e3b823c&version_check=1 HTTP/1.1" 200 12687 "-" "Mozilla/5.0 (compatible; SemrushBot/7~bl; +http://www.semrush.com/bot.html)" "tekmedicgloves.com"
185.191.171.42 - - [29/Sep/2022:02:59:06 -0700] "GET /phpMyAdmin/setup/?token=f96e91ce5731f4232f7ae28e00547c1b&version_check=1 HTTP/1.1" 200 12691 "-" "Mozilla/5.0 (compatible; SemrushBot/7~bl; +http://www.semrush.com/bot.html)" "www.tekmedicgloves.com"
185.191.171.34 - - [29/Sep/2022:02:59:06 -0700] "GET /phpMyAdmin/setup/?token=15d6d0a84c9095675292ca07efdc5eed&version_check=1 HTTP/1.1" 200 12687 "-" "Mozilla/5.0 (compatible; SemrushBot/7~bl; +http://www.semrush.com/bot.html)" "tekmedicgloves.com"
185.191.171.19 - - [29/Sep/2022:02:59:14 -0700] "GET /phpMyAdmin/setup/?token=0a352fa7e95ec306c8d2b2a19fd70cf2&version_check=1 HTTP/1.1" 200 12691 "-" "Mozilla/5.0 (compatible; SemrushBot/7~bl; +http://www.semrush.com/bot.html)" "www.tekmedicgloves.com"
185.191.171.9 - - [29/Sep/2022:02:59:18 -0700] "GET /phpMyAdmin/setup/?token=eafa95de630f04d371823cc060c9eeb7&version_check=1 HTTP/1.1" 200 12691 "-" "Mozilla/5.0 (compatible; SemrushBot/7~bl; +http://www.semrush.com/bot.html)" "www.tekmedicgloves.com"
185.191.171.34 - - [29/Sep/2022:02:59:36 -0700] "GET /phpMyAdmin/setup/?token=edafdfdd46b435e68cc17641f9523574&version_check=1 HTTP/1.1" 200 12687 "-" "Mozilla/5.0 (compatible; SemrushBot/7~bl; +http://www.semrush.com/bot.html)" "tekmedicgloves.com"
118.163.126.127 - - [29/Sep/2022:02:59:56 -0700] "GET /beta/home.php HTTP/1.1" 200 35074 "https://www.bing.com/" "Mozilla/5.0 (Windows NT 10.0; Win64; x64) AppleWebKit/537.36 (KHTML, like Gecko) Chrome/105.0.0.0 Safari/537.36 Edg/105.0.1343.53" "tekmedicgloves.com"
185.191.171.35 - - [29/Sep/2022:02:59:56 -0700] "GET /phpMyAdmin/setup/?token=df5f5af8cd115f88aabe05b3f87c6cde&version_check=1 HTTP/1.1" 200 12691 "-" "Mozilla/5.0 (compatible; SemrushBot/7~bl; +http://www.semrush.com/bot.html)" "www.tekmedicgloves.com"
118.163.126.127 - - [29/Sep/2022:02:59:57 -0700] "GET /beta/wp-content/themes/theme48838/bootstrap/css/responsive.css HTTP/1.1" 200 4226 "http://tekmedicgloves.com/beta/home.php" "Mozilla/5.0 (Windows NT 10.0; Win64; x64) AppleWebKit/537.36 (KHTML, like Gecko) Chrome/105.0.0.0 Safari/537.36 Edg/105.0.1343.53" "tekmedicgloves.com"
118.163.126.127 - - [29/Sep/2022:02:59:57 -0700] "GET /beta/wp-content/themes/theme48838/bootstrap/css/bootstrap.css HTTP/1.1" 200 15793 "http://tekmedicgloves.com/beta/home.php" "Mozilla/5.0 (Windows NT 10.0; Win64; x64) AppleWebKit/537.36 (KHTML, like Gecko) Chrome/105.0.0.0 Safari/537.36 Edg/105.0.1343.53" "tekmedicgloves.com"
118.163.126.127 - - [29/Sep/2022:02:59:57 -0700] "GET /beta/wp-content/themes/CherryFramework/css/camera.css HTTP/1.1" 200 3117 "http://tekmedicgloves.com/beta/home.php" "Mozilla/5.0 (Windows NT 10.0; Win64; x64) AppleWebKit/537.36 (KHTML, like Gecko) Chrome/105.0.0.0 Safari/537.36 Edg/105.0.1343.53" "tekmedicgloves.com"
118.163.126.127 - - [29/Sep/2022:02:59:57 -0700] "GET /beta/wp-content/themes/theme48838/style.css HTTP/1.1" 200 243 "http://tekmedicgloves.com/beta/home.php" "Mozilla/5.0 (Windows NT 10.0; Win64; x64) AppleWebKit/537.36 (KHTML, like Gecko) Chrome/105.0.0.0 Safari/537.36 Edg/105.0.1343.53" "tekmedicgloves.com"
118.163.126.127 - - [29/Sep/2022:02:59:57 -0700] "GET /beta/wp-content/plugins/cherry-plugin/lib/js/owl-carousel/owl.carousel.css HTTP/1.1" 200 1119 "http://tekmedicgloves.com/beta/home.php" "Mozilla/5.0 (Windows NT 10.0; Win64; x64) AppleWebKit/537.36 (KHTML, like Gecko) Chrome/105.0.0.0 Safari/537.36 Edg/105.0.1343.53" "tekmedicgloves.com"
118.163.126.127 - - [29/Sep/2022:02:59:57 -0700] "GET /beta/wp-content/plugins/cherry-plugin/lib/js/FlexSlider/flexslider.css HTTP/1.1" 200 1323 "http://tekmedicgloves.com/beta/home.php" "Mozilla/5.0 (Windows NT 10.0; Win64; x64) AppleWebKit/537.36 (KHTML, like Gecko) Chrome/105.0.0.0 Safari/537.36 Edg/105.0.1343.53" "tekmedicgloves.com"
118.163.126.127 - - [29/Sep/2022:02:59:57 -0700] "GET /beta/wp-content/plugins/cherry-plugin/lib/js/owl-carousel/owl.theme.css HTTP/1.1" 200 606 "http://tekmedicgloves.com/beta/home.php" "Mozilla/5.0 (Windows NT 10.0; Win64; x64) AppleWebKit/537.36 (KHTML, like Gecko) Chrome/105.0.0.0 Safari/537.36 Edg/105.0.1343.53" "tekmedicgloves.com"
118.163.126.127 - - [29/Sep/2022:02:59:57 -0700] "GET /beta/wp-content/plugins/cherry-plugin/includes/css/cherry-plugin.css HTTP/1.1" 200 4752 "http://tekmedicgloves.com/beta/home.php" "Mozilla/5.0 (Windows NT 10.0; Win64; x64) AppleWebKit/537.36 (KHTML, like Gecko) Chrome/105.0.0.0 Safari/537.36 Edg/105.0.1343.53" "tekmedicgloves.com"
118.163.126.127 - - [29/Sep/2022:02:59:57 -0700] "GET /beta/wp-content/plugins/contact-form-7/includes/css/styles.css HTTP/1.1" 200 392 "http://tekmedicgloves.com/beta/home.php" "Mozilla/5.0 (Windows NT 10.0; Win64; x64) AppleWebKit/537.36 (KHTML, like Gecko) Chrome/105.0.0.0 Safari/537.36 Edg/105.0.1343.53" "tekmedicgloves.com"
118.163.126.127 - - [29/Sep/2022:02:59:57 -0700] "GET /beta/wp-content/themes/theme48838/main-style.css HTTP/1.1" 200 4849 "http://tekmedicgloves.com/beta/home.php" "Mozilla/5.0 (Windows NT 10.0; Win64; x64) AppleWebKit/537.36 (KHTML, like Gecko) Chrome/105.0.0.0 Safari/537.36 Edg/105.0.1343.53" "tekmedicgloves.com"
118.163.126.127 - - [29/Sep/2022:02:59:57 -0700] "GET /beta/wp-content/themes/CherryFramework/css/magnific-popup.css HTTP/1.1" 200 2166 "http://tekmedicgloves.com/beta/home.php" "Mozilla/5.0 (Windows NT 10.0; Win64; x64) AppleWebKit/537.36 (KHTML, like Gecko) Chrome/105.0.0.0 Safari/537.36 Edg/105.0.1343.53" "tekmedicgloves.com"
118.163.126.127 - - [29/Sep/2022:02:59:57 -0700] "GET /beta/wp-includes/js/comment-reply.min.js HTTP/1.1" 404 88 "http://tekmedicgloves.com/beta/home.php" "Mozilla/5.0 (Windows NT 10.0; Win64; x64) AppleWebKit/537.36 (KHTML, like Gecko) Chrome/105.0.0.0 Safari/537.36 Edg/105.0.1343.53" "tekmedicgloves.com"
118.163.126.127 - - [29/Sep/2022:02:59:57 -0700] "GET /beta/wp-includes/js/swfobject.js HTTP/1.1" 404 88 "http://tekmedicgloves.com/beta/home.php" "Mozilla/5.0 (Windows NT 10.0; Win64; x64) AppleWebKit/537.36 (KHTML, like Gecko) Chrome/105.0.0.0 Safari/537.36 Edg/105.0.1343.53" "tekmedicgloves.com"
118.163.126.127 - - [29/Sep/2022:02:59:57 -0700] "GET /beta/wp-content/themes/CherryFramework/js/jquery-1.7.2.min.js HTTP/1.1" 200 33630 "http://tekmedicgloves.com/beta/home.php" "Mozilla/5.0 (Windows NT 10.0; Win64; x64) AppleWebKit/537.36 (KHTML, like Gecko) Chrome/105.0.0.0 Safari/537.36 Edg/105.0.1343.53" "tekmedicgloves.com"
118.163.126.127 - - [29/Sep/2022:02:59:57 -0700] "GET /beta/wp-content/themes/CherryFramework/js/modernizr.js HTTP/1.1" 200 5141 "http://tekmedicgloves.com/beta/home.php" "Mozilla/5.0 (Windows NT 10.0; Win64; x64) AppleWebKit/537.36 (KHTML, like Gecko) Chrome/105.0.0.0 Safari/537.36 Edg/105.0.1343.53" "tekmedicgloves.com"
118.163.126.127 - - [29/Sep/2022:02:59:58 -0700] "GET /beta/wp-content/themes/CherryFramework/js/jflickrfeed.js HTTP/1.1" 200 560 "http://tekmedicgloves.com/beta/home.php" "Mozilla/5.0 (Windows NT 10.0; Win64; x64) AppleWebKit/537.36 (KHTML, like Gecko) Chrome/105.0.0.0 Safari/537.36 Edg/105.0.1343.53" "tekmedicgloves.com"
118.163.126.127 - - [29/Sep/2022:02:59:58 -0700] "GET /beta/wp-content/themes/CherryFramework/style.css HTTP/1.1" 200 331 "http://tekmedicgloves.com/beta/wp-content/themes/theme48838/main-style.css" "Mozilla/5.0 (Windows NT 10.0; Win64; x64) AppleWebKit/537.36 (KHTML, like Gecko) Chrome/105.0.0.0 Safari/537.36 Edg/105.0.1343.53" "tekmedicgloves.com"
118.163.126.127 - - [29/Sep/2022:02:59:58 -0700] "GET /beta/wp-content/themes/CherryFramework/js/custom.js HTTP/1.1" 200 2131 "http://tekmedicgloves.com/beta/home.php" "Mozilla/5.0 (Windows NT 10.0; Win64; x64) AppleWebKit/537.36 (KHTML, like Gecko) Chrome/105.0.0.0 Safari/537.36 Edg/105.0.1343.53" "tekmedicgloves.com"
118.163.126.127 - - [29/Sep/2022:02:59:58 -0700] "GET /beta/wp-content/themes/CherryFramework/bootstrap/js/bootstrap.min.js HTTP/1.1" 200 7654 "http://tekmedicgloves.com/beta/home.php" "Mozilla/5.0 (Windows NT 10.0; Win64; x64) AppleWebKit/537.36 (KHTML, like Gecko) Chrome/105.0.0.0 Safari/537.36 Edg/105.0.1343.53" "tekmedicgloves.com"
118.163.126.127 - - [29/Sep/2022:02:59:58 -0700] "GET /beta/wp-content/themes/CherryFramework/js/jquery.mobile.customized.min.js HTTP/1.1" 200 6409 "http://tekmedicgloves.com/beta/home.php" "Mozilla/5.0 (Windows NT 10.0; Win64; x64) AppleWebKit/537.36 (KHTML, like Gecko) Chrome/105.0.0.0 Safari/537.36 Edg/105.0.1343.53" "tekmedicgloves.com"
185.191.171.33 - - [29/Sep/2022:02:59:58 -0700] "GET /phpMyAdmin/setup/?token=051ff63281d3b5388931d6f5e4076a4d&version_check=1 HTTP/1.1" 200 12687 "-" "Mozilla/5.0 (compatible; SemrushBot/7~bl; +http://www.semrush.com/bot.html)" "tekmedicgloves.com"
118.163.126.127 - - [29/Sep/2022:02:59:58 -0700] "GET /beta/wp-content/themes/CherryFramework/css/style.css HTTP/1.1" 200 12245 "http://tekmedicgloves.com/beta/wp-content/themes/CherryFramework/style.css" "Mozilla/5.0 (Windows NT 10.0; Win64; x64) AppleWebKit/537.36 (KHTML, like Gecko) Chrome/105.0.0.0 Safari/537.36 Edg/105.0.1343.53" "tekmedicgloves.com"
118.163.126.127 - - [29/Sep/2022:02:59:58 -0700] "GET /beta/wp-content/plugins/contact-form-7/includes/js/jquery.form.min.js HTTP/1.1" 200 5878 "http://tekmedicgloves.com/beta/home.php" "Mozilla/5.0 (Windows NT 10.0; Win64; x64) AppleWebKit/537.36 (KHTML, like Gecko) Chrome/105.0.0.0 Safari/537.36 Edg/105.0.1343.53" "tekmedicgloves.com"
118.163.126.127 - - [29/Sep/2022:02:59:58 -0700] "GET /beta/wp-content/plugins/contact-form-7/includes/js/scripts.js HTTP/1.1" 200 1850 "http://tekmedicgloves.com/beta/home.php" "Mozilla/5.0 (Windows NT 10.0; Win64; x64) AppleWebKit/537.36 (KHTML, like Gecko) Chrome/105.0.0.0 Safari/537.36 Edg/105.0.1343.53" "tekmedicgloves.com"
118.163.126.127 - - [29/Sep/2022:02:59:58 -0700] "GET /beta/wp-content/themes/CherryFramework/js/superfish.js HTTP/1.1" 200 1280 "http://tekmedicgloves.com/beta/home.php" "Mozilla/5.0 (Windows NT 10.0; Win64; x64) AppleWebKit/537.36 (KHTML, like Gecko) Chrome/105.0.0.0 Safari/537.36 Edg/105.0.1343.53" "tekmedicgloves.com"
118.163.126.127 - - [29/Sep/2022:02:59:58 -0700] "GET /beta/wp-content/themes/theme48838/images/footer_patter.png HTTP/1.1" 200 14772 "http://tekmedicgloves.com/beta/wp-content/themes/theme48838/main-style.css" "Mozilla/5.0 (Windows NT 10.0; Win64; x64) AppleWebKit/537.36 (KHTML, like Gecko) Chrome/105.0.0.0 Safari/537.36 Edg/105.0.1343.53" "tekmedicgloves.com"
118.163.126.127 - - [29/Sep/2022:02:59:58 -0700] "GET /beta/wp-content/themes/CherryFramework/js/jquery.magnific-popup.min.js HTTP/1.1" 200 7493 "http://tekmedicgloves.com/beta/home.php" "Mozilla/5.0 (Windows NT 10.0; Win64; x64) AppleWebKit/537.36 (KHTML, like Gecko) Chrome/105.0.0.0 Safari/537.36 Edg/105.0.1343.53" "tekmedicgloves.com"
118.163.126.127 - - [29/Sep/2022:02:59:58 -0700] "GET /beta/wp-content/themes/CherryFramework/js/jquery.mobilemenu.js HTTP/1.1" 200 908 "http://tekmedicgloves.com/beta/home.php" "Mozilla/5.0 (Windows NT 10.0; Win64; x64) AppleWebKit/537.36 (KHTML, like Gecko) Chrome/105.0.0.0 Safari/537.36 Edg/105.0.1343.53" "tekmedicgloves.com"
118.163.126.127 - - [29/Sep/2022:02:59:58 -0700] "GET /beta/wp-content/plugins/cherry-plugin/lib/js/jquery.easing.1.3.js HTTP/1.1" 200 814 "http://tekmedicgloves.com/beta/home.php" "Mozilla/5.0 (Windows NT 10.0; Win64; x64) AppleWebKit/537.36 (KHTML, like Gecko) Chrome/105.0.0.0 Safari/537.36 Edg/105.0.1343.53" "tekmedicgloves.com"
118.163.126.127 - - [29/Sep/2022:02:59:58 -0700] "GET /beta/wp-content/themes/theme48838/images/logo.png HTTP/1.1" 200 27710 "http://tekmedicgloves.com/beta/home.php" "Mozilla/5.0 (Windows NT 10.0; Win64; x64) AppleWebKit/537.36 (KHTML, like Gecko) Chrome/105.0.0.0 Safari/537.36 Edg/105.0.1343.53" "tekmedicgloves.com"
118.163.126.127 - - [29/Sep/2022:02:59:58 -0700] "GET /beta/wp-content/themes/theme48838/images/header_patern.png HTTP/1.1" 200 1168 "http://tekmedicgloves.com/beta/wp-content/themes/theme48838/main-style.css" "Mozilla/5.0 (Windows NT 10.0; Win64; x64) AppleWebKit/537.36 (KHTML, like Gecko) Chrome/105.0.0.0 Safari/537.36 Edg/105.0.1343.53" "tekmedicgloves.com"
118.163.126.127 - - [29/Sep/2022:02:59:59 -0700] "GET /beta/images/marketsegment/20140908022739_segment_pic01.jpg HTTP/1.1" 200 18553 "http://tekmedicgloves.com/beta/home.php" "Mozilla/5.0 (Windows NT 10.0; Win64; x64) AppleWebKit/537.36 (KHTML, like Gecko) Chrome/105.0.0.0 Safari/537.36 Edg/105.0.1343.53" "tekmedicgloves.com"
118.163.126.127 - - [29/Sep/2022:02:59:59 -0700] "GET /beta/wp-content/themes/theme48838/images/hr_bull.png HTTP/1.1" 200 1192 "http://tekmedicgloves.com/beta/wp-content/themes/theme48838/main-style.css" "Mozilla/5.0 (Windows NT 10.0; Win64; x64) AppleWebKit/537.36 (KHTML, like Gecko) Chrome/105.0.0.0 Safari/537.36 Edg/105.0.1343.53" "tekmedicgloves.com"
118.163.126.127 - - [29/Sep/2022:02:59:59 -0700] "GET /beta/wp-content/themes/theme48838/images/iconSweets/icon_3.png HTTP/1.1" 200 2342 "http://tekmedicgloves.com/beta/home.php" "Mozilla/5.0 (Windows NT 10.0; Win64; x64) AppleWebKit/537.36 (KHTML, like Gecko) Chrome/105.0.0.0 Safari/537.36 Edg/105.0.1343.53" "tekmedicgloves.com"
118.163.126.127 - - [29/Sep/2022:02:59:59 -0700] "GET /beta/images/marketsegment/20140908022832_segment_pic02.jpg HTTP/1.1" 200 34037 "http://tekmedicgloves.com/beta/home.php" "Mozilla/5.0 (Windows NT 10.0; Win64; x64) AppleWebKit/537.36 (KHTML, like Gecko) Chrome/105.0.0.0 Safari/537.36 Edg/105.0.1343.53" "tekmedicgloves.com"
118.163.126.127 - - [29/Sep/2022:02:59:59 -0700] "GET /beta/wp-content/plugins/cherry-plugin/lib/js/FlexSlider/jquery.flexslider-min.js HTTP/1.1" 200 5177 "http://tekmedicgloves.com/beta/home.php" "Mozilla/5.0 (Windows NT 10.0; Win64; x64) AppleWebKit/537.36 (KHTML, like Gecko) Chrome/105.0.0.0 Safari/537.36 Edg/105.0.1343.53" "tekmedicgloves.com"
118.163.126.127 - - [29/Sep/2022:02:59:59 -0700] "GET /beta/wp-content/themes/CherryFramework/js/jplayer.playlist.min.js HTTP/1.1" 200 2404 "http://tekmedicgloves.com/beta/home.php" "Mozilla/5.0 (Windows NT 10.0; Win64; x64) AppleWebKit/537.36 (KHTML, like Gecko) Chrome/105.0.0.0 Safari/537.36 Edg/105.0.1343.53" "tekmedicgloves.com"
118.163.126.127 - - [29/Sep/2022:02:59:59 -0700] "GET /beta/wp-content/themes/CherryFramework/js/jquery.jplayer.min.js HTTP/1.1" 200 11945 "http://tekmedicgloves.com/beta/home.php" "Mozilla/5.0 (Windows NT 10.0; Win64; x64) AppleWebKit/537.36 (KHTML, like Gecko) Chrome/105.0.0.0 Safari/537.36 Edg/105.0.1343.53" "tekmedicgloves.com"
118.163.126.127 - - [29/Sep/2022:02:59:59 -0700] "GET /beta/wp-content/themes/CherryFramework/js/camera.min.js HTTP/1.1" 200 8551 "http://tekmedicgloves.com/beta/home.php" "Mozilla/5.0 (Windows NT 10.0; Win64; x64) AppleWebKit/537.36 (KHTML, like Gecko) Chrome/105.0.0.0 Safari/537.36 Edg/105.0.1343.53" "tekmedicgloves.com"
118.163.126.127 - - [29/Sep/2022:02:59:59 -0700] "GET /beta/wp-content/themes/CherryFramework/js/jquery.debouncedresize.js HTTP/1.1" 200 226 "http://tekmedicgloves.com/beta/home.php" "Mozilla/5.0 (Windows NT 10.0; Win64; x64) AppleWebKit/537.36 (KHTML, like Gecko) Chrome/105.0.0.0 Safari/537.36 Edg/105.0.1343.53" "tekmedicgloves.com"
118.163.126.127 - - [29/Sep/2022:02:59:59 -0700] "GET /beta/wp-content/themes/CherryFramework/js/jquery.ba-resize.min.js HTTP/1.1" 200 616 "http://tekmedicgloves.com/beta/home.php" "Mozilla/5.0 (Windows NT 10.0; Win64; x64) AppleWebKit/537.36 (KHTML, like Gecko) Chrome/105.0.0.0 Safari/537.36 Edg/105.0.1343.53" "tekmedicgloves.com"
118.163.126.127 - - [29/Sep/2022:02:59:59 -0700] "GET /beta/wp-content/themes/CherryFramework/js/jquery.isotope.js HTTP/1.1" 200 4845 "http://tekmedicgloves.com/beta/home.php" "Mozilla/5.0 (Windows NT 10.0; Win64; x64) AppleWebKit/537.36 (KHTML, like Gecko) Chrome/105.0.0.0 Safari/537.36 Edg/105.0.1343.53" "tekmedicgloves.com"
118.163.126.127 - - [29/Sep/2022:02:59:59 -0700] "GET /beta/wp-content/plugins/cherry-plugin/includes/js/cherry-plugin.js HTTP/1.1" 200 438 "http://tekmedicgloves.com/beta/home.php" "Mozilla/5.0 (Windows NT 10.0; Win64; x64) AppleWebKit/537.36 (KHTML, like Gecko) Chrome/105.0.0.0 Safari/537.36 Edg/105.0.1343.53" "tekmedicgloves.com"
118.163.126.127 - - [29/Sep/2022:02:59:59 -0700] "GET /beta/wp-content/plugins/cherry-plugin/lib/js/elasti-carousel/jquery.elastislide.js HTTP/1.1" 200 1963 "http://tekmedicgloves.com/beta/home.php" "Mozilla/5.0 (Windows NT 10.0; Win64; x64) AppleWebKit/537.36 (KHTML, like Gecko) Chrome/105.0.0.0 Safari/537.36 Edg/105.0.1343.53" "tekmedicgloves.com"
118.163.126.127 - - [29/Sep/2022:02:59:59 -0700] "GET /beta/wp-content/themes/theme48838/images/social/twitter.png HTTP/1.1" 200 1861 "http://tekmedicgloves.com/beta/home.php" "Mozilla/5.0 (Windows NT 10.0; Win64; x64) AppleWebKit/537.36 (KHTML, like Gecko) Chrome/105.0.0.0 Safari/537.36 Edg/105.0.1343.53" "tekmedicgloves.com"
118.163.126.127 - - [29/Sep/2022:02:59:59 -0700] "GET /beta/wp-content/themes/theme48838/images/social/facebook.png HTTP/1.1" 200 1671 "http://tekmedicgloves.com/beta/home.php" "Mozilla/5.0 (Windows NT 10.0; Win64; x64) AppleWebKit/537.36 (KHTML, like Gecko) Chrome/105.0.0.0 Safari/537.36 Edg/105.0.1343.53" "tekmedicgloves.com"
118.163.126.127 - - [29/Sep/2022:02:59:59 -0700] "GET /beta/wp-content/themes/theme48838/images/social/rss.png HTTP/1.1" 200 2128 "http://tekmedicgloves.com/beta/home.php" "Mozilla/5.0 (Windows NT 10.0; Win64; x64) AppleWebKit/537.36 (KHTML, like Gecko) Chrome/105.0.0.0 Safari/537.36 Edg/105.0.1343.53" "tekmedicgloves.com"
118.163.126.127 - - [29/Sep/2022:02:59:59 -0700] "GET /beta/wp-content/themes/theme48838/images/social/google.png HTTP/1.1" 200 1611 "http://tekmedicgloves.com/beta/home.php" "Mozilla/5.0 (Windows NT 10.0; Win64; x64) AppleWebKit/537.36 (KHTML, like Gecko) Chrome/105.0.0.0 Safari/537.36 Edg/105.0.1343.53" "tekmedicgloves.com"
118.163.126.127 - - [29/Sep/2022:02:59:59 -0700] "GET /beta/wp-content/themes/theme48838/images/arrows-ffffff.png HTTP/1.1" 200 1055 "http://tekmedicgloves.com/beta/wp-content/themes/theme48838/main-style.css" "Mozilla/5.0 (Windows NT 10.0; Win64; x64) AppleWebKit/537.36 (KHTML, like Gecko) Chrome/105.0.0.0 Safari/537.36 Edg/105.0.1343.53" "tekmedicgloves.com"
118.163.126.127 - - [29/Sep/2022:02:59:59 -0700] "GET /beta/wp-content/themes/CherryFramework/images/loading_32.gif HTTP/1.1" 404 88 "http://tekmedicgloves.com/beta/wp-content/themes/CherryFramework/css/style.css" "Mozilla/5.0 (Windows NT 10.0; Win64; x64) AppleWebKit/537.36 (KHTML, like Gecko) Chrome/105.0.0.0 Safari/537.36 Edg/105.0.1343.53" "tekmedicgloves.com"
118.163.126.127 - - [29/Sep/2022:02:59:59 -0700] "GET /beta/wp-content/themes/CherryFramework/images/loading_bg_32.png HTTP/1.1" 404 88 "http://tekmedicgloves.com/beta/wp-content/themes/CherryFramework/css/style.css" "Mozilla/5.0 (Windows NT 10.0; Win64; x64) AppleWebKit/537.36 (KHTML, like Gecko) Chrome/105.0.0.0 Safari/537.36 Edg/105.0.1343.53" "tekmedicgloves.com"
118.163.126.127 - - [29/Sep/2022:02:59:59 -0700] "GET /beta/images/banner/20140909015147_slide1.jpg?1664445576192 HTTP/1.1" 200 154297 "http://tekmedicgloves.com/beta/home.php" "Mozilla/5.0 (Windows NT 10.0; Win64; x64) AppleWebKit/537.36 (KHTML, like Gecko) Chrome/105.0.0.0 Safari/537.36 Edg/105.0.1343.53" "tekmedicgloves.com"
118.163.126.127 - - [29/Sep/2022:03:00:00 -0700] "GET /beta/images/banner/20140909015625_slide1.jpg?1664445577057 HTTP/1.1" 200 189946 "http://tekmedicgloves.com/beta/home.php" "Mozilla/5.0 (Windows NT 10.0; Win64; x64) AppleWebKit/537.36 (KHTML, like Gecko) Chrome/105.0.0.0 Safari/537.36 Edg/105.0.1343.53" "tekmedicgloves.com"
118.163.126.127 - - [29/Sep/2022:03:00:01 -0700] "GET /favicon.ico HTTP/1.1" 404 88 "http://tekmedicgloves.com/beta/home.php" "Mozilla/5.0 (Windows NT 10.0; Win64; x64) AppleWebKit/537.36 (KHTML, like Gecko) Chrome/105.0.0.0 Safari/537.36 Edg/105.0.1343.53" "tekmedicgloves.com"
185.191.171.39 - - [29/Sep/2022:03:00:10 -0700] "GET /phpMyAdmin/setup/?token=dbdfa69accb5f7472546e503f5677ac2&version_check=1 HTTP/1.1" 200 12691 "-" "Mozilla/5.0 (compatible; SemrushBot/7~bl; +http://www.semrush.com/bot.html)" "www.tekmedicgloves.com"
118.163.126.127 - - [29/Sep/2022:03:00:11 -0700] "GET /beta/images/banner/20140909015658_slide1.jpg?1664445587915 HTTP/1.1" 200 235464 "http://tekmedicgloves.com/beta/home.php" "Mozilla/5.0 (Windows NT 10.0; Win64; x64) AppleWebKit/537.36 (KHTML, like Gecko) Chrome/105.0.0.0 Safari/537.36 Edg/105.0.1343.53" "tekmedicgloves.com"
118.163.126.127 - - [29/Sep/2022:03:00:13 -0700] "GET /beta/wp-content/themes/theme48838/images/back-top-icon.png HTTP/1.1" 200 1374 "http://tekmedicgloves.com/beta/wp-content/themes/theme48838/main-style.css" "Mozilla/5.0 (Windows NT 10.0; Win64; x64) AppleWebKit/537.36 (KHTML, like Gecko) Chrome/105.0.0.0 Safari/537.36 Edg/105.0.1343.53" "tekmedicgloves.com"
185.191.171.25 - - [29/Sep/2022:03:00:17 -0700] "GET /phpMyAdmin/setup/?token=031cf45c02f30898be5b69871bbe6e5e&version_check=1 HTTP/1.1" 200 12691 "-" "Mozilla/5.0 (compatible; SemrushBot/7~bl; +http://www.semrush.com/bot.html)" "www.tekmedicgloves.com"
185.191.171.1 - - [29/Sep/2022:03:00:18 -0700] "GET /phpMyAdmin/setup/?token=efdbca3f1f779af210143f05141571f4&version_check=1 HTTP/1.1" 200 12687 "-" "Mozilla/5.0 (compatible; SemrushBot/7~bl; +http://www.semrush.com/bot.html)" "tekmedicgloves.com"
185.191.171.16 - - [29/Sep/2022:03:00:22 -0700] "GET /phpMyAdmin/setup/?token=e629ed4344c043f34c874ac6edc1ebbf&version_check=1 HTTP/1.1" 200 12687 "-" "Mozilla/5.0 (compatible; SemrushBot/7~bl; +http://www.semrush.com/bot.html)" "tekmedicgloves.com"
118.163.126.127 - - [29/Sep/2022:03:00:27 -0700] "GET /beta/page.php?pg=2 HTTP/1.1" 200 28123 "http://tekmedicgloves.com/beta/home.php" "Mozilla/5.0 (Windows NT 10.0; Win64; x64) AppleWebKit/537.36 (KHTML, like Gecko) Chrome/105.0.0.0 Safari/537.36 Edg/105.0.1343.53" "tekmedicgloves.com"
118.163.126.127 - - [29/Sep/2022:03:00:27 -0700] "GET /beta/wp-includes/js/comment-reply.min.js HTTP/1.1" 404 88 "http://tekmedicgloves.com/beta/page.php?pg=2" "Mozilla/5.0 (Windows NT 10.0; Win64; x64) AppleWebKit/537.36 (KHTML, like Gecko) Chrome/105.0.0.0 Safari/537.36 Edg/105.0.1343.53" "tekmedicgloves.com"
118.163.126.127 - - [29/Sep/2022:03:00:27 -0700] "GET /beta/wp-includes/js/swfobject.js HTTP/1.1" 404 88 "http://tekmedicgloves.com/beta/page.php?pg=2" "Mozilla/5.0 (Windows NT 10.0; Win64; x64) AppleWebKit/537.36 (KHTML, like Gecko) Chrome/105.0.0.0 Safari/537.36 Edg/105.0.1343.53" "tekmedicgloves.com"
118.163.126.127 - - [29/Sep/2022:03:00:27 -0700] "GET /beta/wp-content/uploads/2014/04/2page_img1.jpg HTTP/1.1" 200 33711 "http://tekmedicgloves.com/beta/page.php?pg=2" "Mozilla/5.0 (Windows NT 10.0; Win64; x64) AppleWebKit/537.36 (KHTML, like Gecko) Chrome/105.0.0.0 Safari/537.36 Edg/105.0.1343.53" "tekmedicgloves.com"
118.163.126.127 - - [29/Sep/2022:03:00:27 -0700] "GET /beta/wp-content/uploads/2014/04/team11.jpg HTTP/1.1" 200 11038 "http://tekmedicgloves.com/beta/page.php?pg=2" "Mozilla/5.0 (Windows NT 10.0; Win64; x64) AppleWebKit/537.36 (KHTML, like Gecko) Chrome/105.0.0.0 Safari/537.36 Edg/105.0.1343.53" "tekmedicgloves.com"
118.163.126.127 - - [29/Sep/2022:03:00:28 -0700] "GET /beta/wp-content/uploads/2014/04/team5.jpg HTTP/1.1" 200 11451 "http://tekmedicgloves.com/beta/page.php?pg=2" "Mozilla/5.0 (Windows NT 10.0; Win64; x64) AppleWebKit/537.36 (KHTML, like Gecko) Chrome/105.0.0.0 Safari/537.36 Edg/105.0.1343.53" "tekmedicgloves.com"
118.163.126.127 - - [29/Sep/2022:03:00:28 -0700] "GET /beta/wp-content/uploads/2014/04/team4.jpg HTTP/1.1" 200 11883 "http://tekmedicgloves.com/beta/page.php?pg=2" "Mozilla/5.0 (Windows NT 10.0; Win64; x64) AppleWebKit/537.36 (KHTML, like Gecko) Chrome/105.0.0.0 Safari/537.36 Edg/105.0.1343.53" "tekmedicgloves.com"
118.163.126.127 - - [29/Sep/2022:03:00:28 -0700] "GET /beta/wp-content/uploads/2014/04/team3.jpg HTTP/1.1" 200 10832 "http://tekmedicgloves.com/beta/page.php?pg=2" "Mozilla/5.0 (Windows NT 10.0; Win64; x64) AppleWebKit/537.36 (KHTML, like Gecko) Chrome/105.0.0.0 Safari/537.36 Edg/105.0.1343.53" "tekmedicgloves.com"
118.163.126.127 - - [29/Sep/2022:03:00:28 -0700] "GET /beta/wp-content/uploads/2014/04/team2.jpg HTTP/1.1" 200 10791 "http://tekmedicgloves.com/beta/page.php?pg=2" "Mozilla/5.0 (Windows NT 10.0; Win64; x64) AppleWebKit/537.36 (KHTML, like Gecko) Chrome/105.0.0.0 Safari/537.36 Edg/105.0.1343.53" "tekmedicgloves.com"
118.163.126.127 - - [29/Sep/2022:03:00:28 -0700] "GET /beta/wp-content/uploads/2014/04/team6.jpg HTTP/1.1" 200 10734 "http://tekmedicgloves.com/beta/page.php?pg=2" "Mozilla/5.0 (Windows NT 10.0; Win64; x64) AppleWebKit/537.36 (KHTML, like Gecko) Chrome/105.0.0.0 Safari/537.36 Edg/105.0.1343.53" "tekmedicgloves.com"
185.191.171.42 - - [29/Sep/2022:03:00:30 -0700] "GET /phpMyAdmin/setup/?token=f9865989211d643bd754b7846198e201&version_check=1 HTTP/1.1" 200 12687 "-" "Mozilla/5.0 (compatible; SemrushBot/7~bl; +http://www.semrush.com/bot.html)" "tekmedicgloves.com"
185.191.171.35 - - [29/Sep/2022:03:00:35 -0700] "GET /phpMyAdmin/setup/?token=101a7f8472a02268c0ed23ad3b010330&version_check=1 HTTP/1.1" 200 12691 "-" "Mozilla/5.0 (compatible; SemrushBot/7~bl; +http://www.semrush.com/bot.html)" "www.tekmedicgloves.com"
118.163.126.127 - - [29/Sep/2022:03:00:36 -0700] "GET /beta/index.php HTTP/1.1" 200 161 "http://tekmedicgloves.com/beta/page.php?pg=2" "Mozilla/5.0 (Windows NT 10.0; Win64; x64) AppleWebKit/537.36 (KHTML, like Gecko) Chrome/105.0.0.0 Safari/537.36 Edg/105.0.1343.53" "tekmedicgloves.com"
118.163.126.127 - - [29/Sep/2022:03:00:36 -0700] "GET /beta/home.php HTTP/1.1" 200 35074 "http://tekmedicgloves.com/beta/index.php" "Mozilla/5.0 (Windows NT 10.0; Win64; x64) AppleWebKit/537.36 (KHTML, like Gecko) Chrome/105.0.0.0 Safari/537.36 Edg/105.0.1343.53" "tekmedicgloves.com"
118.163.126.127 - - [29/Sep/2022:03:00:37 -0700] "GET /beta/wp-includes/js/swfobject.js HTTP/1.1" 404 88 "http://tekmedicgloves.com/beta/home.php" "Mozilla/5.0 (Windows NT 10.0; Win64; x64) AppleWebKit/537.36 (KHTML, like Gecko) Chrome/105.0.0.0 Safari/537.36 Edg/105.0.1343.53" "tekmedicgloves.com"
118.163.126.127 - - [29/Sep/2022:03:00:37 -0700] "GET /beta/wp-includes/js/comment-reply.min.js HTTP/1.1" 404 88 "http://tekmedicgloves.com/beta/home.php" "Mozilla/5.0 (Windows NT 10.0; Win64; x64) AppleWebKit/537.36 (KHTML, like Gecko) Chrome/105.0.0.0 Safari/537.36 Edg/105.0.1343.53" "tekmedicgloves.com"
118.163.126.127 - - [29/Sep/2022:03:00:37 -0700] "GET /beta/wp-content/themes/CherryFramework/images/loading_32.gif HTTP/1.1" 404 88 "http://tekmedicgloves.com/beta/wp-content/themes/CherryFramework/css/style.css" "Mozilla/5.0 (Windows NT 10.0; Win64; x64) AppleWebKit/537.36 (KHTML, like Gecko) Chrome/105.0.0.0 Safari/537.36 Edg/105.0.1343.53" "tekmedicgloves.com"
118.163.126.127 - - [29/Sep/2022:03:00:37 -0700] "GET /beta/wp-content/themes/CherryFramework/images/loading_bg_32.png HTTP/1.1" 404 88 "http://tekmedicgloves.com/beta/wp-content/themes/CherryFramework/css/style.css" "Mozilla/5.0 (Windows NT 10.0; Win64; x64) AppleWebKit/537.36 (KHTML, like Gecko) Chrome/105.0.0.0 Safari/537.36 Edg/105.0.1343.53" "tekmedicgloves.com"
118.163.126.127 - - [29/Sep/2022:03:00:37 -0700] "GET /beta/images/banner/20140909015147_slide1.jpg?1664445613788 HTTP/1.1" 200 154297 "http://tekmedicgloves.com/beta/home.php" "Mozilla/5.0 (Windows NT 10.0; Win64; x64) AppleWebKit/537.36 (KHTML, like Gecko) Chrome/105.0.0.0 Safari/537.36 Edg/105.0.1343.53" "tekmedicgloves.com"
185.191.171.37 - - [29/Sep/2022:03:00:39 -0700] "GET /phpMyAdmin/setup/?token=1102bd9741691e93385cdc5de49c7877&version_check=1 HTTP/1.1" 200 12691 "-" "Mozilla/5.0 (compatible; SemrushBot/7~bl; +http://www.semrush.com/bot.html)" "www.tekmedicgloves.com"
118.163.126.127 - - [29/Sep/2022:03:00:39 -0700] "GET /beta/images/banner/20140909015625_slide1.jpg?1664445616100 HTTP/1.1" 200 189946 "http://tekmedicgloves.com/beta/home.php" "Mozilla/5.0 (Windows NT 10.0; Win64; x64) AppleWebKit/537.36 (KHTML, like Gecko) Chrome/105.0.0.0 Safari/537.36 Edg/105.0.1343.53" "tekmedicgloves.com"
118.163.126.127 - - [29/Sep/2022:03:00:43 -0700] "GET /beta/contacts.php HTTP/1.1" 200 24038 "http://tekmedicgloves.com/beta/home.php" "Mozilla/5.0 (Windows NT 10.0; Win64; x64) AppleWebKit/537.36 (KHTML, like Gecko) Chrome/105.0.0.0 Safari/537.36 Edg/105.0.1343.53" "tekmedicgloves.com"
118.163.126.127 - - [29/Sep/2022:03:00:43 -0700] "GET /beta/wp-includes/js/swfobject.js HTTP/1.1" 404 88 "http://tekmedicgloves.com/beta/contacts.php" "Mozilla/5.0 (Windows NT 10.0; Win64; x64) AppleWebKit/537.36 (KHTML, like Gecko) Chrome/105.0.0.0 Safari/537.36 Edg/105.0.1343.53" "tekmedicgloves.com"
118.163.126.127 - - [29/Sep/2022:03:00:43 -0700] "GET /beta/wp-includes/js/comment-reply.min.js HTTP/1.1" 404 88 "http://tekmedicgloves.com/beta/contacts.php" "Mozilla/5.0 (Windows NT 10.0; Win64; x64) AppleWebKit/537.36 (KHTML, like Gecko) Chrome/105.0.0.0 Safari/537.36 Edg/105.0.1343.53" "tekmedicgloves.com"
118.163.126.127 - - [29/Sep/2022:03:00:43 -0700] "GET /beta/wp-content/themes/CherryFramework/images/loading_bg_32.png HTTP/1.1" 404 88 "http://tekmedicgloves.com/beta/wp-content/themes/CherryFramework/css/style.css" "Mozilla/5.0 (Windows NT 10.0; Win64; x64) AppleWebKit/537.36 (KHTML, like Gecko) Chrome/105.0.0.0 Safari/537.36 Edg/105.0.1343.53" "tekmedicgloves.com"
118.163.126.127 - - [29/Sep/2022:03:00:43 -0700] "GET /beta/wp-content/themes/CherryFramework/images/loading_32.gif HTTP/1.1" 404 88 "http://tekmedicgloves.com/beta/wp-content/themes/CherryFramework/css/style.css" "Mozilla/5.0 (Windows NT 10.0; Win64; x64) AppleWebKit/537.36 (KHTML, like Gecko) Chrome/105.0.0.0 Safari/537.36 Edg/105.0.1343.53" "tekmedicgloves.com"
185.191.171.39 - - [29/Sep/2022:03:00:58 -0700] "GET /phpMyAdmin/setup/?token=ea42d83a284679ef83b5a61331f44bb6&version_check=1 HTTP/1.1" 200 12687 "-" "Mozilla/5.0 (compatible; SemrushBot/7~bl; +http://www.semrush.com/bot.html)" "tekmedicgloves.com"
185.191.171.14 - - [29/Sep/2022:03:01:16 -0700] "GET /phpMyAdmin/setup/?token=12f99de00bff8c73bad35c8176776bca&version_check=1 HTTP/1.1" 200 12691 "-" "Mozilla/5.0 (compatible; SemrushBot/7~bl; +http://www.semrush.com/bot.html)" "www.tekmedicgloves.com"
185.191.171.35 - - [29/Sep/2022:03:01:18 -0700] "GET /phpMyAdmin/setup/?token=f311c6d17d3741c2a28a9afe55067db1&version_check=1 HTTP/1.1" 200 12691 "-" "Mozilla/5.0 (compatible; SemrushBot/7~bl; +http://www.semrush.com/bot.html)" "www.tekmedicgloves.com"
185.191.171.10 - - [29/Sep/2022:03:01:25 -0700] "GET /phpMyAdmin/setup/?token=09c9a76c986c7f53616aa7d89fb8af17&version_check=1 HTTP/1.1" 200 12691 "-" "Mozilla/5.0 (compatible; SemrushBot/7~bl; +http://www.semrush.com/bot.html)" "www.tekmedicgloves.com"
185.191.171.38 - - [29/Sep/2022:03:01:29 -0700] "GET /phpMyAdmin/setup/?token=0b71a73a933b08e458d5a6c0522b32f6&version_check=1 HTTP/1.1" 200 12691 "-" "Mozilla/5.0 (compatible; SemrushBot/7~bl; +http://www.semrush.com/bot.html)" "www.tekmedicgloves.com"
185.191.171.2 - - [29/Sep/2022:03:01:40 -0700] "GET /phpMyAdmin/setup/?token=f9d59d663adae5413d87e47c737b1576&version_check=1 HTTP/1.1" 200 12687 "-" "Mozilla/5.0 (compatible; SemrushBot/7~bl; +http://www.semrush.com/bot.html)" "tekmedicgloves.com"
185.191.171.44 - - [29/Sep/2022:03:01:45 -0700] "GET /phpMyAdmin/setup/?token=00ce7f2358e34ce68e869c8b4f0bd339&version_check=1 HTTP/1.1" 200 12687 "-" "Mozilla/5.0 (compatible; SemrushBot/7~bl; +http://www.semrush.com/bot.html)" "tekmedicgloves.com"
185.191.171.43 - - [29/Sep/2022:03:01:58 -0700] "GET /phpMyAdmin/setup/?token=ebdab5bd68b10af74a9425206a3c778d&version_check=1 HTTP/1.1" 200 12687 "-" "Mozilla/5.0 (compatible; SemrushBot/7~bl; +http://www.semrush.com/bot.html)" "tekmedicgloves.com"
185.191.171.26 - - [29/Sep/2022:03:02:05 -0700] "GET /phpMyAdmin/setup/?token=00aef68b588bdb6dcbb8c6583d7b6fc3&version_check=1 HTTP/1.1" 200 12687 "-" "Mozilla/5.0 (compatible; SemrushBot/7~bl; +http://www.semrush.com/bot.html)" "tekmedicgloves.com"
185.191.171.24 - - [29/Sep/2022:03:02:28 -0700] "GET /phpMyAdmin/setup/?token=fb8d7f51a9ec8171e01b81204d810c29&version_check=1 HTTP/1.1" 200 12687 "-" "Mozilla/5.0 (compatible; SemrushBot/7~bl; +http://www.semrush.com/bot.html)" "tekmedicgloves.com"
185.191.171.10 - - [29/Sep/2022:03:02:29 -0700] "GET /phpMyAdmin/setup/?token=054ca466888c95af410534aa7d4a4e79&version_check=1 HTTP/1.1" 200 12691 "-" "Mozilla/5.0 (compatible; SemrushBot/7~bl; +http://www.semrush.com/bot.html)" "www.tekmedicgloves.com"
185.191.171.5 - - [29/Sep/2022:03:02:30 -0700] "GET /phpMyAdmin/setup/?token=10b582a036bf57ab08ca945270bae8b3&version_check=1 HTTP/1.1" 200 12687 "-" "Mozilla/5.0 (compatible; SemrushBot/7~bl; +http://www.semrush.com/bot.html)" "tekmedicgloves.com"
185.191.171.41 - - [29/Sep/2022:03:02:38 -0700] "GET /phpMyAdmin/setup/?token=fa16ecf6e7c426a2dace6f9541fa5627&version_check=1 HTTP/1.1" 200 12687 "-" "Mozilla/5.0 (compatible; SemrushBot/7~bl; +http://www.semrush.com/bot.html)" "tekmedicgloves.com"
185.191.171.9 - - [29/Sep/2022:03:02:38 -0700] "GET /phpMyAdmin/setup/?token=105442acc48315e3b7d709f4c4dbd470&version_check=1 HTTP/1.1" 200 12691 "-" "Mozilla/5.0 (compatible; SemrushBot/7~bl; +http://www.semrush.com/bot.html)" "www.tekmedicgloves.com"
185.191.171.11 - - [29/Sep/2022:03:03:02 -0700] "GET /phpMyAdmin/setup/?token=081e515d217325e5512dbe2bd73ddd70&version_check=1 HTTP/1.1" 200 12687 "-" "Mozilla/5.0 (compatible; SemrushBot/7~bl; +http://www.semrush.com/bot.html)" "tekmedicgloves.com"
185.191.171.15 - - [29/Sep/2022:03:03:17 -0700] "GET /phpMyAdmin/setup/?token=f238eb7662fe69408965417279d3fee6&version_check=1 HTTP/1.1" 200 12691 "-" "Mozilla/5.0 (compatible; SemrushBot/7~bl; +http://www.semrush.com/bot.html)" "www.tekmedicgloves.com"
185.191.171.18 - - [29/Sep/2022:03:03:25 -0700] "GET /phpMyAdmin/setup/?token=f3938e650d0606a4ee2cc6ff912b5dd2&version_check=1 HTTP/1.1" 200 12687 "-" "Mozilla/5.0 (compatible; SemrushBot/7~bl; +http://www.semrush.com/bot.html)" "tekmedicgloves.com"
185.191.171.26 - - [29/Sep/2022:03:03:31 -0700] "GET /phpMyAdmin/setup/?token=e960bc07566a7285d74822a0035b6fdd&version_check=1 HTTP/1.1" 200 12687 "-" "Mozilla/5.0 (compatible; SemrushBot/7~bl; +http://www.semrush.com/bot.html)" "tekmedicgloves.com"
185.191.171.2 - - [29/Sep/2022:03:03:38 -0700] "GET /robots.txt HTTP/1.1" 404 88 "-" "Mozilla/5.0 (compatible; SemrushBot/7~bl; +http://www.semrush.com/bot.html)" "www.tekmedicgloves.com"
185.191.171.1 - - [29/Sep/2022:03:03:38 -0700] "GET /phpMyAdmin/setup/?token=dfe4b7b783543c53ec3c6442552166c2&version_check=1 HTTP/1.1" 200 12691 "-" "Mozilla/5.0 (compatible; SemrushBot/7~bl; +http://www.semrush.com/bot.html)" "www.tekmedicgloves.com"
185.191.171.43 - - [29/Sep/2022:03:03:52 -0700] "GET /phpMyAdmin/setup/?token=fff4c4503b0319a9be06506c786a589f&version_check=1 HTTP/1.1" 200 12691 "-" "Mozilla/5.0 (compatible; SemrushBot/7~bl; +http://www.semrush.com/bot.html)" "www.tekmedicgloves.com"
185.191.171.4 - - [29/Sep/2022:03:03:59 -0700] "GET /phpMyAdmin/setup/?token=f2ae931f355193cf28a83bff648ae2a1&version_check=1 HTTP/1.1" 200 12691 "-" "Mozilla/5.0 (compatible; SemrushBot/7~bl; +http://www.semrush.com/bot.html)" "www.tekmedicgloves.com"
185.191.171.21 - - [29/Sep/2022:03:04:05 -0700] "GET /phpMyAdmin/setup/?token=df20590aa631e11dc1bb0cace7ed4403&version_check=1 HTTP/1.1" 200 12691 "-" "Mozilla/5.0 (compatible; SemrushBot/7~bl; +http://www.semrush.com/bot.html)" "www.tekmedicgloves.com"
185.191.171.14 - - [29/Sep/2022:03:04:23 -0700] "GET /phpMyAdmin/setup/?token=e6f8b297222a1c21fb63429c63906590&version_check=1 HTTP/1.1" 200 12687 "-" "Mozilla/5.0 (compatible; SemrushBot/7~bl; +http://www.semrush.com/bot.html)" "tekmedicgloves.com"
185.191.171.10 - - [29/Sep/2022:03:04:33 -0700] "GET /phpMyAdmin/setup/?token=c6901f9d3171da1ad346463f49a04f8b&version_check=1 HTTP/1.1" 200 12691 "-" "Mozilla/5.0 (compatible; SemrushBot/7~bl; +http://www.semrush.com/bot.html)" "www.tekmedicgloves.com"
185.191.171.22 - - [29/Sep/2022:03:04:33 -0700] "GET /phpMyAdmin/setup/?token=ea50a192d121b92b75273a7ed13e38b8&version_check=1 HTTP/1.1" 200 12687 "-" "Mozilla/5.0 (compatible; SemrushBot/7~bl; +http://www.semrush.com/bot.html)" "tekmedicgloves.com"
185.191.171.43 - - [29/Sep/2022:03:04:38 -0700] "GET /phpMyAdmin/setup/?token=e2ec5df56c67b522f601cde468a6cd58&version_check=1 HTTP/1.1" 200 12691 "-" "Mozilla/5.0 (compatible; SemrushBot/7~bl; +http://www.semrush.com/bot.html)" "www.tekmedicgloves.com"
185.191.171.13 - - [29/Sep/2022:03:04:41 -0700] "GET /phpMyAdmin/setup/?token=fe4a9e35b9acd85f049b2537763be8ea&version_check=1 HTTP/1.1" 200 12687 "-" "Mozilla/5.0 (compatible; SemrushBot/7~bl; +http://www.semrush.com/bot.html)" "tekmedicgloves.com"
185.191.171.17 - - [29/Sep/2022:03:04:46 -0700] "GET /phpMyAdmin/setup/?token=11d232c6150a329bc8f03e17476f5005&version_check=1 HTTP/1.1" 200 12687 "-" "Mozilla/5.0 (compatible; SemrushBot/7~bl; +http://www.semrush.com/bot.html)" "tekmedicgloves.com"
185.191.171.8 - - [29/Sep/2022:03:04:48 -0700] "GET /phpMyAdmin/setup/?token=ec4ea23df081ecb1825a5b1d685d2b07&version_check=1 HTTP/1.1" 200 12687 "-" "Mozilla/5.0 (compatible; SemrushBot/7~bl; +http://www.semrush.com/bot.html)" "tekmedicgloves.com"
185.191.171.45 - - [29/Sep/2022:03:05:02 -0700] "GET /phpMyAdmin/setup/?token=0c8733987a9657a869e55212ef3457cd&version_check=1 HTTP/1.1" 200 12691 "-" "Mozilla/5.0 (compatible; SemrushBot/7~bl; +http://www.semrush.com/bot.html)" "www.tekmedicgloves.com"
185.191.171.25 - - [29/Sep/2022:03:05:08 -0700] "GET /phpMyAdmin/setup/?token=086f09b0c5776205c4f39396856b88e2&version_check=1 HTTP/1.1" 200 12691 "-" "Mozilla/5.0 (compatible; SemrushBot/7~bl; +http://www.semrush.com/bot.html)" "www.tekmedicgloves.com"
185.191.171.6 - - [29/Sep/2022:03:05:17 -0700] "GET /phpMyAdmin/setup/?token=11ce864a550c3f11890cd8a337d71496&version_check=1 HTTP/1.1" 200 12687 "-" "Mozilla/5.0 (compatible; SemrushBot/7~bl; +http://www.semrush.com/bot.html)" "tekmedicgloves.com"
185.191.171.33 - - [29/Sep/2022:03:05:24 -0700] "GET /phpMyAdmin/setup/?token=e5d43c46111fbb09947a6e02100f3ab7&version_check=1 HTTP/1.1" 200 12687 "-" "Mozilla/5.0 (compatible; SemrushBot/7~bl; +http://www.semrush.com/bot.html)" "tekmedicgloves.com"
185.191.171.2 - - [29/Sep/2022:03:05:25 -0700] "GET /phpMyAdmin/setup/?token=0d8cd4995ef2b24d5ffc309fe0718352&version_check=1 HTTP/1.1" 200 12691 "-" "Mozilla/5.0 (compatible; SemrushBot/7~bl; +http://www.semrush.com/bot.html)" "www.tekmedicgloves.com"
185.191.171.23 - - [29/Sep/2022:03:05:28 -0700] "GET /phpMyAdmin/setup/?token=0d2059044af1c1b5e6256651282f3bcf&version_check=1 HTTP/1.1" 200 12691 "-" "Mozilla/5.0 (compatible; SemrushBot/7~bl; +http://www.semrush.com/bot.html)" "www.tekmedicgloves.com"
185.191.171.35 - - [29/Sep/2022:03:05:30 -0700] "GET /phpMyAdmin/setup/?token=0cb73894dbe9006585774651c810c39a&version_check=1 HTTP/1.1" 200 12691 "-" "Mozilla/5.0 (compatible; SemrushBot/7~bl; +http://www.semrush.com/bot.html)" "www.tekmedicgloves.com"
185.191.171.33 - - [29/Sep/2022:03:05:40 -0700] "GET /phpMyAdmin/setup/?token=00bfbca1bc92280fce882fb848065828&version_check=1 HTTP/1.1" 200 12691 "-" "Mozilla/5.0 (compatible; SemrushBot/7~bl; +http://www.semrush.com/bot.html)" "www.tekmedicgloves.com"
185.191.171.22 - - [29/Sep/2022:03:05:42 -0700] "GET /phpMyAdmin/setup/?token=eff9b3a1bc040b9211a0a096c1dc6525&version_check=1 HTTP/1.1" 200 12687 "-" "Mozilla/5.0 (compatible; SemrushBot/7~bl; +http://www.semrush.com/bot.html)" "tekmedicgloves.com"
185.191.171.37 - - [29/Sep/2022:03:05:44 -0700] "GET /phpMyAdmin/setup/?token=0488dc8dca344bddbd57b7bbbfab7fff&version_check=1 HTTP/1.1" 200 12691 "-" "Mozilla/5.0 (compatible; SemrushBot/7~bl; +http://www.semrush.com/bot.html)" "www.tekmedicgloves.com"
185.191.171.6 - - [29/Sep/2022:03:05:45 -0700] "GET /phpMyAdmin/setup/?token=060886a0cbdd19827e55c45ef0ad4433&version_check=1 HTTP/1.1" 200 12687 "-" "Mozilla/5.0 (compatible; SemrushBot/7~bl; +http://www.semrush.com/bot.html)" "tekmedicgloves.com"
185.191.171.15 - - [29/Sep/2022:03:06:25 -0700] "GET /phpMyAdmin/setup/?token=f0e0018efe560f9115a1d420544d5ffa&version_check=1 HTTP/1.1" 200 12687 "-" "Mozilla/5.0 (compatible; SemrushBot/7~bl; +http://www.semrush.com/bot.html)" "tekmedicgloves.com"
185.191.171.26 - - [29/Sep/2022:03:07:00 -0700] "GET /phpMyAdmin/setup/?token=e7fc68212f0f2f9819cd63dcedbd241e&version_check=1 HTTP/1.1" 200 12691 "-" "Mozilla/5.0 (compatible; SemrushBot/7~bl; +http://www.semrush.com/bot.html)" "www.tekmedicgloves.com"
185.191.171.41 - - [29/Sep/2022:03:07:05 -0700] "GET /phpMyAdmin/setup/?token=02e711570bf4eda9efe30c8600b46121&version_check=1 HTTP/1.1" 200 12691 "-" "Mozilla/5.0 (compatible; SemrushBot/7~bl; +http://www.semrush.com/bot.html)" "www.tekmedicgloves.com"
185.191.171.38 - - [29/Sep/2022:03:07:30 -0700] "GET /phpMyAdmin/setup/?token=0869abc3ac3fae2ddbec9eede919c033&version_check=1 HTTP/1.1" 200 12687 "-" "Mozilla/5.0 (compatible; SemrushBot/7~bl; +http://www.semrush.com/bot.html)" "tekmedicgloves.com"
185.191.171.45 - - [29/Sep/2022:03:07:33 -0700] "GET /phpMyAdmin/setup/?token=129227d838c57bd6eb29e169ba89905b&version_check=1 HTTP/1.1" 200 12691 "-" "Mozilla/5.0 (compatible; SemrushBot/7~bl; +http://www.semrush.com/bot.html)" "www.tekmedicgloves.com"
185.191.171.1 - - [29/Sep/2022:03:08:01 -0700] "GET /phpMyAdmin/setup/?token=177055a7b18bcc9244679557115f7261&version_check=1 HTTP/1.1" 200 12687 "-" "Mozilla/5.0 (compatible; SemrushBot/7~bl; +http://www.semrush.com/bot.html)" "tekmedicgloves.com"
185.191.171.35 - - [29/Sep/2022:03:08:05 -0700] "GET /phpMyAdmin/setup/?token=ed00234104b621b1a017b684e10981c9&version_check=1 HTTP/1.1" 200 12687 "-" "Mozilla/5.0 (compatible; SemrushBot/7~bl; +http://www.semrush.com/bot.html)" "tekmedicgloves.com"
185.191.171.3 - - [29/Sep/2022:03:08:08 -0700] "GET /phpMyAdmin/setup/?token=ff06706d2e3e0544219d42e6cf0a266c&version_check=1 HTTP/1.1" 200 12691 "-" "Mozilla/5.0 (compatible; SemrushBot/7~bl; +http://www.semrush.com/bot.html)" "www.tekmedicgloves.com"
185.191.171.13 - - [29/Sep/2022:03:08:16 -0700] "GET /phpMyAdmin/setup/?token=d2912f0d2e94e6897bfafa6765e47296&version_check=1 HTTP/1.1" 200 12691 "-" "Mozilla/5.0 (compatible; SemrushBot/7~bl; +http://www.semrush.com/bot.html)" "www.tekmedicgloves.com"
185.191.171.10 - - [29/Sep/2022:03:08:50 -0700] "GET /phpMyAdmin/setup/?token=04a2ebbff2b546c0ca388ea6dbb8d54d&version_check=1 HTTP/1.1" 200 12687 "-" "Mozilla/5.0 (compatible; SemrushBot/7~bl; +http://www.semrush.com/bot.html)" "tekmedicgloves.com"
185.191.171.37 - - [29/Sep/2022:03:09:02 -0700] "GET /phpMyAdmin/setup/?token=f3384bdc972e29df3317c6c749db2083&version_check=1 HTTP/1.1" 200 12691 "-" "Mozilla/5.0 (compatible; SemrushBot/7~bl; +http://www.semrush.com/bot.html)" "www.tekmedicgloves.com"
185.191.171.14 - - [29/Sep/2022:03:09:05 -0700] "GET /phpMyAdmin/setup/?token=03f206e4b9c1ed8c5103890fe11b540d&version_check=1 HTTP/1.1" 200 12691 "-" "Mozilla/5.0 (compatible; SemrushBot/7~bl; +http://www.semrush.com/bot.html)" "www.tekmedicgloves.com"
185.191.171.34 - - [29/Sep/2022:03:09:24 -0700] "GET /phpMyAdmin/setup/?token=023aa11d5bf8b9c72627418a14125bc8&version_check=1 HTTP/1.1" 200 12691 "-" "Mozilla/5.0 (compatible; SemrushBot/7~bl; +http://www.semrush.com/bot.html)" "www.tekmedicgloves.com"
185.191.171.15 - - [29/Sep/2022:03:09:29 -0700] "GET /phpMyAdmin/setup/?token=0aee7fc5a81b23863f151c8b4248847a&version_check=1 HTTP/1.1" 200 12691 "-" "Mozilla/5.0 (compatible; SemrushBot/7~bl; +http://www.semrush.com/bot.html)" "www.tekmedicgloves.com"
185.191.171.43 - - [29/Sep/2022:03:09:35 -0700] "GET /phpMyAdmin/setup/?token=0b69ff9d59d2c0ed835af99f5b07bb82&version_check=1 HTTP/1.1" 200 12691 "-" "Mozilla/5.0 (compatible; SemrushBot/7~bl; +http://www.semrush.com/bot.html)" "www.tekmedicgloves.com"
185.191.171.34 - - [29/Sep/2022:03:09:37 -0700] "GET /phpMyAdmin/setup/?token=f7a09f07a2e05ee68cb32534351a64d7&version_check=1 HTTP/1.1" 200 12687 "-" "Mozilla/5.0 (compatible; SemrushBot/7~bl; +http://www.semrush.com/bot.html)" "tekmedicgloves.com"
185.191.171.7 - - [29/Sep/2022:03:09:40 -0700] "GET /phpMyAdmin/setup/?token=0daf56a7150ae95296faee540a753b82&version_check=1 HTTP/1.1" 200 12687 "-" "Mozilla/5.0 (compatible; SemrushBot/7~bl; +http://www.semrush.com/bot.html)" "tekmedicgloves.com"
185.191.171.20 - - [29/Sep/2022:03:09:42 -0700] "GET /phpMyAdmin/setup/?token=f160f11147012774a1c8fc850870fa90&version_check=1 HTTP/1.1" 200 12687 "-" "Mozilla/5.0 (compatible; SemrushBot/7~bl; +http://www.semrush.com/bot.html)" "tekmedicgloves.com"
185.191.171.45 - - [29/Sep/2022:03:09:46 -0700] "GET /phpMyAdmin/setup/?token=f84208e96af7ad347a459f7b5ada4229&version_check=1 HTTP/1.1" 200 12687 "-" "Mozilla/5.0 (compatible; SemrushBot/7~bl; +http://www.semrush.com/bot.html)" "tekmedicgloves.com"
185.191.171.13 - - [29/Sep/2022:03:09:49 -0700] "GET /phpMyAdmin/setup/?token=f0bedce30a54fd82d0fa4a938d466f02&version_check=1 HTTP/1.1" 200 12687 "-" "Mozilla/5.0 (compatible; SemrushBot/7~bl; +http://www.semrush.com/bot.html)" "tekmedicgloves.com"
185.191.171.40 - - [29/Sep/2022:03:10:01 -0700] "GET /phpMyAdmin/setup/?token=1ae661241dcc6608decc6dd01181ecb6&version_check=1 HTTP/1.1" 200 12687 "-" "Mozilla/5.0 (compatible; SemrushBot/7~bl; +http://www.semrush.com/bot.html)" "tekmedicgloves.com"
185.191.171.24 - - [29/Sep/2022:03:10:19 -0700] "GET /phpMyAdmin/setup/?token=0f37a8417d6d9068429a4630caeb019e&version_check=1 HTTP/1.1" 200 12687 "-" "Mozilla/5.0 (compatible; SemrushBot/7~bl; +http://www.semrush.com/bot.html)" "tekmedicgloves.com"
185.191.171.2 - - [29/Sep/2022:03:10:29 -0700] "GET /phpMyAdmin/setup/?token=104e8b18b61afe6e39c0dff6a6373ce0&version_check=1 HTTP/1.1" 200 12687 "-" "Mozilla/5.0 (compatible; SemrushBot/7~bl; +http://www.semrush.com/bot.html)" "tekmedicgloves.com"
185.191.171.33 - - [29/Sep/2022:03:10:31 -0700] "GET /phpMyAdmin/setup/?token=08a9d24eda8f2cd0b5f29a8895e0bc9f&version_check=1 HTTP/1.1" 200 12691 "-" "Mozilla/5.0 (compatible; SemrushBot/7~bl; +http://www.semrush.com/bot.html)" "www.tekmedicgloves.com"
185.191.171.11 - - [29/Sep/2022:03:10:53 -0700] "GET /phpMyAdmin/setup/?token=cb505d30f2bdfb7a21ad1d7b801bf123&version_check=1 HTTP/1.1" 200 12691 "-" "Mozilla/5.0 (compatible; SemrushBot/7~bl; +http://www.semrush.com/bot.html)" "www.tekmedicgloves.com"
185.191.171.13 - - [29/Sep/2022:03:10:58 -0700] "GET /phpMyAdmin/setup/?token=11aa44747cbb3d76d77a9762bbee8f91&version_check=1 HTTP/1.1" 200 12687 "-" "Mozilla/5.0 (compatible; SemrushBot/7~bl; +http://www.semrush.com/bot.html)" "tekmedicgloves.com"
185.191.171.21 - - [29/Sep/2022:03:11:03 -0700] "GET /phpMyAdmin/setup/?token=e1b0a553040f5b9a30733c7ffc02b538&version_check=1 HTTP/1.1" 200 12691 "-" "Mozilla/5.0 (compatible; SemrushBot/7~bl; +http://www.semrush.com/bot.html)" "www.tekmedicgloves.com"
185.191.171.13 - - [29/Sep/2022:03:11:09 -0700] "GET /phpMyAdmin/setup/?token=0b16e286f4c45461fc8b44d4747eb512&version_check=1 HTTP/1.1" 200 12691 "-" "Mozilla/5.0 (compatible; SemrushBot/7~bl; +http://www.semrush.com/bot.html)" "www.tekmedicgloves.com"
185.191.171.36 - - [29/Sep/2022:03:11:13 -0700] "GET /phpMyAdmin/setup/?token=0093f7bce2529b646f629997abe293a6&version_check=1 HTTP/1.1" 200 12691 "-" "Mozilla/5.0 (compatible; SemrushBot/7~bl; +http://www.semrush.com/bot.html)" "www.tekmedicgloves.com"
185.191.171.36 - - [29/Sep/2022:03:11:22 -0700] "GET /phpMyAdmin/setup/?token=fb194a45f2f65f82fec5de4ee94bcc16&version_check=1 HTTP/1.1" 200 12687 "-" "Mozilla/5.0 (compatible; SemrushBot/7~bl; +http://www.semrush.com/bot.html)" "tekmedicgloves.com"
185.191.171.40 - - [29/Sep/2022:03:11:35 -0700] "GET /phpMyAdmin/setup/?token=fb101e81a128d7f2f2c8247be8083adf&version_check=1 HTTP/1.1" 200 12691 "-" "Mozilla/5.0 (compatible; SemrushBot/7~bl; +http://www.semrush.com/bot.html)" "www.tekmedicgloves.com"
185.191.171.8 - - [29/Sep/2022:03:11:48 -0700] "GET /phpMyAdmin/setup/?token=ebb9038f032786b9245cfa9331fab2f7&version_check=1 HTTP/1.1" 200 12687 "-" "Mozilla/5.0 (compatible; SemrushBot/7~bl; +http://www.semrush.com/bot.html)" "tekmedicgloves.com"
