185.191.171.15 - - [02/Oct/2022:01:01:42 -0700] "GET /phpMyAdmin/setup/?token=f6f6fec7bccfc3cab743169e0ca412b6&version_check=1 HTTP/1.1" 200 12687 "-" "Mozilla/5.0 (compatible; SemrushBot/7~bl; +http://www.semrush.com/bot.html)" "tekmedicgloves.com"
185.191.171.8 - - [02/Oct/2022:01:01:43 -0700] "GET /phpMyAdmin/setup/?token=fd9378e6c3320339deaf62dd14f5c976&version_check=1 HTTP/1.1" 200 12691 "-" "Mozilla/5.0 (compatible; SemrushBot/7~bl; +http://www.semrush.com/bot.html)" "www.tekmedicgloves.com"
185.191.171.1 - - [02/Oct/2022:01:01:54 -0700] "GET /phpMyAdmin/setup/?token=000b8d11e8f9563088bfaf3edc193d25&version_check=1 HTTP/1.1" 200 12687 "-" "Mozilla/5.0 (compatible; SemrushBot/7~bl; +http://www.semrush.com/bot.html)" "tekmedicgloves.com"
185.191.171.21 - - [02/Oct/2022:01:01:56 -0700] "GET /phpMyAdmin/setup/?token=07c4ec747de08236dfe67f9d95e037cc&version_check=1 HTTP/1.1" 200 12691 "-" "Mozilla/5.0 (compatible; SemrushBot/7~bl; +http://www.semrush.com/bot.html)" "www.tekmedicgloves.com"
185.191.171.34 - - [02/Oct/2022:01:01:58 -0700] "GET /phpMyAdmin/setup/?token=f4b781f03b6100f946b1e45f223ed91b&version_check=1 HTTP/1.1" 200 12691 "-" "Mozilla/5.0 (compatible; SemrushBot/7~bl; +http://www.semrush.com/bot.html)" "www.tekmedicgloves.com"
185.191.171.45 - - [02/Oct/2022:01:02:13 -0700] "GET /phpMyAdmin/setup/?token=083338821a89ec48e13b3e466be00aa7&version_check=1 HTTP/1.1" 200 12691 "-" "Mozilla/5.0 (compatible; SemrushBot/7~bl; +http://www.semrush.com/bot.html)" "www.tekmedicgloves.com"
185.191.171.22 - - [02/Oct/2022:01:02:25 -0700] "GET /phpMyAdmin/setup/?token=f601d7f2a77ecfe2c6d6d9b03922b7b2&version_check=1 HTTP/1.1" 200 12687 "-" "Mozilla/5.0 (compatible; SemrushBot/7~bl; +http://www.semrush.com/bot.html)" "tekmedicgloves.com"
185.191.171.34 - - [02/Oct/2022:01:02:28 -0700] "GET /phpMyAdmin/setup/?token=e814dd73ae6be2daece4d1e320257b7b&version_check=1 HTTP/1.1" 200 12687 "-" "Mozilla/5.0 (compatible; SemrushBot/7~bl; +http://www.semrush.com/bot.html)" "tekmedicgloves.com"
185.191.171.25 - - [02/Oct/2022:01:02:30 -0700] "GET /phpMyAdmin/setup/?token=12d7d3d18e62d0bfc810b7babd5066a9&version_check=1 HTTP/1.1" 200 12691 "-" "Mozilla/5.0 (compatible; SemrushBot/7~bl; +http://www.semrush.com/bot.html)" "www.tekmedicgloves.com"
185.191.171.6 - - [02/Oct/2022:01:02:40 -0700] "GET /phpMyAdmin/setup/?token=165a5431d65ddc243b1f7fea57162e2c&version_check=1 HTTP/1.1" 200 12687 "-" "Mozilla/5.0 (compatible; SemrushBot/7~bl; +http://www.semrush.com/bot.html)" "tekmedicgloves.com"
114.119.139.220 - - [02/Oct/2022:01:03:06 -0700] "GET /beta/products.php?cat=20&subcat=27 HTTP/1.1" 200 35564 "http://www.tekmedicgloves.com/beta/products.php?cat=20&subcat=26&id=4" "Mozilla/5.0 (Linux; Android 7.0;) AppleWebKit/537.36 (KHTML, like Gecko) Mobile Safari/537.36 (compatible; PetalBot;+https://webmaster.petalsearch.com/site/petalbot)" "www.tekmedicgloves.com"
185.191.171.9 - - [02/Oct/2022:01:03:27 -0700] "GET /phpMyAdmin/setup/?token=04eb3b935e42c32f90ee2cc17a5bba8f&version_check=1 HTTP/1.1" 200 12687 "-" "Mozilla/5.0 (compatible; SemrushBot/7~bl; +http://www.semrush.com/bot.html)" "tekmedicgloves.com"
185.191.171.4 - - [02/Oct/2022:01:03:42 -0700] "GET /phpMyAdmin/setup/?token=efea008d001e13227421ac23d72bce5f&version_check=1 HTTP/1.1" 200 12687 "-" "Mozilla/5.0 (compatible; SemrushBot/7~bl; +http://www.semrush.com/bot.html)" "tekmedicgloves.com"
185.191.171.3 - - [02/Oct/2022:01:03:44 -0700] "GET /phpMyAdmin/setup/?token=f61593316722fdc40953c229c67ce48c&version_check=1 HTTP/1.1" 200 12687 "-" "Mozilla/5.0 (compatible; SemrushBot/7~bl; +http://www.semrush.com/bot.html)" "tekmedicgloves.com"
185.191.171.38 - - [02/Oct/2022:01:03:48 -0700] "GET /phpMyAdmin/setup/?token=e921714fa3c582f2426dbf8aa874f001&version_check=1 HTTP/1.1" 200 12687 "-" "Mozilla/5.0 (compatible; SemrushBot/7~bl; +http://www.semrush.com/bot.html)" "tekmedicgloves.com"
185.191.171.2 - - [02/Oct/2022:01:03:54 -0700] "GET /phpMyAdmin/setup/?token=05f590a4bc691279170486cb99599351&version_check=1 HTTP/1.1" 200 12691 "-" "Mozilla/5.0 (compatible; SemrushBot/7~bl; +http://www.semrush.com/bot.html)" "www.tekmedicgloves.com"
185.191.171.13 - - [02/Oct/2022:01:03:59 -0700] "GET /phpMyAdmin/setup/?token=f50297172f3f75327aee896927a1e373&version_check=1 HTTP/1.1" 200 12691 "-" "Mozilla/5.0 (compatible; SemrushBot/7~bl; +http://www.semrush.com/bot.html)" "www.tekmedicgloves.com"
157.55.39.108 - - [02/Oct/2022:01:04:00 -0700] "GET /beta/products.php?cat=22 HTTP/1.1" 200 38826 "-" "Mozilla/5.0 (compatible; bingbot/2.0; +http://www.bing.com/bingbot.htm)" "tekmedicgloves.com"
185.191.171.43 - - [02/Oct/2022:01:04:02 -0700] "GET /phpMyAdmin/setup/?token=cb5c3549219d415a3cdf6fbee8217527&version_check=1 HTTP/1.1" 200 12691 "-" "Mozilla/5.0 (compatible; SemrushBot/7~bl; +http://www.semrush.com/bot.html)" "www.tekmedicgloves.com"
157.55.39.207 - - [02/Oct/2022:01:04:18 -0700] "GET /beta/wp-content/plugins/cherry-plugin/lib/js/elasti-carousel/jquery.elastislide.js HTTP/1.1" 200 1963 "-" "Mozilla/5.0 (compatible; bingbot/2.0; +http://www.bing.com/bingbot.htm)" "tekmedicgloves.com"
157.55.39.207 - - [02/Oct/2022:01:04:18 -0700] "GET /beta/wp-content/plugins/contact-form-7/includes/js/jquery.form.min.js HTTP/1.1" 200 5878 "-" "Mozilla/5.0 (compatible; bingbot/2.0; +http://www.bing.com/bingbot.htm)" "tekmedicgloves.com"
157.55.39.207 - - [02/Oct/2022:01:04:18 -0700] "GET /beta/wp-content/themes/CherryFramework/js/camera.min.js HTTP/1.1" 200 8551 "-" "Mozilla/5.0 (compatible; bingbot/2.0; +http://www.bing.com/bingbot.htm)" "tekmedicgloves.com"
157.55.39.207 - - [02/Oct/2022:01:04:18 -0700] "GET /beta/wp-content/themes/CherryFramework/js/jflickrfeed.js HTTP/1.1" 200 560 "-" "Mozilla/5.0 (compatible; bingbot/2.0; +http://www.bing.com/bingbot.htm)" "tekmedicgloves.com"
157.55.39.108 - - [02/Oct/2022:01:04:20 -0700] "GET /beta/wp-content/plugins/cherry-plugin/includes/js/cherry-plugin.js HTTP/1.1" 200 438 "-" "Mozilla/5.0 (compatible; bingbot/2.0; +http://www.bing.com/bingbot.htm)" "tekmedicgloves.com"
207.46.13.70 - - [02/Oct/2022:01:04:22 -0700] "GET /beta/wp-content/themes/CherryFramework/js/jquery.debouncedresize.js HTTP/1.1" 200 226 "-" "Mozilla/5.0 (compatible; bingbot/2.0; +http://www.bing.com/bingbot.htm)" "tekmedicgloves.com"
207.46.13.127 - - [02/Oct/2022:01:04:22 -0700] "GET /beta/wp-content/themes/theme48838/main-style.css HTTP/1.1" 200 4849 "-" "Mozilla/5.0 (compatible; bingbot/2.0; +http://www.bing.com/bingbot.htm)" "tekmedicgloves.com"
207.46.13.208 - - [02/Oct/2022:01:04:23 -0700] "GET /beta/wp-content/plugins/cherry-plugin/includes/css/cherry-plugin.css HTTP/1.1" 200 4752 "-" "Mozilla/5.0 (compatible; bingbot/2.0; +http://www.bing.com/bingbot.htm)" "tekmedicgloves.com"
185.191.171.11 - - [02/Oct/2022:01:04:26 -0700] "GET /phpMyAdmin/setup/?token=1420342465a163de237eff110a8257af&version_check=1 HTTP/1.1" 200 12687 "-" "Mozilla/5.0 (compatible; SemrushBot/7~bl; +http://www.semrush.com/bot.html)" "tekmedicgloves.com"
207.46.13.161 - - [02/Oct/2022:01:04:28 -0700] "GET /beta/wp-content/plugins/cherry-plugin/lib/js/jquery.easing.1.3.js HTTP/1.1" 200 814 "-" "Mozilla/5.0 AppleWebKit/537.36 (KHTML, like Gecko; compatible; bingbot/2.0; +http://www.bing.com/bingbot.htm) Chrome/103.0.5060.134 Safari/537.36" "tekmedicgloves.com"
207.46.13.161 - - [02/Oct/2022:01:04:28 -0700] "GET /beta/wp-content/themes/theme48838/bootstrap/css/responsive.css HTTP/1.1" 200 4226 "-" "Mozilla/5.0 (compatible; bingbot/2.0; +http://www.bing.com/bingbot.htm)" "tekmedicgloves.com"
157.55.39.108 - - [02/Oct/2022:01:04:32 -0700] "GET /beta/wp-content/themes/CherryFramework/js/jquery-1.7.2.min.js HTTP/1.1" 200 33630 "-" "Mozilla/5.0 AppleWebKit/537.36 (KHTML, like Gecko; compatible; bingbot/2.0; +http://www.bing.com/bingbot.htm) Chrome/103.0.5060.134 Safari/537.36" "tekmedicgloves.com"
157.55.39.108 - - [02/Oct/2022:01:04:32 -0700] "GET /beta/wp-content/themes/CherryFramework/js/jquery.magnific-popup.min.js HTTP/1.1" 200 7493 "-" "Mozilla/5.0 AppleWebKit/537.36 (KHTML, like Gecko; compatible; bingbot/2.0; +http://www.bing.com/bingbot.htm) Chrome/103.0.5060.134 Safari/537.36" "tekmedicgloves.com"
185.191.171.6 - - [02/Oct/2022:01:04:35 -0700] "GET /phpMyAdmin/setup/?token=f622b88e10bbb9d1aeec9dd7ec566e08&version_check=1 HTTP/1.1" 200 12687 "-" "Mozilla/5.0 (compatible; SemrushBot/7~bl; +http://www.semrush.com/bot.html)" "tekmedicgloves.com"
207.46.13.208 - - [02/Oct/2022:01:04:37 -0700] "GET /beta/wp-content/plugins/contact-form-7/includes/css/styles.css HTTP/1.1" 200 392 "-" "Mozilla/5.0 (compatible; bingbot/2.0; +http://www.bing.com/bingbot.htm)" "tekmedicgloves.com"
185.191.171.44 - - [02/Oct/2022:01:04:37 -0700] "GET /phpMyAdmin/setup/?token=d194c0cfa5500b74df325de917a999e2&version_check=1 HTTP/1.1" 200 12691 "-" "Mozilla/5.0 (compatible; SemrushBot/7~bl; +http://www.semrush.com/bot.html)" "www.tekmedicgloves.com"
207.46.13.208 - - [02/Oct/2022:01:04:37 -0700] "GET /beta/wp-content/themes/CherryFramework/js/jquery.jplayer.min.js HTTP/1.1" 200 11945 "-" "Mozilla/5.0 AppleWebKit/537.36 (KHTML, like Gecko; compatible; bingbot/2.0; +http://www.bing.com/bingbot.htm) Chrome/103.0.5060.134 Safari/537.36" "tekmedicgloves.com"
185.191.171.37 - - [02/Oct/2022:01:04:40 -0700] "GET /phpMyAdmin/setup/?token=f4d9d9c330dc8a7b5a973f284c738f69&version_check=1 HTTP/1.1" 200 12691 "-" "Mozilla/5.0 (compatible; SemrushBot/7~bl; +http://www.semrush.com/bot.html)" "www.tekmedicgloves.com"
207.46.13.70 - - [02/Oct/2022:01:04:43 -0700] "GET /beta/wp-content/themes/CherryFramework/js/jquery.mobile.customized.min.js HTTP/1.1" 200 6409 "-" "Mozilla/5.0 (compatible; bingbot/2.0; +http://www.bing.com/bingbot.htm)" "tekmedicgloves.com"
207.46.13.70 - - [02/Oct/2022:01:04:43 -0700] "GET /beta/wp-content/themes/theme48838/style.css HTTP/1.1" 200 243 "-" "Mozilla/5.0 (compatible; bingbot/2.0; +http://www.bing.com/bingbot.htm)" "tekmedicgloves.com"
185.191.171.16 - - [02/Oct/2022:01:05:05 -0700] "GET /phpMyAdmin/setup/?token=f1d72b13f529ecf1b1b6dc942bbc72c1&version_check=1 HTTP/1.1" 200 12691 "-" "Mozilla/5.0 (compatible; SemrushBot/7~bl; +http://www.semrush.com/bot.html)" "www.tekmedicgloves.com"
185.191.171.41 - - [02/Oct/2022:01:05:07 -0700] "GET /phpMyAdmin/setup/?token=0d00e56a147e63c30f54a7c0119b4a47&version_check=1 HTTP/1.1" 200 12687 "-" "Mozilla/5.0 (compatible; SemrushBot/7~bl; +http://www.semrush.com/bot.html)" "tekmedicgloves.com"
185.191.171.19 - - [02/Oct/2022:01:05:08 -0700] "GET /phpMyAdmin/setup/?token=db585ab737ecdf61dc12a020064c4f88&version_check=1 HTTP/1.1" 200 12691 "-" "Mozilla/5.0 (compatible; SemrushBot/7~bl; +http://www.semrush.com/bot.html)" "www.tekmedicgloves.com"
185.191.171.44 - - [02/Oct/2022:01:05:51 -0700] "GET /phpMyAdmin/setup/?token=eac1a12fc8fdc79cc5c6f707aebb6707&version_check=1 HTTP/1.1" 200 12687 "-" "Mozilla/5.0 (compatible; SemrushBot/7~bl; +http://www.semrush.com/bot.html)" "tekmedicgloves.com"
185.191.171.35 - - [02/Oct/2022:01:05:54 -0700] "GET /phpMyAdmin/setup/?token=039cd0644716e9ea81f6ec97da67ce67&version_check=1 HTTP/1.1" 200 12691 "-" "Mozilla/5.0 (compatible; SemrushBot/7~bl; +http://www.semrush.com/bot.html)" "www.tekmedicgloves.com"
185.191.171.44 - - [02/Oct/2022:01:05:56 -0700] "GET /phpMyAdmin/setup/?token=feb0505175c1dc9ecc75899f48ef8941&version_check=1 HTTP/1.1" 200 12687 "-" "Mozilla/5.0 (compatible; SemrushBot/7~bl; +http://www.semrush.com/bot.html)" "tekmedicgloves.com"
185.191.171.6 - - [02/Oct/2022:01:06:07 -0700] "GET /phpMyAdmin/setup/?token=f16225125aec7f072d80ee55879d6768&version_check=1 HTTP/1.1" 200 12687 "-" "Mozilla/5.0 (compatible; SemrushBot/7~bl; +http://www.semrush.com/bot.html)" "tekmedicgloves.com"
185.191.171.37 - - [02/Oct/2022:01:06:12 -0700] "GET /phpMyAdmin/setup/?token=04d7af1732a5afacd95be3bbb4e33b9b&version_check=1 HTTP/1.1" 200 12687 "-" "Mozilla/5.0 (compatible; SemrushBot/7~bl; +http://www.semrush.com/bot.html)" "tekmedicgloves.com"
185.191.171.25 - - [02/Oct/2022:01:06:14 -0700] "GET /phpMyAdmin/setup/?token=e2973e5838c956d788aa32650889ca9a&version_check=1 HTTP/1.1" 200 12691 "-" "Mozilla/5.0 (compatible; SemrushBot/7~bl; +http://www.semrush.com/bot.html)" "www.tekmedicgloves.com"
185.191.171.36 - - [02/Oct/2022:01:06:20 -0700] "GET /phpMyAdmin/setup/?token=e362bd782c7ce43773f7e10ef0c37b03&version_check=1 HTTP/1.1" 200 12691 "-" "Mozilla/5.0 (compatible; SemrushBot/7~bl; +http://www.semrush.com/bot.html)" "www.tekmedicgloves.com"
185.191.171.4 - - [02/Oct/2022:01:06:26 -0700] "GET /phpMyAdmin/setup/?token=099e681bd5d6070789eb8902a0624b9b&version_check=1 HTTP/1.1" 200 12687 "-" "Mozilla/5.0 (compatible; SemrushBot/7~bl; +http://www.semrush.com/bot.html)" "tekmedicgloves.com"
185.191.171.13 - - [02/Oct/2022:01:06:32 -0700] "GET /phpMyAdmin/setup/?token=0cb8f35006cfd1d3dd3c3abd89487449&version_check=1 HTTP/1.1" 200 12691 "-" "Mozilla/5.0 (compatible; SemrushBot/7~bl; +http://www.semrush.com/bot.html)" "www.tekmedicgloves.com"
185.191.171.6 - - [02/Oct/2022:01:06:42 -0700] "GET /phpMyAdmin/setup/?token=e87a8000f6603d57c042aa1e37a995fe&version_check=1 HTTP/1.1" 200 12687 "-" "Mozilla/5.0 (compatible; SemrushBot/7~bl; +http://www.semrush.com/bot.html)" "tekmedicgloves.com"
185.191.171.2 - - [02/Oct/2022:01:06:53 -0700] "GET /phpMyAdmin/setup/?token=0e321ec982b87b793b87da6a00ae82db&version_check=1 HTTP/1.1" 200 12691 "-" "Mozilla/5.0 (compatible; SemrushBot/7~bl; +http://www.semrush.com/bot.html)" "www.tekmedicgloves.com"
185.191.171.44 - - [02/Oct/2022:01:07:06 -0700] "GET /phpMyAdmin/setup/?token=dfb6606d98db52128eec71280c9a8b26&version_check=1 HTTP/1.1" 200 12691 "-" "Mozilla/5.0 (compatible; SemrushBot/7~bl; +http://www.semrush.com/bot.html)" "www.tekmedicgloves.com"
185.191.171.42 - - [02/Oct/2022:01:07:12 -0700] "GET /phpMyAdmin/setup/?token=f1cdcd4de429458f9e9779dddd7cf9fd&version_check=1 HTTP/1.1" 200 12691 "-" "Mozilla/5.0 (compatible; SemrushBot/7~bl; +http://www.semrush.com/bot.html)" "www.tekmedicgloves.com"
185.191.171.12 - - [02/Oct/2022:01:07:38 -0700] "GET /phpMyAdmin/setup/?token=fe396b99672b1f3e5bd017a5de81ba9a&version_check=1 HTTP/1.1" 200 12691 "-" "Mozilla/5.0 (compatible; SemrushBot/7~bl; +http://www.semrush.com/bot.html)" "www.tekmedicgloves.com"
185.191.171.9 - - [02/Oct/2022:01:07:47 -0700] "GET /phpMyAdmin/setup/?token=f15b7c992dceca56c23b35d6146f40fd&version_check=1 HTTP/1.1" 200 12687 "-" "Mozilla/5.0 (compatible; SemrushBot/7~bl; +http://www.semrush.com/bot.html)" "tekmedicgloves.com"
185.191.171.9 - - [02/Oct/2022:01:07:50 -0700] "GET /phpMyAdmin/setup/?token=061f0ca822e68dcf7597f4c495d2a241&version_check=1 HTTP/1.1" 200 12691 "-" "Mozilla/5.0 (compatible; SemrushBot/7~bl; +http://www.semrush.com/bot.html)" "www.tekmedicgloves.com"
185.191.171.9 - - [02/Oct/2022:01:07:53 -0700] "GET /phpMyAdmin/setup/?token=fd73f6e33359113d4071e8839e6990f1&version_check=1 HTTP/1.1" 200 12691 "-" "Mozilla/5.0 (compatible; SemrushBot/7~bl; +http://www.semrush.com/bot.html)" "www.tekmedicgloves.com"
185.191.171.2 - - [02/Oct/2022:01:08:09 -0700] "GET /phpMyAdmin/setup/?token=ec086904b678ca9e348943c1f8d5c86c&version_check=1 HTTP/1.1" 200 12687 "-" "Mozilla/5.0 (compatible; SemrushBot/7~bl; +http://www.semrush.com/bot.html)" "tekmedicgloves.com"
185.191.171.11 - - [02/Oct/2022:01:08:14 -0700] "GET /phpMyAdmin/setup/?token=fad9a8693a2436c1aacb6c5bbb7d0d0b&version_check=1 HTTP/1.1" 200 12687 "-" "Mozilla/5.0 (compatible; SemrushBot/7~bl; +http://www.semrush.com/bot.html)" "tekmedicgloves.com"
185.191.171.21 - - [02/Oct/2022:01:08:18 -0700] "GET /phpMyAdmin/setup/?token=f9d28516ccdbc8faa5a26988290d7702&version_check=1 HTTP/1.1" 200 12691 "-" "Mozilla/5.0 (compatible; SemrushBot/7~bl; +http://www.semrush.com/bot.html)" "www.tekmedicgloves.com"
185.191.171.2 - - [02/Oct/2022:01:08:35 -0700] "GET /phpMyAdmin/setup/?token=f0e02e0dacd2da821a9c1c295ee63b07&version_check=1 HTTP/1.1" 200 12691 "-" "Mozilla/5.0 (compatible; SemrushBot/7~bl; +http://www.semrush.com/bot.html)" "www.tekmedicgloves.com"
185.191.171.12 - - [02/Oct/2022:01:08:45 -0700] "GET /phpMyAdmin/setup/?token=ed4b6284a26cfaca8e427aff6e21b0de&version_check=1 HTTP/1.1" 200 12687 "-" "Mozilla/5.0 (compatible; SemrushBot/7~bl; +http://www.semrush.com/bot.html)" "tekmedicgloves.com"
185.191.171.38 - - [02/Oct/2022:01:08:52 -0700] "GET /phpMyAdmin/setup/?token=f6e6939bc934713dd55a4ca941b3cd11&version_check=1 HTTP/1.1" 200 12691 "-" "Mozilla/5.0 (compatible; SemrushBot/7~bl; +http://www.semrush.com/bot.html)" "www.tekmedicgloves.com"
185.191.171.12 - - [02/Oct/2022:01:08:55 -0700] "GET /phpMyAdmin/setup/?token=c855d671d0e0a7df834e24ab863c39cf&version_check=1 HTTP/1.1" 200 12691 "-" "Mozilla/5.0 (compatible; SemrushBot/7~bl; +http://www.semrush.com/bot.html)" "www.tekmedicgloves.com"
185.191.171.23 - - [02/Oct/2022:01:08:58 -0700] "GET /phpMyAdmin/setup/?token=0c6cbd1082ca6c473a415fd7dbea1614&version_check=1 HTTP/1.1" 200 12687 "-" "Mozilla/5.0 (compatible; SemrushBot/7~bl; +http://www.semrush.com/bot.html)" "tekmedicgloves.com"
185.191.171.2 - - [02/Oct/2022:01:09:24 -0700] "GET /phpMyAdmin/setup/?token=f0e3a0ec3371d83f9f58b0c07ffc4d2b&version_check=1 HTTP/1.1" 200 12687 "-" "Mozilla/5.0 (compatible; SemrushBot/7~bl; +http://www.semrush.com/bot.html)" "tekmedicgloves.com"
185.191.171.5 - - [02/Oct/2022:01:09:46 -0700] "GET /phpMyAdmin/setup/?token=14fa4d2268408941ac90ea77440f6737&version_check=1 HTTP/1.1" 200 12687 "-" "Mozilla/5.0 (compatible; SemrushBot/7~bl; +http://www.semrush.com/bot.html)" "tekmedicgloves.com"
185.191.171.5 - - [02/Oct/2022:01:09:58 -0700] "GET /phpMyAdmin/setup/?token=0320cb401e1d863e86c627f626f96fd1&version_check=1 HTTP/1.1" 200 12691 "-" "Mozilla/5.0 (compatible; SemrushBot/7~bl; +http://www.semrush.com/bot.html)" "www.tekmedicgloves.com"
185.191.171.25 - - [02/Oct/2022:01:10:00 -0700] "GET /phpMyAdmin/setup/?token=f99b79d20352959a8ec2cbeb283ec7a3&version_check=1 HTTP/1.1" 200 12687 "-" "Mozilla/5.0 (compatible; SemrushBot/7~bl; +http://www.semrush.com/bot.html)" "tekmedicgloves.com"
185.191.171.25 - - [02/Oct/2022:01:10:03 -0700] "GET /phpMyAdmin/setup/?token=edcf7cd9dd71db8c7217c3bad9f878e1&version_check=1 HTTP/1.1" 200 12687 "-" "Mozilla/5.0 (compatible; SemrushBot/7~bl; +http://www.semrush.com/bot.html)" "tekmedicgloves.com"
185.191.171.24 - - [02/Oct/2022:01:10:10 -0700] "GET /phpMyAdmin/setup/?token=19ec300f6f41f2d1021dc53230831ac6&version_check=1 HTTP/1.1" 200 12687 "-" "Mozilla/5.0 (compatible; SemrushBot/7~bl; +http://www.semrush.com/bot.html)" "tekmedicgloves.com"
185.191.171.21 - - [02/Oct/2022:01:10:12 -0700] "GET /phpMyAdmin/setup/?token=0bbf31b066640dac8b169752b9636282&version_check=1 HTTP/1.1" 200 12687 "-" "Mozilla/5.0 (compatible; SemrushBot/7~bl; +http://www.semrush.com/bot.html)" "tekmedicgloves.com"
185.191.171.21 - - [02/Oct/2022:01:10:17 -0700] "GET /phpMyAdmin/setup/?token=c21c5abdd7e536e7e8bd6f1646da9260&version_check=1 HTTP/1.1" 200 12691 "-" "Mozilla/5.0 (compatible; SemrushBot/7~bl; +http://www.semrush.com/bot.html)" "www.tekmedicgloves.com"
185.191.171.45 - - [02/Oct/2022:01:10:19 -0700] "GET /phpMyAdmin/setup/?token=e1dbac99afc9dca89b79b10b50fe33b8&version_check=1 HTTP/1.1" 200 12691 "-" "Mozilla/5.0 (compatible; SemrushBot/7~bl; +http://www.semrush.com/bot.html)" "www.tekmedicgloves.com"
185.191.171.2 - - [02/Oct/2022:01:10:30 -0700] "GET /phpMyAdmin/setup/?token=ffd47a90bac46ee07213debe841c8f2d&version_check=1 HTTP/1.1" 200 12687 "-" "Mozilla/5.0 (compatible; SemrushBot/7~bl; +http://www.semrush.com/bot.html)" "tekmedicgloves.com"
185.191.171.4 - - [02/Oct/2022:01:10:45 -0700] "GET /phpMyAdmin/setup/?token=c60f67b0b09b932ec9db4d04c177c4f4&version_check=1 HTTP/1.1" 200 12691 "-" "Mozilla/5.0 (compatible; SemrushBot/7~bl; +http://www.semrush.com/bot.html)" "www.tekmedicgloves.com"
185.191.171.7 - - [02/Oct/2022:01:10:48 -0700] "GET /phpMyAdmin/setup/?token=f8561fbdd0b287236a65f643cce61728&version_check=1 HTTP/1.1" 200 12687 "-" "Mozilla/5.0 (compatible; SemrushBot/7~bl; +http://www.semrush.com/bot.html)" "tekmedicgloves.com"
185.191.171.20 - - [02/Oct/2022:01:10:48 -0700] "GET /phpMyAdmin/setup/?token=048fe237130862b5c515220bcb29d1cc&version_check=1 HTTP/1.1" 200 12691 "-" "Mozilla/5.0 (compatible; SemrushBot/7~bl; +http://www.semrush.com/bot.html)" "www.tekmedicgloves.com"
185.191.171.25 - - [02/Oct/2022:01:11:09 -0700] "GET /phpMyAdmin/setup/?token=f3e037911e7b8d0f3855282a038de983&version_check=1 HTTP/1.1" 200 12691 "-" "Mozilla/5.0 (compatible; SemrushBot/7~bl; +http://www.semrush.com/bot.html)" "www.tekmedicgloves.com"
185.191.171.42 - - [02/Oct/2022:01:11:15 -0700] "GET /phpMyAdmin/setup/?token=cfa2af77d3188187016f01c0643dc38d&version_check=1 HTTP/1.1" 200 12691 "-" "Mozilla/5.0 (compatible; SemrushBot/7~bl; +http://www.semrush.com/bot.html)" "www.tekmedicgloves.com"
185.191.171.4 - - [02/Oct/2022:01:11:33 -0700] "GET /robots.txt HTTP/1.1" 404 88 "-" "Mozilla/5.0 (compatible; SemrushBot/7~bl; +http://www.semrush.com/bot.html)" "tekmedicgloves.com"
185.191.171.19 - - [02/Oct/2022:01:11:33 -0700] "GET /phpMyAdmin/setup/?token=1199d92dec80280b2ea7e57275a768f5&version_check=1 HTTP/1.1" 200 12687 "-" "Mozilla/5.0 (compatible; SemrushBot/7~bl; +http://www.semrush.com/bot.html)" "tekmedicgloves.com"
185.191.171.22 - - [02/Oct/2022:01:11:34 -0700] "GET /phpMyAdmin/setup/?token=f38c0d65ba26c9c694bc5288c11def7a&version_check=1 HTTP/1.1" 200 12691 "-" "Mozilla/5.0 (compatible; SemrushBot/7~bl; +http://www.semrush.com/bot.html)" "www.tekmedicgloves.com"
185.191.171.23 - - [02/Oct/2022:01:11:46 -0700] "GET /phpMyAdmin/setup/?token=f39cbd332d5e2c2d7e9f1039110a26ea&version_check=1 HTTP/1.1" 200 12691 "-" "Mozilla/5.0 (compatible; SemrushBot/7~bl; +http://www.semrush.com/bot.html)" "www.tekmedicgloves.com"
185.191.171.36 - - [02/Oct/2022:01:11:48 -0700] "GET /phpMyAdmin/setup/?token=fc7b1877497f49d1ffcde1783ede49e5&version_check=1 HTTP/1.1" 200 12687 "-" "Mozilla/5.0 (compatible; SemrushBot/7~bl; +http://www.semrush.com/bot.html)" "tekmedicgloves.com"
185.191.171.40 - - [02/Oct/2022:01:11:50 -0700] "GET /phpMyAdmin/setup/?token=f7494419fa59aaa97d8de3d1200136ae&version_check=1 HTTP/1.1" 200 12691 "-" "Mozilla/5.0 (compatible; SemrushBot/7~bl; +http://www.semrush.com/bot.html)" "www.tekmedicgloves.com"
185.191.171.6 - - [02/Oct/2022:01:11:54 -0700] "GET /phpMyAdmin/setup/?token=ed505814ca55e10de7677848e85767a4&version_check=1 HTTP/1.1" 200 12687 "-" "Mozilla/5.0 (compatible; SemrushBot/7~bl; +http://www.semrush.com/bot.html)" "tekmedicgloves.com"
185.191.171.16 - - [02/Oct/2022:01:11:59 -0700] "GET /phpMyAdmin/setup/?token=0ba2e7025049766abecae466fe07c014&version_check=1 HTTP/1.1" 200 12687 "-" "Mozilla/5.0 (compatible; SemrushBot/7~bl; +http://www.semrush.com/bot.html)" "tekmedicgloves.com"
185.191.171.33 - - [02/Oct/2022:01:12:14 -0700] "GET /phpMyAdmin/setup/?token=08240600429690add46b786b5f0ac25c&version_check=1 HTTP/1.1" 200 12687 "-" "Mozilla/5.0 (compatible; SemrushBot/7~bl; +http://www.semrush.com/bot.html)" "tekmedicgloves.com"
185.191.171.26 - - [02/Oct/2022:01:12:30 -0700] "GET /phpMyAdmin/setup/?token=1135aabe4ecc920c2af5532d4d66f4a5&version_check=1 HTTP/1.1" 200 12687 "-" "Mozilla/5.0 (compatible; SemrushBot/7~bl; +http://www.semrush.com/bot.html)" "tekmedicgloves.com"
185.191.171.20 - - [02/Oct/2022:01:12:39 -0700] "GET /phpMyAdmin/setup/?token=fd14cbcd7c5d20cbed2844fdf69bf84e&version_check=1 HTTP/1.1" 200 12691 "-" "Mozilla/5.0 (compatible; SemrushBot/7~bl; +http://www.semrush.com/bot.html)" "www.tekmedicgloves.com"
185.191.171.25 - - [02/Oct/2022:01:12:51 -0700] "GET /phpMyAdmin/setup/?token=ff4ff9c81a9357b8c48def2208468c22&version_check=1 HTTP/1.1" 200 12691 "-" "Mozilla/5.0 (compatible; SemrushBot/7~bl; +http://www.semrush.com/bot.html)" "www.tekmedicgloves.com"
185.191.171.35 - - [02/Oct/2022:01:12:55 -0700] "GET /phpMyAdmin/setup/?token=fa979cee44c327b5134b8bf9c1898beb&version_check=1 HTTP/1.1" 200 12691 "-" "Mozilla/5.0 (compatible; SemrushBot/7~bl; +http://www.semrush.com/bot.html)" "www.tekmedicgloves.com"
185.191.171.42 - - [02/Oct/2022:01:13:07 -0700] "GET /phpMyAdmin/setup/?token=fb050669a0899f36644f84a923f729a5&version_check=1 HTTP/1.1" 200 12687 "-" "Mozilla/5.0 (compatible; SemrushBot/7~bl; +http://www.semrush.com/bot.html)" "tekmedicgloves.com"
185.191.171.3 - - [02/Oct/2022:01:13:16 -0700] "GET /phpMyAdmin/setup/?token=fab604903d9ab0553bbe28d28ef8ef0d&version_check=1 HTTP/1.1" 200 12687 "-" "Mozilla/5.0 (compatible; SemrushBot/7~bl; +http://www.semrush.com/bot.html)" "tekmedicgloves.com"
185.191.171.21 - - [02/Oct/2022:01:13:31 -0700] "GET /phpMyAdmin/setup/?token=001bbddb805bf702fa8b80e5057f3336&version_check=1 HTTP/1.1" 200 12687 "-" "Mozilla/5.0 (compatible; SemrushBot/7~bl; +http://www.semrush.com/bot.html)" "tekmedicgloves.com"
185.191.171.43 - - [02/Oct/2022:01:13:32 -0700] "GET /phpMyAdmin/setup/?token=db22edad2954c7fcd9be0585e9b6da51&version_check=1 HTTP/1.1" 200 12691 "-" "Mozilla/5.0 (compatible; SemrushBot/7~bl; +http://www.semrush.com/bot.html)" "www.tekmedicgloves.com"
185.191.171.40 - - [02/Oct/2022:01:14:13 -0700] "GET /phpMyAdmin/setup/?token=0d0ab2eafcf7148724f7b5257bc848db&version_check=1 HTTP/1.1" 200 12687 "-" "Mozilla/5.0 (compatible; SemrushBot/7~bl; +http://www.semrush.com/bot.html)" "tekmedicgloves.com"
185.191.171.19 - - [02/Oct/2022:01:14:14 -0700] "GET /phpMyAdmin/setup/?token=d309557de150d29e600ceb81de6a6d66&version_check=1 HTTP/1.1" 200 12691 "-" "Mozilla/5.0 (compatible; SemrushBot/7~bl; +http://www.semrush.com/bot.html)" "www.tekmedicgloves.com"
185.191.171.13 - - [02/Oct/2022:01:14:18 -0700] "GET /phpMyAdmin/setup/?token=dfbe2a2a903c27881ac3d0ddf30218ce&version_check=1 HTTP/1.1" 200 12691 "-" "Mozilla/5.0 (compatible; SemrushBot/7~bl; +http://www.semrush.com/bot.html)" "www.tekmedicgloves.com"
185.191.171.3 - - [02/Oct/2022:01:14:19 -0700] "GET /phpMyAdmin/setup/?token=ea3fcf71256aac6e53199e7fc0e6a818&version_check=1 HTTP/1.1" 200 12687 "-" "Mozilla/5.0 (compatible; SemrushBot/7~bl; +http://www.semrush.com/bot.html)" "tekmedicgloves.com"
185.191.171.26 - - [02/Oct/2022:01:14:21 -0700] "GET /phpMyAdmin/setup/?token=efd25dd62f3fa5f0b3619e5c7ce4fc72&version_check=1 HTTP/1.1" 200 12687 "-" "Mozilla/5.0 (compatible; SemrushBot/7~bl; +http://www.semrush.com/bot.html)" "tekmedicgloves.com"
185.191.171.43 - - [02/Oct/2022:01:14:27 -0700] "GET /phpMyAdmin/setup/?token=e925afc4fc8004a95fc238fae30d706d&version_check=1 HTTP/1.1" 200 12687 "-" "Mozilla/5.0 (compatible; SemrushBot/7~bl; +http://www.semrush.com/bot.html)" "tekmedicgloves.com"
185.191.171.9 - - [02/Oct/2022:01:14:28 -0700] "GET /phpMyAdmin/setup/?token=0e224037a13034f9e94dafbf0d37eea6&version_check=1 HTTP/1.1" 200 12691 "-" "Mozilla/5.0 (compatible; SemrushBot/7~bl; +http://www.semrush.com/bot.html)" "www.tekmedicgloves.com"
185.191.171.43 - - [02/Oct/2022:01:14:34 -0700] "GET /phpMyAdmin/setup/?token=ede1e141280f13780be82516e03df014&version_check=1 HTTP/1.1" 200 12687 "-" "Mozilla/5.0 (compatible; SemrushBot/7~bl; +http://www.semrush.com/bot.html)" "tekmedicgloves.com"
185.191.171.21 - - [02/Oct/2022:01:14:46 -0700] "GET /phpMyAdmin/setup/?token=099fa10e743f42ab04c40022d028470a&version_check=1 HTTP/1.1" 200 12691 "-" "Mozilla/5.0 (compatible; SemrushBot/7~bl; +http://www.semrush.com/bot.html)" "www.tekmedicgloves.com"
185.191.171.2 - - [02/Oct/2022:01:14:52 -0700] "GET /phpMyAdmin/setup/?token=e90d7e8ca62d1efddf98fa199f7955f8&version_check=1 HTTP/1.1" 200 12687 "-" "Mozilla/5.0 (compatible; SemrushBot/7~bl; +http://www.semrush.com/bot.html)" "tekmedicgloves.com"
185.191.171.15 - - [02/Oct/2022:01:15:02 -0700] "GET /phpMyAdmin/setup/?token=0f3cf9fedf186ff3163fdde9b0c6ecc5&version_check=1 HTTP/1.1" 200 12691 "-" "Mozilla/5.0 (compatible; SemrushBot/7~bl; +http://www.semrush.com/bot.html)" "www.tekmedicgloves.com"
185.191.171.10 - - [02/Oct/2022:01:15:19 -0700] "GET /phpMyAdmin/setup/?token=0080a4c324e87b5fdf54e75f335aa309&version_check=1 HTTP/1.1" 200 12691 "-" "Mozilla/5.0 (compatible; SemrushBot/7~bl; +http://www.semrush.com/bot.html)" "www.tekmedicgloves.com"
185.191.171.9 - - [02/Oct/2022:01:15:31 -0700] "GET /phpMyAdmin/setup/?token=f4ae03a043c23cd67b9f6ca97379dc6e&version_check=1 HTTP/1.1" 200 12691 "-" "Mozilla/5.0 (compatible; SemrushBot/7~bl; +http://www.semrush.com/bot.html)" "www.tekmedicgloves.com"
185.191.171.8 - - [02/Oct/2022:01:15:34 -0700] "GET /phpMyAdmin/setup/?token=05806aaeb49abfca7985a7bb6a0ae5b8&version_check=1 HTTP/1.1" 200 12691 "-" "Mozilla/5.0 (compatible; SemrushBot/7~bl; +http://www.semrush.com/bot.html)" "www.tekmedicgloves.com"
185.191.171.23 - - [02/Oct/2022:01:15:35 -0700] "GET /phpMyAdmin/setup/?token=f80b883ae07d3b0bbda06f31d3093e3b&version_check=1 HTTP/1.1" 200 12691 "-" "Mozilla/5.0 (compatible; SemrushBot/7~bl; +http://www.semrush.com/bot.html)" "www.tekmedicgloves.com"
185.191.171.24 - - [02/Oct/2022:01:15:50 -0700] "GET /phpMyAdmin/setup/?token=0ce4148b5aaa287170163eb82c21540a&version_check=1 HTTP/1.1" 200 12691 "-" "Mozilla/5.0 (compatible; SemrushBot/7~bl; +http://www.semrush.com/bot.html)" "www.tekmedicgloves.com"
185.191.171.25 - - [02/Oct/2022:01:15:52 -0700] "GET /phpMyAdmin/setup/?token=fd39f4a7d27e75a73af4fa936462ed54&version_check=1 HTTP/1.1" 200 12691 "-" "Mozilla/5.0 (compatible; SemrushBot/7~bl; +http://www.semrush.com/bot.html)" "www.tekmedicgloves.com"
185.191.171.2 - - [02/Oct/2022:01:16:09 -0700] "GET /phpMyAdmin/setup/?token=f8ff33213427fe6a5ae53a96388fe16d&version_check=1 HTTP/1.1" 200 12691 "-" "Mozilla/5.0 (compatible; SemrushBot/7~bl; +http://www.semrush.com/bot.html)" "www.tekmedicgloves.com"
185.191.171.25 - - [02/Oct/2022:01:16:10 -0700] "GET /phpMyAdmin/setup/?token=f9fcad8c17180859ffff08532f62ba92&version_check=1 HTTP/1.1" 200 12687 "-" "Mozilla/5.0 (compatible; SemrushBot/7~bl; +http://www.semrush.com/bot.html)" "tekmedicgloves.com"
185.191.171.37 - - [02/Oct/2022:01:16:13 -0700] "GET /phpMyAdmin/setup/?token=fc41ce4ad0172e642c7fe6828b937b09&version_check=1 HTTP/1.1" 200 12687 "-" "Mozilla/5.0 (compatible; SemrushBot/7~bl; +http://www.semrush.com/bot.html)" "tekmedicgloves.com"
185.191.171.8 - - [02/Oct/2022:01:16:19 -0700] "GET /phpMyAdmin/setup/?token=f1372bc26a231c4f18160508cf8c5a2f&version_check=1 HTTP/1.1" 200 12687 "-" "Mozilla/5.0 (compatible; SemrushBot/7~bl; +http://www.semrush.com/bot.html)" "tekmedicgloves.com"
185.191.171.10 - - [02/Oct/2022:01:16:22 -0700] "GET /phpMyAdmin/setup/?token=dba770486b96c0adf595149d83439639&version_check=1 HTTP/1.1" 200 12691 "-" "Mozilla/5.0 (compatible; SemrushBot/7~bl; +http://www.semrush.com/bot.html)" "www.tekmedicgloves.com"
172.107.194.164 - - [02/Oct/2022:01:16:39 -0700] "GET /beta/contacts.php HTTP/1.1" 200 24038 "-" "Mozilla/5.0 (Windows NT 10.0; Win64; x64; rv:102.0) Gecko/20100101 Firefox/102.0" "tekmedicgloves.com"
185.191.171.4 - - [02/Oct/2022:01:16:59 -0700] "GET /phpMyAdmin/setup/?token=192d504c5fad7e2bdc8d669d89c0358d&version_check=1 HTTP/1.1" 200 12687 "-" "Mozilla/5.0 (compatible; SemrushBot/7~bl; +http://www.semrush.com/bot.html)" "tekmedicgloves.com"
185.191.171.16 - - [02/Oct/2022:01:17:05 -0700] "GET /phpMyAdmin/setup/?token=f7d5feeb6cf0ecf82f8e546e62d06827&version_check=1 HTTP/1.1" 200 12691 "-" "Mozilla/5.0 (compatible; SemrushBot/7~bl; +http://www.semrush.com/bot.html)" "www.tekmedicgloves.com"
185.191.171.35 - - [02/Oct/2022:01:17:17 -0700] "GET /phpMyAdmin/setup/?token=182f8df7dada5bed3c023d84ffc84639&version_check=1 HTTP/1.1" 200 12687 "-" "Mozilla/5.0 (compatible; SemrushBot/7~bl; +http://www.semrush.com/bot.html)" "tekmedicgloves.com"
185.191.171.2 - - [02/Oct/2022:01:17:18 -0700] "GET /phpMyAdmin/setup/?token=f0613ce8992c9ff524a31a07d05e9620&version_check=1 HTTP/1.1" 200 12687 "-" "Mozilla/5.0 (compatible; SemrushBot/7~bl; +http://www.semrush.com/bot.html)" "tekmedicgloves.com"
185.191.171.23 - - [02/Oct/2022:01:17:22 -0700] "GET /phpMyAdmin/setup/?token=03b95dc089ab5494598f6efafeecf9c0&version_check=1 HTTP/1.1" 200 12687 "-" "Mozilla/5.0 (compatible; SemrushBot/7~bl; +http://www.semrush.com/bot.html)" "tekmedicgloves.com"
185.191.171.23 - - [02/Oct/2022:01:17:24 -0700] "GET /phpMyAdmin/setup/?token=f14670624733f139c5c4f8687c555c81&version_check=1 HTTP/1.1" 200 12687 "-" "Mozilla/5.0 (compatible; SemrushBot/7~bl; +http://www.semrush.com/bot.html)" "tekmedicgloves.com"
185.191.171.21 - - [02/Oct/2022:01:18:00 -0700] "GET /phpMyAdmin/setup/?token=f45dc3d613dacc4f56994636036a07d4&version_check=1 HTTP/1.1" 200 12691 "-" "Mozilla/5.0 (compatible; SemrushBot/7~bl; +http://www.semrush.com/bot.html)" "www.tekmedicgloves.com"
185.191.171.33 - - [02/Oct/2022:01:18:00 -0700] "GET /phpMyAdmin/setup/?token=e8a2a8ffcc6c07df390a82acbb2a6eb1&version_check=1 HTTP/1.1" 200 12687 "-" "Mozilla/5.0 (compatible; SemrushBot/7~bl; +http://www.semrush.com/bot.html)" "tekmedicgloves.com"
185.191.171.2 - - [02/Oct/2022:01:18:39 -0700] "GET /phpMyAdmin/setup/?token=f444216bea3a363463d1f1750d1217e2&version_check=1 HTTP/1.1" 200 12691 "-" "Mozilla/5.0 (compatible; SemrushBot/7~bl; +http://www.semrush.com/bot.html)" "www.tekmedicgloves.com"
185.191.171.15 - - [02/Oct/2022:01:18:40 -0700] "GET /phpMyAdmin/setup/?token=fc04fb5736b3825e77035ea45db3086c&version_check=1 HTTP/1.1" 200 12687 "-" "Mozilla/5.0 (compatible; SemrushBot/7~bl; +http://www.semrush.com/bot.html)" "tekmedicgloves.com"
185.191.171.12 - - [02/Oct/2022:01:18:42 -0700] "GET /phpMyAdmin/setup/?token=f55ac5aed90e2835eda6562759d8e259&version_check=1 HTTP/1.1" 200 12691 "-" "Mozilla/5.0 (compatible; SemrushBot/7~bl; +http://www.semrush.com/bot.html)" "www.tekmedicgloves.com"
185.191.171.23 - - [02/Oct/2022:01:18:44 -0700] "GET /phpMyAdmin/setup/?token=f74e707abc4c6f689fb87cd52fb1dc52&version_check=1 HTTP/1.1" 200 12687 "-" "Mozilla/5.0 (compatible; SemrushBot/7~bl; +http://www.semrush.com/bot.html)" "tekmedicgloves.com"
185.191.171.11 - - [02/Oct/2022:01:18:46 -0700] "GET /phpMyAdmin/setup/?token=f893a21e7a411b8dd45b184710f17a23&version_check=1 HTTP/1.1" 200 12687 "-" "Mozilla/5.0 (compatible; SemrushBot/7~bl; +http://www.semrush.com/bot.html)" "tekmedicgloves.com"
185.191.171.2 - - [02/Oct/2022:01:18:59 -0700] "GET /phpMyAdmin/setup/?token=e918f6c4d96c369f50b0dc59a93bad87&version_check=1 HTTP/1.1" 200 12687 "-" "Mozilla/5.0 (compatible; SemrushBot/7~bl; +http://www.semrush.com/bot.html)" "tekmedicgloves.com"
185.191.171.37 - - [02/Oct/2022:01:19:01 -0700] "GET /phpMyAdmin/setup/?token=f970c3cb2ca80a761779dd3a97f5d265&version_check=1 HTTP/1.1" 200 12687 "-" "Mozilla/5.0 (compatible; SemrushBot/7~bl; +http://www.semrush.com/bot.html)" "tekmedicgloves.com"
185.191.171.19 - - [02/Oct/2022:01:19:07 -0700] "GET /phpMyAdmin/setup/?token=1225d218aef1c471307e92d9599964e5&version_check=1 HTTP/1.1" 200 12691 "-" "Mozilla/5.0 (compatible; SemrushBot/7~bl; +http://www.semrush.com/bot.html)" "www.tekmedicgloves.com"
185.191.171.23 - - [02/Oct/2022:01:19:15 -0700] "GET /phpMyAdmin/setup/?token=e9a6402d6f2c5d1fa630b40943c08e74&version_check=1 HTTP/1.1" 200 12687 "-" "Mozilla/5.0 (compatible; SemrushBot/7~bl; +http://www.semrush.com/bot.html)" "tekmedicgloves.com"
185.191.171.35 - - [02/Oct/2022:01:19:22 -0700] "GET /phpMyAdmin/setup/?token=0294c7e6f924454eeabfb00314215188&version_check=1 HTTP/1.1" 200 12691 "-" "Mozilla/5.0 (compatible; SemrushBot/7~bl; +http://www.semrush.com/bot.html)" "www.tekmedicgloves.com"
185.191.171.39 - - [02/Oct/2022:01:19:31 -0700] "GET /phpMyAdmin/setup/?token=032e080e3fb298c5dcb54297c5568ddf&version_check=1 HTTP/1.1" 200 12691 "-" "Mozilla/5.0 (compatible; SemrushBot/7~bl; +http://www.semrush.com/bot.html)" "www.tekmedicgloves.com"
185.191.171.24 - - [02/Oct/2022:01:19:36 -0700] "GET /phpMyAdmin/setup/?token=0e966ebfd1f3ed8c08aa4ebc01b3f896&version_check=1 HTTP/1.1" 200 12691 "-" "Mozilla/5.0 (compatible; SemrushBot/7~bl; +http://www.semrush.com/bot.html)" "www.tekmedicgloves.com"
185.191.171.26 - - [02/Oct/2022:01:19:36 -0700] "GET /phpMyAdmin/setup/?token=167226073ba065d0fe680d1c9d1be4af&version_check=1 HTTP/1.1" 200 12687 "-" "Mozilla/5.0 (compatible; SemrushBot/7~bl; +http://www.semrush.com/bot.html)" "tekmedicgloves.com"
185.191.171.7 - - [02/Oct/2022:01:19:45 -0700] "GET /phpMyAdmin/setup/?token=e8d63a4c75e1738984f4a0d6ef2a99e7&version_check=1 HTTP/1.1" 200 12687 "-" "Mozilla/5.0 (compatible; SemrushBot/7~bl; +http://www.semrush.com/bot.html)" "tekmedicgloves.com"
185.191.171.18 - - [02/Oct/2022:01:19:50 -0700] "GET /phpMyAdmin/setup/?token=0f7ed3c2625007f9f8ab9e784a958cde&version_check=1 HTTP/1.1" 200 12687 "-" "Mozilla/5.0 (compatible; SemrushBot/7~bl; +http://www.semrush.com/bot.html)" "tekmedicgloves.com"
185.191.171.10 - - [02/Oct/2022:01:20:00 -0700] "GET /phpMyAdmin/setup/?token=09ff6b49724a541ae821a08f73540f82&version_check=1 HTTP/1.1" 200 12691 "-" "Mozilla/5.0 (compatible; SemrushBot/7~bl; +http://www.semrush.com/bot.html)" "www.tekmedicgloves.com"
40.77.189.189 - - [02/Oct/2022:01:20:15 -0700] "GET /beta/wp-content/themes/CherryFramework/style.css HTTP/1.1" 200 331 "http://tekmedicgloves.com/beta/wp-content/themes/theme48838/main-style.css" "Mozilla/5.0 (Windows NT 6.1; WOW64) AppleWebKit/534+ (KHTML, like Gecko) BingPreview/1.0b" "tekmedicgloves.com"
185.191.171.10 - - [02/Oct/2022:01:20:29 -0700] "GET /phpMyAdmin/setup/?token=0682126a3a9f77c1c0b2bced9623554c&version_check=1 HTTP/1.1" 200 12691 "-" "Mozilla/5.0 (compatible; SemrushBot/7~bl; +http://www.semrush.com/bot.html)" "www.tekmedicgloves.com"
185.191.171.36 - - [02/Oct/2022:01:20:45 -0700] "GET /phpMyAdmin/setup/?token=0bc1a7926d882bff8bbabbd450f8623d&version_check=1 HTTP/1.1" 200 12691 "-" "Mozilla/5.0 (compatible; SemrushBot/7~bl; +http://www.semrush.com/bot.html)" "www.tekmedicgloves.com"
185.191.171.4 - - [02/Oct/2022:01:21:04 -0700] "GET /phpMyAdmin/setup/?token=10a4989eb4076417a6ad721ca61b11db&version_check=1 HTTP/1.1" 200 12687 "-" "Mozilla/5.0 (compatible; SemrushBot/7~bl; +http://www.semrush.com/bot.html)" "tekmedicgloves.com"
185.191.171.41 - - [02/Oct/2022:01:21:05 -0700] "GET /phpMyAdmin/setup/?token=e747cfa933738828b7a86803cd2fe261&version_check=1 HTTP/1.1" 200 12687 "-" "Mozilla/5.0 (compatible; SemrushBot/7~bl; +http://www.semrush.com/bot.html)" "tekmedicgloves.com"
185.191.171.9 - - [02/Oct/2022:01:21:12 -0700] "GET /phpMyAdmin/setup/?token=055b6a7c2af222aa9c7e9b3fa4d5bb0a&version_check=1 HTTP/1.1" 200 12691 "-" "Mozilla/5.0 (compatible; SemrushBot/7~bl; +http://www.semrush.com/bot.html)" "www.tekmedicgloves.com"
185.191.171.2 - - [02/Oct/2022:01:21:15 -0700] "GET /phpMyAdmin/setup/?token=043fe09bba0d3f9e1c399d71ba23c2cc&version_check=1 HTTP/1.1" 200 12687 "-" "Mozilla/5.0 (compatible; SemrushBot/7~bl; +http://www.semrush.com/bot.html)" "tekmedicgloves.com"
114.119.139.110 - - [02/Oct/2022:01:21:16 -0700] "GET /beta/products.php?cat=21 HTTP/1.1" 200 38812 "http://www.tekmedicgloves.com/beta/products.php?cat=21&subcat=48" "Mozilla/5.0 (Linux; Android 7.0;) AppleWebKit/537.36 (KHTML, like Gecko) Mobile Safari/537.36 (compatible; PetalBot;+https://webmaster.petalsearch.com/site/petalbot)" "www.tekmedicgloves.com"
185.191.171.37 - - [02/Oct/2022:01:21:24 -0700] "GET /phpMyAdmin/setup/?token=05601ecb30d78a76733040cf92c94f3b&version_check=1 HTTP/1.1" 200 12687 "-" "Mozilla/5.0 (compatible; SemrushBot/7~bl; +http://www.semrush.com/bot.html)" "tekmedicgloves.com"
185.191.171.8 - - [02/Oct/2022:01:21:38 -0700] "GET /phpMyAdmin/setup/?token=cb0334b61d0511a9166c8b63ee75beaf&version_check=1 HTTP/1.1" 200 12691 "-" "Mozilla/5.0 (compatible; SemrushBot/7~bl; +http://www.semrush.com/bot.html)" "www.tekmedicgloves.com"
185.191.171.13 - - [02/Oct/2022:01:21:41 -0700] "GET /phpMyAdmin/setup/?token=f383cc6e76a8ae476c1bd95fb8b948a7&version_check=1 HTTP/1.1" 200 12691 "-" "Mozilla/5.0 (compatible; SemrushBot/7~bl; +http://www.semrush.com/bot.html)" "www.tekmedicgloves.com"
185.191.171.40 - - [02/Oct/2022:01:21:44 -0700] "GET /phpMyAdmin/setup/?token=0d90f7e515a1615af8b9604e2cad7091&version_check=1 HTTP/1.1" 200 12691 "-" "Mozilla/5.0 (compatible; SemrushBot/7~bl; +http://www.semrush.com/bot.html)" "www.tekmedicgloves.com"
185.191.171.25 - - [02/Oct/2022:01:22:04 -0700] "GET /phpMyAdmin/setup/?token=dc4160b64f857835ba863cfb8b7196d2&version_check=1 HTTP/1.1" 200 12691 "-" "Mozilla/5.0 (compatible; SemrushBot/7~bl; +http://www.semrush.com/bot.html)" "www.tekmedicgloves.com"
185.191.171.8 - - [02/Oct/2022:01:22:11 -0700] "GET /phpMyAdmin/setup/?token=fff33588caab19784b767b3009b058f4&version_check=1 HTTP/1.1" 200 12691 "-" "Mozilla/5.0 (compatible; SemrushBot/7~bl; +http://www.semrush.com/bot.html)" "www.tekmedicgloves.com"
185.191.171.26 - - [02/Oct/2022:01:22:20 -0700] "GET /phpMyAdmin/setup/?token=ed82b4e3dbae91276bf7bb5361a13d1a&version_check=1 HTTP/1.1" 200 12687 "-" "Mozilla/5.0 (compatible; SemrushBot/7~bl; +http://www.semrush.com/bot.html)" "tekmedicgloves.com"
185.191.171.34 - - [02/Oct/2022:01:22:22 -0700] "GET /phpMyAdmin/setup/?token=e7c508d96e844197f513887668e07be3&version_check=1 HTTP/1.1" 200 12687 "-" "Mozilla/5.0 (compatible; SemrushBot/7~bl; +http://www.semrush.com/bot.html)" "tekmedicgloves.com"
185.191.171.33 - - [02/Oct/2022:01:22:40 -0700] "GET /phpMyAdmin/setup/?token=f85de81e1802f9dec127148c61431848&version_check=1 HTTP/1.1" 200 12691 "-" "Mozilla/5.0 (compatible; SemrushBot/7~bl; +http://www.semrush.com/bot.html)" "www.tekmedicgloves.com"
185.191.171.19 - - [02/Oct/2022:01:22:43 -0700] "GET /phpMyAdmin/setup/?token=08d29a064e827170527d84c31187bf4e&version_check=1 HTTP/1.1" 200 12691 "-" "Mozilla/5.0 (compatible; SemrushBot/7~bl; +http://www.semrush.com/bot.html)" "www.tekmedicgloves.com"
185.191.171.26 - - [02/Oct/2022:01:22:48 -0700] "GET /phpMyAdmin/setup/?token=0eb5de343a921a8343f3b567b79f683d&version_check=1 HTTP/1.1" 200 12691 "-" "Mozilla/5.0 (compatible; SemrushBot/7~bl; +http://www.semrush.com/bot.html)" "www.tekmedicgloves.com"
185.191.171.13 - - [02/Oct/2022:01:22:53 -0700] "GET /phpMyAdmin/setup/?token=07755917c287b2270d1c8cdd35f0da64&version_check=1 HTTP/1.1" 200 12691 "-" "Mozilla/5.0 (compatible; SemrushBot/7~bl; +http://www.semrush.com/bot.html)" "www.tekmedicgloves.com"
185.191.171.8 - - [02/Oct/2022:01:23:08 -0700] "GET /phpMyAdmin/setup/?token=081c7ba1c3e7e6c778f40247d650910e&version_check=1 HTTP/1.1" 200 12687 "-" "Mozilla/5.0 (compatible; SemrushBot/7~bl; +http://www.semrush.com/bot.html)" "tekmedicgloves.com"
185.191.171.1 - - [02/Oct/2022:01:23:21 -0700] "GET /phpMyAdmin/setup/?token=fe382cf2aafa7378ef19f536f36af890&version_check=1 HTTP/1.1" 200 12687 "-" "Mozilla/5.0 (compatible; SemrushBot/7~bl; +http://www.semrush.com/bot.html)" "tekmedicgloves.com"
185.191.171.39 - - [02/Oct/2022:01:23:27 -0700] "GET /phpMyAdmin/setup/?token=db3231e54fa6b1b4856f28c817b71342&version_check=1 HTTP/1.1" 200 12691 "-" "Mozilla/5.0 (compatible; SemrushBot/7~bl; +http://www.semrush.com/bot.html)" "www.tekmedicgloves.com"
185.191.171.43 - - [02/Oct/2022:01:23:37 -0700] "GET /phpMyAdmin/setup/?token=fbd189385e3ec5faadf0a54917b3c146&version_check=1 HTTP/1.1" 200 12691 "-" "Mozilla/5.0 (compatible; SemrushBot/7~bl; +http://www.semrush.com/bot.html)" "www.tekmedicgloves.com"
185.191.171.10 - - [02/Oct/2022:01:23:38 -0700] "GET /phpMyAdmin/setup/?token=e83509bd8e555ad363131de95006d4b0&version_check=1 HTTP/1.1" 200 12687 "-" "Mozilla/5.0 (compatible; SemrushBot/7~bl; +http://www.semrush.com/bot.html)" "tekmedicgloves.com"
185.191.171.16 - - [02/Oct/2022:01:23:43 -0700] "GET /phpMyAdmin/setup/?token=fbe49b7cc8a3eb02018c2445cce71a1b&version_check=1 HTTP/1.1" 200 12691 "-" "Mozilla/5.0 (compatible; SemrushBot/7~bl; +http://www.semrush.com/bot.html)" "www.tekmedicgloves.com"
185.191.171.8 - - [02/Oct/2022:01:23:47 -0700] "GET /phpMyAdmin/setup/?token=eb1dfff26e877a10e17238f51ea87b3c&version_check=1 HTTP/1.1" 200 12687 "-" "Mozilla/5.0 (compatible; SemrushBot/7~bl; +http://www.semrush.com/bot.html)" "tekmedicgloves.com"
185.191.171.13 - - [02/Oct/2022:01:23:50 -0700] "GET /phpMyAdmin/setup/?token=0f43bb93cb8cd424d3c2d352f02d1384&version_check=1 HTTP/1.1" 200 12687 "-" "Mozilla/5.0 (compatible; SemrushBot/7~bl; +http://www.semrush.com/bot.html)" "tekmedicgloves.com"
185.191.171.25 - - [02/Oct/2022:01:23:58 -0700] "GET /phpMyAdmin/setup/?token=08ab5391018710630b82734ad8f4fc19&version_check=1 HTTP/1.1" 200 12691 "-" "Mozilla/5.0 (compatible; SemrushBot/7~bl; +http://www.semrush.com/bot.html)" "www.tekmedicgloves.com"
185.191.171.17 - - [02/Oct/2022:01:23:58 -0700] "GET /phpMyAdmin/setup/?token=e9f487dcbb324db3225e1d9c70792b4d&version_check=1 HTTP/1.1" 200 12687 "-" "Mozilla/5.0 (compatible; SemrushBot/7~bl; +http://www.semrush.com/bot.html)" "tekmedicgloves.com"
185.191.171.10 - - [02/Oct/2022:01:24:09 -0700] "GET /phpMyAdmin/setup/?token=fea085b5760b288ef9a6106a965f59b4&version_check=1 HTTP/1.1" 200 12691 "-" "Mozilla/5.0 (compatible; SemrushBot/7~bl; +http://www.semrush.com/bot.html)" "www.tekmedicgloves.com"
185.191.171.43 - - [02/Oct/2022:01:24:18 -0700] "GET /phpMyAdmin/setup/?token=0143cb06e4571f76f905c407c250a18c&version_check=1 HTTP/1.1" 200 12691 "-" "Mozilla/5.0 (compatible; SemrushBot/7~bl; +http://www.semrush.com/bot.html)" "www.tekmedicgloves.com"
185.191.171.38 - - [02/Oct/2022:01:24:31 -0700] "GET /phpMyAdmin/setup/?token=fdf38845ab9c90cbb3f745b1e948c9eb&version_check=1 HTTP/1.1" 200 12687 "-" "Mozilla/5.0 (compatible; SemrushBot/7~bl; +http://www.semrush.com/bot.html)" "tekmedicgloves.com"
185.191.171.37 - - [02/Oct/2022:01:24:33 -0700] "GET /phpMyAdmin/setup/?token=f430ae38ca1d0795df2204428a6432e0&version_check=1 HTTP/1.1" 200 12691 "-" "Mozilla/5.0 (compatible; SemrushBot/7~bl; +http://www.semrush.com/bot.html)" "www.tekmedicgloves.com"
185.191.171.44 - - [02/Oct/2022:01:24:43 -0700] "GET /phpMyAdmin/setup/?token=f14ff85830ac77ae2bb0023cf884ddc4&version_check=1 HTTP/1.1" 200 12691 "-" "Mozilla/5.0 (compatible; SemrushBot/7~bl; +http://www.semrush.com/bot.html)" "www.tekmedicgloves.com"
185.191.171.23 - - [02/Oct/2022:01:24:50 -0700] "GET /phpMyAdmin/setup/?token=f48f8a1bf5b2715c62d7799da26ad381&version_check=1 HTTP/1.1" 200 12687 "-" "Mozilla/5.0 (compatible; SemrushBot/7~bl; +http://www.semrush.com/bot.html)" "tekmedicgloves.com"
185.191.171.26 - - [02/Oct/2022:01:25:01 -0700] "GET /phpMyAdmin/setup/?token=fe533c746d3626ab9f0fd2915552034f&version_check=1 HTTP/1.1" 200 12691 "-" "Mozilla/5.0 (compatible; SemrushBot/7~bl; +http://www.semrush.com/bot.html)" "www.tekmedicgloves.com"
185.191.171.4 - - [02/Oct/2022:01:25:04 -0700] "GET /phpMyAdmin/setup/?token=09375f9cb5f1ce4a82a206f250b31389&version_check=1 HTTP/1.1" 200 12691 "-" "Mozilla/5.0 (compatible; SemrushBot/7~bl; +http://www.semrush.com/bot.html)" "www.tekmedicgloves.com"
185.191.171.25 - - [02/Oct/2022:01:25:20 -0700] "GET /phpMyAdmin/setup/?token=e871519270c964032d0e5b73134dd1e4&version_check=1 HTTP/1.1" 200 12687 "-" "Mozilla/5.0 (compatible; SemrushBot/7~bl; +http://www.semrush.com/bot.html)" "tekmedicgloves.com"
185.191.171.6 - - [02/Oct/2022:01:25:37 -0700] "GET /phpMyAdmin/setup/?token=d4c16fe79c92c7b042a5a15137f6c03d&version_check=1 HTTP/1.1" 200 12691 "-" "Mozilla/5.0 (compatible; SemrushBot/7~bl; +http://www.semrush.com/bot.html)" "www.tekmedicgloves.com"
185.191.171.44 - - [02/Oct/2022:01:26:06 -0700] "GET /phpMyAdmin/setup/?token=f3ea85267643b504b4211eea94138fad&version_check=1 HTTP/1.1" 200 12691 "-" "Mozilla/5.0 (compatible; SemrushBot/7~bl; +http://www.semrush.com/bot.html)" "www.tekmedicgloves.com"
185.191.171.24 - - [02/Oct/2022:01:26:08 -0700] "GET /phpMyAdmin/setup/?token=d92f3cbea3ce24e35031c34bc296c4f3&version_check=1 HTTP/1.1" 200 12691 "-" "Mozilla/5.0 (compatible; SemrushBot/7~bl; +http://www.semrush.com/bot.html)" "www.tekmedicgloves.com"
185.191.171.25 - - [02/Oct/2022:01:26:10 -0700] "GET /phpMyAdmin/setup/?token=e9c022e934d4d4291da56dade211eed3&version_check=1 HTTP/1.1" 200 12687 "-" "Mozilla/5.0 (compatible; SemrushBot/7~bl; +http://www.semrush.com/bot.html)" "tekmedicgloves.com"
185.191.171.18 - - [02/Oct/2022:01:26:16 -0700] "GET /phpMyAdmin/setup/?token=d9da6ec5103ca585793d37e942ac8831&version_check=1 HTTP/1.1" 200 12691 "-" "Mozilla/5.0 (compatible; SemrushBot/7~bl; +http://www.semrush.com/bot.html)" "www.tekmedicgloves.com"
185.191.171.17 - - [02/Oct/2022:01:26:16 -0700] "GET /phpMyAdmin/setup/?token=f84a960cde008c632da51f11cd0e72d4&version_check=1 HTTP/1.1" 200 12687 "-" "Mozilla/5.0 (compatible; SemrushBot/7~bl; +http://www.semrush.com/bot.html)" "tekmedicgloves.com"
185.191.171.41 - - [02/Oct/2022:01:26:48 -0700] "GET /robots.txt HTTP/1.1" 404 88 "-" "Mozilla/5.0 (compatible; SemrushBot/7~bl; +http://www.semrush.com/bot.html)" "www.tekmedicgloves.com"
185.191.171.15 - - [02/Oct/2022:01:26:48 -0700] "GET /phpMyAdmin/setup/?token=d6eaa0d43c00ea0d724524abe87a6f4d&version_check=1 HTTP/1.1" 200 12691 "-" "Mozilla/5.0 (compatible; SemrushBot/7~bl; +http://www.semrush.com/bot.html)" "www.tekmedicgloves.com"
185.191.171.36 - - [02/Oct/2022:01:27:03 -0700] "GET /phpMyAdmin/setup/?token=eecd369f6b7fb258dc848580a5d3738f&version_check=1 HTTP/1.1" 200 12687 "-" "Mozilla/5.0 (compatible; SemrushBot/7~bl; +http://www.semrush.com/bot.html)" "tekmedicgloves.com"
185.191.171.36 - - [02/Oct/2022:01:27:10 -0700] "GET /phpMyAdmin/setup/?token=f49b234da33764932285f78d6530d341&version_check=1 HTTP/1.1" 200 12687 "-" "Mozilla/5.0 (compatible; SemrushBot/7~bl; +http://www.semrush.com/bot.html)" "tekmedicgloves.com"
185.191.171.21 - - [02/Oct/2022:01:27:14 -0700] "GET /phpMyAdmin/setup/?token=197cfb19982ba8129cd8ae84988f8f75&version_check=1 HTTP/1.1" 200 12687 "-" "Mozilla/5.0 (compatible; SemrushBot/7~bl; +http://www.semrush.com/bot.html)" "tekmedicgloves.com"
185.191.171.38 - - [02/Oct/2022:01:27:27 -0700] "GET /phpMyAdmin/setup/?token=f9d7cf936857eb3f99613fedfaa282fc&version_check=1 HTTP/1.1" 200 12687 "-" "Mozilla/5.0 (compatible; SemrushBot/7~bl; +http://www.semrush.com/bot.html)" "tekmedicgloves.com"
185.191.171.8 - - [02/Oct/2022:01:27:29 -0700] "GET /phpMyAdmin/setup/?token=0406575b4d7ffbaf8a058748646d7ef4&version_check=1 HTTP/1.1" 200 12687 "-" "Mozilla/5.0 (compatible; SemrushBot/7~bl; +http://www.semrush.com/bot.html)" "tekmedicgloves.com"
