185.191.171.20 - - [05/Oct/2022:19:23:18 -0700] "GET /phpMyAdmin/setup/?token=eb6b485ba66b766487f09bcb86be2238&version_check=1 HTTP/1.1" 200 12687 "-" "Mozilla/5.0 (compatible; SemrushBot/7~bl; +http://www.semrush.com/bot.html)" "tekmedicgloves.com"
185.191.171.37 - - [05/Oct/2022:19:23:29 -0700] "GET /phpMyAdmin/setup/?token=e6596a487276f6c52c6922b5a6b97b9f&version_check=1 HTTP/1.1" 200 12687 "-" "Mozilla/5.0 (compatible; SemrushBot/7~bl; +http://www.semrush.com/bot.html)" "tekmedicgloves.com"
185.191.171.9 - - [05/Oct/2022:19:23:44 -0700] "GET /phpMyAdmin/setup/?token=f8299872610e6ea1f26430c7d7d76117&version_check=1 HTTP/1.1" 200 12687 "-" "Mozilla/5.0 (compatible; SemrushBot/7~bl; +http://www.semrush.com/bot.html)" "tekmedicgloves.com"
185.191.171.7 - - [05/Oct/2022:19:23:46 -0700] "GET /phpMyAdmin/setup/?token=cce85020262cc0ae5c5446d7a860d0e0&version_check=1 HTTP/1.1" 200 12691 "-" "Mozilla/5.0 (compatible; SemrushBot/7~bl; +http://www.semrush.com/bot.html)" "www.tekmedicgloves.com"
185.191.171.37 - - [05/Oct/2022:19:25:27 -0700] "GET /phpMyAdmin/setup/?token=d4793f7f380cf4333cf5752618a5370e&version_check=1 HTTP/1.1" 200 12691 "-" "Mozilla/5.0 (compatible; SemrushBot/7~bl; +http://www.semrush.com/bot.html)" "www.tekmedicgloves.com"
20.74.246.195 - - [05/Oct/2022:19:26:26 -0700] "GET / HTTP/1.1" 200 696 "-" "Mozilla/5.0 (Windows NT 10.0; Win64; x64) AppleWebKit/537.36 (KHTML, like Gecko) Chrome/80.0.3987.149 Safari/537.36" "tekmedicgloves.com"
20.74.246.195 - - [05/Oct/2022:19:26:26 -0700] "GET / HTTP/1.1" 200 696 "-" "Mozilla/5.0 (Windows NT 10.0; Win64; x64) AppleWebKit/537.36 (KHTML, like Gecko) Chrome/80.0.3987.149 Safari/537.36" "tekmedicgloves.com"
20.74.246.195 - - [05/Oct/2022:19:26:27 -0700] "GET /wp-includes/wlwmanifest.xml HTTP/1.1" 404 73 "-" "Mozilla/5.0 (Windows NT 10.0; Win64; x64) AppleWebKit/537.36 (KHTML, like Gecko) Chrome/80.0.3987.149 Safari/537.36" "tekmedicgloves.com"
20.74.246.195 - - [05/Oct/2022:19:26:28 -0700] "GET /xmlrpc.php?rsd HTTP/1.1" 404 73 "-" "Mozilla/5.0 (Windows NT 10.0; Win64; x64) AppleWebKit/537.36 (KHTML, like Gecko) Chrome/80.0.3987.149 Safari/537.36" "tekmedicgloves.com"
20.74.246.195 - - [05/Oct/2022:19:26:28 -0700] "GET / HTTP/1.1" 200 696 "-" "Mozilla/5.0 (Windows NT 10.0; Win64; x64) AppleWebKit/537.36 (KHTML, like Gecko) Chrome/80.0.3987.149 Safari/537.36" "tekmedicgloves.com"
20.74.246.195 - - [05/Oct/2022:19:26:29 -0700] "GET /blog/wp-includes/wlwmanifest.xml HTTP/1.1" 404 73 "-" "Mozilla/5.0 (Windows NT 10.0; Win64; x64) AppleWebKit/537.36 (KHTML, like Gecko) Chrome/80.0.3987.149 Safari/537.36" "tekmedicgloves.com"
20.74.246.195 - - [05/Oct/2022:19:26:29 -0700] "GET /web/wp-includes/wlwmanifest.xml HTTP/1.1" 404 73 "-" "Mozilla/5.0 (Windows NT 10.0; Win64; x64) AppleWebKit/537.36 (KHTML, like Gecko) Chrome/80.0.3987.149 Safari/537.36" "tekmedicgloves.com"
20.74.246.195 - - [05/Oct/2022:19:26:29 -0700] "GET /wordpress/wp-includes/wlwmanifest.xml HTTP/1.1" 404 73 "-" "Mozilla/5.0 (Windows NT 10.0; Win64; x64) AppleWebKit/537.36 (KHTML, like Gecko) Chrome/80.0.3987.149 Safari/537.36" "tekmedicgloves.com"
20.74.246.195 - - [05/Oct/2022:19:26:30 -0700] "GET /website/wp-includes/wlwmanifest.xml HTTP/1.1" 404 73 "-" "Mozilla/5.0 (Windows NT 10.0; Win64; x64) AppleWebKit/537.36 (KHTML, like Gecko) Chrome/80.0.3987.149 Safari/537.36" "tekmedicgloves.com"
20.74.246.195 - - [05/Oct/2022:19:26:30 -0700] "GET /news/wp-includes/wlwmanifest.xml HTTP/1.1" 404 73 "-" "Mozilla/5.0 (Windows NT 10.0; Win64; x64) AppleWebKit/537.36 (KHTML, like Gecko) Chrome/80.0.3987.149 Safari/537.36" "tekmedicgloves.com"
20.74.246.195 - - [05/Oct/2022:19:26:31 -0700] "GET /2018/wp-includes/wlwmanifest.xml HTTP/1.1" 404 73 "-" "Mozilla/5.0 (Windows NT 10.0; Win64; x64) AppleWebKit/537.36 (KHTML, like Gecko) Chrome/80.0.3987.149 Safari/537.36" "tekmedicgloves.com"
20.74.246.195 - - [05/Oct/2022:19:26:31 -0700] "GET /2019/wp-includes/wlwmanifest.xml HTTP/1.1" 404 73 "-" "Mozilla/5.0 (Windows NT 10.0; Win64; x64) AppleWebKit/537.36 (KHTML, like Gecko) Chrome/80.0.3987.149 Safari/537.36" "tekmedicgloves.com"
20.74.246.195 - - [05/Oct/2022:19:26:32 -0700] "GET /shop/wp-includes/wlwmanifest.xml HTTP/1.1" 404 73 "-" "Mozilla/5.0 (Windows NT 10.0; Win64; x64) AppleWebKit/537.36 (KHTML, like Gecko) Chrome/80.0.3987.149 Safari/537.36" "tekmedicgloves.com"
20.74.246.195 - - [05/Oct/2022:19:26:32 -0700] "GET /wp1/wp-includes/wlwmanifest.xml HTTP/1.1" 404 73 "-" "Mozilla/5.0 (Windows NT 10.0; Win64; x64) AppleWebKit/537.36 (KHTML, like Gecko) Chrome/80.0.3987.149 Safari/537.36" "tekmedicgloves.com"
20.74.246.195 - - [05/Oct/2022:19:26:33 -0700] "GET /test/wp-includes/wlwmanifest.xml HTTP/1.1" 404 73 "-" "Mozilla/5.0 (Windows NT 10.0; Win64; x64) AppleWebKit/537.36 (KHTML, like Gecko) Chrome/80.0.3987.149 Safari/537.36" "tekmedicgloves.com"
20.74.246.195 - - [05/Oct/2022:19:26:33 -0700] "GET /media/wp-includes/wlwmanifest.xml HTTP/1.1" 404 73 "-" "Mozilla/5.0 (Windows NT 10.0; Win64; x64) AppleWebKit/537.36 (KHTML, like Gecko) Chrome/80.0.3987.149 Safari/537.36" "tekmedicgloves.com"
20.74.246.195 - - [05/Oct/2022:19:26:34 -0700] "GET /wp2/wp-includes/wlwmanifest.xml HTTP/1.1" 404 73 "-" "Mozilla/5.0 (Windows NT 10.0; Win64; x64) AppleWebKit/537.36 (KHTML, like Gecko) Chrome/80.0.3987.149 Safari/537.36" "tekmedicgloves.com"
20.74.246.195 - - [05/Oct/2022:19:26:34 -0700] "GET /site/wp-includes/wlwmanifest.xml HTTP/1.1" 404 73 "-" "Mozilla/5.0 (Windows NT 10.0; Win64; x64) AppleWebKit/537.36 (KHTML, like Gecko) Chrome/80.0.3987.149 Safari/537.36" "tekmedicgloves.com"
20.74.246.195 - - [05/Oct/2022:19:26:35 -0700] "GET /cms/wp-includes/wlwmanifest.xml HTTP/1.1" 404 73 "-" "Mozilla/5.0 (Windows NT 10.0; Win64; x64) AppleWebKit/537.36 (KHTML, like Gecko) Chrome/80.0.3987.149 Safari/537.36" "tekmedicgloves.com"
20.74.246.195 - - [05/Oct/2022:19:26:35 -0700] "GET /sito/wp-includes/wlwmanifest.xml HTTP/1.1" 404 73 "-" "Mozilla/5.0 (Windows NT 10.0; Win64; x64) AppleWebKit/537.36 (KHTML, like Gecko) Chrome/80.0.3987.149 Safari/537.36" "tekmedicgloves.com"
185.191.171.37 - - [05/Oct/2022:19:27:13 -0700] "GET /phpMyAdmin/setup/?token=e9e558baffb88ec22e4b8313a3ec393e&version_check=1 HTTP/1.1" 200 12691 "-" "Mozilla/5.0 (compatible; SemrushBot/7~bl; +http://www.semrush.com/bot.html)" "www.tekmedicgloves.com"
185.191.171.39 - - [05/Oct/2022:19:28:30 -0700] "GET /phpMyAdmin/setup/?token=162360c62b61001403aeb1d2df6510fc&version_check=1 HTTP/1.1" 200 12687 "-" "Mozilla/5.0 (compatible; SemrushBot/7~bl; +http://www.semrush.com/bot.html)" "tekmedicgloves.com"
185.191.171.18 - - [05/Oct/2022:19:28:44 -0700] "GET /phpMyAdmin/setup/?token=d68d3454e89fdadab86df1b2f89f662c&version_check=1 HTTP/1.1" 200 12691 "-" "Mozilla/5.0 (compatible; SemrushBot/7~bl; +http://www.semrush.com/bot.html)" "www.tekmedicgloves.com"
185.191.171.36 - - [05/Oct/2022:19:30:52 -0700] "GET /phpMyAdmin/setup/?token=fc14bb583ee571239975102463606db5&version_check=1 HTTP/1.1" 200 12691 "-" "Mozilla/5.0 (compatible; SemrushBot/7~bl; +http://www.semrush.com/bot.html)" "www.tekmedicgloves.com"
185.191.171.9 - - [05/Oct/2022:19:31:06 -0700] "GET /phpMyAdmin/setup/?token=17c66f49f8725371daf59e9d9d5445d0&version_check=1 HTTP/1.1" 200 12687 "-" "Mozilla/5.0 (compatible; SemrushBot/7~bl; +http://www.semrush.com/bot.html)" "tekmedicgloves.com"
185.191.171.19 - - [05/Oct/2022:19:31:11 -0700] "GET /phpMyAdmin/setup/?token=0575d2bb00e901671038ddf5c71f6221&version_check=1 HTTP/1.1" 200 12691 "-" "Mozilla/5.0 (compatible; SemrushBot/7~bl; +http://www.semrush.com/bot.html)" "www.tekmedicgloves.com"
185.191.171.24 - - [05/Oct/2022:19:31:49 -0700] "GET /phpMyAdmin/setup/?token=c746b67a9637fc403b6fc780553d7e55&version_check=1 HTTP/1.1" 200 12691 "-" "Mozilla/5.0 (compatible; SemrushBot/7~bl; +http://www.semrush.com/bot.html)" "www.tekmedicgloves.com"
185.191.171.41 - - [05/Oct/2022:19:32:37 -0700] "GET /phpMyAdmin/setup/?token=d463c60b176417bebb4a79ad26fdbf8a&version_check=1 HTTP/1.1" 200 12691 "-" "Mozilla/5.0 (compatible; SemrushBot/7~bl; +http://www.semrush.com/bot.html)" "www.tekmedicgloves.com"
185.191.171.44 - - [05/Oct/2022:19:33:32 -0700] "GET /phpMyAdmin/setup/?token=de1258fcd47f941ce5d10ffc41ad8b04&version_check=1 HTTP/1.1" 200 12687 "-" "Mozilla/5.0 (compatible; SemrushBot/7~bl; +http://www.semrush.com/bot.html)" "tekmedicgloves.com"
185.191.171.6 - - [05/Oct/2022:19:33:44 -0700] "GET /phpMyAdmin/setup/?token=07f0ca0321004aa60ee79e6aba397b39&version_check=1 HTTP/1.1" 200 12687 "-" "Mozilla/5.0 (compatible; SemrushBot/7~bl; +http://www.semrush.com/bot.html)" "tekmedicgloves.com"
185.191.171.13 - - [05/Oct/2022:19:33:52 -0700] "GET /phpMyAdmin/setup/?token=f2050fa85388c43e18170d20f92178ee&version_check=1 HTTP/1.1" 200 12691 "-" "Mozilla/5.0 (compatible; SemrushBot/7~bl; +http://www.semrush.com/bot.html)" "www.tekmedicgloves.com"
185.191.171.23 - - [05/Oct/2022:19:34:15 -0700] "GET /phpMyAdmin/setup/?token=f08b2c4b6448c124dd4c1ebfb936ee45&version_check=1 HTTP/1.1" 200 12691 "-" "Mozilla/5.0 (compatible; SemrushBot/7~bl; +http://www.semrush.com/bot.html)" "www.tekmedicgloves.com"
185.191.171.3 - - [05/Oct/2022:19:35:12 -0700] "GET /phpMyAdmin/setup/?token=e8796455f26a10cf63b51c491dab8eca&version_check=1 HTTP/1.1" 200 12687 "-" "Mozilla/5.0 (compatible; SemrushBot/7~bl; +http://www.semrush.com/bot.html)" "tekmedicgloves.com"
185.191.171.40 - - [05/Oct/2022:19:35:21 -0700] "GET /phpMyAdmin/setup/?token=e7e6da57732537d9da4970c3e3f3031f&version_check=1 HTTP/1.1" 200 12687 "-" "Mozilla/5.0 (compatible; SemrushBot/7~bl; +http://www.semrush.com/bot.html)" "tekmedicgloves.com"
185.191.171.18 - - [05/Oct/2022:19:35:52 -0700] "GET /phpMyAdmin/setup/?token=e1c0dfb30a6a31a83711636753de695a&version_check=1 HTTP/1.1" 200 12691 "-" "Mozilla/5.0 (compatible; SemrushBot/7~bl; +http://www.semrush.com/bot.html)" "www.tekmedicgloves.com"
185.191.171.9 - - [05/Oct/2022:19:37:04 -0700] "GET /robots.txt HTTP/1.1" 404 88 "-" "Mozilla/5.0 (compatible; SemrushBot/7~bl; +http://www.semrush.com/bot.html)" "tekmedicgloves.com"
185.191.171.10 - - [05/Oct/2022:19:37:05 -0700] "GET /phpMyAdmin/setup/?token=0905e88b15ed0b4b98708560c29c6ffe&version_check=1 HTTP/1.1" 200 12687 "-" "Mozilla/5.0 (compatible; SemrushBot/7~bl; +http://www.semrush.com/bot.html)" "tekmedicgloves.com"
185.191.171.9 - - [05/Oct/2022:19:37:44 -0700] "GET /phpMyAdmin/setup/?token=ed6cddc6051f140bb0d64604494a89c0&version_check=1 HTTP/1.1" 200 12687 "-" "Mozilla/5.0 (compatible; SemrushBot/7~bl; +http://www.semrush.com/bot.html)" "tekmedicgloves.com"
185.191.171.34 - - [05/Oct/2022:19:39:11 -0700] "GET /phpMyAdmin/setup/?token=e89514706ef763d6f25237d8fa155ab7&version_check=1 HTTP/1.1" 200 12687 "-" "Mozilla/5.0 (compatible; SemrushBot/7~bl; +http://www.semrush.com/bot.html)" "tekmedicgloves.com"
185.191.171.7 - - [05/Oct/2022:19:40:04 -0700] "GET /phpMyAdmin/setup/?token=1360abe83a2d5a8069545f7607fb7bcf&version_check=1 HTTP/1.1" 200 12687 "-" "Mozilla/5.0 (compatible; SemrushBot/7~bl; +http://www.semrush.com/bot.html)" "tekmedicgloves.com"
185.191.171.37 - - [05/Oct/2022:19:40:08 -0700] "GET /robots.txt HTTP/1.1" 404 88 "-" "Mozilla/5.0 (compatible; SemrushBot/7~bl; +http://www.semrush.com/bot.html)" "www.tekmedicgloves.com"
185.191.171.43 - - [05/Oct/2022:19:40:08 -0700] "GET /phpMyAdmin/setup/?token=f26ccbf1301c72c97b40b36e15e297f7&version_check=1 HTTP/1.1" 200 12691 "-" "Mozilla/5.0 (compatible; SemrushBot/7~bl; +http://www.semrush.com/bot.html)" "www.tekmedicgloves.com"
185.191.171.18 - - [05/Oct/2022:19:40:24 -0700] "GET /phpMyAdmin/setup/?token=f7a4a4207126e39211653737257341b8&version_check=1 HTTP/1.1" 200 12691 "-" "Mozilla/5.0 (compatible; SemrushBot/7~bl; +http://www.semrush.com/bot.html)" "www.tekmedicgloves.com"
185.191.171.43 - - [05/Oct/2022:19:41:44 -0700] "GET /phpMyAdmin/setup/?token=0ba7ad74a47a8a01ee4fe372ddacfabd&version_check=1 HTTP/1.1" 200 12691 "-" "Mozilla/5.0 (compatible; SemrushBot/7~bl; +http://www.semrush.com/bot.html)" "www.tekmedicgloves.com"
185.191.171.38 - - [05/Oct/2022:19:41:53 -0700] "GET /phpMyAdmin/setup/?token=c95b72c0351c8a33467a2a411a19c2f7&version_check=1 HTTP/1.1" 200 12691 "-" "Mozilla/5.0 (compatible; SemrushBot/7~bl; +http://www.semrush.com/bot.html)" "www.tekmedicgloves.com"
185.191.171.33 - - [05/Oct/2022:19:42:15 -0700] "GET /phpMyAdmin/setup/?token=e1e68e986969899ac3c740c1351321a4&version_check=1 HTTP/1.1" 200 12687 "-" "Mozilla/5.0 (compatible; SemrushBot/7~bl; +http://www.semrush.com/bot.html)" "tekmedicgloves.com"
185.191.171.22 - - [05/Oct/2022:19:42:25 -0700] "GET /phpMyAdmin/setup/?token=e0b0e8bbe028dd3261f159ce3c2b5e20&version_check=1 HTTP/1.1" 200 12687 "-" "Mozilla/5.0 (compatible; SemrushBot/7~bl; +http://www.semrush.com/bot.html)" "tekmedicgloves.com"
185.191.171.14 - - [05/Oct/2022:19:42:41 -0700] "GET /phpMyAdmin/setup/?token=f560dfdca33096420904b7f9a22d6eb4&version_check=1 HTTP/1.1" 200 12691 "-" "Mozilla/5.0 (compatible; SemrushBot/7~bl; +http://www.semrush.com/bot.html)" "www.tekmedicgloves.com"
185.191.171.3 - - [05/Oct/2022:19:43:55 -0700] "GET /phpMyAdmin/setup/?token=ee1a0733e469f638548aecb7e444794b&version_check=1 HTTP/1.1" 200 12691 "-" "Mozilla/5.0 (compatible; SemrushBot/7~bl; +http://www.semrush.com/bot.html)" "www.tekmedicgloves.com"
185.191.171.13 - - [05/Oct/2022:19:44:09 -0700] "GET /phpMyAdmin/setup/?token=f38caac2234263b17c1e675dd834ad92&version_check=1 HTTP/1.1" 200 12691 "-" "Mozilla/5.0 (compatible; SemrushBot/7~bl; +http://www.semrush.com/bot.html)" "www.tekmedicgloves.com"
185.191.171.9 - - [05/Oct/2022:19:44:51 -0700] "GET /phpMyAdmin/setup/?token=1050d43592c0b801f6cc7b4f2217e788&version_check=1 HTTP/1.1" 200 12691 "-" "Mozilla/5.0 (compatible; SemrushBot/7~bl; +http://www.semrush.com/bot.html)" "www.tekmedicgloves.com"
185.191.171.25 - - [05/Oct/2022:19:45:00 -0700] "GET /phpMyAdmin/setup/?token=02c5d2c674432700a1acdb9b3aa0132c&version_check=1 HTTP/1.1" 200 12687 "-" "Mozilla/5.0 (compatible; SemrushBot/7~bl; +http://www.semrush.com/bot.html)" "tekmedicgloves.com"
185.191.171.24 - - [05/Oct/2022:19:45:01 -0700] "GET /phpMyAdmin/setup/?token=c52cb07b62dab432285b7d6bd0baf500&version_check=1 HTTP/1.1" 200 12691 "-" "Mozilla/5.0 (compatible; SemrushBot/7~bl; +http://www.semrush.com/bot.html)" "www.tekmedicgloves.com"
185.191.171.26 - - [05/Oct/2022:19:46:50 -0700] "GET /phpMyAdmin/setup/?token=ddcb1cce6cfd04b591c1c7a7648cc376&version_check=1 HTTP/1.1" 200 12691 "-" "Mozilla/5.0 (compatible; SemrushBot/7~bl; +http://www.semrush.com/bot.html)" "www.tekmedicgloves.com"
185.191.171.3 - - [05/Oct/2022:19:47:52 -0700] "GET /phpMyAdmin/setup/?token=09152ab1b886b0982ffdfd740794c250&version_check=1 HTTP/1.1" 200 12687 "-" "Mozilla/5.0 (compatible; SemrushBot/7~bl; +http://www.semrush.com/bot.html)" "tekmedicgloves.com"
185.191.171.23 - - [05/Oct/2022:19:48:07 -0700] "GET /phpMyAdmin/setup/?token=d779fb1069e1f1215ebca766443962df&version_check=1 HTTP/1.1" 200 12691 "-" "Mozilla/5.0 (compatible; SemrushBot/7~bl; +http://www.semrush.com/bot.html)" "www.tekmedicgloves.com"
185.191.171.33 - - [05/Oct/2022:19:49:42 -0700] "GET /phpMyAdmin/setup/?token=e407b93c164f6d66cbc6bb99a043126a&version_check=1 HTTP/1.1" 200 12687 "-" "Mozilla/5.0 (compatible; SemrushBot/7~bl; +http://www.semrush.com/bot.html)" "tekmedicgloves.com"
185.191.171.13 - - [05/Oct/2022:19:52:43 -0700] "GET /phpMyAdmin/setup/?token=f94b053522e8c86741f883aceed0432e&version_check=1 HTTP/1.1" 200 12687 "-" "Mozilla/5.0 (compatible; SemrushBot/7~bl; +http://www.semrush.com/bot.html)" "tekmedicgloves.com"
185.191.171.12 - - [05/Oct/2022:19:54:39 -0700] "GET /phpMyAdmin/setup/?token=ca00c77bf8486ce349052e7c079fceb0&version_check=1 HTTP/1.1" 200 12691 "-" "Mozilla/5.0 (compatible; SemrushBot/7~bl; +http://www.semrush.com/bot.html)" "www.tekmedicgloves.com"
185.191.171.41 - - [05/Oct/2022:19:55:09 -0700] "GET /phpMyAdmin/setup/?token=fe065a0a7332bbcc97c393438cb59e9f&version_check=1 HTTP/1.1" 200 12691 "-" "Mozilla/5.0 (compatible; SemrushBot/7~bl; +http://www.semrush.com/bot.html)" "www.tekmedicgloves.com"
185.191.171.40 - - [05/Oct/2022:19:55:11 -0700] "GET /phpMyAdmin/setup/?token=ee7880e7d4527fb057b8596975118c7b&version_check=1 HTTP/1.1" 200 12691 "-" "Mozilla/5.0 (compatible; SemrushBot/7~bl; +http://www.semrush.com/bot.html)" "www.tekmedicgloves.com"
185.191.171.10 - - [05/Oct/2022:19:55:45 -0700] "GET /phpMyAdmin/setup/?token=068cb13a2744341fb27812739643a80f&version_check=1 HTTP/1.1" 200 12687 "-" "Mozilla/5.0 (compatible; SemrushBot/7~bl; +http://www.semrush.com/bot.html)" "tekmedicgloves.com"
185.191.171.14 - - [05/Oct/2022:19:56:00 -0700] "GET /phpMyAdmin/setup/?token=e9bda3297cb7cc705cbd56ef9c30f4c0&version_check=1 HTTP/1.1" 200 12687 "-" "Mozilla/5.0 (compatible; SemrushBot/7~bl; +http://www.semrush.com/bot.html)" "tekmedicgloves.com"
185.191.171.37 - - [05/Oct/2022:19:56:16 -0700] "GET /phpMyAdmin/setup/?token=c81636c68a1bfef687f4484fb6f32fea&version_check=1 HTTP/1.1" 200 12691 "-" "Mozilla/5.0 (compatible; SemrushBot/7~bl; +http://www.semrush.com/bot.html)" "www.tekmedicgloves.com"
185.191.171.23 - - [05/Oct/2022:19:57:00 -0700] "GET /phpMyAdmin/setup/?token=1470c0446100715f2a4988f58ad3b031&version_check=1 HTTP/1.1" 200 12687 "-" "Mozilla/5.0 (compatible; SemrushBot/7~bl; +http://www.semrush.com/bot.html)" "tekmedicgloves.com"
185.191.171.19 - - [05/Oct/2022:19:57:03 -0700] "GET /phpMyAdmin/setup/?token=07f8bc3125942247a1299247c2f72c1c&version_check=1 HTTP/1.1" 200 12687 "-" "Mozilla/5.0 (compatible; SemrushBot/7~bl; +http://www.semrush.com/bot.html)" "tekmedicgloves.com"
185.191.171.38 - - [05/Oct/2022:19:58:09 -0700] "GET /phpMyAdmin/setup/?token=eb08b518b3fc01386c67459993c35c3b&version_check=1 HTTP/1.1" 200 12687 "-" "Mozilla/5.0 (compatible; SemrushBot/7~bl; +http://www.semrush.com/bot.html)" "tekmedicgloves.com"
185.191.171.36 - - [05/Oct/2022:19:59:08 -0700] "GET /phpMyAdmin/setup/?token=0ffcfc5bc1d4fb8e7efb2b46d107493b&version_check=1 HTTP/1.1" 200 12687 "-" "Mozilla/5.0 (compatible; SemrushBot/7~bl; +http://www.semrush.com/bot.html)" "tekmedicgloves.com"
185.191.171.7 - - [05/Oct/2022:19:59:35 -0700] "GET /phpMyAdmin/setup/?token=bbc25f9f0722c5a13a722db5b2c41863&version_check=1 HTTP/1.1" 200 12691 "-" "Mozilla/5.0 (compatible; SemrushBot/7~bl; +http://www.semrush.com/bot.html)" "www.tekmedicgloves.com"
185.191.171.13 - - [05/Oct/2022:19:59:38 -0700] "GET /phpMyAdmin/setup/?token=0e00ef686500dd9647273be19bfd1cf4&version_check=1 HTTP/1.1" 200 12691 "-" "Mozilla/5.0 (compatible; SemrushBot/7~bl; +http://www.semrush.com/bot.html)" "www.tekmedicgloves.com"
185.191.171.12 - - [05/Oct/2022:20:00:53 -0700] "GET /phpMyAdmin/setup/?token=e8cf16c2f92a256602c03474e3f45230&version_check=1 HTTP/1.1" 200 12687 "-" "Mozilla/5.0 (compatible; SemrushBot/7~bl; +http://www.semrush.com/bot.html)" "tekmedicgloves.com"
185.191.171.35 - - [05/Oct/2022:20:01:36 -0700] "GET /phpMyAdmin/setup/?token=ea351768d9d9ed8dc135e8f16d5a2253&version_check=1 HTTP/1.1" 200 12691 "-" "Mozilla/5.0 (compatible; SemrushBot/7~bl; +http://www.semrush.com/bot.html)" "www.tekmedicgloves.com"
185.191.171.10 - - [05/Oct/2022:20:02:14 -0700] "GET /phpMyAdmin/setup/?token=fc651e032745911fc4f5876acd9ad066&version_check=1 HTTP/1.1" 200 12687 "-" "Mozilla/5.0 (compatible; SemrushBot/7~bl; +http://www.semrush.com/bot.html)" "tekmedicgloves.com"
185.191.171.10 - - [05/Oct/2022:20:03:27 -0700] "GET /phpMyAdmin/setup/?token=effccbbcf5a0c8c0b761dbba35348123&version_check=1 HTTP/1.1" 200 12687 "-" "Mozilla/5.0 (compatible; SemrushBot/7~bl; +http://www.semrush.com/bot.html)" "tekmedicgloves.com"
185.191.171.3 - - [05/Oct/2022:20:03:55 -0700] "GET /phpMyAdmin/setup/?token=c948458a6f4ba00a70bac7ed160b0158&version_check=1 HTTP/1.1" 200 12691 "-" "Mozilla/5.0 (compatible; SemrushBot/7~bl; +http://www.semrush.com/bot.html)" "www.tekmedicgloves.com"
185.191.171.22 - - [05/Oct/2022:20:06:10 -0700] "GET /phpMyAdmin/setup/?token=f60f5533efe7d9aeef9f599866f6b445&version_check=1 HTTP/1.1" 200 12687 "-" "Mozilla/5.0 (compatible; SemrushBot/7~bl; +http://www.semrush.com/bot.html)" "tekmedicgloves.com"
185.191.171.44 - - [05/Oct/2022:20:06:37 -0700] "GET /phpMyAdmin/setup/?token=ebc5a89a3c9406fdd53653a71bc24a89&version_check=1 HTTP/1.1" 200 12691 "-" "Mozilla/5.0 (compatible; SemrushBot/7~bl; +http://www.semrush.com/bot.html)" "www.tekmedicgloves.com"
185.191.171.44 - - [05/Oct/2022:20:08:37 -0700] "GET /phpMyAdmin/setup/?token=fe4a46b8f0ff271356488cbc9e4d37ea&version_check=1 HTTP/1.1" 200 12691 "-" "Mozilla/5.0 (compatible; SemrushBot/7~bl; +http://www.semrush.com/bot.html)" "www.tekmedicgloves.com"
185.191.171.11 - - [05/Oct/2022:20:09:12 -0700] "GET /phpMyAdmin/setup/?token=e64ca7a9c0944d0c59e9020a3b45c4a9&version_check=1 HTTP/1.1" 200 12687 "-" "Mozilla/5.0 (compatible; SemrushBot/7~bl; +http://www.semrush.com/bot.html)" "tekmedicgloves.com"
185.191.171.21 - - [05/Oct/2022:20:09:20 -0700] "GET /phpMyAdmin/setup/?token=0131010846650e9332a2893a8fedabb5&version_check=1 HTTP/1.1" 200 12687 "-" "Mozilla/5.0 (compatible; SemrushBot/7~bl; +http://www.semrush.com/bot.html)" "tekmedicgloves.com"
185.191.171.41 - - [05/Oct/2022:20:09:23 -0700] "GET /phpMyAdmin/setup/?token=08d8c8e372e5cb3a9cf293f61cca9871&version_check=1 HTTP/1.1" 200 12687 "-" "Mozilla/5.0 (compatible; SemrushBot/7~bl; +http://www.semrush.com/bot.html)" "tekmedicgloves.com"
185.191.171.4 - - [05/Oct/2022:20:10:08 -0700] "GET /phpMyAdmin/setup/?token=123449e4f7a7436221ab2cdcc72aff9d&version_check=1 HTTP/1.1" 200 12691 "-" "Mozilla/5.0 (compatible; SemrushBot/7~bl; +http://www.semrush.com/bot.html)" "www.tekmedicgloves.com"
185.191.171.39 - - [05/Oct/2022:20:10:21 -0700] "GET /phpMyAdmin/setup/?token=cdf061b11f71c2c4ddbc239f0178a29d&version_check=1 HTTP/1.1" 200 12691 "-" "Mozilla/5.0 (compatible; SemrushBot/7~bl; +http://www.semrush.com/bot.html)" "www.tekmedicgloves.com"
185.191.171.2 - - [05/Oct/2022:20:11:10 -0700] "GET /phpMyAdmin/setup/?token=c281560b177cbedab3e1b26c4935417f&version_check=1 HTTP/1.1" 200 12691 "-" "Mozilla/5.0 (compatible; SemrushBot/7~bl; +http://www.semrush.com/bot.html)" "www.tekmedicgloves.com"
185.191.171.5 - - [05/Oct/2022:20:11:20 -0700] "GET /phpMyAdmin/setup/?token=f8073ca6a543316c7ae10947f16e8c57&version_check=1 HTTP/1.1" 200 12687 "-" "Mozilla/5.0 (compatible; SemrushBot/7~bl; +http://www.semrush.com/bot.html)" "tekmedicgloves.com"
185.191.171.3 - - [05/Oct/2022:20:11:23 -0700] "GET /phpMyAdmin/setup/?token=f2f62e73a1e47b0be52de2249439ee0e&version_check=1 HTTP/1.1" 200 12687 "-" "Mozilla/5.0 (compatible; SemrushBot/7~bl; +http://www.semrush.com/bot.html)" "tekmedicgloves.com"
185.191.171.3 - - [05/Oct/2022:20:12:28 -0700] "GET /phpMyAdmin/setup/?token=0bac5dba2ec1f71fa1bea2233d04b5e7&version_check=1 HTTP/1.1" 200 12687 "-" "Mozilla/5.0 (compatible; SemrushBot/7~bl; +http://www.semrush.com/bot.html)" "tekmedicgloves.com"
185.191.171.5 - - [05/Oct/2022:20:12:41 -0700] "GET /phpMyAdmin/setup/?token=e68a922169db781252699a1901f97b11&version_check=1 HTTP/1.1" 200 12687 "-" "Mozilla/5.0 (compatible; SemrushBot/7~bl; +http://www.semrush.com/bot.html)" "tekmedicgloves.com"
185.191.171.17 - - [05/Oct/2022:20:12:48 -0700] "GET /phpMyAdmin/setup/?token=fe4785f35dd0b45aff0bf4301c1302ab&version_check=1 HTTP/1.1" 200 12691 "-" "Mozilla/5.0 (compatible; SemrushBot/7~bl; +http://www.semrush.com/bot.html)" "www.tekmedicgloves.com"
185.191.171.43 - - [05/Oct/2022:20:13:20 -0700] "GET /phpMyAdmin/setup/?token=00ffa0f9c5b0ec1c287818e0c57e4274&version_check=1 HTTP/1.1" 200 12691 "-" "Mozilla/5.0 (compatible; SemrushBot/7~bl; +http://www.semrush.com/bot.html)" "www.tekmedicgloves.com"
185.191.171.8 - - [05/Oct/2022:20:13:45 -0700] "GET /phpMyAdmin/setup/?token=ebebf7164e6fb97c6a29f4334ef490fe&version_check=1 HTTP/1.1" 200 12687 "-" "Mozilla/5.0 (compatible; SemrushBot/7~bl; +http://www.semrush.com/bot.html)" "tekmedicgloves.com"
185.191.171.22 - - [05/Oct/2022:20:15:08 -0700] "GET /phpMyAdmin/setup/?token=e859d2f30d0d95b6c107a6f96aa98906&version_check=1 HTTP/1.1" 200 12691 "-" "Mozilla/5.0 (compatible; SemrushBot/7~bl; +http://www.semrush.com/bot.html)" "www.tekmedicgloves.com"
185.191.171.13 - - [05/Oct/2022:20:15:57 -0700] "GET /phpMyAdmin/setup/?token=0786cc9be55855017d75d8efed959adf&version_check=1 HTTP/1.1" 200 12691 "-" "Mozilla/5.0 (compatible; SemrushBot/7~bl; +http://www.semrush.com/bot.html)" "www.tekmedicgloves.com"
185.191.171.8 - - [05/Oct/2022:20:17:26 -0700] "GET /phpMyAdmin/setup/?token=f735c747252a09282e0bb76e3b13c340&version_check=1 HTTP/1.1" 200 12691 "-" "Mozilla/5.0 (compatible; SemrushBot/7~bl; +http://www.semrush.com/bot.html)" "www.tekmedicgloves.com"
185.191.171.1 - - [05/Oct/2022:20:19:12 -0700] "GET /phpMyAdmin/setup/?token=0b9306bbeaba50ffd820eaf45c41070d&version_check=1 HTTP/1.1" 200 12691 "-" "Mozilla/5.0 (compatible; SemrushBot/7~bl; +http://www.semrush.com/bot.html)" "www.tekmedicgloves.com"
185.191.171.5 - - [05/Oct/2022:20:19:21 -0700] "GET /phpMyAdmin/setup/?token=ed68a5123c91d174ff239034fabc0029&version_check=1 HTTP/1.1" 200 12691 "-" "Mozilla/5.0 (compatible; SemrushBot/7~bl; +http://www.semrush.com/bot.html)" "www.tekmedicgloves.com"
185.191.171.23 - - [05/Oct/2022:20:19:51 -0700] "GET /phpMyAdmin/setup/?token=f9136d689ab26116efbad5d68c47d986&version_check=1 HTTP/1.1" 200 12691 "-" "Mozilla/5.0 (compatible; SemrushBot/7~bl; +http://www.semrush.com/bot.html)" "www.tekmedicgloves.com"
185.191.171.21 - - [05/Oct/2022:20:19:54 -0700] "GET /phpMyAdmin/setup/?token=0e8e1aeae5e26ddc9dcdffff90f18eff&version_check=1 HTTP/1.1" 200 12691 "-" "Mozilla/5.0 (compatible; SemrushBot/7~bl; +http://www.semrush.com/bot.html)" "www.tekmedicgloves.com"
185.191.171.7 - - [05/Oct/2022:20:20:00 -0700] "GET /phpMyAdmin/setup/?token=f4555f5e079554970f759aff8e38e926&version_check=1 HTTP/1.1" 200 12691 "-" "Mozilla/5.0 (compatible; SemrushBot/7~bl; +http://www.semrush.com/bot.html)" "www.tekmedicgloves.com"
185.191.171.17 - - [05/Oct/2022:20:21:02 -0700] "GET /phpMyAdmin/setup/?token=00e5cec5f06bf618ae24427e0847bcd4&version_check=1 HTTP/1.1" 200 12691 "-" "Mozilla/5.0 (compatible; SemrushBot/7~bl; +http://www.semrush.com/bot.html)" "www.tekmedicgloves.com"
185.191.171.23 - - [05/Oct/2022:20:21:12 -0700] "GET /phpMyAdmin/setup/?token=cb9e3bdba9bad0b63180c3933a4be97d&version_check=1 HTTP/1.1" 200 12691 "-" "Mozilla/5.0 (compatible; SemrushBot/7~bl; +http://www.semrush.com/bot.html)" "www.tekmedicgloves.com"
185.191.171.8 - - [05/Oct/2022:20:21:36 -0700] "GET /phpMyAdmin/setup/?token=fe1d76ced42749bcc61618458f9cb836&version_check=1 HTTP/1.1" 200 12691 "-" "Mozilla/5.0 (compatible; SemrushBot/7~bl; +http://www.semrush.com/bot.html)" "www.tekmedicgloves.com"
185.191.171.16 - - [05/Oct/2022:20:22:30 -0700] "GET /phpMyAdmin/setup/?token=e57af206349b84237e00be0c74cb1f2b&version_check=1 HTTP/1.1" 200 12687 "-" "Mozilla/5.0 (compatible; SemrushBot/7~bl; +http://www.semrush.com/bot.html)" "tekmedicgloves.com"
185.191.171.24 - - [05/Oct/2022:20:23:58 -0700] "GET /phpMyAdmin/setup/?token=ed2a363489ca0d86e4a49fd5e681a72b&version_check=1 HTTP/1.1" 200 12687 "-" "Mozilla/5.0 (compatible; SemrushBot/7~bl; +http://www.semrush.com/bot.html)" "tekmedicgloves.com"
185.191.171.8 - - [05/Oct/2022:20:24:02 -0700] "GET /phpMyAdmin/setup/?token=de69fdf5ccdd800f115e1e58b1d6f1bd&version_check=1 HTTP/1.1" 200 12687 "-" "Mozilla/5.0 (compatible; SemrushBot/7~bl; +http://www.semrush.com/bot.html)" "tekmedicgloves.com"
185.191.171.41 - - [05/Oct/2022:20:24:28 -0700] "GET /phpMyAdmin/setup/?token=0413e5b3dac9c26c1479527bfa955484&version_check=1 HTTP/1.1" 200 12687 "-" "Mozilla/5.0 (compatible; SemrushBot/7~bl; +http://www.semrush.com/bot.html)" "tekmedicgloves.com"
69.16.157.35 - - [05/Oct/2022:20:26:29 -0700] "GET /beta/page.php?pg=2 HTTP/1.1" 200 28123 "-" "Mozilla/5.0 (Windows NT 10.0; Win64; x64; rv:102.0) Gecko/20100101 Firefox/102.0" "tekmedicgloves.com"
69.16.157.35 - - [05/Oct/2022:20:26:29 -0700] "GET /beta/products.php?cat=20 HTTP/1.1" 200 37670 "-" "Mozilla/5.0 (Windows NT 10.0; Win64; x64; rv:102.0) Gecko/20100101 Firefox/102.0" "tekmedicgloves.com"
69.16.157.35 - - [05/Oct/2022:20:26:29 -0700] "GET /beta/products.php?cat=22 HTTP/1.1" 200 38826 "-" "Mozilla/5.0 (Windows NT 10.0; Win64; x64; rv:102.0) Gecko/20100101 Firefox/102.0" "tekmedicgloves.com"
69.16.157.35 - - [05/Oct/2022:20:26:29 -0700] "GET /beta/contacts.php HTTP/1.1" 200 24038 "-" "Mozilla/5.0 (Windows NT 10.0; Win64; x64; rv:102.0) Gecko/20100101 Firefox/102.0" "tekmedicgloves.com"
69.16.157.35 - - [05/Oct/2022:20:26:29 -0700] "GET /beta/home.php HTTP/1.1" 200 35074 "-" "Mozilla/5.0 (Windows NT 10.0; Win64; x64; rv:102.0) Gecko/20100101 Firefox/102.0" "tekmedicgloves.com"
69.16.157.35 - - [05/Oct/2022:20:26:31 -0700] "GET /beta/about/testi/wsdindex.html HTTP/1.1" 404 88 "-" "Mozilla/5.0 (Windows NT 10.0; Win64; x64; rv:102.0) Gecko/20100101 Firefox/102.0" "tekmedicgloves.com"
69.16.157.35 - - [05/Oct/2022:20:26:31 -0700] "GET /beta/about/wsdindex.html HTTP/1.1" 404 88 "-" "Mozilla/5.0 (Windows NT 10.0; Win64; x64; rv:102.0) Gecko/20100101 Firefox/102.0" "tekmedicgloves.com"
69.16.157.35 - - [05/Oct/2022:20:26:31 -0700] "GET /beta/about/archives/wsdindex.html HTTP/1.1" 404 88 "-" "Mozilla/5.0 (Windows NT 10.0; Win64; x64; rv:102.0) Gecko/20100101 Firefox/102.0" "tekmedicgloves.com"
69.16.157.35 - - [05/Oct/2022:20:26:31 -0700] "GET /beta/about/faqs/wsdindex.html HTTP/1.1" 404 88 "-" "Mozilla/5.0 (Windows NT 10.0; Win64; x64; rv:102.0) Gecko/20100101 Firefox/102.0" "tekmedicgloves.com"
69.16.157.35 - - [05/Oct/2022:20:26:31 -0700] "GET /beta/contacts/wsdindex.html HTTP/1.1" 200 6349 "-" "Mozilla/5.0 (Windows NT 10.0; Win64; x64; rv:102.0) Gecko/20100101 Firefox/102.0" "tekmedicgloves.com"
69.16.157.35 - - [05/Oct/2022:20:26:32 -0700] "GET /beta/products.php?cat=24&subcat=29 HTTP/1.1" 200 35763 "-" "Mozilla/5.0 (Windows NT 10.0; Win64; x64; rv:102.0) Gecko/20100101 Firefox/102.0" "tekmedicgloves.com"
185.191.171.33 - - [05/Oct/2022:20:26:39 -0700] "GET /phpMyAdmin/setup/?token=0b9c0786f5da62e4601445dea716b4bf&version_check=1 HTTP/1.1" 200 12691 "-" "Mozilla/5.0 (compatible; SemrushBot/7~bl; +http://www.semrush.com/bot.html)" "www.tekmedicgloves.com"
185.191.171.2 - - [05/Oct/2022:20:27:33 -0700] "GET /phpMyAdmin/setup/?token=1824b760dd4b57052e4da0f9368cacf8&version_check=1 HTTP/1.1" 200 12687 "-" "Mozilla/5.0 (compatible; SemrushBot/7~bl; +http://www.semrush.com/bot.html)" "tekmedicgloves.com"
185.191.171.18 - - [05/Oct/2022:20:28:32 -0700] "GET /phpMyAdmin/setup/?token=0e52e2183f16852cd225ef3aea0235da&version_check=1 HTTP/1.1" 200 12687 "-" "Mozilla/5.0 (compatible; SemrushBot/7~bl; +http://www.semrush.com/bot.html)" "tekmedicgloves.com"
185.191.171.1 - - [05/Oct/2022:20:29:05 -0700] "GET /phpMyAdmin/setup/?token=0d3d3ea14936287b4d0780485529548e&version_check=1 HTTP/1.1" 200 12687 "-" "Mozilla/5.0 (compatible; SemrushBot/7~bl; +http://www.semrush.com/bot.html)" "tekmedicgloves.com"
69.16.157.35 - - [05/Oct/2022:20:29:30 -0700] "GET /beta/products.php?cat=20&amp;id=10 HTTP/1.1" 200 37800 "-" "Mozilla/5.0 (Windows NT 10.0; Win64; x64; rv:102.0) Gecko/20100101 Firefox/102.0" "tekmedicgloves.com"
185.191.171.18 - - [05/Oct/2022:20:30:44 -0700] "GET /phpMyAdmin/setup/?token=e25f0aa17e91c2f9b9bb2e96f9ffab20&version_check=1 HTTP/1.1" 200 12687 "-" "Mozilla/5.0 (compatible; SemrushBot/7~bl; +http://www.semrush.com/bot.html)" "tekmedicgloves.com"
69.16.157.35 - - [05/Oct/2022:20:32:11 -0700] "GET /beta/products.php?cat=22&subcat=37 HTTP/1.1" 200 35691 "-" "Mozilla/5.0 (Windows NT 10.0; Win64; x64; rv:102.0) Gecko/20100101 Firefox/102.0" "tekmedicgloves.com"
185.191.171.17 - - [05/Oct/2022:20:32:45 -0700] "GET /phpMyAdmin/setup/?token=fc0d1a48298c3ad908c669762138f870&version_check=1 HTTP/1.1" 200 12687 "-" "Mozilla/5.0 (compatible; SemrushBot/7~bl; +http://www.semrush.com/bot.html)" "tekmedicgloves.com"
185.191.171.41 - - [05/Oct/2022:20:32:49 -0700] "GET /phpMyAdmin/setup/?token=0f27e0b81f67d59e53eeb0f0d71ced5c&version_check=1 HTTP/1.1" 200 12691 "-" "Mozilla/5.0 (compatible; SemrushBot/7~bl; +http://www.semrush.com/bot.html)" "www.tekmedicgloves.com"
185.191.171.5 - - [05/Oct/2022:20:32:53 -0700] "GET /phpMyAdmin/setup/?token=f76da3ae20b0ac5ff58424eb493ae044&version_check=1 HTTP/1.1" 200 12691 "-" "Mozilla/5.0 (compatible; SemrushBot/7~bl; +http://www.semrush.com/bot.html)" "www.tekmedicgloves.com"
185.191.171.42 - - [05/Oct/2022:20:33:15 -0700] "GET /phpMyAdmin/setup/?token=d35c2d0fadcced0a8e944d447f8dceee&version_check=1 HTTP/1.1" 200 12691 "-" "Mozilla/5.0 (compatible; SemrushBot/7~bl; +http://www.semrush.com/bot.html)" "www.tekmedicgloves.com"
185.191.171.35 - - [05/Oct/2022:20:33:37 -0700] "GET /phpMyAdmin/setup/?token=defa42cee2bf117eca1c9d04adde942d&version_check=1 HTTP/1.1" 200 12687 "-" "Mozilla/5.0 (compatible; SemrushBot/7~bl; +http://www.semrush.com/bot.html)" "tekmedicgloves.com"
185.191.171.4 - - [05/Oct/2022:20:33:45 -0700] "GET /phpMyAdmin/setup/?token=0de2c2bcc6ebadc0e9e3cf1ba9e06133&version_check=1 HTTP/1.1" 200 12691 "-" "Mozilla/5.0 (compatible; SemrushBot/7~bl; +http://www.semrush.com/bot.html)" "www.tekmedicgloves.com"
185.191.171.3 - - [05/Oct/2022:20:33:52 -0700] "GET /phpMyAdmin/setup/?token=c184bbb6cac355ae5f2d1cd47beebb49&version_check=1 HTTP/1.1" 200 12691 "-" "Mozilla/5.0 (compatible; SemrushBot/7~bl; +http://www.semrush.com/bot.html)" "www.tekmedicgloves.com"
185.191.171.11 - - [05/Oct/2022:20:34:30 -0700] "GET /phpMyAdmin/setup/?token=ecf65b41044eb66f7512282afee791aa&version_check=1 HTTP/1.1" 200 12687 "-" "Mozilla/5.0 (compatible; SemrushBot/7~bl; +http://www.semrush.com/bot.html)" "tekmedicgloves.com"
185.191.171.13 - - [05/Oct/2022:20:35:50 -0700] "GET /phpMyAdmin/setup/?token=f2faf6bc154a66bbe4c56897e114a128&version_check=1 HTTP/1.1" 200 12687 "-" "Mozilla/5.0 (compatible; SemrushBot/7~bl; +http://www.semrush.com/bot.html)" "tekmedicgloves.com"
185.191.171.7 - - [05/Oct/2022:20:35:49 -0700] "GET /phpMyAdmin/setup/?token=d4dca59b9f7039b4706a8591b7ea65f2&version_check=1 HTTP/1.1" 200 12691 "-" "Mozilla/5.0 (compatible; SemrushBot/7~bl; +http://www.semrush.com/bot.html)" "www.tekmedicgloves.com"
185.191.171.35 - - [05/Oct/2022:20:36:04 -0700] "GET /phpMyAdmin/setup/?token=cd14f64db9a46b082c62a270e1d14d1f&version_check=1 HTTP/1.1" 200 12691 "-" "Mozilla/5.0 (compatible; SemrushBot/7~bl; +http://www.semrush.com/bot.html)" "www.tekmedicgloves.com"
185.191.171.26 - - [05/Oct/2022:20:37:07 -0700] "GET /robots.txt HTTP/1.1" 404 88 "-" "Mozilla/5.0 (compatible; SemrushBot/7~bl; +http://www.semrush.com/bot.html)" "tekmedicgloves.com"
185.191.171.43 - - [05/Oct/2022:20:37:07 -0700] "GET /phpMyAdmin/setup/?token=f2c6baca094a48e94ee407c451c95396&version_check=1 HTTP/1.1" 200 12687 "-" "Mozilla/5.0 (compatible; SemrushBot/7~bl; +http://www.semrush.com/bot.html)" "tekmedicgloves.com"
185.191.171.34 - - [05/Oct/2022:20:37:24 -0700] "GET /phpMyAdmin/setup/?token=06a742dabc6ebbaedb56d3dbb8646356&version_check=1 HTTP/1.1" 200 12687 "-" "Mozilla/5.0 (compatible; SemrushBot/7~bl; +http://www.semrush.com/bot.html)" "tekmedicgloves.com"
185.191.171.4 - - [05/Oct/2022:20:37:28 -0700] "GET /phpMyAdmin/setup/?token=fa9afa48db56a2d46ac551c01904d674&version_check=1 HTTP/1.1" 200 12687 "-" "Mozilla/5.0 (compatible; SemrushBot/7~bl; +http://www.semrush.com/bot.html)" "tekmedicgloves.com"
185.191.171.44 - - [05/Oct/2022:20:39:50 -0700] "GET /phpMyAdmin/setup/?token=fd145bd9ae7ef07f5c5164cb4b9c06b3&version_check=1 HTTP/1.1" 200 12691 "-" "Mozilla/5.0 (compatible; SemrushBot/7~bl; +http://www.semrush.com/bot.html)" "www.tekmedicgloves.com"
185.191.171.37 - - [05/Oct/2022:20:39:53 -0700] "GET /phpMyAdmin/setup/?token=09bf6033eec7a39c787c8843bd994032&version_check=1 HTTP/1.1" 200 12687 "-" "Mozilla/5.0 (compatible; SemrushBot/7~bl; +http://www.semrush.com/bot.html)" "tekmedicgloves.com"
185.191.171.2 - - [05/Oct/2022:20:41:42 -0700] "GET /robots.txt HTTP/1.1" 404 88 "-" "Mozilla/5.0 (compatible; SemrushBot/7~bl; +http://www.semrush.com/bot.html)" "www.tekmedicgloves.com"
185.191.171.41 - - [05/Oct/2022:20:41:42 -0700] "GET /phpMyAdmin/setup/?token=d3bd04409bc5a1c0dbe9981fd815f7d7&version_check=1 HTTP/1.1" 200 12691 "-" "Mozilla/5.0 (compatible; SemrushBot/7~bl; +http://www.semrush.com/bot.html)" "www.tekmedicgloves.com"
185.191.171.15 - - [05/Oct/2022:20:41:55 -0700] "GET /phpMyAdmin/setup/?token=03dea5ab0b4209cb96132ee212a689d6&version_check=1 HTTP/1.1" 200 12687 "-" "Mozilla/5.0 (compatible; SemrushBot/7~bl; +http://www.semrush.com/bot.html)" "tekmedicgloves.com"
185.191.171.26 - - [05/Oct/2022:20:41:59 -0700] "GET /phpMyAdmin/setup/?token=f72b880d0e06a3db11aa928e21c37786&version_check=1 HTTP/1.1" 200 12691 "-" "Mozilla/5.0 (compatible; SemrushBot/7~bl; +http://www.semrush.com/bot.html)" "www.tekmedicgloves.com"
185.191.171.4 - - [05/Oct/2022:20:43:27 -0700] "GET /phpMyAdmin/setup/?token=1018d1ae4def07e3af10fb39800874e9&version_check=1 HTTP/1.1" 200 12691 "-" "Mozilla/5.0 (compatible; SemrushBot/7~bl; +http://www.semrush.com/bot.html)" "www.tekmedicgloves.com"
185.191.171.40 - - [05/Oct/2022:20:43:44 -0700] "GET /phpMyAdmin/setup/?token=f062199d645df19158fd0d88cd13cdae&version_check=1 HTTP/1.1" 200 12691 "-" "Mozilla/5.0 (compatible; SemrushBot/7~bl; +http://www.semrush.com/bot.html)" "www.tekmedicgloves.com"
185.191.171.2 - - [05/Oct/2022:20:43:57 -0700] "GET /phpMyAdmin/setup/?token=c17585a174b6df8f3ac110abaa368f56&version_check=1 HTTP/1.1" 200 12691 "-" "Mozilla/5.0 (compatible; SemrushBot/7~bl; +http://www.semrush.com/bot.html)" "www.tekmedicgloves.com"
185.191.171.21 - - [05/Oct/2022:20:44:56 -0700] "GET /phpMyAdmin/setup/?token=0d8c517545701aea55949d8a1c4b51bf&version_check=1 HTTP/1.1" 200 12691 "-" "Mozilla/5.0 (compatible; SemrushBot/7~bl; +http://www.semrush.com/bot.html)" "www.tekmedicgloves.com"
185.191.171.40 - - [05/Oct/2022:20:45:05 -0700] "GET /phpMyAdmin/setup/?token=034d0220e07bd1d0afb7adbb0f80b69f&version_check=1 HTTP/1.1" 200 12691 "-" "Mozilla/5.0 (compatible; SemrushBot/7~bl; +http://www.semrush.com/bot.html)" "www.tekmedicgloves.com"
185.191.171.24 - - [05/Oct/2022:20:45:22 -0700] "GET /phpMyAdmin/setup/?token=17dc361d66f7146d588e0d363b56f552&version_check=1 HTTP/1.1" 200 12687 "-" "Mozilla/5.0 (compatible; SemrushBot/7~bl; +http://www.semrush.com/bot.html)" "tekmedicgloves.com"
20.163.65.151 - - [05/Oct/2022:20:46:06 -0700] "GET / HTTP/1.1" 200 696 "-" "Mozilla/5.0 (Windows NT 10.0; Win64; x64) AppleWebKit/537.36 (KHTML, like Gecko) Chrome/95.0.4638.69 Safari/537.36" "tekmedicgloves.com"
20.163.65.151 - - [05/Oct/2022:20:46:06 -0700] "GET /wp-includes/ID3/license.txt HTTP/1.1" 404 73 "-" "Mozilla/5.0 (Windows NT 10.0; Win64; x64) AppleWebKit/537.36 (KHTML, like Gecko) Chrome/95.0.4638.69 Safari/537.36" "tekmedicgloves.com"
20.163.65.151 - - [05/Oct/2022:20:46:07 -0700] "GET /feed/ HTTP/1.1" 404 73 "-" "Mozilla/5.0 (Windows NT 10.0; Win64; x64) AppleWebKit/537.36 (KHTML, like Gecko) Chrome/95.0.4638.69 Safari/537.36" "tekmedicgloves.com"
20.163.65.151 - - [05/Oct/2022:20:46:07 -0700] "GET /xmlrpc.php?rsd HTTP/1.1" 500 4947 "-" "Mozilla/5.0 (Windows NT 10.0; Win64; x64) AppleWebKit/537.36 (KHTML, like Gecko) Chrome/95.0.4638.69 Safari/537.36" "tekmedicgloves.com"
20.163.65.151 - - [05/Oct/2022:20:46:07 -0700] "GET /blog/wp-includes/wlwmanifest.xml HTTP/1.1" 404 73 "-" "Mozilla/5.0 (Windows NT 10.0; Win64; x64) AppleWebKit/537.36 (KHTML, like Gecko) Chrome/95.0.4638.69 Safari/537.36" "tekmedicgloves.com"
20.163.65.151 - - [05/Oct/2022:20:46:07 -0700] "GET /web/wp-includes/wlwmanifest.xml HTTP/1.1" 404 73 "-" "Mozilla/5.0 (Windows NT 10.0; Win64; x64) AppleWebKit/537.36 (KHTML, like Gecko) Chrome/95.0.4638.69 Safari/537.36" "tekmedicgloves.com"
20.163.65.151 - - [05/Oct/2022:20:46:07 -0700] "GET /wordpress/wp-includes/wlwmanifest.xml HTTP/1.1" 404 73 "-" "Mozilla/5.0 (Windows NT 10.0; Win64; x64) AppleWebKit/537.36 (KHTML, like Gecko) Chrome/95.0.4638.69 Safari/537.36" "tekmedicgloves.com"
20.163.65.151 - - [05/Oct/2022:20:46:07 -0700] "GET /wp/wp-includes/wlwmanifest.xml HTTP/1.1" 404 73 "-" "Mozilla/5.0 (Windows NT 10.0; Win64; x64) AppleWebKit/537.36 (KHTML, like Gecko) Chrome/95.0.4638.69 Safari/537.36" "tekmedicgloves.com"
20.163.65.151 - - [05/Oct/2022:20:46:08 -0700] "GET /2020/wp-includes/wlwmanifest.xml HTTP/1.1" 404 73 "-" "Mozilla/5.0 (Windows NT 10.0; Win64; x64) AppleWebKit/537.36 (KHTML, like Gecko) Chrome/95.0.4638.69 Safari/537.36" "tekmedicgloves.com"
20.163.65.151 - - [05/Oct/2022:20:46:08 -0700] "GET /2019/wp-includes/wlwmanifest.xml HTTP/1.1" 404 73 "-" "Mozilla/5.0 (Windows NT 10.0; Win64; x64) AppleWebKit/537.36 (KHTML, like Gecko) Chrome/95.0.4638.69 Safari/537.36" "tekmedicgloves.com"
20.163.65.151 - - [05/Oct/2022:20:46:08 -0700] "GET /2021/wp-includes/wlwmanifest.xml HTTP/1.1" 404 73 "-" "Mozilla/5.0 (Windows NT 10.0; Win64; x64) AppleWebKit/537.36 (KHTML, like Gecko) Chrome/95.0.4638.69 Safari/537.36" "tekmedicgloves.com"
20.163.65.151 - - [05/Oct/2022:20:46:08 -0700] "GET /shop/wp-includes/wlwmanifest.xml HTTP/1.1" 404 73 "-" "Mozilla/5.0 (Windows NT 10.0; Win64; x64) AppleWebKit/537.36 (KHTML, like Gecko) Chrome/95.0.4638.69 Safari/537.36" "tekmedicgloves.com"
20.163.65.151 - - [05/Oct/2022:20:46:08 -0700] "GET /wp1/wp-includes/wlwmanifest.xml HTTP/1.1" 404 73 "-" "Mozilla/5.0 (Windows NT 10.0; Win64; x64) AppleWebKit/537.36 (KHTML, like Gecko) Chrome/95.0.4638.69 Safari/537.36" "tekmedicgloves.com"
20.163.65.151 - - [05/Oct/2022:20:46:08 -0700] "GET /test/wp-includes/wlwmanifest.xml HTTP/1.1" 404 73 "-" "Mozilla/5.0 (Windows NT 10.0; Win64; x64) AppleWebKit/537.36 (KHTML, like Gecko) Chrome/95.0.4638.69 Safari/537.36" "tekmedicgloves.com"
20.163.65.151 - - [05/Oct/2022:20:46:09 -0700] "GET /site/wp-includes/wlwmanifest.xml HTTP/1.1" 404 73 "-" "Mozilla/5.0 (Windows NT 10.0; Win64; x64) AppleWebKit/537.36 (KHTML, like Gecko) Chrome/95.0.4638.69 Safari/537.36" "tekmedicgloves.com"
20.163.65.151 - - [05/Oct/2022:20:46:09 -0700] "GET /cms/wp-includes/wlwmanifest.xml HTTP/1.1" 404 73 "-" "Mozilla/5.0 (Windows NT 10.0; Win64; x64) AppleWebKit/537.36 (KHTML, like Gecko) Chrome/95.0.4638.69 Safari/537.36" "tekmedicgloves.com"
185.191.171.37 - - [05/Oct/2022:20:46:09 -0700] "GET /phpMyAdmin/setup/?token=cb9d6cd27beebe83c245f51fdba31aba&version_check=1 HTTP/1.1" 200 12691 "-" "Mozilla/5.0 (compatible; SemrushBot/7~bl; +http://www.semrush.com/bot.html)" "www.tekmedicgloves.com"
185.191.171.11 - - [05/Oct/2022:20:46:38 -0700] "GET /phpMyAdmin/setup/?token=e2af9489a717049f1ef97f7c169ec589&version_check=1 HTTP/1.1" 200 12687 "-" "Mozilla/5.0 (compatible; SemrushBot/7~bl; +http://www.semrush.com/bot.html)" "tekmedicgloves.com"
185.191.171.41 - - [05/Oct/2022:20:47:29 -0700] "GET /phpMyAdmin/setup/?token=11ee9924168f8947e175e809bc953c84&version_check=1 HTTP/1.1" 200 12691 "-" "Mozilla/5.0 (compatible; SemrushBot/7~bl; +http://www.semrush.com/bot.html)" "www.tekmedicgloves.com"
185.191.171.11 - - [05/Oct/2022:20:48:05 -0700] "GET /phpMyAdmin/setup/?token=e3fa7907047c479ccffe252b0030a3dd&version_check=1 HTTP/1.1" 200 12687 "-" "Mozilla/5.0 (compatible; SemrushBot/7~bl; +http://www.semrush.com/bot.html)" "tekmedicgloves.com"
185.191.171.5 - - [05/Oct/2022:20:48:41 -0700] "GET /phpMyAdmin/setup/?token=0448dadec2d2bebee0554685dc340606&version_check=1 HTTP/1.1" 200 12691 "-" "Mozilla/5.0 (compatible; SemrushBot/7~bl; +http://www.semrush.com/bot.html)" "www.tekmedicgloves.com"
185.191.171.3 - - [05/Oct/2022:20:49:40 -0700] "GET /phpMyAdmin/setup/?token=eec2e2345db630c54276ee20bfb0dc72&version_check=1 HTTP/1.1" 200 12687 "-" "Mozilla/5.0 (compatible; SemrushBot/7~bl; +http://www.semrush.com/bot.html)" "tekmedicgloves.com"
185.191.171.38 - - [05/Oct/2022:20:50:29 -0700] "GET /phpMyAdmin/setup/?token=089ed227f74b5c254e575ff0da4b186a&version_check=1 HTTP/1.1" 200 12687 "-" "Mozilla/5.0 (compatible; SemrushBot/7~bl; +http://www.semrush.com/bot.html)" "tekmedicgloves.com"
185.191.171.20 - - [05/Oct/2022:20:50:53 -0700] "GET /phpMyAdmin/setup/?token=0079790da512b28aebf4c43984ed7e54&version_check=1 HTTP/1.1" 200 12691 "-" "Mozilla/5.0 (compatible; SemrushBot/7~bl; +http://www.semrush.com/bot.html)" "www.tekmedicgloves.com"
185.191.171.13 - - [05/Oct/2022:20:52:08 -0700] "GET /phpMyAdmin/setup/?token=eac25762295111f3796edf4a2e59ee7f&version_check=1 HTTP/1.1" 200 12687 "-" "Mozilla/5.0 (compatible; SemrushBot/7~bl; +http://www.semrush.com/bot.html)" "tekmedicgloves.com"
185.191.171.15 - - [05/Oct/2022:20:52:31 -0700] "GET /phpMyAdmin/setup/?token=edb826f5d3f465160658090b5ed3e726&version_check=1 HTTP/1.1" 200 12687 "-" "Mozilla/5.0 (compatible; SemrushBot/7~bl; +http://www.semrush.com/bot.html)" "tekmedicgloves.com"
185.191.171.7 - - [05/Oct/2022:20:52:58 -0700] "GET /phpMyAdmin/setup/?token=e59ee1069e452947fc4a96831546e35c&version_check=1 HTTP/1.1" 200 12687 "-" "Mozilla/5.0 (compatible; SemrushBot/7~bl; +http://www.semrush.com/bot.html)" "tekmedicgloves.com"
185.191.171.33 - - [05/Oct/2022:20:53:07 -0700] "GET /phpMyAdmin/setup/?token=eb112a5349a53d2958c6905686b5abbe&version_check=1 HTTP/1.1" 200 12687 "-" "Mozilla/5.0 (compatible; SemrushBot/7~bl; +http://www.semrush.com/bot.html)" "tekmedicgloves.com"
185.191.171.22 - - [05/Oct/2022:20:55:03 -0700] "GET /phpMyAdmin/setup/?token=f1303118ac4f48a6798276d56317a315&version_check=1 HTTP/1.1" 200 12691 "-" "Mozilla/5.0 (compatible; SemrushBot/7~bl; +http://www.semrush.com/bot.html)" "www.tekmedicgloves.com"
185.191.171.37 - - [05/Oct/2022:20:55:51 -0700] "GET /phpMyAdmin/setup/?token=ed561d220d90969e48c67400e59a4776&version_check=1 HTTP/1.1" 200 12691 "-" "Mozilla/5.0 (compatible; SemrushBot/7~bl; +http://www.semrush.com/bot.html)" "www.tekmedicgloves.com"
185.191.171.16 - - [05/Oct/2022:20:56:45 -0700] "GET /phpMyAdmin/setup/?token=fdf5cce1f34f1855cee0fe5b41145343&version_check=1 HTTP/1.1" 200 12687 "-" "Mozilla/5.0 (compatible; SemrushBot/7~bl; +http://www.semrush.com/bot.html)" "tekmedicgloves.com"
185.191.171.23 - - [05/Oct/2022:20:57:00 -0700] "GET /phpMyAdmin/setup/?token=e5a74fb35425b024843d23d535c69bcb&version_check=1 HTTP/1.1" 200 12687 "-" "Mozilla/5.0 (compatible; SemrushBot/7~bl; +http://www.semrush.com/bot.html)" "tekmedicgloves.com"
185.191.171.45 - - [05/Oct/2022:20:57:27 -0700] "GET /phpMyAdmin/setup/?token=02120437f733ed68295a93b324e22735&version_check=1 HTTP/1.1" 200 12691 "-" "Mozilla/5.0 (compatible; SemrushBot/7~bl; +http://www.semrush.com/bot.html)" "www.tekmedicgloves.com"
185.191.171.34 - - [05/Oct/2022:20:58:40 -0700] "GET /phpMyAdmin/setup/?token=d75ecdc92db591e1b24daf02e87770f7&version_check=1 HTTP/1.1" 200 12691 "-" "Mozilla/5.0 (compatible; SemrushBot/7~bl; +http://www.semrush.com/bot.html)" "www.tekmedicgloves.com"
185.191.171.13 - - [05/Oct/2022:20:59:06 -0700] "GET /phpMyAdmin/setup/?token=0cc4178dcbe93a996e2a2b13acf52592&version_check=1 HTTP/1.1" 200 12691 "-" "Mozilla/5.0 (compatible; SemrushBot/7~bl; +http://www.semrush.com/bot.html)" "www.tekmedicgloves.com"
185.191.171.5 - - [05/Oct/2022:20:59:41 -0700] "GET /phpMyAdmin/setup/?token=e93015e128d650aa88eb0dcd61bfc95d&version_check=1 HTTP/1.1" 200 12687 "-" "Mozilla/5.0 (compatible; SemrushBot/7~bl; +http://www.semrush.com/bot.html)" "tekmedicgloves.com"
185.191.171.14 - - [05/Oct/2022:20:59:43 -0700] "GET /phpMyAdmin/setup/?token=e7f1a5de99ff2f79101c024e6f588e83&version_check=1 HTTP/1.1" 200 12687 "-" "Mozilla/5.0 (compatible; SemrushBot/7~bl; +http://www.semrush.com/bot.html)" "tekmedicgloves.com"
185.191.171.22 - - [05/Oct/2022:20:59:47 -0700] "GET /phpMyAdmin/setup/?token=e413c5d4c99408d4acf5f802a12f37cd&version_check=1 HTTP/1.1" 200 12687 "-" "Mozilla/5.0 (compatible; SemrushBot/7~bl; +http://www.semrush.com/bot.html)" "tekmedicgloves.com"
185.191.171.19 - - [05/Oct/2022:21:00:48 -0700] "GET /phpMyAdmin/setup/?token=e5d1ee766d1a0164565a96f28c50491d&version_check=1 HTTP/1.1" 200 12691 "-" "Mozilla/5.0 (compatible; SemrushBot/7~bl; +http://www.semrush.com/bot.html)" "www.tekmedicgloves.com"
185.191.171.23 - - [05/Oct/2022:21:03:58 -0700] "GET /phpMyAdmin/setup/?token=f8e773706c4acc94fc743845a54972e5&version_check=1 HTTP/1.1" 200 12691 "-" "Mozilla/5.0 (compatible; SemrushBot/7~bl; +http://www.semrush.com/bot.html)" "www.tekmedicgloves.com"
185.191.171.14 - - [05/Oct/2022:21:04:51 -0700] "GET /phpMyAdmin/setup/?token=c4665a7d659dd8d4ebed6d90f70d0d89&version_check=1 HTTP/1.1" 200 12691 "-" "Mozilla/5.0 (compatible; SemrushBot/7~bl; +http://www.semrush.com/bot.html)" "www.tekmedicgloves.com"
185.191.171.19 - - [05/Oct/2022:21:04:53 -0700] "GET /phpMyAdmin/setup/?token=f1182fc8860b5f997246845c59032e50&version_check=1 HTTP/1.1" 200 12691 "-" "Mozilla/5.0 (compatible; SemrushBot/7~bl; +http://www.semrush.com/bot.html)" "www.tekmedicgloves.com"
185.191.171.6 - - [05/Oct/2022:21:05:15 -0700] "GET /phpMyAdmin/setup/?token=e3eee7e7bb2ceea9b317821696c13c95&version_check=1 HTTP/1.1" 200 12687 "-" "Mozilla/5.0 (compatible; SemrushBot/7~bl; +http://www.semrush.com/bot.html)" "tekmedicgloves.com"
185.191.171.23 - - [05/Oct/2022:21:06:52 -0700] "GET /phpMyAdmin/setup/?token=ec6cf42cc4b554210160809dc39767da&version_check=1 HTTP/1.1" 200 12687 "-" "Mozilla/5.0 (compatible; SemrushBot/7~bl; +http://www.semrush.com/bot.html)" "tekmedicgloves.com"
185.191.171.42 - - [05/Oct/2022:21:06:56 -0700] "GET /phpMyAdmin/setup/?token=d56ab57703b27fa58cb8d8e0f34626e6&version_check=1 HTTP/1.1" 200 12691 "-" "Mozilla/5.0 (compatible; SemrushBot/7~bl; +http://www.semrush.com/bot.html)" "www.tekmedicgloves.com"
185.191.171.16 - - [05/Oct/2022:21:07:14 -0700] "GET /phpMyAdmin/setup/?token=05f6672f986db986ec2f6490b149b087&version_check=1 HTTP/1.1" 200 12691 "-" "Mozilla/5.0 (compatible; SemrushBot/7~bl; +http://www.semrush.com/bot.html)" "www.tekmedicgloves.com"
185.191.171.18 - - [05/Oct/2022:21:07:49 -0700] "GET /phpMyAdmin/setup/?token=e63e092f7879df0530bbf8daf40fe98f&version_check=1 HTTP/1.1" 200 12687 "-" "Mozilla/5.0 (compatible; SemrushBot/7~bl; +http://www.semrush.com/bot.html)" "tekmedicgloves.com"
