185.191.171.1 - - [05/Oct/2022:21:08:26 -0700] "GET /phpMyAdmin/setup/?token=0f011c632930a3f6754f206cade42915&version_check=1 HTTP/1.1" 200 12691 "-" "Mozilla/5.0 (compatible; SemrushBot/7~bl; +http://www.semrush.com/bot.html)" "www.tekmedicgloves.com"
185.191.171.18 - - [05/Oct/2022:21:08:41 -0700] "GET /phpMyAdmin/setup/?token=f2451bcee61c599b144664aed1ce02f8&version_check=1 HTTP/1.1" 200 12691 "-" "Mozilla/5.0 (compatible; SemrushBot/7~bl; +http://www.semrush.com/bot.html)" "www.tekmedicgloves.com"
185.191.171.37 - - [05/Oct/2022:21:09:03 -0700] "GET /phpMyAdmin/setup/?token=e627a328e9cbb4cc601509cd3638827d&version_check=1 HTTP/1.1" 200 12687 "-" "Mozilla/5.0 (compatible; SemrushBot/7~bl; +http://www.semrush.com/bot.html)" "tekmedicgloves.com"
185.191.171.26 - - [05/Oct/2022:21:09:23 -0700] "GET /phpMyAdmin/setup/?token=d0b95a5bc0e37b826daecaeed52bed7f&version_check=1 HTTP/1.1" 200 12691 "-" "Mozilla/5.0 (compatible; SemrushBot/7~bl; +http://www.semrush.com/bot.html)" "www.tekmedicgloves.com"
185.191.171.21 - - [05/Oct/2022:21:09:29 -0700] "GET /phpMyAdmin/setup/?token=e5e8ce19d29bf441c6d9023059d5ba46&version_check=1 HTTP/1.1" 200 12687 "-" "Mozilla/5.0 (compatible; SemrushBot/7~bl; +http://www.semrush.com/bot.html)" "tekmedicgloves.com"
185.191.171.39 - - [05/Oct/2022:21:11:46 -0700] "GET /phpMyAdmin/setup/?token=e1c9fc23e6cdd354e0edcc03e20e9d7d&version_check=1 HTTP/1.1" 200 12687 "-" "Mozilla/5.0 (compatible; SemrushBot/7~bl; +http://www.semrush.com/bot.html)" "tekmedicgloves.com"
185.191.171.44 - - [05/Oct/2022:21:11:49 -0700] "GET /phpMyAdmin/setup/?token=e6d9f81d7f586e4e6b82d59545dbb2e2&version_check=1 HTTP/1.1" 200 12687 "-" "Mozilla/5.0 (compatible; SemrushBot/7~bl; +http://www.semrush.com/bot.html)" "tekmedicgloves.com"
185.191.171.22 - - [05/Oct/2022:21:13:18 -0700] "GET /phpMyAdmin/setup/?token=f0f4c15884cfc2efe434e24509d3c9ae&version_check=1 HTTP/1.1" 200 12687 "-" "Mozilla/5.0 (compatible; SemrushBot/7~bl; +http://www.semrush.com/bot.html)" "tekmedicgloves.com"
185.191.171.2 - - [05/Oct/2022:21:16:51 -0700] "GET /phpMyAdmin/setup/?token=fd7275f4e086a0abcab41382ef41fbf4&version_check=1 HTTP/1.1" 200 12691 "-" "Mozilla/5.0 (compatible; SemrushBot/7~bl; +http://www.semrush.com/bot.html)" "www.tekmedicgloves.com"
185.191.171.37 - - [05/Oct/2022:21:17:05 -0700] "GET /phpMyAdmin/setup/?token=f742d648b185f4bb290421a3d9d3f597&version_check=1 HTTP/1.1" 200 12691 "-" "Mozilla/5.0 (compatible; SemrushBot/7~bl; +http://www.semrush.com/bot.html)" "www.tekmedicgloves.com"
185.191.171.35 - - [05/Oct/2022:21:19:16 -0700] "GET /phpMyAdmin/setup/?token=0ccab3889b7f95326593207ea4fa26e7&version_check=1 HTTP/1.1" 200 12691 "-" "Mozilla/5.0 (compatible; SemrushBot/7~bl; +http://www.semrush.com/bot.html)" "www.tekmedicgloves.com"
185.191.171.35 - - [05/Oct/2022:21:20:15 -0700] "GET /phpMyAdmin/setup/?token=fd9f169d4b80bd1a44d05ae9d9c8c989&version_check=1 HTTP/1.1" 200 12691 "-" "Mozilla/5.0 (compatible; SemrushBot/7~bl; +http://www.semrush.com/bot.html)" "www.tekmedicgloves.com"
185.191.171.37 - - [05/Oct/2022:21:20:22 -0700] "GET /phpMyAdmin/setup/?token=05070a6a3aa582ce2d7a81aa52fd3eae&version_check=1 HTTP/1.1" 200 12687 "-" "Mozilla/5.0 (compatible; SemrushBot/7~bl; +http://www.semrush.com/bot.html)" "tekmedicgloves.com"
185.191.171.34 - - [05/Oct/2022:21:20:24 -0700] "GET /phpMyAdmin/setup/?token=e56a91863c9c1ab6f4e0c0eb51ce622d&version_check=1 HTTP/1.1" 200 12687 "-" "Mozilla/5.0 (compatible; SemrushBot/7~bl; +http://www.semrush.com/bot.html)" "tekmedicgloves.com"
185.191.171.45 - - [05/Oct/2022:21:21:12 -0700] "GET /phpMyAdmin/setup/?token=162b59130ceb415c3bf941693c912885&version_check=1 HTTP/1.1" 200 12687 "-" "Mozilla/5.0 (compatible; SemrushBot/7~bl; +http://www.semrush.com/bot.html)" "tekmedicgloves.com"
185.191.171.18 - - [05/Oct/2022:21:22:57 -0700] "GET /phpMyAdmin/setup/?token=f844b2b5d70e1fc70d716b7306fe28b3&version_check=1 HTTP/1.1" 200 12687 "-" "Mozilla/5.0 (compatible; SemrushBot/7~bl; +http://www.semrush.com/bot.html)" "tekmedicgloves.com"
185.191.171.17 - - [05/Oct/2022:21:22:56 -0700] "GET /phpMyAdmin/setup/?token=01e3c7e050a5cb38383178679838ad74&version_check=1 HTTP/1.1" 200 12691 "-" "Mozilla/5.0 (compatible; SemrushBot/7~bl; +http://www.semrush.com/bot.html)" "www.tekmedicgloves.com"
185.191.171.14 - - [05/Oct/2022:21:23:01 -0700] "GET /phpMyAdmin/setup/?token=f812ca3e377adcd2dc020c8d2901b830&version_check=1 HTTP/1.1" 200 12687 "-" "Mozilla/5.0 (compatible; SemrushBot/7~bl; +http://www.semrush.com/bot.html)" "tekmedicgloves.com"
185.191.171.7 - - [05/Oct/2022:21:23:20 -0700] "GET /phpMyAdmin/setup/?token=d2dd08ca4faaa5cf42f41de1c0a8cf0b&version_check=1 HTTP/1.1" 200 12691 "-" "Mozilla/5.0 (compatible; SemrushBot/7~bl; +http://www.semrush.com/bot.html)" "www.tekmedicgloves.com"
185.191.171.2 - - [05/Oct/2022:21:24:31 -0700] "GET /phpMyAdmin/setup/?token=123212cb3a514c4bd0fa8553c80ec9b3&version_check=1 HTTP/1.1" 200 12691 "-" "Mozilla/5.0 (compatible; SemrushBot/7~bl; +http://www.semrush.com/bot.html)" "www.tekmedicgloves.com"
185.191.171.23 - - [05/Oct/2022:21:24:30 -0700] "GET /phpMyAdmin/setup/?token=0cf4c6b11fac398fdafad8047ba1b59a&version_check=1 HTTP/1.1" 200 12687 "-" "Mozilla/5.0 (compatible; SemrushBot/7~bl; +http://www.semrush.com/bot.html)" "tekmedicgloves.com"
185.191.171.10 - - [05/Oct/2022:21:25:09 -0700] "GET /phpMyAdmin/setup/?token=cbed5958163a8a9a50252b7957625e4b&version_check=1 HTTP/1.1" 200 12691 "-" "Mozilla/5.0 (compatible; SemrushBot/7~bl; +http://www.semrush.com/bot.html)" "www.tekmedicgloves.com"
185.191.171.11 - - [05/Oct/2022:21:25:13 -0700] "GET /phpMyAdmin/setup/?token=e109681739909a56144ee56cd020e26d&version_check=1 HTTP/1.1" 200 12687 "-" "Mozilla/5.0 (compatible; SemrushBot/7~bl; +http://www.semrush.com/bot.html)" "tekmedicgloves.com"
185.191.171.34 - - [05/Oct/2022:21:25:15 -0700] "GET /phpMyAdmin/setup/?token=fb1b2f54a4e5cc7cac3819d325d8c1c8&version_check=1 HTTP/1.1" 200 12691 "-" "Mozilla/5.0 (compatible; SemrushBot/7~bl; +http://www.semrush.com/bot.html)" "www.tekmedicgloves.com"
185.191.171.17 - - [05/Oct/2022:21:26:19 -0700] "GET /phpMyAdmin/setup/?token=ece7425a4070fa2427f7aba602d6dbfd&version_check=1 HTTP/1.1" 200 12687 "-" "Mozilla/5.0 (compatible; SemrushBot/7~bl; +http://www.semrush.com/bot.html)" "tekmedicgloves.com"
185.191.171.23 - - [05/Oct/2022:21:27:42 -0700] "GET /phpMyAdmin/setup/?token=07b7217999c4a83c0757f583672355b8&version_check=1 HTTP/1.1" 200 12687 "-" "Mozilla/5.0 (compatible; SemrushBot/7~bl; +http://www.semrush.com/bot.html)" "tekmedicgloves.com"
185.191.171.4 - - [05/Oct/2022:21:27:48 -0700] "GET /phpMyAdmin/setup/?token=e307db984006342a126299a0b482290b&version_check=1 HTTP/1.1" 200 12687 "-" "Mozilla/5.0 (compatible; SemrushBot/7~bl; +http://www.semrush.com/bot.html)" "tekmedicgloves.com"
185.191.171.35 - - [05/Oct/2022:21:28:35 -0700] "GET /phpMyAdmin/setup/?token=ea49c924fe4258e7cb4c1cb616f1fbd3&version_check=1 HTTP/1.1" 200 12687 "-" "Mozilla/5.0 (compatible; SemrushBot/7~bl; +http://www.semrush.com/bot.html)" "tekmedicgloves.com"
185.191.171.10 - - [05/Oct/2022:21:29:09 -0700] "GET /phpMyAdmin/setup/?token=0165a0d92eb17ba2de5938e40e9c541a&version_check=1 HTTP/1.1" 200 12691 "-" "Mozilla/5.0 (compatible; SemrushBot/7~bl; +http://www.semrush.com/bot.html)" "www.tekmedicgloves.com"
185.191.171.5 - - [05/Oct/2022:21:29:16 -0700] "GET /phpMyAdmin/setup/?token=eb2f6a28a67d7752d20557ef0deee21f&version_check=1 HTTP/1.1" 200 12687 "-" "Mozilla/5.0 (compatible; SemrushBot/7~bl; +http://www.semrush.com/bot.html)" "tekmedicgloves.com"
185.191.171.24 - - [05/Oct/2022:21:30:07 -0700] "GET /phpMyAdmin/setup/?token=d9cad9f2f247a6e3fd7b3ef10a21faa0&version_check=1 HTTP/1.1" 200 12691 "-" "Mozilla/5.0 (compatible; SemrushBot/7~bl; +http://www.semrush.com/bot.html)" "www.tekmedicgloves.com"
185.191.171.14 - - [05/Oct/2022:21:30:48 -0700] "GET /phpMyAdmin/setup/?token=cb2bc13f55314d4187e27568a1a33f89&version_check=1 HTTP/1.1" 200 12691 "-" "Mozilla/5.0 (compatible; SemrushBot/7~bl; +http://www.semrush.com/bot.html)" "www.tekmedicgloves.com"
185.191.171.5 - - [05/Oct/2022:21:32:02 -0700] "GET /phpMyAdmin/setup/?token=103cae21a393b747d67e7a46e6dfc056&version_check=1 HTTP/1.1" 200 12691 "-" "Mozilla/5.0 (compatible; SemrushBot/7~bl; +http://www.semrush.com/bot.html)" "www.tekmedicgloves.com"
185.191.171.21 - - [05/Oct/2022:21:32:52 -0700] "GET /phpMyAdmin/setup/?token=118be47170ef850f9401f3bbd4c08e11&version_check=1 HTTP/1.1" 200 12687 "-" "Mozilla/5.0 (compatible; SemrushBot/7~bl; +http://www.semrush.com/bot.html)" "tekmedicgloves.com"
185.191.171.6 - - [05/Oct/2022:21:32:55 -0700] "GET /phpMyAdmin/setup/?token=fd77108e0d446c7190319c9a2dd3d4f8&version_check=1 HTTP/1.1" 200 12687 "-" "Mozilla/5.0 (compatible; SemrushBot/7~bl; +http://www.semrush.com/bot.html)" "tekmedicgloves.com"
185.191.171.15 - - [05/Oct/2022:21:32:56 -0700] "GET /phpMyAdmin/setup/?token=0f06f1fda3af51c03d513d456e48e27d&version_check=1 HTTP/1.1" 200 12691 "-" "Mozilla/5.0 (compatible; SemrushBot/7~bl; +http://www.semrush.com/bot.html)" "www.tekmedicgloves.com"
185.191.171.26 - - [05/Oct/2022:21:33:09 -0700] "GET /phpMyAdmin/setup/?token=d1c081046b6549deb2896ffb2ed7f68c&version_check=1 HTTP/1.1" 200 12691 "-" "Mozilla/5.0 (compatible; SemrushBot/7~bl; +http://www.semrush.com/bot.html)" "www.tekmedicgloves.com"
185.191.171.33 - - [05/Oct/2022:21:35:09 -0700] "GET /phpMyAdmin/setup/?token=c2a40a856d7755e51dee52281d2c58e7&version_check=1 HTTP/1.1" 200 12691 "-" "Mozilla/5.0 (compatible; SemrushBot/7~bl; +http://www.semrush.com/bot.html)" "www.tekmedicgloves.com"
185.191.171.15 - - [05/Oct/2022:21:35:52 -0700] "GET /phpMyAdmin/setup/?token=15c7cb87872d35362632e35e8a895cf4&version_check=1 HTTP/1.1" 200 12687 "-" "Mozilla/5.0 (compatible; SemrushBot/7~bl; +http://www.semrush.com/bot.html)" "tekmedicgloves.com"
185.191.171.37 - - [05/Oct/2022:21:36:04 -0700] "GET /phpMyAdmin/setup/?token=edf06d221c2e9bfc237602c5bc2096d9&version_check=1 HTTP/1.1" 200 12691 "-" "Mozilla/5.0 (compatible; SemrushBot/7~bl; +http://www.semrush.com/bot.html)" "www.tekmedicgloves.com"
185.191.171.26 - - [05/Oct/2022:21:36:08 -0700] "GET /phpMyAdmin/setup/?token=042309c7d9ed0bbcb4bcbd0bf30df6d6&version_check=1 HTTP/1.1" 200 12691 "-" "Mozilla/5.0 (compatible; SemrushBot/7~bl; +http://www.semrush.com/bot.html)" "www.tekmedicgloves.com"
185.191.171.38 - - [05/Oct/2022:21:37:58 -0700] "GET /phpMyAdmin/setup/?token=0567fe7e95ec86f9477d5cd4639bbcd5&version_check=1 HTTP/1.1" 200 12691 "-" "Mozilla/5.0 (compatible; SemrushBot/7~bl; +http://www.semrush.com/bot.html)" "www.tekmedicgloves.com"
185.191.171.15 - - [05/Oct/2022:21:39:48 -0700] "GET /robots.txt HTTP/1.1" 404 88 "-" "Mozilla/5.0 (compatible; SemrushBot/7~bl; +http://www.semrush.com/bot.html)" "tekmedicgloves.com"
185.191.171.4 - - [05/Oct/2022:21:39:48 -0700] "GET /phpMyAdmin/setup/?token=0af7b7b1b00ffb4bc9115b4e2c5ab659&version_check=1 HTTP/1.1" 200 12687 "-" "Mozilla/5.0 (compatible; SemrushBot/7~bl; +http://www.semrush.com/bot.html)" "tekmedicgloves.com"
185.191.171.44 - - [05/Oct/2022:21:40:43 -0700] "GET /phpMyAdmin/setup/?token=0635595223ca7af134d1a3892b6cadbd&version_check=1 HTTP/1.1" 200 12687 "-" "Mozilla/5.0 (compatible; SemrushBot/7~bl; +http://www.semrush.com/bot.html)" "tekmedicgloves.com"
185.191.171.13 - - [05/Oct/2022:21:41:25 -0700] "GET /phpMyAdmin/setup/?token=e0fbd02bbf6208249fd94685e14e23fc&version_check=1 HTTP/1.1" 200 12687 "-" "Mozilla/5.0 (compatible; SemrushBot/7~bl; +http://www.semrush.com/bot.html)" "tekmedicgloves.com"
185.191.171.18 - - [05/Oct/2022:21:42:04 -0700] "GET /robots.txt HTTP/1.1" 404 88 "-" "Mozilla/5.0 (compatible; SemrushBot/7~bl; +http://www.semrush.com/bot.html)" "www.tekmedicgloves.com"
185.191.171.22 - - [05/Oct/2022:21:42:04 -0700] "GET /phpMyAdmin/setup/?token=c7c78e7ee536e7ef468158ba68496196&version_check=1 HTTP/1.1" 200 12691 "-" "Mozilla/5.0 (compatible; SemrushBot/7~bl; +http://www.semrush.com/bot.html)" "www.tekmedicgloves.com"
185.191.171.20 - - [05/Oct/2022:21:43:25 -0700] "GET /phpMyAdmin/setup/?token=e195bc3616edf2dd86cec4f40ad28420&version_check=1 HTTP/1.1" 200 12687 "-" "Mozilla/5.0 (compatible; SemrushBot/7~bl; +http://www.semrush.com/bot.html)" "tekmedicgloves.com"
185.191.171.33 - - [05/Oct/2022:21:44:27 -0700] "GET /phpMyAdmin/setup/?token=17f74767b16fecc3bdc3f570ae3aff3c&version_check=1 HTTP/1.1" 200 12687 "-" "Mozilla/5.0 (compatible; SemrushBot/7~bl; +http://www.semrush.com/bot.html)" "tekmedicgloves.com"
185.191.171.33 - - [05/Oct/2022:21:44:33 -0700] "GET /phpMyAdmin/setup/?token=f379c2ff0ae967bebb74700205740a26&version_check=1 HTTP/1.1" 200 12691 "-" "Mozilla/5.0 (compatible; SemrushBot/7~bl; +http://www.semrush.com/bot.html)" "www.tekmedicgloves.com"
185.191.171.40 - - [05/Oct/2022:21:45:53 -0700] "GET /phpMyAdmin/setup/?token=08b908ad5c61879a26216039dba34287&version_check=1 HTTP/1.1" 200 12691 "-" "Mozilla/5.0 (compatible; SemrushBot/7~bl; +http://www.semrush.com/bot.html)" "www.tekmedicgloves.com"
185.191.171.37 - - [05/Oct/2022:21:46:12 -0700] "GET /phpMyAdmin/setup/?token=a5be29ea9f7ca59c18c482fa8fed23b8&version_check=1 HTTP/1.1" 200 12687 "-" "Mozilla/5.0 (compatible; SemrushBot/7~bl; +http://www.semrush.com/bot.html)" "tekmedicgloves.com"
185.191.171.11 - - [05/Oct/2022:21:46:20 -0700] "GET /phpMyAdmin/setup/?token=edbaa709db66414690d518141dbbed72&version_check=1 HTTP/1.1" 200 12687 "-" "Mozilla/5.0 (compatible; SemrushBot/7~bl; +http://www.semrush.com/bot.html)" "tekmedicgloves.com"
185.191.171.40 - - [05/Oct/2022:21:47:05 -0700] "GET /phpMyAdmin/setup/?token=db88eca9ee02a28b7eaef3ea33e735a5&version_check=1 HTTP/1.1" 200 12691 "-" "Mozilla/5.0 (compatible; SemrushBot/7~bl; +http://www.semrush.com/bot.html)" "www.tekmedicgloves.com"
185.191.171.33 - - [05/Oct/2022:21:47:10 -0700] "GET /phpMyAdmin/setup/?token=c3fda6816da6a84a910ada19a0f1ff08&version_check=1 HTTP/1.1" 200 12691 "-" "Mozilla/5.0 (compatible; SemrushBot/7~bl; +http://www.semrush.com/bot.html)" "www.tekmedicgloves.com"
185.191.171.34 - - [05/Oct/2022:21:50:08 -0700] "GET /phpMyAdmin/setup/?token=db05e521e81bd7e90dfd34036e6494ce&version_check=1 HTTP/1.1" 200 12691 "-" "Mozilla/5.0 (compatible; SemrushBot/7~bl; +http://www.semrush.com/bot.html)" "www.tekmedicgloves.com"
185.191.171.45 - - [05/Oct/2022:21:50:45 -0700] "GET /phpMyAdmin/setup/?token=c6945fd1749d8f9d789996cd154b3d4b&version_check=1 HTTP/1.1" 200 12691 "-" "Mozilla/5.0 (compatible; SemrushBot/7~bl; +http://www.semrush.com/bot.html)" "www.tekmedicgloves.com"
185.191.171.13 - - [05/Oct/2022:21:51:13 -0700] "GET /phpMyAdmin/setup/?token=ff4e37ce0f279df60e2f6f06f0bb27b2&version_check=1 HTTP/1.1" 200 12687 "-" "Mozilla/5.0 (compatible; SemrushBot/7~bl; +http://www.semrush.com/bot.html)" "tekmedicgloves.com"
185.191.171.40 - - [05/Oct/2022:21:51:30 -0700] "GET /phpMyAdmin/setup/?token=cf24e8b531f33ff0eed676dad22db10c&version_check=1 HTTP/1.1" 200 12691 "-" "Mozilla/5.0 (compatible; SemrushBot/7~bl; +http://www.semrush.com/bot.html)" "www.tekmedicgloves.com"
185.191.171.40 - - [05/Oct/2022:21:51:42 -0700] "GET /phpMyAdmin/setup/?token=f14f54f701196c48ebb13e628ab249bd&version_check=1 HTTP/1.1" 200 12691 "-" "Mozilla/5.0 (compatible; SemrushBot/7~bl; +http://www.semrush.com/bot.html)" "www.tekmedicgloves.com"
185.191.171.33 - - [05/Oct/2022:21:52:12 -0700] "GET /phpMyAdmin/setup/?token=f5965e84aaf64150f826e6957c4f06f3&version_check=1 HTTP/1.1" 200 12687 "-" "Mozilla/5.0 (compatible; SemrushBot/7~bl; +http://www.semrush.com/bot.html)" "tekmedicgloves.com"
185.191.171.7 - - [05/Oct/2022:21:52:48 -0700] "GET /phpMyAdmin/setup/?token=1232cc816bb2732ce55556b01925be3f&version_check=1 HTTP/1.1" 200 12687 "-" "Mozilla/5.0 (compatible; SemrushBot/7~bl; +http://www.semrush.com/bot.html)" "tekmedicgloves.com"
185.191.171.8 - - [05/Oct/2022:21:53:19 -0700] "GET /phpMyAdmin/setup/?token=e5d1e5986362593839b9c765b6805324&version_check=1 HTTP/1.1" 200 12687 "-" "Mozilla/5.0 (compatible; SemrushBot/7~bl; +http://www.semrush.com/bot.html)" "tekmedicgloves.com"
185.191.171.12 - - [05/Oct/2022:21:55:12 -0700] "GET /phpMyAdmin/setup/?token=f92fa06c08302d75547179156a293f35&version_check=1 HTTP/1.1" 200 12687 "-" "Mozilla/5.0 (compatible; SemrushBot/7~bl; +http://www.semrush.com/bot.html)" "tekmedicgloves.com"
185.191.171.36 - - [05/Oct/2022:21:56:22 -0700] "GET /phpMyAdmin/setup/?token=ed1f12b48277236d942a8efe69855dfe&version_check=1 HTTP/1.1" 200 12687 "-" "Mozilla/5.0 (compatible; SemrushBot/7~bl; +http://www.semrush.com/bot.html)" "tekmedicgloves.com"
157.55.39.207 - - [05/Oct/2022:21:57:11 -0700] "GET /beta/wp-content/plugins/cherry-plugin/lib/js/elasti-carousel/jquery.elastislide.js HTTP/1.1" 200 1963 "-" "Mozilla/5.0 (compatible; bingbot/2.0; +http://www.bing.com/bingbot.htm)" "tekmedicgloves.com"
157.55.39.207 - - [05/Oct/2022:21:57:12 -0700] "GET /beta/wp-content/plugins/contact-form-7/includes/js/jquery.form.min.js HTTP/1.1" 200 5878 "-" "Mozilla/5.0 (compatible; bingbot/2.0; +http://www.bing.com/bingbot.htm)" "tekmedicgloves.com"
157.55.39.207 - - [05/Oct/2022:21:57:12 -0700] "GET /beta/wp-content/themes/CherryFramework/js/camera.min.js HTTP/1.1" 200 8551 "-" "Mozilla/5.0 (compatible; bingbot/2.0; +http://www.bing.com/bingbot.htm)" "tekmedicgloves.com"
157.55.39.207 - - [05/Oct/2022:21:57:12 -0700] "GET /beta/wp-content/themes/CherryFramework/js/jflickrfeed.js HTTP/1.1" 200 560 "-" "Mozilla/5.0 AppleWebKit/537.36 (KHTML, like Gecko; compatible; bingbot/2.0; +http://www.bing.com/bingbot.htm) Chrome/103.0.5060.134 Safari/537.36" "tekmedicgloves.com"
157.55.39.25 - - [05/Oct/2022:21:57:15 -0700] "GET /beta/wp-content/plugins/cherry-plugin/lib/js/owl-carousel/owl.theme.css HTTP/1.1" 200 606 "-" "Mozilla/5.0 AppleWebKit/537.36 (KHTML, like Gecko; compatible; bingbot/2.0; +http://www.bing.com/bingbot.htm) Chrome/103.0.5060.134 Safari/537.36" "tekmedicgloves.com"
157.55.39.25 - - [05/Oct/2022:21:57:15 -0700] "GET /beta/wp-content/plugins/contact-form-7/includes/js/scripts.js HTTP/1.1" 200 1850 "-" "Mozilla/5.0 (compatible; bingbot/2.0; +http://www.bing.com/bingbot.htm)" "tekmedicgloves.com"
157.55.39.25 - - [05/Oct/2022:21:57:15 -0700] "GET /beta/wp-content/themes/CherryFramework/js/jquery.debouncedresize.js HTTP/1.1" 200 226 "-" "Mozilla/5.0 (compatible; bingbot/2.0; +http://www.bing.com/bingbot.htm)" "tekmedicgloves.com"
157.55.39.25 - - [05/Oct/2022:21:57:15 -0700] "GET /beta/wp-content/themes/CherryFramework/js/jquery.mobile.customized.min.js HTTP/1.1" 200 6409 "-" "Mozilla/5.0 AppleWebKit/537.36 (KHTML, like Gecko; compatible; bingbot/2.0; +http://www.bing.com/bingbot.htm) Chrome/103.0.5060.134 Safari/537.36" "tekmedicgloves.com"
157.55.39.25 - - [05/Oct/2022:21:57:15 -0700] "GET /beta/wp-content/themes/theme48838/style.css HTTP/1.1" 200 243 "-" "Mozilla/5.0 (compatible; bingbot/2.0; +http://www.bing.com/bingbot.htm)" "tekmedicgloves.com"
157.55.39.25 - - [05/Oct/2022:21:57:15 -0700] "GET /beta/wp-includes/js/comment-reply.min.js HTTP/1.1" 404 88 "-" "Mozilla/5.0 AppleWebKit/537.36 (KHTML, like Gecko; compatible; bingbot/2.0; +http://www.bing.com/bingbot.htm) Chrome/103.0.5060.134 Safari/537.36" "tekmedicgloves.com"
207.46.13.127 - - [05/Oct/2022:21:57:21 -0700] "GET /beta/wp-content/themes/CherryFramework/js/custom.js HTTP/1.1" 200 2131 "-" "Mozilla/5.0 (compatible; bingbot/2.0; +http://www.bing.com/bingbot.htm)" "tekmedicgloves.com"
207.46.13.161 - - [05/Oct/2022:21:57:21 -0700] "GET /beta/wp-content/plugins/cherry-plugin/lib/js/jquery.easing.1.3.js HTTP/1.1" 200 814 "-" "Mozilla/5.0 (compatible; bingbot/2.0; +http://www.bing.com/bingbot.htm)" "tekmedicgloves.com"
207.46.13.161 - - [05/Oct/2022:21:57:22 -0700] "GET /beta/wp-content/plugins/cherry-plugin/lib/js/owl-carousel/owl.carousel.css HTTP/1.1" 200 1119 "-" "Mozilla/5.0 (compatible; bingbot/2.0; +http://www.bing.com/bingbot.htm)" "tekmedicgloves.com"
207.46.13.161 - - [05/Oct/2022:21:57:22 -0700] "GET /beta/wp-content/themes/CherryFramework/js/jquery.ba-resize.min.js HTTP/1.1" 200 616 "-" "Mozilla/5.0 (compatible; bingbot/2.0; +http://www.bing.com/bingbot.htm)" "tekmedicgloves.com"
207.46.13.161 - - [05/Oct/2022:21:57:22 -0700] "GET /beta/wp-content/themes/theme48838/bootstrap/css/responsive.css HTTP/1.1" 200 4226 "-" "Mozilla/5.0 (compatible; bingbot/2.0; +http://www.bing.com/bingbot.htm)" "tekmedicgloves.com"
207.46.13.161 - - [05/Oct/2022:21:57:22 -0700] "GET /beta/wp-includes/js/swfobject.js HTTP/1.1" 404 88 "-" "Mozilla/5.0 (compatible; bingbot/2.0; +http://www.bing.com/bingbot.htm)" "tekmedicgloves.com"
40.77.167.95 - - [05/Oct/2022:21:57:24 -0700] "GET /robots.txt HTTP/1.1" 404 88 "-" "Mozilla/5.0 (compatible; bingbot/2.0; +http://www.bing.com/bingbot.htm)" "tekmedicgloves.com"
207.46.13.158 - - [05/Oct/2022:21:57:28 -0700] "GET /beta/wp-content/plugins/cherry-plugin/includes/css/cherry-plugin.css HTTP/1.1" 200 4752 "-" "Mozilla/5.0 AppleWebKit/537.36 (KHTML, like Gecko; compatible; bingbot/2.0; +http://www.bing.com/bingbot.htm) Chrome/103.0.5060.134 Safari/537.36" "tekmedicgloves.com"
207.46.13.158 - - [05/Oct/2022:21:57:28 -0700] "GET /beta/wp-content/plugins/contact-form-7/includes/css/styles.css HTTP/1.1" 200 392 "-" "Mozilla/5.0 (compatible; bingbot/2.0; +http://www.bing.com/bingbot.htm)" "tekmedicgloves.com"
207.46.13.158 - - [05/Oct/2022:21:57:28 -0700] "GET /beta/wp-content/themes/CherryFramework/bootstrap/js/bootstrap.min.js HTTP/1.1" 200 7654 "-" "Mozilla/5.0 AppleWebKit/537.36 (KHTML, like Gecko; compatible; bingbot/2.0; +http://www.bing.com/bingbot.htm) Chrome/103.0.5060.134 Safari/537.36" "tekmedicgloves.com"
207.46.13.158 - - [05/Oct/2022:21:57:29 -0700] "GET /beta/wp-content/themes/CherryFramework/js/jplayer.playlist.min.js HTTP/1.1" 200 2404 "-" "Mozilla/5.0 (compatible; bingbot/2.0; +http://www.bing.com/bingbot.htm)" "tekmedicgloves.com"
207.46.13.158 - - [05/Oct/2022:21:57:29 -0700] "GET /beta/wp-content/themes/CherryFramework/js/jquery.jplayer.min.js HTTP/1.1" 200 11945 "-" "Mozilla/5.0 AppleWebKit/537.36 (KHTML, like Gecko; compatible; bingbot/2.0; +http://www.bing.com/bingbot.htm) Chrome/103.0.5060.134 Safari/537.36" "tekmedicgloves.com"
207.46.13.158 - - [05/Oct/2022:21:57:29 -0700] "GET /beta/wp-content/themes/CherryFramework/js/superfish.js HTTP/1.1" 200 1280 "-" "Mozilla/5.0 (compatible; bingbot/2.0; +http://www.bing.com/bingbot.htm)" "tekmedicgloves.com"
157.55.39.20 - - [05/Oct/2022:21:57:33 -0700] "GET /beta/wp-content/plugins/cherry-plugin/includes/js/cherry-plugin.js HTTP/1.1" 200 438 "-" "Mozilla/5.0 AppleWebKit/537.36 (KHTML, like Gecko; compatible; bingbot/2.0; +http://www.bing.com/bingbot.htm) Chrome/103.0.5060.134 Safari/537.36" "tekmedicgloves.com"
157.55.39.20 - - [05/Oct/2022:21:57:34 -0700] "GET /beta/wp-content/plugins/cherry-plugin/lib/js/FlexSlider/flexslider.css HTTP/1.1" 200 1323 "-" "Mozilla/5.0 (compatible; bingbot/2.0; +http://www.bing.com/bingbot.htm)" "tekmedicgloves.com"
157.55.39.20 - - [05/Oct/2022:21:57:34 -0700] "GET /beta/wp-content/plugins/cherry-plugin/lib/js/FlexSlider/jquery.flexslider-min.js HTTP/1.1" 200 5177 "-" "Mozilla/5.0 (compatible; bingbot/2.0; +http://www.bing.com/bingbot.htm)" "tekmedicgloves.com"
157.55.39.20 - - [05/Oct/2022:21:57:34 -0700] "GET /beta/wp-content/themes/CherryFramework/css/camera.css HTTP/1.1" 200 3117 "-" "Mozilla/5.0 (compatible; bingbot/2.0; +http://www.bing.com/bingbot.htm)" "tekmedicgloves.com"
157.55.39.20 - - [05/Oct/2022:21:57:34 -0700] "GET /beta/wp-content/themes/CherryFramework/css/magnific-popup.css HTTP/1.1" 200 2166 "-" "Mozilla/5.0 AppleWebKit/537.36 (KHTML, like Gecko; compatible; bingbot/2.0; +http://www.bing.com/bingbot.htm) Chrome/103.0.5060.134 Safari/537.36" "tekmedicgloves.com"
157.55.39.20 - - [05/Oct/2022:21:57:34 -0700] "GET /beta/wp-content/themes/CherryFramework/js/jquery-1.7.2.min.js HTTP/1.1" 200 33630 "-" "Mozilla/5.0 (compatible; bingbot/2.0; +http://www.bing.com/bingbot.htm)" "tekmedicgloves.com"
157.55.39.20 - - [05/Oct/2022:21:57:35 -0700] "GET /beta/wp-content/themes/CherryFramework/js/jquery.magnific-popup.min.js HTTP/1.1" 200 7493 "-" "Mozilla/5.0 (compatible; bingbot/2.0; +http://www.bing.com/bingbot.htm)" "tekmedicgloves.com"
157.55.39.20 - - [05/Oct/2022:21:57:35 -0700] "GET /beta/wp-content/themes/CherryFramework/js/jquery.mobilemenu.js HTTP/1.1" 200 908 "-" "Mozilla/5.0 AppleWebKit/537.36 (KHTML, like Gecko; compatible; bingbot/2.0; +http://www.bing.com/bingbot.htm) Chrome/103.0.5060.134 Safari/537.36" "tekmedicgloves.com"
185.191.171.12 - - [05/Oct/2022:21:57:37 -0700] "GET /phpMyAdmin/setup/?token=dac1bafa83f5b4b8e0397df4e2ae335a&version_check=1 HTTP/1.1" 200 12691 "-" "Mozilla/5.0 (compatible; SemrushBot/7~bl; +http://www.semrush.com/bot.html)" "www.tekmedicgloves.com"
207.46.13.127 - - [05/Oct/2022:21:57:42 -0700] "GET /beta/wp-content/themes/CherryFramework/js/modernizr.js HTTP/1.1" 200 5141 "-" "Mozilla/5.0 AppleWebKit/537.36 (KHTML, like Gecko; compatible; bingbot/2.0; +http://www.bing.com/bingbot.htm) Chrome/103.0.5060.134 Safari/537.36" "tekmedicgloves.com"
207.46.13.127 - - [05/Oct/2022:21:57:42 -0700] "GET /beta/wp-content/themes/theme48838/main-style.css HTTP/1.1" 200 4849 "-" "Mozilla/5.0 (compatible; bingbot/2.0; +http://www.bing.com/bingbot.htm)" "tekmedicgloves.com"
185.191.171.39 - - [05/Oct/2022:21:58:30 -0700] "GET /phpMyAdmin/setup/?token=e46dcd443637753bfd0c890b57eb0a8d&version_check=1 HTTP/1.1" 200 12687 "-" "Mozilla/5.0 (compatible; SemrushBot/7~bl; +http://www.semrush.com/bot.html)" "tekmedicgloves.com"
185.191.171.45 - - [05/Oct/2022:21:59:08 -0700] "GET /phpMyAdmin/setup/?token=ef8a72b6c3c7140a0deeb836ef003a56&version_check=1 HTTP/1.1" 200 12691 "-" "Mozilla/5.0 (compatible; SemrushBot/7~bl; +http://www.semrush.com/bot.html)" "www.tekmedicgloves.com"
185.191.171.9 - - [05/Oct/2022:21:59:16 -0700] "GET /phpMyAdmin/setup/?token=d4955035549047ec03811e992ddc660f&version_check=1 HTTP/1.1" 200 12691 "-" "Mozilla/5.0 (compatible; SemrushBot/7~bl; +http://www.semrush.com/bot.html)" "www.tekmedicgloves.com"
185.191.171.4 - - [05/Oct/2022:21:59:44 -0700] "GET /phpMyAdmin/setup/?token=1054c23b509aab66eca5f61ddb76d0d4&version_check=1 HTTP/1.1" 200 12691 "-" "Mozilla/5.0 (compatible; SemrushBot/7~bl; +http://www.semrush.com/bot.html)" "www.tekmedicgloves.com"
185.191.171.10 - - [05/Oct/2022:22:00:08 -0700] "GET /phpMyAdmin/setup/?token=04121b288ce818df62a1e306b905e284&version_check=1 HTTP/1.1" 200 12691 "-" "Mozilla/5.0 (compatible; SemrushBot/7~bl; +http://www.semrush.com/bot.html)" "www.tekmedicgloves.com"
185.191.171.19 - - [05/Oct/2022:22:00:32 -0700] "GET /phpMyAdmin/setup/?token=fedf0c27c76063929e0f94d954695f94&version_check=1 HTTP/1.1" 200 12687 "-" "Mozilla/5.0 (compatible; SemrushBot/7~bl; +http://www.semrush.com/bot.html)" "tekmedicgloves.com"
185.191.171.39 - - [05/Oct/2022:22:01:39 -0700] "GET /phpMyAdmin/setup/?token=0d9a98b15912578f35a6b2e92ccb9d45&version_check=1 HTTP/1.1" 200 12691 "-" "Mozilla/5.0 (compatible; SemrushBot/7~bl; +http://www.semrush.com/bot.html)" "www.tekmedicgloves.com"
185.191.171.20 - - [05/Oct/2022:22:01:56 -0700] "GET /phpMyAdmin/setup/?token=e2c60e1413a296be7b022d84c3a23d39&version_check=1 HTTP/1.1" 200 12687 "-" "Mozilla/5.0 (compatible; SemrushBot/7~bl; +http://www.semrush.com/bot.html)" "tekmedicgloves.com"
185.191.171.2 - - [05/Oct/2022:22:02:12 -0700] "GET /phpMyAdmin/setup/?token=1108c3ec0e10467c95f90419747c5b50&version_check=1 HTTP/1.1" 200 12691 "-" "Mozilla/5.0 (compatible; SemrushBot/7~bl; +http://www.semrush.com/bot.html)" "www.tekmedicgloves.com"
185.191.171.12 - - [05/Oct/2022:22:02:48 -0700] "GET /phpMyAdmin/setup/?token=0a611c5a149a61011c76fd147d846df1&version_check=1 HTTP/1.1" 200 12687 "-" "Mozilla/5.0 (compatible; SemrushBot/7~bl; +http://www.semrush.com/bot.html)" "tekmedicgloves.com"
185.191.171.15 - - [05/Oct/2022:22:02:57 -0700] "GET /phpMyAdmin/setup/?token=efeea1406a6dfe6e88cd88820ac7d821&version_check=1 HTTP/1.1" 200 12687 "-" "Mozilla/5.0 (compatible; SemrushBot/7~bl; +http://www.semrush.com/bot.html)" "tekmedicgloves.com"
185.191.171.40 - - [05/Oct/2022:22:03:29 -0700] "GET /phpMyAdmin/setup/?token=d086988cd41f7b9ad7b241bffa90943e&version_check=1 HTTP/1.1" 200 12691 "-" "Mozilla/5.0 (compatible; SemrushBot/7~bl; +http://www.semrush.com/bot.html)" "www.tekmedicgloves.com"
185.191.171.6 - - [05/Oct/2022:22:03:48 -0700] "GET /phpMyAdmin/setup/?token=09777f22f2dfcd73eb2dc0133888ae03&version_check=1 HTTP/1.1" 200 12687 "-" "Mozilla/5.0 (compatible; SemrushBot/7~bl; +http://www.semrush.com/bot.html)" "tekmedicgloves.com"
185.191.171.19 - - [05/Oct/2022:22:04:02 -0700] "GET /phpMyAdmin/setup/?token=00870dd72d80a4f079280bdf9186e8b7&version_check=1 HTTP/1.1" 200 12691 "-" "Mozilla/5.0 (compatible; SemrushBot/7~bl; +http://www.semrush.com/bot.html)" "www.tekmedicgloves.com"
185.191.171.40 - - [05/Oct/2022:22:04:17 -0700] "GET /phpMyAdmin/setup/?token=e4708dfdee48f4703f7ec33e4b0bce4a&version_check=1 HTTP/1.1" 200 12687 "-" "Mozilla/5.0 (compatible; SemrushBot/7~bl; +http://www.semrush.com/bot.html)" "tekmedicgloves.com"
185.191.171.21 - - [05/Oct/2022:22:04:46 -0700] "GET /phpMyAdmin/setup/?token=fcaa80301a206470de97b74fe37af240&version_check=1 HTTP/1.1" 200 12687 "-" "Mozilla/5.0 (compatible; SemrushBot/7~bl; +http://www.semrush.com/bot.html)" "tekmedicgloves.com"
185.191.171.3 - - [05/Oct/2022:22:05:58 -0700] "GET /phpMyAdmin/setup/?token=f23cac7b9a783f9061cf71e3950343b2&version_check=1 HTTP/1.1" 200 12687 "-" "Mozilla/5.0 (compatible; SemrushBot/7~bl; +http://www.semrush.com/bot.html)" "tekmedicgloves.com"
114.119.139.25 - - [05/Oct/2022:22:06:08 -0700] "GET /beta/products.php?cat=20 HTTP/1.1" 200 37670 "http://tekmedicgloves.com/beta/products.php?cat=24&subcat=41" "Mozilla/5.0 (Linux; Android 7.0;) AppleWebKit/537.36 (KHTML, like Gecko) Mobile Safari/537.36 (compatible; PetalBot;+https://webmaster.petalsearch.com/site/petalbot)" "tekmedicgloves.com"
185.191.171.34 - - [05/Oct/2022:22:06:22 -0700] "GET /phpMyAdmin/setup/?token=ed272aef64eaa1e0850586b394ada52d&version_check=1 HTTP/1.1" 200 12691 "-" "Mozilla/5.0 (compatible; SemrushBot/7~bl; +http://www.semrush.com/bot.html)" "www.tekmedicgloves.com"
185.191.171.22 - - [05/Oct/2022:22:06:25 -0700] "GET /phpMyAdmin/setup/?token=087aa8453d4df3de3ea9d74654fd5c05&version_check=1 HTTP/1.1" 200 12691 "-" "Mozilla/5.0 (compatible; SemrushBot/7~bl; +http://www.semrush.com/bot.html)" "www.tekmedicgloves.com"
185.191.171.44 - - [05/Oct/2022:22:07:19 -0700] "GET /phpMyAdmin/setup/?token=e34a449045fcc75d5260c2110a39370a&version_check=1 HTTP/1.1" 200 12687 "-" "Mozilla/5.0 (compatible; SemrushBot/7~bl; +http://www.semrush.com/bot.html)" "tekmedicgloves.com"
50.21.188.57 - - [05/Oct/2022:22:08:53 -0700] "GET /robots.txt HTTP/1.1" 404 88 "-" "IonCrawl (https://www.ionos.de/terms-gtc/faq-crawler-en/)" "tekmedicgloves.com"
185.191.171.13 - - [05/Oct/2022:22:09:27 -0700] "GET /phpMyAdmin/setup/?token=0ceb890b3002b105280ccf88cdf8654d&version_check=1 HTTP/1.1" 200 12691 "-" "Mozilla/5.0 (compatible; SemrushBot/7~bl; +http://www.semrush.com/bot.html)" "www.tekmedicgloves.com"
185.191.171.23 - - [05/Oct/2022:22:09:42 -0700] "GET /phpMyAdmin/setup/?token=ff42656f62b59018d3df3270464408b4&version_check=1 HTTP/1.1" 200 12691 "-" "Mozilla/5.0 (compatible; SemrushBot/7~bl; +http://www.semrush.com/bot.html)" "www.tekmedicgloves.com"
185.191.171.20 - - [05/Oct/2022:22:09:46 -0700] "GET /phpMyAdmin/setup/?token=e60f7b475f040d8aa19562e127f95afd&version_check=1 HTTP/1.1" 200 12687 "-" "Mozilla/5.0 (compatible; SemrushBot/7~bl; +http://www.semrush.com/bot.html)" "tekmedicgloves.com"
185.191.171.23 - - [05/Oct/2022:22:09:50 -0700] "GET /phpMyAdmin/setup/?token=0eb7a2b17dee4fe6a96b0290d879ff34&version_check=1 HTTP/1.1" 200 12691 "-" "Mozilla/5.0 (compatible; SemrushBot/7~bl; +http://www.semrush.com/bot.html)" "www.tekmedicgloves.com"
185.191.171.22 - - [05/Oct/2022:22:09:56 -0700] "GET /phpMyAdmin/setup/?token=ecaf7ef1f0aaaaf63937825870775ff5&version_check=1 HTTP/1.1" 200 12691 "-" "Mozilla/5.0 (compatible; SemrushBot/7~bl; +http://www.semrush.com/bot.html)" "www.tekmedicgloves.com"
185.191.171.26 - - [05/Oct/2022:22:11:38 -0700] "GET /phpMyAdmin/setup/?token=cbc62dfc2f57762654254745c3c09b40&version_check=1 HTTP/1.1" 200 12691 "-" "Mozilla/5.0 (compatible; SemrushBot/7~bl; +http://www.semrush.com/bot.html)" "www.tekmedicgloves.com"
185.191.171.21 - - [05/Oct/2022:22:11:49 -0700] "GET /phpMyAdmin/setup/?token=126ef9c29ba9f7fc5c14f120a8eea178&version_check=1 HTTP/1.1" 200 12691 "-" "Mozilla/5.0 (compatible; SemrushBot/7~bl; +http://www.semrush.com/bot.html)" "www.tekmedicgloves.com"
185.191.171.4 - - [05/Oct/2022:22:11:51 -0700] "GET /phpMyAdmin/setup/?token=0e02ba63ce33d58a6d2507aa17fbff23&version_check=1 HTTP/1.1" 200 12687 "-" "Mozilla/5.0 (compatible; SemrushBot/7~bl; +http://www.semrush.com/bot.html)" "tekmedicgloves.com"
50.21.188.60 - - [05/Oct/2022:22:12:28 -0700] "GET /sitemap.xml HTTP/1.1" 404 88 "-" "IonCrawl (https://www.ionos.de/terms-gtc/faq-crawler-en/)" "tekmedicgloves.com"
50.21.188.60 - - [05/Oct/2022:22:12:29 -0700] "GET / HTTP/1.1" 200 347 "-" "IonCrawl (https://www.ionos.de/terms-gtc/faq-crawler-en/)" "tekmedicgloves.com"
50.21.188.60 - - [05/Oct/2022:22:12:30 -0700] "GET /wp-admin/admin-ajax.php HTTP/1.1" 404 88 "-" "IonCrawl (https://www.ionos.de/terms-gtc/faq-crawler-en/)" "tekmedicgloves.com"
40.77.189.143 - - [05/Oct/2022:22:13:10 -0700] "GET /beta/wp-content/themes/CherryFramework/style.css HTTP/1.1" 200 331 "http://tekmedicgloves.com/beta/wp-content/themes/theme48838/main-style.css" "Mozilla/5.0 (Windows NT 6.1; WOW64) AppleWebKit/534+ (KHTML, like Gecko) BingPreview/1.0b" "tekmedicgloves.com"
40.77.189.143 - - [05/Oct/2022:22:13:10 -0700] "GET /beta/wp-content/themes/CherryFramework/css/style.css HTTP/1.1" 200 12245 "http://tekmedicgloves.com/beta/wp-content/themes/CherryFramework/style.css" "Mozilla/5.0 (Windows NT 6.1; WOW64) AppleWebKit/534+ (KHTML, like Gecko) BingPreview/1.0b" "tekmedicgloves.com"
185.191.171.39 - - [05/Oct/2022:22:13:29 -0700] "GET /phpMyAdmin/setup/?token=c045fe16f3c66bcf186751170f2b0d47&version_check=1 HTTP/1.1" 200 12691 "-" "Mozilla/5.0 (compatible; SemrushBot/7~bl; +http://www.semrush.com/bot.html)" "www.tekmedicgloves.com"
185.191.171.23 - - [05/Oct/2022:22:13:44 -0700] "GET /phpMyAdmin/setup/?token=bfefe7f7503c5d3f8d9110bd3a0943d4&version_check=1 HTTP/1.1" 200 12691 "-" "Mozilla/5.0 (compatible; SemrushBot/7~bl; +http://www.semrush.com/bot.html)" "www.tekmedicgloves.com"
185.191.171.42 - - [05/Oct/2022:22:15:52 -0700] "GET /phpMyAdmin/setup/?token=10b550c2cdca3937b129a36a50c71357&version_check=1 HTTP/1.1" 200 12687 "-" "Mozilla/5.0 (compatible; SemrushBot/7~bl; +http://www.semrush.com/bot.html)" "tekmedicgloves.com"
185.191.171.38 - - [05/Oct/2022:22:17:01 -0700] "GET /phpMyAdmin/setup/?token=e30cfa0142562470b2d25aac6ef2ec96&version_check=1 HTTP/1.1" 200 12687 "-" "Mozilla/5.0 (compatible; SemrushBot/7~bl; +http://www.semrush.com/bot.html)" "tekmedicgloves.com"
185.191.171.16 - - [05/Oct/2022:22:17:08 -0700] "GET /phpMyAdmin/setup/?token=d38c0a3b112a52aa4a36d6b3a43c2377&version_check=1 HTTP/1.1" 200 12691 "-" "Mozilla/5.0 (compatible; SemrushBot/7~bl; +http://www.semrush.com/bot.html)" "www.tekmedicgloves.com"
185.191.171.16 - - [05/Oct/2022:22:17:28 -0700] "GET /phpMyAdmin/setup/?token=efa94392d86d9251363d0a0a8479f289&version_check=1 HTTP/1.1" 200 12687 "-" "Mozilla/5.0 (compatible; SemrushBot/7~bl; +http://www.semrush.com/bot.html)" "tekmedicgloves.com"
185.191.171.10 - - [05/Oct/2022:22:17:43 -0700] "GET /phpMyAdmin/setup/?token=0cb978f346d82ec30ac2faaeb5d9c47c&version_check=1 HTTP/1.1" 200 12691 "-" "Mozilla/5.0 (compatible; SemrushBot/7~bl; +http://www.semrush.com/bot.html)" "www.tekmedicgloves.com"
185.191.171.43 - - [05/Oct/2022:22:17:47 -0700] "GET /phpMyAdmin/setup/?token=0f126e72dafcb139863490635014883a&version_check=1 HTTP/1.1" 200 12687 "-" "Mozilla/5.0 (compatible; SemrushBot/7~bl; +http://www.semrush.com/bot.html)" "tekmedicgloves.com"
185.191.171.3 - - [05/Oct/2022:22:18:06 -0700] "GET /phpMyAdmin/setup/?token=12f9ecb55fc5a60dce0866dbc144ef58&version_check=1 HTTP/1.1" 200 12687 "-" "Mozilla/5.0 (compatible; SemrushBot/7~bl; +http://www.semrush.com/bot.html)" "tekmedicgloves.com"
50.21.188.57 - - [05/Oct/2022:22:18:18 -0700] "GET /?C=M;O=A HTTP/1.1" 200 347 "-" "IonCrawl (https://www.ionos.de/terms-gtc/faq-crawler-en/)" "tekmedicgloves.com"
50.21.188.60 - - [05/Oct/2022:22:18:18 -0700] "GET /phpMyAdmin/ HTTP/1.1" 200 7540 "-" "IonCrawl (https://www.ionos.de/terms-gtc/faq-crawler-en/)" "tekmedicgloves.com"
50.21.188.58 - - [05/Oct/2022:22:18:20 -0700] "GET /?C=N;O=D HTTP/1.1" 200 345 "-" "IonCrawl (https://www.ionos.de/terms-gtc/faq-crawler-en/)" "tekmedicgloves.com"
50.21.188.57 - - [05/Oct/2022:22:18:21 -0700] "GET /?C=S;O=A HTTP/1.1" 200 347 "-" "IonCrawl (https://www.ionos.de/terms-gtc/faq-crawler-en/)" "tekmedicgloves.com"
50.21.188.57 - - [05/Oct/2022:22:18:22 -0700] "GET /?C=D;O=A HTTP/1.1" 200 347 "-" "IonCrawl (https://www.ionos.de/terms-gtc/faq-crawler-en/)" "tekmedicgloves.com"
50.21.188.59 - - [05/Oct/2022:22:18:24 -0700] "GET /beta/ HTTP/1.1" 200 161 "-" "IonCrawl (https://www.ionos.de/terms-gtc/faq-crawler-en/)" "tekmedicgloves.com"
185.191.171.8 - - [05/Oct/2022:22:18:43 -0700] "GET /phpMyAdmin/setup/?token=d558479614a9dab031d6b383ba30cf9f&version_check=1 HTTP/1.1" 200 12691 "-" "Mozilla/5.0 (compatible; SemrushBot/7~bl; +http://www.semrush.com/bot.html)" "www.tekmedicgloves.com"
185.191.171.39 - - [05/Oct/2022:22:19:10 -0700] "GET /phpMyAdmin/setup/?token=05374feedc1583b067d8279e7ad9067a&version_check=1 HTTP/1.1" 200 12687 "-" "Mozilla/5.0 (compatible; SemrushBot/7~bl; +http://www.semrush.com/bot.html)" "tekmedicgloves.com"
185.191.171.44 - - [05/Oct/2022:22:20:15 -0700] "GET /phpMyAdmin/setup/?token=06268f049e19d32cceee8eae0c8e5cc7&version_check=1 HTTP/1.1" 200 12691 "-" "Mozilla/5.0 (compatible; SemrushBot/7~bl; +http://www.semrush.com/bot.html)" "www.tekmedicgloves.com"
185.191.171.1 - - [05/Oct/2022:22:20:30 -0700] "GET /phpMyAdmin/setup/?token=e6c513f57fa7de858febf4ac234dd621&version_check=1 HTTP/1.1" 200 12691 "-" "Mozilla/5.0 (compatible; SemrushBot/7~bl; +http://www.semrush.com/bot.html)" "www.tekmedicgloves.com"
197.184.182.84 - - [05/Oct/2022:22:21:09 -0700] "GET /beta/contacts.php HTTP/1.1" 200 24038 "-" "Mozilla/5.0 (Windows NT 10.0; Win64; x64; rv:102.0) Gecko/20100101 Firefox/102.0" "tekmedicgloves.com"
185.191.171.44 - - [05/Oct/2022:22:21:12 -0700] "GET /phpMyAdmin/setup/?token=fa45ae4c77855ca2722ad0f432e3beac&version_check=1 HTTP/1.1" 200 12691 "-" "Mozilla/5.0 (compatible; SemrushBot/7~bl; +http://www.semrush.com/bot.html)" "www.tekmedicgloves.com"
185.191.171.3 - - [05/Oct/2022:22:22:53 -0700] "GET /phpMyAdmin/setup/?token=e8a8cda4a54e7b82eea60d038ac7cddb&version_check=1 HTTP/1.1" 200 12691 "-" "Mozilla/5.0 (compatible; SemrushBot/7~bl; +http://www.semrush.com/bot.html)" "www.tekmedicgloves.com"
185.191.171.5 - - [05/Oct/2022:22:23:10 -0700] "GET /phpMyAdmin/setup/?token=e28a8df914b8d8a34c371bd29700b18d&version_check=1 HTTP/1.1" 200 12687 "-" "Mozilla/5.0 (compatible; SemrushBot/7~bl; +http://www.semrush.com/bot.html)" "tekmedicgloves.com"
185.191.171.25 - - [05/Oct/2022:22:23:49 -0700] "GET /phpMyAdmin/setup/?token=e6a70199491567a49d366cb77bf975c3&version_check=1 HTTP/1.1" 200 12687 "-" "Mozilla/5.0 (compatible; SemrushBot/7~bl; +http://www.semrush.com/bot.html)" "tekmedicgloves.com"
185.191.171.6 - - [05/Oct/2022:22:25:07 -0700] "GET /phpMyAdmin/setup/?token=0d0c7a3e33e059b37630a2c595445ff0&version_check=1 HTTP/1.1" 200 12691 "-" "Mozilla/5.0 (compatible; SemrushBot/7~bl; +http://www.semrush.com/bot.html)" "www.tekmedicgloves.com"
185.191.171.19 - - [05/Oct/2022:22:25:29 -0700] "GET /phpMyAdmin/setup/?token=e7842caaeb166a8d37ca0e17694556a3&version_check=1 HTTP/1.1" 200 12687 "-" "Mozilla/5.0 (compatible; SemrushBot/7~bl; +http://www.semrush.com/bot.html)" "tekmedicgloves.com"
185.191.171.4 - - [05/Oct/2022:22:26:49 -0700] "GET /phpMyAdmin/setup/?token=fb238de6831442fe9f7b7eaadd391265&version_check=1 HTTP/1.1" 200 12691 "-" "Mozilla/5.0 (compatible; SemrushBot/7~bl; +http://www.semrush.com/bot.html)" "www.tekmedicgloves.com"
185.191.171.5 - - [05/Oct/2022:22:27:07 -0700] "GET /phpMyAdmin/setup/?token=13d02051e05848635946e21e7e832bd6&version_check=1 HTTP/1.1" 200 12687 "-" "Mozilla/5.0 (compatible; SemrushBot/7~bl; +http://www.semrush.com/bot.html)" "tekmedicgloves.com"
185.191.171.39 - - [05/Oct/2022:22:27:09 -0700] "GET /phpMyAdmin/setup/?token=ef0db30a2ccc6fb9492c13e98d47e02d&version_check=1 HTTP/1.1" 200 12691 "-" "Mozilla/5.0 (compatible; SemrushBot/7~bl; +http://www.semrush.com/bot.html)" "www.tekmedicgloves.com"
185.191.171.4 - - [05/Oct/2022:22:27:44 -0700] "GET /phpMyAdmin/setup/?token=e3b5d7c16e5150db11d1c32b697df0a7&version_check=1 HTTP/1.1" 200 12687 "-" "Mozilla/5.0 (compatible; SemrushBot/7~bl; +http://www.semrush.com/bot.html)" "tekmedicgloves.com"
185.191.171.16 - - [05/Oct/2022:22:27:55 -0700] "GET /phpMyAdmin/setup/?token=f07020a0c46c8722ea62ea01da602489&version_check=1 HTTP/1.1" 200 12691 "-" "Mozilla/5.0 (compatible; SemrushBot/7~bl; +http://www.semrush.com/bot.html)" "www.tekmedicgloves.com"
50.21.188.59 - - [05/Oct/2022:22:28:03 -0700] "GET /?C=D;O=D HTTP/1.1" 200 345 "-" "IonCrawl (https://www.ionos.de/terms-gtc/faq-crawler-en/)" "tekmedicgloves.com"
50.21.188.59 - - [05/Oct/2022:22:28:07 -0700] "GET /phpMyAdmin/url.php?url=http%3A%2F%2Fwww.phpmyadmin.net%2F&lang=en&collation_connection=utf8_general_ci&token=2244f34506285de788ddbeefda9c2ee1 HTTP/1.1" 200 7267 "-" "IonCrawl (https://www.ionos.de/terms-gtc/faq-crawler-en/)" "tekmedicgloves.com"
185.191.171.7 - - [05/Oct/2022:22:28:07 -0700] "GET /phpMyAdmin/setup/?token=ef511d573c1061e688f74ef0f68e3448&version_check=1 HTTP/1.1" 200 12687 "-" "Mozilla/5.0 (compatible; SemrushBot/7~bl; +http://www.semrush.com/bot.html)" "tekmedicgloves.com"
50.21.188.58 - - [05/Oct/2022:22:28:08 -0700] "GET /?C=S;O=D HTTP/1.1" 200 345 "-" "IonCrawl (https://www.ionos.de/terms-gtc/faq-crawler-en/)" "tekmedicgloves.com"
50.21.188.60 - - [05/Oct/2022:22:28:09 -0700] "GET /?C=N;O=A HTTP/1.1" 200 347 "-" "IonCrawl (https://www.ionos.de/terms-gtc/faq-crawler-en/)" "tekmedicgloves.com"
50.21.188.59 - - [05/Oct/2022:22:28:12 -0700] "GET /?C=M;O=D HTTP/1.1" 200 345 "-" "IonCrawl (https://www.ionos.de/terms-gtc/faq-crawler-en/)" "tekmedicgloves.com"
185.191.171.8 - - [05/Oct/2022:22:28:12 -0700] "GET /phpMyAdmin/setup/?token=ef99ea65470979d9645bd2616fa90e22&version_check=1 HTTP/1.1" 200 12691 "-" "Mozilla/5.0 (compatible; SemrushBot/7~bl; +http://www.semrush.com/bot.html)" "www.tekmedicgloves.com"
50.21.188.58 - - [05/Oct/2022:22:28:16 -0700] "GET /phpMyAdmin/Documentation.html HTTP/1.1" 200 72425 "-" "IonCrawl (https://www.ionos.de/terms-gtc/faq-crawler-en/)" "tekmedicgloves.com"
50.21.188.60 - - [05/Oct/2022:22:28:16 -0700] "GET /beta/home.php HTTP/1.1" 200 35074 "-" "IonCrawl (https://www.ionos.de/terms-gtc/faq-crawler-en/)" "tekmedicgloves.com"
185.191.171.6 - - [05/Oct/2022:22:28:34 -0700] "GET /phpMyAdmin/setup/?token=f4d2bc395a06c5daf459d687c8658307&version_check=1 HTTP/1.1" 200 12687 "-" "Mozilla/5.0 (compatible; SemrushBot/7~bl; +http://www.semrush.com/bot.html)" "tekmedicgloves.com"
185.191.171.1 - - [05/Oct/2022:22:28:44 -0700] "GET /phpMyAdmin/setup/?token=0282c190224be7f4fa3bd2c0f23e912a&version_check=1 HTTP/1.1" 200 12687 "-" "Mozilla/5.0 (compatible; SemrushBot/7~bl; +http://www.semrush.com/bot.html)" "tekmedicgloves.com"
185.191.171.17 - - [05/Oct/2022:22:29:20 -0700] "GET /phpMyAdmin/setup/?token=e3b76e79c6e37df44be175309467fcdc&version_check=1 HTTP/1.1" 200 12687 "-" "Mozilla/5.0 (compatible; SemrushBot/7~bl; +http://www.semrush.com/bot.html)" "tekmedicgloves.com"
185.191.171.40 - - [05/Oct/2022:22:29:27 -0700] "GET /phpMyAdmin/setup/?token=cd0e02db07ee267ea07fb1289728e167&version_check=1 HTTP/1.1" 200 12691 "-" "Mozilla/5.0 (compatible; SemrushBot/7~bl; +http://www.semrush.com/bot.html)" "www.tekmedicgloves.com"
185.191.171.45 - - [05/Oct/2022:22:30:21 -0700] "GET /phpMyAdmin/setup/?token=02705d0f78188cdefb721be84b3fbac9&version_check=1 HTTP/1.1" 200 12691 "-" "Mozilla/5.0 (compatible; SemrushBot/7~bl; +http://www.semrush.com/bot.html)" "www.tekmedicgloves.com"
185.191.171.24 - - [05/Oct/2022:22:31:23 -0700] "GET /phpMyAdmin/setup/?token=0d3c949cdf57761d1e492e013b81037f&version_check=1 HTTP/1.1" 200 12687 "-" "Mozilla/5.0 (compatible; SemrushBot/7~bl; +http://www.semrush.com/bot.html)" "tekmedicgloves.com"
185.191.171.7 - - [05/Oct/2022:22:31:48 -0700] "GET /phpMyAdmin/setup/?token=f3b0387732656e4e84cca109220cf1bf&version_check=1 HTTP/1.1" 200 12687 "-" "Mozilla/5.0 (compatible; SemrushBot/7~bl; +http://www.semrush.com/bot.html)" "tekmedicgloves.com"
50.21.188.57 - - [05/Oct/2022:22:31:52 -0700] "GET /phpMyAdmin/changelog.php HTTP/1.1" 200 7540 "-" "IonCrawl (https://www.ionos.de/terms-gtc/faq-crawler-en/)" "tekmedicgloves.com"
50.21.188.59 - - [05/Oct/2022:22:31:52 -0700] "GET /beta/products.php?cat=21 HTTP/1.1" 200 38812 "-" "IonCrawl (https://www.ionos.de/terms-gtc/faq-crawler-en/)" "tekmedicgloves.com"
50.21.188.57 - - [05/Oct/2022:22:31:53 -0700] "GET /beta/products.php?cat=24 HTTP/1.1" 200 42544 "-" "IonCrawl (https://www.ionos.de/terms-gtc/faq-crawler-en/)" "tekmedicgloves.com"
50.21.188.57 - - [05/Oct/2022:22:31:54 -0700] "GET /phpMyAdmin/index.php HTTP/1.1" 200 7540 "-" "IonCrawl (https://www.ionos.de/terms-gtc/faq-crawler-en/)" "tekmedicgloves.com"
50.21.188.58 - - [05/Oct/2022:22:31:55 -0700] "GET /beta/products.php?cat=20 HTTP/1.1" 200 37670 "-" "IonCrawl (https://www.ionos.de/terms-gtc/faq-crawler-en/)" "tekmedicgloves.com"
50.21.188.57 - - [05/Oct/2022:22:31:56 -0700] "GET /beta/products.php?cat=22 HTTP/1.1" 200 38826 "-" "IonCrawl (https://www.ionos.de/terms-gtc/faq-crawler-en/)" "tekmedicgloves.com"
50.21.188.60 - - [05/Oct/2022:22:31:56 -0700] "GET /beta/page.php?pg=2 HTTP/1.1" 200 28123 "-" "IonCrawl (https://www.ionos.de/terms-gtc/faq-crawler-en/)" "tekmedicgloves.com"
50.21.188.59 - - [05/Oct/2022:22:31:58 -0700] "GET /beta/market.php?id=8 HTTP/1.1" 200 6349 "-" "IonCrawl (https://www.ionos.de/terms-gtc/faq-crawler-en/)" "tekmedicgloves.com"
50.21.188.58 - - [05/Oct/2022:22:31:59 -0700] "GET /phpMyAdmin/license.php HTTP/1.1" 200 7540 "-" "IonCrawl (https://www.ionos.de/terms-gtc/faq-crawler-en/)" "tekmedicgloves.com"
50.21.188.59 - - [05/Oct/2022:22:32:00 -0700] "GET /beta/products.php?cat=23 HTTP/1.1" 200 38758 "-" "IonCrawl (https://www.ionos.de/terms-gtc/faq-crawler-en/)" "tekmedicgloves.com"
50.21.188.58 - - [05/Oct/2022:22:32:01 -0700] "GET /beta/contacts.php HTTP/1.1" 200 24038 "-" "IonCrawl (https://www.ionos.de/terms-gtc/faq-crawler-en/)" "tekmedicgloves.com"
50.21.188.58 - - [05/Oct/2022:22:32:03 -0700] "GET /phpMyAdmin/url.php?url=http%3A%2F%2Fwww.phpmyadmin.net%2F&lang=en&token=87b83b019c8d345ec2aa30748cfd6e25 HTTP/1.1" 200 7540 "-" "IonCrawl (https://www.ionos.de/terms-gtc/faq-crawler-en/)" "tekmedicgloves.com"
50.21.188.57 - - [05/Oct/2022:22:32:03 -0700] "GET /phpMyAdmin/setup/ HTTP/1.1" 200 12569 "-" "IonCrawl (https://www.ionos.de/terms-gtc/faq-crawler-en/)" "tekmedicgloves.com"
50.21.188.57 - - [05/Oct/2022:22:32:04 -0700] "GET /beta/index.php HTTP/1.1" 200 161 "-" "IonCrawl (https://www.ionos.de/terms-gtc/faq-crawler-en/)" "tekmedicgloves.com"
50.21.188.57 - - [05/Oct/2022:22:32:08 -0700] "GET /beta/market.php?id=7 HTTP/1.1" 200 6349 "-" "IonCrawl (https://www.ionos.de/terms-gtc/faq-crawler-en/)" "tekmedicgloves.com"
50.21.188.60 - - [05/Oct/2022:22:32:09 -0700] "GET /phpMyAdmin/LICENSE HTTP/1.1" 200 18011 "-" "IonCrawl (https://www.ionos.de/terms-gtc/faq-crawler-en/)" "tekmedicgloves.com"
185.191.171.38 - - [05/Oct/2022:22:32:10 -0700] "GET /phpMyAdmin/setup/?token=e72485f2731845717ee688008d580eca&version_check=1 HTTP/1.1" 200 12687 "-" "Mozilla/5.0 (compatible; SemrushBot/7~bl; +http://www.semrush.com/bot.html)" "tekmedicgloves.com"
185.191.171.14 - - [05/Oct/2022:22:32:23 -0700] "GET /phpMyAdmin/setup/?token=e8ee88beff729411c8c9345f78d6f5b6&version_check=1 HTTP/1.1" 200 12687 "-" "Mozilla/5.0 (compatible; SemrushBot/7~bl; +http://www.semrush.com/bot.html)" "tekmedicgloves.com"
185.191.171.40 - - [05/Oct/2022:22:32:31 -0700] "GET /phpMyAdmin/setup/?token=f16252bca03f76375a756b6c76d3bf97&version_check=1 HTTP/1.1" 200 12687 "-" "Mozilla/5.0 (compatible; SemrushBot/7~bl; +http://www.semrush.com/bot.html)" "tekmedicgloves.com"
185.191.171.2 - - [05/Oct/2022:22:32:32 -0700] "GET /phpMyAdmin/setup/?token=0fbc600c282929890574a03e625b35a9&version_check=1 HTTP/1.1" 200 12691 "-" "Mozilla/5.0 (compatible; SemrushBot/7~bl; +http://www.semrush.com/bot.html)" "www.tekmedicgloves.com"
185.191.171.14 - - [05/Oct/2022:22:32:38 -0700] "GET /phpMyAdmin/setup/?token=f9f392e2a710d8e6bacb0e3e30e356f8&version_check=1 HTTP/1.1" 200 12691 "-" "Mozilla/5.0 (compatible; SemrushBot/7~bl; +http://www.semrush.com/bot.html)" "www.tekmedicgloves.com"
185.191.171.44 - - [05/Oct/2022:22:32:41 -0700] "GET /phpMyAdmin/setup/?token=0212b965986b51899a9c172d65adc335&version_check=1 HTTP/1.1" 200 12691 "-" "Mozilla/5.0 (compatible; SemrushBot/7~bl; +http://www.semrush.com/bot.html)" "www.tekmedicgloves.com"
185.191.171.7 - - [05/Oct/2022:22:33:10 -0700] "GET /phpMyAdmin/setup/?token=16ece702d165fbdd25cb2365d6b1fee8&version_check=1 HTTP/1.1" 200 12687 "-" "Mozilla/5.0 (compatible; SemrushBot/7~bl; +http://www.semrush.com/bot.html)" "tekmedicgloves.com"
185.191.171.45 - - [05/Oct/2022:22:33:11 -0700] "GET /phpMyAdmin/setup/?token=02f928ce62a6fe005980dc566d2280e9&version_check=1 HTTP/1.1" 200 12691 "-" "Mozilla/5.0 (compatible; SemrushBot/7~bl; +http://www.semrush.com/bot.html)" "www.tekmedicgloves.com"
185.191.171.43 - - [05/Oct/2022:22:33:16 -0700] "GET /phpMyAdmin/setup/?token=0694553ece7dd3af0cdec0c1a9c2de33&version_check=1 HTTP/1.1" 200 12687 "-" "Mozilla/5.0 (compatible; SemrushBot/7~bl; +http://www.semrush.com/bot.html)" "tekmedicgloves.com"
