185.191.171.14 - - [06/Oct/2022:05:06:10 -0700] "GET /phpMyAdmin/setup/?token=ffe6fe0db93c6a80e23ae58ca0face25&version_check=1 HTTP/1.1" 200 12687 "-" "Mozilla/5.0 (compatible; SemrushBot/7~bl; +http://www.semrush.com/bot.html)" "tekmedicgloves.com"
185.191.171.42 - - [06/Oct/2022:05:06:32 -0700] "GET /phpMyAdmin/setup/?token=1699209a4770dfade9e19503d1eefba5&version_check=1 HTTP/1.1" 200 12687 "-" "Mozilla/5.0 (compatible; SemrushBot/7~bl; +http://www.semrush.com/bot.html)" "tekmedicgloves.com"
185.191.171.42 - - [06/Oct/2022:05:06:49 -0700] "GET /phpMyAdmin/setup/?token=c103ed130f5da2d12c7a2d17096c6a03&version_check=1 HTTP/1.1" 200 12691 "-" "Mozilla/5.0 (compatible; SemrushBot/7~bl; +http://www.semrush.com/bot.html)" "www.tekmedicgloves.com"
185.191.171.42 - - [06/Oct/2022:05:06:51 -0700] "GET /phpMyAdmin/setup/?token=fad2483e50a385546d3452de59df3352&version_check=1 HTTP/1.1" 200 12691 "-" "Mozilla/5.0 (compatible; SemrushBot/7~bl; +http://www.semrush.com/bot.html)" "www.tekmedicgloves.com"
185.191.171.35 - - [06/Oct/2022:05:07:05 -0700] "GET /phpMyAdmin/setup/?token=e20100109784c704a55e629bedd3ed3a&version_check=1 HTTP/1.1" 200 12687 "-" "Mozilla/5.0 (compatible; SemrushBot/7~bl; +http://www.semrush.com/bot.html)" "tekmedicgloves.com"
185.191.171.38 - - [06/Oct/2022:05:07:10 -0700] "GET /phpMyAdmin/setup/?token=0cb329fecebf3862c847ef4083a97740&version_check=1 HTTP/1.1" 200 12691 "-" "Mozilla/5.0 (compatible; SemrushBot/7~bl; +http://www.semrush.com/bot.html)" "www.tekmedicgloves.com"
185.191.171.12 - - [06/Oct/2022:05:07:44 -0700] "GET /phpMyAdmin/setup/?token=e6f9b5b9cd7b1c45e10ff9653ddee81b&version_check=1 HTTP/1.1" 200 12691 "-" "Mozilla/5.0 (compatible; SemrushBot/7~bl; +http://www.semrush.com/bot.html)" "www.tekmedicgloves.com"
185.191.171.12 - - [06/Oct/2022:05:07:44 -0700] "GET /phpMyAdmin/setup/?token=f2c815c9779247212723ff424916b4ed&version_check=1 HTTP/1.1" 200 12687 "-" "Mozilla/5.0 (compatible; SemrushBot/7~bl; +http://www.semrush.com/bot.html)" "tekmedicgloves.com"
185.191.171.2 - - [06/Oct/2022:05:07:46 -0700] "GET /phpMyAdmin/setup/?token=e29289904e9ee6306717b0c23a5d0a51&version_check=1 HTTP/1.1" 200 12687 "-" "Mozilla/5.0 (compatible; SemrushBot/7~bl; +http://www.semrush.com/bot.html)" "tekmedicgloves.com"
185.191.171.25 - - [06/Oct/2022:05:09:18 -0700] "GET /phpMyAdmin/setup/?token=e3b3b1e8ec8aea74616b390b6a90dae5&version_check=1 HTTP/1.1" 200 12687 "-" "Mozilla/5.0 (compatible; SemrushBot/7~bl; +http://www.semrush.com/bot.html)" "tekmedicgloves.com"
185.191.171.44 - - [06/Oct/2022:05:09:58 -0700] "GET /phpMyAdmin/setup/?token=02e0b4d03d8aa5897bda4908d1767d63&version_check=1 HTTP/1.1" 200 12691 "-" "Mozilla/5.0 (compatible; SemrushBot/7~bl; +http://www.semrush.com/bot.html)" "www.tekmedicgloves.com"
185.191.171.26 - - [06/Oct/2022:05:10:01 -0700] "GET /phpMyAdmin/setup/?token=f1da86d1f9c4c4100432849809a90f6b&version_check=1 HTTP/1.1" 200 12691 "-" "Mozilla/5.0 (compatible; SemrushBot/7~bl; +http://www.semrush.com/bot.html)" "www.tekmedicgloves.com"
185.191.171.2 - - [06/Oct/2022:05:10:09 -0700] "GET /phpMyAdmin/setup/?token=f4a204d2f92afeaba6b1549f0b883cf4&version_check=1 HTTP/1.1" 200 12687 "-" "Mozilla/5.0 (compatible; SemrushBot/7~bl; +http://www.semrush.com/bot.html)" "tekmedicgloves.com"
185.191.171.45 - - [06/Oct/2022:05:10:22 -0700] "GET /phpMyAdmin/setup/?token=e3e939181bc1e9f6a951d13a6b21ea0e&version_check=1 HTTP/1.1" 200 12687 "-" "Mozilla/5.0 (compatible; SemrushBot/7~bl; +http://www.semrush.com/bot.html)" "tekmedicgloves.com"
185.191.171.22 - - [06/Oct/2022:05:10:24 -0700] "GET /phpMyAdmin/setup/?token=f06e5e097e5cea201260150a76b22f2b&version_check=1 HTTP/1.1" 200 12687 "-" "Mozilla/5.0 (compatible; SemrushBot/7~bl; +http://www.semrush.com/bot.html)" "tekmedicgloves.com"
185.191.171.35 - - [06/Oct/2022:05:10:43 -0700] "GET /phpMyAdmin/setup/?token=0ca43331b990a8db6f6105cae369b90e&version_check=1 HTTP/1.1" 200 12691 "-" "Mozilla/5.0 (compatible; SemrushBot/7~bl; +http://www.semrush.com/bot.html)" "www.tekmedicgloves.com"
185.191.171.43 - - [06/Oct/2022:05:10:45 -0700] "GET /phpMyAdmin/setup/?token=efc837911842cc66ab5b1d2b59728bc8&version_check=1 HTTP/1.1" 200 12687 "-" "Mozilla/5.0 (compatible; SemrushBot/7~bl; +http://www.semrush.com/bot.html)" "tekmedicgloves.com"
185.191.171.6 - - [06/Oct/2022:05:10:46 -0700] "GET /phpMyAdmin/setup/?token=ffbc53742c1457b05e6813ac7b58b1b8&version_check=1 HTTP/1.1" 200 12691 "-" "Mozilla/5.0 (compatible; SemrushBot/7~bl; +http://www.semrush.com/bot.html)" "www.tekmedicgloves.com"
185.191.171.1 - - [06/Oct/2022:05:10:48 -0700] "GET /phpMyAdmin/setup/?token=077ac973a2347aefd38fe8eb757c56ef&version_check=1 HTTP/1.1" 200 12691 "-" "Mozilla/5.0 (compatible; SemrushBot/7~bl; +http://www.semrush.com/bot.html)" "www.tekmedicgloves.com"
185.191.171.33 - - [06/Oct/2022:05:11:05 -0700] "GET /phpMyAdmin/setup/?token=e50fe1aea7f49485922b5ca624ef6edf&version_check=1 HTTP/1.1" 200 12687 "-" "Mozilla/5.0 (compatible; SemrushBot/7~bl; +http://www.semrush.com/bot.html)" "tekmedicgloves.com"
185.191.171.18 - - [06/Oct/2022:05:11:22 -0700] "GET /phpMyAdmin/setup/?token=025ed26d95ebacf7da2855fb2780e975&version_check=1 HTTP/1.1" 200 12687 "-" "Mozilla/5.0 (compatible; SemrushBot/7~bl; +http://www.semrush.com/bot.html)" "tekmedicgloves.com"
185.191.171.11 - - [06/Oct/2022:05:11:25 -0700] "GET /phpMyAdmin/setup/?token=ca47afb3924478856958adbc6d838950&version_check=1 HTTP/1.1" 200 12691 "-" "Mozilla/5.0 (compatible; SemrushBot/7~bl; +http://www.semrush.com/bot.html)" "www.tekmedicgloves.com"
185.191.171.13 - - [06/Oct/2022:05:11:28 -0700] "GET /phpMyAdmin/setup/?token=08cdeca0d5000059a6d97d45b353473c&version_check=1 HTTP/1.1" 200 12691 "-" "Mozilla/5.0 (compatible; SemrushBot/7~bl; +http://www.semrush.com/bot.html)" "www.tekmedicgloves.com"
185.191.171.16 - - [06/Oct/2022:05:12:30 -0700] "GET /phpMyAdmin/setup/?token=e5201bfd34def224e8e18ad4565c4b9c&version_check=1 HTTP/1.1" 200 12687 "-" "Mozilla/5.0 (compatible; SemrushBot/7~bl; +http://www.semrush.com/bot.html)" "tekmedicgloves.com"
185.191.171.24 - - [06/Oct/2022:05:13:11 -0700] "GET /phpMyAdmin/setup/?token=0299d85c8a563e95822d673e59058506&version_check=1 HTTP/1.1" 200 12691 "-" "Mozilla/5.0 (compatible; SemrushBot/7~bl; +http://www.semrush.com/bot.html)" "www.tekmedicgloves.com"
185.191.171.4 - - [06/Oct/2022:05:13:13 -0700] "GET /phpMyAdmin/setup/?token=0a5fb81792917bf8556a30d6c6809aa2&version_check=1 HTTP/1.1" 200 12687 "-" "Mozilla/5.0 (compatible; SemrushBot/7~bl; +http://www.semrush.com/bot.html)" "tekmedicgloves.com"
185.191.171.10 - - [06/Oct/2022:05:13:22 -0700] "GET /phpMyAdmin/setup/?token=f427044a266bfe4868dc38bb82e5e3ff&version_check=1 HTTP/1.1" 200 12691 "-" "Mozilla/5.0 (compatible; SemrushBot/7~bl; +http://www.semrush.com/bot.html)" "www.tekmedicgloves.com"
185.191.171.25 - - [06/Oct/2022:05:13:29 -0700] "GET /phpMyAdmin/setup/?token=dfbc56babc79d6b5f81028b7ed27d89e&version_check=1 HTTP/1.1" 200 12691 "-" "Mozilla/5.0 (compatible; SemrushBot/7~bl; +http://www.semrush.com/bot.html)" "www.tekmedicgloves.com"
185.191.171.12 - - [06/Oct/2022:05:13:30 -0700] "GET /phpMyAdmin/setup/?token=e6ec65163849463ef62fad99247fbdd6&version_check=1 HTTP/1.1" 200 12687 "-" "Mozilla/5.0 (compatible; SemrushBot/7~bl; +http://www.semrush.com/bot.html)" "tekmedicgloves.com"
185.191.171.3 - - [06/Oct/2022:05:13:31 -0700] "GET /phpMyAdmin/setup/?token=f8636ff9cbcc190bd5bc569555731992&version_check=1 HTTP/1.1" 200 12691 "-" "Mozilla/5.0 (compatible; SemrushBot/7~bl; +http://www.semrush.com/bot.html)" "www.tekmedicgloves.com"
185.191.171.12 - - [06/Oct/2022:05:13:38 -0700] "GET /phpMyAdmin/setup/?token=0813ec28423a9fb90ee19f39ac79cc2d&version_check=1 HTTP/1.1" 200 12687 "-" "Mozilla/5.0 (compatible; SemrushBot/7~bl; +http://www.semrush.com/bot.html)" "tekmedicgloves.com"
185.191.171.44 - - [06/Oct/2022:05:14:10 -0700] "GET /phpMyAdmin/setup/?token=f613fe7119c4050dfc5d1f45e325155d&version_check=1 HTTP/1.1" 200 12687 "-" "Mozilla/5.0 (compatible; SemrushBot/7~bl; +http://www.semrush.com/bot.html)" "tekmedicgloves.com"
185.191.171.16 - - [06/Oct/2022:05:14:25 -0700] "GET /phpMyAdmin/setup/?token=f2136e944dece719bea6cb2aafb7c5c7&version_check=1 HTTP/1.1" 200 12687 "-" "Mozilla/5.0 (compatible; SemrushBot/7~bl; +http://www.semrush.com/bot.html)" "tekmedicgloves.com"
185.191.171.15 - - [06/Oct/2022:05:14:33 -0700] "GET /phpMyAdmin/setup/?token=fd847fb0df3f063a22a60ca22194b862&version_check=1 HTTP/1.1" 200 12691 "-" "Mozilla/5.0 (compatible; SemrushBot/7~bl; +http://www.semrush.com/bot.html)" "www.tekmedicgloves.com"
185.191.171.4 - - [06/Oct/2022:05:14:40 -0700] "GET /phpMyAdmin/setup/?token=bd7cf7af2d104d41a0154ef703a5e442&version_check=1 HTTP/1.1" 200 12691 "-" "Mozilla/5.0 (compatible; SemrushBot/7~bl; +http://www.semrush.com/bot.html)" "www.tekmedicgloves.com"
185.191.171.23 - - [06/Oct/2022:05:14:42 -0700] "GET /phpMyAdmin/setup/?token=ee12998c7c61fcd4490a41afd2a21aab&version_check=1 HTTP/1.1" 200 12687 "-" "Mozilla/5.0 (compatible; SemrushBot/7~bl; +http://www.semrush.com/bot.html)" "tekmedicgloves.com"
185.191.171.9 - - [06/Oct/2022:05:15:41 -0700] "GET /phpMyAdmin/setup/?token=c8e81b47966f1649f60df370507cca7d&version_check=1 HTTP/1.1" 200 12691 "-" "Mozilla/5.0 (compatible; SemrushBot/7~bl; +http://www.semrush.com/bot.html)" "www.tekmedicgloves.com"
185.191.171.20 - - [06/Oct/2022:05:16:11 -0700] "GET /phpMyAdmin/setup/?token=eedf32ff5d9f8afa585caaebd8a34b88&version_check=1 HTTP/1.1" 200 12691 "-" "Mozilla/5.0 (compatible; SemrushBot/7~bl; +http://www.semrush.com/bot.html)" "www.tekmedicgloves.com"
185.191.171.14 - - [06/Oct/2022:05:16:20 -0700] "GET /phpMyAdmin/setup/?token=e3d0c9b52a3afa055fb69a4ec685ea6e&version_check=1 HTTP/1.1" 200 12687 "-" "Mozilla/5.0 (compatible; SemrushBot/7~bl; +http://www.semrush.com/bot.html)" "tekmedicgloves.com"
185.191.171.16 - - [06/Oct/2022:05:16:21 -0700] "GET /phpMyAdmin/setup/?token=0dbddea3809f77fad4cefb5ace4d3056&version_check=1 HTTP/1.1" 200 12691 "-" "Mozilla/5.0 (compatible; SemrushBot/7~bl; +http://www.semrush.com/bot.html)" "www.tekmedicgloves.com"
185.191.171.3 - - [06/Oct/2022:05:16:49 -0700] "GET /phpMyAdmin/setup/?token=e8fe5676d7de6af7e52ffb09e8d85bac&version_check=1 HTTP/1.1" 200 12687 "-" "Mozilla/5.0 (compatible; SemrushBot/7~bl; +http://www.semrush.com/bot.html)" "tekmedicgloves.com"
185.191.171.33 - - [06/Oct/2022:05:17:02 -0700] "GET /phpMyAdmin/setup/?token=00eede55d1656c50f14c1e48a5fb4951&version_check=1 HTTP/1.1" 200 12691 "-" "Mozilla/5.0 (compatible; SemrushBot/7~bl; +http://www.semrush.com/bot.html)" "www.tekmedicgloves.com"
185.191.171.21 - - [06/Oct/2022:05:17:08 -0700] "GET /phpMyAdmin/setup/?token=fb7d5a00af4704443654ad64f9269611&version_check=1 HTTP/1.1" 200 12687 "-" "Mozilla/5.0 (compatible; SemrushBot/7~bl; +http://www.semrush.com/bot.html)" "tekmedicgloves.com"
185.191.171.12 - - [06/Oct/2022:05:17:10 -0700] "GET /phpMyAdmin/setup/?token=e8f5ec4947f312b0883f7d82850574b5&version_check=1 HTTP/1.1" 200 12687 "-" "Mozilla/5.0 (compatible; SemrushBot/7~bl; +http://www.semrush.com/bot.html)" "tekmedicgloves.com"
185.191.171.17 - - [06/Oct/2022:05:17:30 -0700] "GET /phpMyAdmin/setup/?token=e206d2e2635e6789f94ab931f2da5d3a&version_check=1 HTTP/1.1" 200 12687 "-" "Mozilla/5.0 (compatible; SemrushBot/7~bl; +http://www.semrush.com/bot.html)" "tekmedicgloves.com"
185.191.171.33 - - [06/Oct/2022:05:17:34 -0700] "GET /phpMyAdmin/setup/?token=fb7fe37edca55ce769a9d2a0a01b0578&version_check=1 HTTP/1.1" 200 12687 "-" "Mozilla/5.0 (compatible; SemrushBot/7~bl; +http://www.semrush.com/bot.html)" "tekmedicgloves.com"
185.191.171.10 - - [06/Oct/2022:05:17:56 -0700] "GET /phpMyAdmin/setup/?token=0e10ae029e51c4ec484efdfd1963d759&version_check=1 HTTP/1.1" 200 12691 "-" "Mozilla/5.0 (compatible; SemrushBot/7~bl; +http://www.semrush.com/bot.html)" "www.tekmedicgloves.com"
185.191.171.14 - - [06/Oct/2022:05:18:14 -0700] "GET /phpMyAdmin/setup/?token=d0263c73b92b90328a3903c9d7e6bc78&version_check=1 HTTP/1.1" 200 12691 "-" "Mozilla/5.0 (compatible; SemrushBot/7~bl; +http://www.semrush.com/bot.html)" "www.tekmedicgloves.com"
185.191.171.25 - - [06/Oct/2022:05:18:16 -0700] "GET /phpMyAdmin/setup/?token=f61a1b2f4fc8b0a4bff6d01c97be7569&version_check=1 HTTP/1.1" 200 12687 "-" "Mozilla/5.0 (compatible; SemrushBot/7~bl; +http://www.semrush.com/bot.html)" "tekmedicgloves.com"
185.191.171.13 - - [06/Oct/2022:05:18:18 -0700] "GET /phpMyAdmin/setup/?token=f4475046b7eb636944bb866970abf1e6&version_check=1 HTTP/1.1" 200 12691 "-" "Mozilla/5.0 (compatible; SemrushBot/7~bl; +http://www.semrush.com/bot.html)" "www.tekmedicgloves.com"
185.191.171.42 - - [06/Oct/2022:05:18:29 -0700] "GET /phpMyAdmin/setup/?token=07c37e42d6b2fe018673a711befb0d85&version_check=1 HTTP/1.1" 200 12691 "-" "Mozilla/5.0 (compatible; SemrushBot/7~bl; +http://www.semrush.com/bot.html)" "www.tekmedicgloves.com"
185.191.171.9 - - [06/Oct/2022:05:18:30 -0700] "GET /phpMyAdmin/setup/?token=fbc271694c1ead880ee24625f4258f15&version_check=1 HTTP/1.1" 200 12691 "-" "Mozilla/5.0 (compatible; SemrushBot/7~bl; +http://www.semrush.com/bot.html)" "www.tekmedicgloves.com"
185.191.171.11 - - [06/Oct/2022:05:19:09 -0700] "GET /phpMyAdmin/setup/?token=a6fc1e0dafdec1c83117b77549bf7c71&version_check=1 HTTP/1.1" 200 12687 "-" "Mozilla/5.0 (compatible; SemrushBot/7~bl; +http://www.semrush.com/bot.html)" "tekmedicgloves.com"
185.191.171.24 - - [06/Oct/2022:05:19:12 -0700] "GET /phpMyAdmin/setup/?token=0549bbe2b13e945af2aa3fff4e91340f&version_check=1 HTTP/1.1" 200 12691 "-" "Mozilla/5.0 (compatible; SemrushBot/7~bl; +http://www.semrush.com/bot.html)" "www.tekmedicgloves.com"
185.191.171.18 - - [06/Oct/2022:05:19:25 -0700] "GET /phpMyAdmin/setup/?token=ec8117fdf8fec123ac2ae68e9910c5b3&version_check=1 HTTP/1.1" 200 12691 "-" "Mozilla/5.0 (compatible; SemrushBot/7~bl; +http://www.semrush.com/bot.html)" "www.tekmedicgloves.com"
185.191.171.43 - - [06/Oct/2022:05:19:30 -0700] "GET /phpMyAdmin/setup/?token=e596200770a80b05798d853683cec919&version_check=1 HTTP/1.1" 200 12687 "-" "Mozilla/5.0 (compatible; SemrushBot/7~bl; +http://www.semrush.com/bot.html)" "tekmedicgloves.com"
185.191.171.38 - - [06/Oct/2022:05:19:42 -0700] "GET /phpMyAdmin/setup/?token=11f046259dbc6dc3e9b44cbda77be3b8&version_check=1 HTTP/1.1" 200 12687 "-" "Mozilla/5.0 (compatible; SemrushBot/7~bl; +http://www.semrush.com/bot.html)" "tekmedicgloves.com"
185.191.171.8 - - [06/Oct/2022:05:19:58 -0700] "GET /phpMyAdmin/setup/?token=f202050e5668bf6d3eda6f9177575ed6&version_check=1 HTTP/1.1" 200 12691 "-" "Mozilla/5.0 (compatible; SemrushBot/7~bl; +http://www.semrush.com/bot.html)" "www.tekmedicgloves.com"
185.191.171.5 - - [06/Oct/2022:05:20:32 -0700] "GET /phpMyAdmin/setup/?token=f134ba4c42757d8b947de42debe4ae8b&version_check=1 HTTP/1.1" 200 12691 "-" "Mozilla/5.0 (compatible; SemrushBot/7~bl; +http://www.semrush.com/bot.html)" "www.tekmedicgloves.com"
185.191.171.42 - - [06/Oct/2022:05:20:35 -0700] "GET /phpMyAdmin/setup/?token=e6c8a58f2aeb5361a34127c756f38f4e&version_check=1 HTTP/1.1" 200 12687 "-" "Mozilla/5.0 (compatible; SemrushBot/7~bl; +http://www.semrush.com/bot.html)" "tekmedicgloves.com"
185.191.171.12 - - [06/Oct/2022:05:20:44 -0700] "GET /phpMyAdmin/setup/?token=f81e54fcbde44e08ff90bbd94541d06b&version_check=1 HTTP/1.1" 200 12687 "-" "Mozilla/5.0 (compatible; SemrushBot/7~bl; +http://www.semrush.com/bot.html)" "tekmedicgloves.com"
185.191.171.25 - - [06/Oct/2022:05:20:54 -0700] "GET /phpMyAdmin/setup/?token=c01365d7451c8b6f52fb42e30f8b3481&version_check=1 HTTP/1.1" 200 12691 "-" "Mozilla/5.0 (compatible; SemrushBot/7~bl; +http://www.semrush.com/bot.html)" "www.tekmedicgloves.com"
109.63.112.131 - - [06/Oct/2022:05:21:16 -0700] "GET /beta/products.php?cat=22&id=14 HTTP/1.1" 200 55229 "https://search.yahoo.com/" "Mozilla/5.0 (Windows NT 10.0; Win64; x64) AppleWebKit/537.36 (KHTML, like Gecko) Chrome/106.0.0.0 Safari/537.36" "tekmedicgloves.com"
109.63.112.131 - - [06/Oct/2022:05:21:17 -0700] "GET /beta/wp-content/themes/theme48838/bootstrap/css/bootstrap.css HTTP/1.1" 200 15793 "http://tekmedicgloves.com/beta/products.php?cat=22&id=14" "Mozilla/5.0 (Windows NT 10.0; Win64; x64) AppleWebKit/537.36 (KHTML, like Gecko) Chrome/106.0.0.0 Safari/537.36" "tekmedicgloves.com"
109.63.112.131 - - [06/Oct/2022:05:21:17 -0700] "GET /beta/wp-content/themes/theme48838/bootstrap/css/responsive.css HTTP/1.1" 200 4226 "http://tekmedicgloves.com/beta/products.php?cat=22&id=14" "Mozilla/5.0 (Windows NT 10.0; Win64; x64) AppleWebKit/537.36 (KHTML, like Gecko) Chrome/106.0.0.0 Safari/537.36" "tekmedicgloves.com"
109.63.112.131 - - [06/Oct/2022:05:21:17 -0700] "GET /beta/wp-content/themes/theme48838/style.css HTTP/1.1" 200 243 "http://tekmedicgloves.com/beta/products.php?cat=22&id=14" "Mozilla/5.0 (Windows NT 10.0; Win64; x64) AppleWebKit/537.36 (KHTML, like Gecko) Chrome/106.0.0.0 Safari/537.36" "tekmedicgloves.com"
109.63.112.131 - - [06/Oct/2022:05:21:17 -0700] "GET /beta/wp-content/themes/CherryFramework/css/camera.css HTTP/1.1" 200 3117 "http://tekmedicgloves.com/beta/products.php?cat=22&id=14" "Mozilla/5.0 (Windows NT 10.0; Win64; x64) AppleWebKit/537.36 (KHTML, like Gecko) Chrome/106.0.0.0 Safari/537.36" "tekmedicgloves.com"
109.63.112.131 - - [06/Oct/2022:05:21:17 -0700] "GET /beta/wp-content/plugins/cherry-plugin/lib/js/owl-carousel/owl.carousel.css HTTP/1.1" 200 1119 "http://tekmedicgloves.com/beta/products.php?cat=22&id=14" "Mozilla/5.0 (Windows NT 10.0; Win64; x64) AppleWebKit/537.36 (KHTML, like Gecko) Chrome/106.0.0.0 Safari/537.36" "tekmedicgloves.com"
109.63.112.131 - - [06/Oct/2022:05:21:17 -0700] "GET /beta/wp-content/plugins/cherry-plugin/lib/js/FlexSlider/flexslider.css HTTP/1.1" 200 1323 "http://tekmedicgloves.com/beta/products.php?cat=22&id=14" "Mozilla/5.0 (Windows NT 10.0; Win64; x64) AppleWebKit/537.36 (KHTML, like Gecko) Chrome/106.0.0.0 Safari/537.36" "tekmedicgloves.com"
109.63.112.131 - - [06/Oct/2022:05:21:17 -0700] "GET /beta/wp-content/plugins/cherry-plugin/lib/js/owl-carousel/owl.theme.css HTTP/1.1" 200 606 "http://tekmedicgloves.com/beta/products.php?cat=22&id=14" "Mozilla/5.0 (Windows NT 10.0; Win64; x64) AppleWebKit/537.36 (KHTML, like Gecko) Chrome/106.0.0.0 Safari/537.36" "tekmedicgloves.com"
109.63.112.131 - - [06/Oct/2022:05:21:17 -0700] "GET /beta/wp-content/plugins/contact-form-7/includes/css/styles.css HTTP/1.1" 200 392 "http://tekmedicgloves.com/beta/products.php?cat=22&id=14" "Mozilla/5.0 (Windows NT 10.0; Win64; x64) AppleWebKit/537.36 (KHTML, like Gecko) Chrome/106.0.0.0 Safari/537.36" "tekmedicgloves.com"
109.63.112.131 - - [06/Oct/2022:05:21:17 -0700] "GET /beta/wp-content/themes/theme48838/main-style.css HTTP/1.1" 200 4849 "http://tekmedicgloves.com/beta/products.php?cat=22&id=14" "Mozilla/5.0 (Windows NT 10.0; Win64; x64) AppleWebKit/537.36 (KHTML, like Gecko) Chrome/106.0.0.0 Safari/537.36" "tekmedicgloves.com"
109.63.112.131 - - [06/Oct/2022:05:21:17 -0700] "GET /beta/wp-content/plugins/cherry-plugin/includes/css/cherry-plugin.css HTTP/1.1" 200 4752 "http://tekmedicgloves.com/beta/products.php?cat=22&id=14" "Mozilla/5.0 (Windows NT 10.0; Win64; x64) AppleWebKit/537.36 (KHTML, like Gecko) Chrome/106.0.0.0 Safari/537.36" "tekmedicgloves.com"
109.63.112.131 - - [06/Oct/2022:05:21:17 -0700] "GET /beta/wp-content/themes/CherryFramework/css/magnific-popup.css HTTP/1.1" 200 2166 "http://tekmedicgloves.com/beta/products.php?cat=22&id=14" "Mozilla/5.0 (Windows NT 10.0; Win64; x64) AppleWebKit/537.36 (KHTML, like Gecko) Chrome/106.0.0.0 Safari/537.36" "tekmedicgloves.com"
109.63.112.131 - - [06/Oct/2022:05:21:17 -0700] "GET /beta/wp-includes/js/comment-reply.min.js HTTP/1.1" 404 88 "http://tekmedicgloves.com/beta/products.php?cat=22&id=14" "Mozilla/5.0 (Windows NT 10.0; Win64; x64) AppleWebKit/537.36 (KHTML, like Gecko) Chrome/106.0.0.0 Safari/537.36" "tekmedicgloves.com"
109.63.112.131 - - [06/Oct/2022:05:21:17 -0700] "GET /beta/wp-includes/js/swfobject.js HTTP/1.1" 404 88 "http://tekmedicgloves.com/beta/products.php?cat=22&id=14" "Mozilla/5.0 (Windows NT 10.0; Win64; x64) AppleWebKit/537.36 (KHTML, like Gecko) Chrome/106.0.0.0 Safari/537.36" "tekmedicgloves.com"
109.63.112.131 - - [06/Oct/2022:05:21:17 -0700] "GET /beta/wp-content/themes/CherryFramework/js/jflickrfeed.js HTTP/1.1" 200 560 "http://tekmedicgloves.com/beta/products.php?cat=22&id=14" "Mozilla/5.0 (Windows NT 10.0; Win64; x64) AppleWebKit/537.36 (KHTML, like Gecko) Chrome/106.0.0.0 Safari/537.36" "tekmedicgloves.com"
109.63.112.131 - - [06/Oct/2022:05:21:17 -0700] "GET /beta/wp-content/themes/CherryFramework/js/jquery-1.7.2.min.js HTTP/1.1" 200 33630 "http://tekmedicgloves.com/beta/products.php?cat=22&id=14" "Mozilla/5.0 (Windows NT 10.0; Win64; x64) AppleWebKit/537.36 (KHTML, like Gecko) Chrome/106.0.0.0 Safari/537.36" "tekmedicgloves.com"
109.63.112.131 - - [06/Oct/2022:05:21:17 -0700] "GET /beta/wp-content/themes/CherryFramework/js/modernizr.js HTTP/1.1" 200 5141 "http://tekmedicgloves.com/beta/products.php?cat=22&id=14" "Mozilla/5.0 (Windows NT 10.0; Win64; x64) AppleWebKit/537.36 (KHTML, like Gecko) Chrome/106.0.0.0 Safari/537.36" "tekmedicgloves.com"
109.63.112.131 - - [06/Oct/2022:05:21:17 -0700] "GET /beta/wp-content/themes/CherryFramework/style.css HTTP/1.1" 200 331 "http://tekmedicgloves.com/beta/wp-content/themes/theme48838/main-style.css" "Mozilla/5.0 (Windows NT 10.0; Win64; x64) AppleWebKit/537.36 (KHTML, like Gecko) Chrome/106.0.0.0 Safari/537.36" "tekmedicgloves.com"
109.63.112.131 - - [06/Oct/2022:05:21:17 -0700] "GET /beta/wp-content/themes/CherryFramework/js/custom.js HTTP/1.1" 200 2131 "http://tekmedicgloves.com/beta/products.php?cat=22&id=14" "Mozilla/5.0 (Windows NT 10.0; Win64; x64) AppleWebKit/537.36 (KHTML, like Gecko) Chrome/106.0.0.0 Safari/537.36" "tekmedicgloves.com"
109.63.112.131 - - [06/Oct/2022:05:21:17 -0700] "GET /beta/wp-content/themes/CherryFramework/bootstrap/js/bootstrap.min.js HTTP/1.1" 200 7654 "http://tekmedicgloves.com/beta/products.php?cat=22&id=14" "Mozilla/5.0 (Windows NT 10.0; Win64; x64) AppleWebKit/537.36 (KHTML, like Gecko) Chrome/106.0.0.0 Safari/537.36" "tekmedicgloves.com"
109.63.112.131 - - [06/Oct/2022:05:21:17 -0700] "GET /beta/wp-content/themes/CherryFramework/js/jquery.mobile.customized.min.js HTTP/1.1" 200 6409 "http://tekmedicgloves.com/beta/products.php?cat=22&id=14" "Mozilla/5.0 (Windows NT 10.0; Win64; x64) AppleWebKit/537.36 (KHTML, like Gecko) Chrome/106.0.0.0 Safari/537.36" "tekmedicgloves.com"
109.63.112.131 - - [06/Oct/2022:05:21:17 -0700] "GET /beta/wp-content/themes/CherryFramework/css/style.css HTTP/1.1" 200 12245 "http://tekmedicgloves.com/beta/wp-content/themes/CherryFramework/style.css" "Mozilla/5.0 (Windows NT 10.0; Win64; x64) AppleWebKit/537.36 (KHTML, like Gecko) Chrome/106.0.0.0 Safari/537.36" "tekmedicgloves.com"
109.63.112.131 - - [06/Oct/2022:05:21:18 -0700] "GET /beta/wp-content/plugins/contact-form-7/includes/js/jquery.form.min.js HTTP/1.1" 200 5878 "http://tekmedicgloves.com/beta/products.php?cat=22&id=14" "Mozilla/5.0 (Windows NT 10.0; Win64; x64) AppleWebKit/537.36 (KHTML, like Gecko) Chrome/106.0.0.0 Safari/537.36" "tekmedicgloves.com"
109.63.112.131 - - [06/Oct/2022:05:21:18 -0700] "GET /beta/wp-content/plugins/contact-form-7/includes/js/scripts.js HTTP/1.1" 200 1850 "http://tekmedicgloves.com/beta/products.php?cat=22&id=14" "Mozilla/5.0 (Windows NT 10.0; Win64; x64) AppleWebKit/537.36 (KHTML, like Gecko) Chrome/106.0.0.0 Safari/537.36" "tekmedicgloves.com"
109.63.112.131 - - [06/Oct/2022:05:21:18 -0700] "GET /beta/wp-content/themes/theme48838/images/footer_patter.png HTTP/1.1" 200 14772 "http://tekmedicgloves.com/beta/wp-content/themes/theme48838/main-style.css" "Mozilla/5.0 (Windows NT 10.0; Win64; x64) AppleWebKit/537.36 (KHTML, like Gecko) Chrome/106.0.0.0 Safari/537.36" "tekmedicgloves.com"
109.63.112.131 - - [06/Oct/2022:05:21:18 -0700] "GET /beta/wp-content/themes/CherryFramework/js/superfish.js HTTP/1.1" 200 1280 "http://tekmedicgloves.com/beta/products.php?cat=22&id=14" "Mozilla/5.0 (Windows NT 10.0; Win64; x64) AppleWebKit/537.36 (KHTML, like Gecko) Chrome/106.0.0.0 Safari/537.36" "tekmedicgloves.com"
109.63.112.131 - - [06/Oct/2022:05:21:18 -0700] "GET /beta/wp-content/themes/CherryFramework/js/jquery.mobilemenu.js HTTP/1.1" 200 908 "http://tekmedicgloves.com/beta/products.php?cat=22&id=14" "Mozilla/5.0 (Windows NT 10.0; Win64; x64) AppleWebKit/537.36 (KHTML, like Gecko) Chrome/106.0.0.0 Safari/537.36" "tekmedicgloves.com"
109.63.112.131 - - [06/Oct/2022:05:21:18 -0700] "GET /beta/wp-content/themes/CherryFramework/js/jquery.magnific-popup.min.js HTTP/1.1" 200 7493 "http://tekmedicgloves.com/beta/products.php?cat=22&id=14" "Mozilla/5.0 (Windows NT 10.0; Win64; x64) AppleWebKit/537.36 (KHTML, like Gecko) Chrome/106.0.0.0 Safari/537.36" "tekmedicgloves.com"
109.63.112.131 - - [06/Oct/2022:05:21:18 -0700] "GET /beta/wp-content/plugins/cherry-plugin/lib/js/jquery.easing.1.3.js HTTP/1.1" 200 814 "http://tekmedicgloves.com/beta/products.php?cat=22&id=14" "Mozilla/5.0 (Windows NT 10.0; Win64; x64) AppleWebKit/537.36 (KHTML, like Gecko) Chrome/106.0.0.0 Safari/537.36" "tekmedicgloves.com"
109.63.112.131 - - [06/Oct/2022:05:21:18 -0700] "GET /beta/wp-content/themes/theme48838/images/logo.png HTTP/1.1" 200 27710 "http://tekmedicgloves.com/beta/products.php?cat=22&id=14" "Mozilla/5.0 (Windows NT 10.0; Win64; x64) AppleWebKit/537.36 (KHTML, like Gecko) Chrome/106.0.0.0 Safari/537.36" "tekmedicgloves.com"
109.63.112.131 - - [06/Oct/2022:05:21:18 -0700] "GET /beta/wp-content/themes/theme48838/images/header_patern.png HTTP/1.1" 200 1168 "http://tekmedicgloves.com/beta/wp-content/themes/theme48838/main-style.css" "Mozilla/5.0 (Windows NT 10.0; Win64; x64) AppleWebKit/537.36 (KHTML, like Gecko) Chrome/106.0.0.0 Safari/537.36" "tekmedicgloves.com"
109.63.112.131 - - [06/Oct/2022:05:21:18 -0700] "GET /beta/wp-content/themes/theme48838/images/list_pull.png HTTP/1.1" 200 1040 "http://tekmedicgloves.com/beta/wp-content/themes/theme48838/main-style.css" "Mozilla/5.0 (Windows NT 10.0; Win64; x64) AppleWebKit/537.36 (KHTML, like Gecko) Chrome/106.0.0.0 Safari/537.36" "tekmedicgloves.com"
109.63.112.131 - - [06/Oct/2022:05:21:18 -0700] "GET /beta/wp-content/themes/CherryFramework/images/magnify-alt.png HTTP/1.1" 404 88 "http://tekmedicgloves.com/beta/wp-content/themes/CherryFramework/css/style.css" "Mozilla/5.0 (Windows NT 10.0; Win64; x64) AppleWebKit/537.36 (KHTML, like Gecko) Chrome/106.0.0.0 Safari/537.36" "tekmedicgloves.com"
109.63.112.131 - - [06/Oct/2022:05:21:18 -0700] "GET /beta/images/product/20141110111634_3734D-Tekmedic-InoSafe-A2-Poster-Outstanding-Concept.jpg HTTP/1.1" 200 1724750 "http://tekmedicgloves.com/beta/products.php?cat=22&id=14" "Mozilla/5.0 (Windows NT 10.0; Win64; x64) AppleWebKit/537.36 (KHTML, like Gecko) Chrome/106.0.0.0 Safari/537.36" "tekmedicgloves.com"
109.63.112.131 - - [06/Oct/2022:05:21:18 -0700] "GET /beta/wp-content/plugins/cherry-plugin/lib/js/FlexSlider/jquery.flexslider-min.js HTTP/1.1" 200 5177 "http://tekmedicgloves.com/beta/products.php?cat=22&id=14" "Mozilla/5.0 (Windows NT 10.0; Win64; x64) AppleWebKit/537.36 (KHTML, like Gecko) Chrome/106.0.0.0 Safari/537.36" "tekmedicgloves.com"
109.63.112.131 - - [06/Oct/2022:05:21:18 -0700] "GET /beta/wp-content/themes/CherryFramework/js/camera.min.js HTTP/1.1" 200 8551 "http://tekmedicgloves.com/beta/products.php?cat=22&id=14" "Mozilla/5.0 (Windows NT 10.0; Win64; x64) AppleWebKit/537.36 (KHTML, like Gecko) Chrome/106.0.0.0 Safari/537.36" "tekmedicgloves.com"
109.63.112.131 - - [06/Oct/2022:05:21:18 -0700] "GET /beta/wp-content/themes/CherryFramework/js/jquery.jplayer.min.js HTTP/1.1" 200 11945 "http://tekmedicgloves.com/beta/products.php?cat=22&id=14" "Mozilla/5.0 (Windows NT 10.0; Win64; x64) AppleWebKit/537.36 (KHTML, like Gecko) Chrome/106.0.0.0 Safari/537.36" "tekmedicgloves.com"
109.63.112.131 - - [06/Oct/2022:05:21:18 -0700] "GET /beta/wp-content/themes/CherryFramework/js/jplayer.playlist.min.js HTTP/1.1" 200 2404 "http://tekmedicgloves.com/beta/products.php?cat=22&id=14" "Mozilla/5.0 (Windows NT 10.0; Win64; x64) AppleWebKit/537.36 (KHTML, like Gecko) Chrome/106.0.0.0 Safari/537.36" "tekmedicgloves.com"
109.63.112.131 - - [06/Oct/2022:05:21:18 -0700] "GET /beta/wp-content/themes/CherryFramework/js/jquery.debouncedresize.js HTTP/1.1" 200 226 "http://tekmedicgloves.com/beta/products.php?cat=22&id=14" "Mozilla/5.0 (Windows NT 10.0; Win64; x64) AppleWebKit/537.36 (KHTML, like Gecko) Chrome/106.0.0.0 Safari/537.36" "tekmedicgloves.com"
109.63.112.131 - - [06/Oct/2022:05:21:18 -0700] "GET /beta/wp-content/themes/CherryFramework/js/jquery.isotope.js HTTP/1.1" 200 4845 "http://tekmedicgloves.com/beta/products.php?cat=22&id=14" "Mozilla/5.0 (Windows NT 10.0; Win64; x64) AppleWebKit/537.36 (KHTML, like Gecko) Chrome/106.0.0.0 Safari/537.36" "tekmedicgloves.com"
109.63.112.131 - - [06/Oct/2022:05:21:18 -0700] "GET /beta/wp-content/themes/CherryFramework/js/jquery.ba-resize.min.js HTTP/1.1" 200 616 "http://tekmedicgloves.com/beta/products.php?cat=22&id=14" "Mozilla/5.0 (Windows NT 10.0; Win64; x64) AppleWebKit/537.36 (KHTML, like Gecko) Chrome/106.0.0.0 Safari/537.36" "tekmedicgloves.com"
162.243.4.24 - - [06/Oct/2022:05:21:18 -0700] "GET / HTTP/1.1" 200 347 "https://search.yahoo.com" "Mozilla/5.0 (Windows NT 6.1; WOW64; rv:33.0) Gecko/20100101 Firefox/33.0" "tekmedicgloves.com"
109.63.112.131 - - [06/Oct/2022:05:21:19 -0700] "GET /beta/wp-content/plugins/cherry-plugin/lib/js/elasti-carousel/jquery.elastislide.js HTTP/1.1" 200 1963 "http://tekmedicgloves.com/beta/products.php?cat=22&id=14" "Mozilla/5.0 (Windows NT 10.0; Win64; x64) AppleWebKit/537.36 (KHTML, like Gecko) Chrome/106.0.0.0 Safari/537.36" "tekmedicgloves.com"
109.63.112.131 - - [06/Oct/2022:05:21:19 -0700] "GET /beta/wp-content/plugins/cherry-plugin/includes/js/cherry-plugin.js HTTP/1.1" 200 438 "http://tekmedicgloves.com/beta/products.php?cat=22&id=14" "Mozilla/5.0 (Windows NT 10.0; Win64; x64) AppleWebKit/537.36 (KHTML, like Gecko) Chrome/106.0.0.0 Safari/537.36" "tekmedicgloves.com"
109.63.112.131 - - [06/Oct/2022:05:21:19 -0700] "GET /beta/wp-content/themes/theme48838/images/social/facebook.png HTTP/1.1" 200 1671 "http://tekmedicgloves.com/beta/products.php?cat=22&id=14" "Mozilla/5.0 (Windows NT 10.0; Win64; x64) AppleWebKit/537.36 (KHTML, like Gecko) Chrome/106.0.0.0 Safari/537.36" "tekmedicgloves.com"
109.63.112.131 - - [06/Oct/2022:05:21:19 -0700] "GET /beta/wp-content/themes/theme48838/images/social/twitter.png HTTP/1.1" 200 1861 "http://tekmedicgloves.com/beta/products.php?cat=22&id=14" "Mozilla/5.0 (Windows NT 10.0; Win64; x64) AppleWebKit/537.36 (KHTML, like Gecko) Chrome/106.0.0.0 Safari/537.36" "tekmedicgloves.com"
109.63.112.131 - - [06/Oct/2022:05:21:19 -0700] "GET /beta/wp-content/themes/theme48838/images/social/rss.png HTTP/1.1" 200 2128 "http://tekmedicgloves.com/beta/products.php?cat=22&id=14" "Mozilla/5.0 (Windows NT 10.0; Win64; x64) AppleWebKit/537.36 (KHTML, like Gecko) Chrome/106.0.0.0 Safari/537.36" "tekmedicgloves.com"
109.63.112.131 - - [06/Oct/2022:05:21:19 -0700] "GET /beta/wp-content/themes/theme48838/images/social/google.png HTTP/1.1" 200 1611 "http://tekmedicgloves.com/beta/products.php?cat=22&id=14" "Mozilla/5.0 (Windows NT 10.0; Win64; x64) AppleWebKit/537.36 (KHTML, like Gecko) Chrome/106.0.0.0 Safari/537.36" "tekmedicgloves.com"
109.63.112.131 - - [06/Oct/2022:05:21:19 -0700] "GET /beta/wp-content/themes/theme48838/images/arrows-ffffff.png HTTP/1.1" 200 1055 "http://tekmedicgloves.com/beta/wp-content/themes/theme48838/main-style.css" "Mozilla/5.0 (Windows NT 10.0; Win64; x64) AppleWebKit/537.36 (KHTML, like Gecko) Chrome/106.0.0.0 Safari/537.36" "tekmedicgloves.com"
185.191.171.43 - - [06/Oct/2022:05:21:19 -0700] "GET /phpMyAdmin/setup/?token=0e01d621f815fd2961dacb1788cf44ac&version_check=1 HTTP/1.1" 200 12687 "-" "Mozilla/5.0 (compatible; SemrushBot/7~bl; +http://www.semrush.com/bot.html)" "tekmedicgloves.com"
109.63.112.131 - - [06/Oct/2022:05:21:22 -0700] "GET /beta/wp-content/themes/theme48838/images/back-top-icon.png HTTP/1.1" 200 1374 "http://tekmedicgloves.com/beta/wp-content/themes/theme48838/main-style.css" "Mozilla/5.0 (Windows NT 10.0; Win64; x64) AppleWebKit/537.36 (KHTML, like Gecko) Chrome/106.0.0.0 Safari/537.36" "tekmedicgloves.com"
109.63.112.131 - - [06/Oct/2022:05:21:23 -0700] "GET /favicon.ico HTTP/1.1" 404 88 "http://tekmedicgloves.com/beta/products.php?cat=22&id=14" "Mozilla/5.0 (Windows NT 10.0; Win64; x64) AppleWebKit/537.36 (KHTML, like Gecko) Chrome/106.0.0.0 Safari/537.36" "tekmedicgloves.com"
109.63.112.131 - - [06/Oct/2022:05:21:34 -0700] "GET /beta/products.php?cat=22 HTTP/1.1" 200 38826 "http://tekmedicgloves.com/beta/products.php?cat=22&id=14" "Mozilla/5.0 (Windows NT 10.0; Win64; x64) AppleWebKit/537.36 (KHTML, like Gecko) Chrome/106.0.0.0 Safari/537.36" "tekmedicgloves.com"
109.63.112.131 - - [06/Oct/2022:05:21:35 -0700] "GET /beta/wp-includes/js/comment-reply.min.js HTTP/1.1" 404 88 "http://tekmedicgloves.com/beta/products.php?cat=22" "Mozilla/5.0 (Windows NT 10.0; Win64; x64) AppleWebKit/537.36 (KHTML, like Gecko) Chrome/106.0.0.0 Safari/537.36" "tekmedicgloves.com"
109.63.112.131 - - [06/Oct/2022:05:21:35 -0700] "GET /beta/wp-includes/js/swfobject.js HTTP/1.1" 404 88 "http://tekmedicgloves.com/beta/products.php?cat=22" "Mozilla/5.0 (Windows NT 10.0; Win64; x64) AppleWebKit/537.36 (KHTML, like Gecko) Chrome/106.0.0.0 Safari/537.36" "tekmedicgloves.com"
109.63.112.131 - - [06/Oct/2022:05:21:36 -0700] "GET /beta/images/product/20141110110256_neww.jpg HTTP/1.1" 200 792519 "http://tekmedicgloves.com/beta/products.php?cat=22" "Mozilla/5.0 (Windows NT 10.0; Win64; x64) AppleWebKit/537.36 (KHTML, like Gecko) Chrome/106.0.0.0 Safari/537.36" "tekmedicgloves.com"
109.63.112.131 - - [06/Oct/2022:05:21:36 -0700] "GET /beta/images/product/20141111074435_Iinosafe_p.jpg HTTP/1.1" 200 692657 "http://tekmedicgloves.com/beta/products.php?cat=22" "Mozilla/5.0 (Windows NT 10.0; Win64; x64) AppleWebKit/537.36 (KHTML, like Gecko) Chrome/106.0.0.0 Safari/537.36" "tekmedicgloves.com"
109.63.112.131 - - [06/Oct/2022:05:21:36 -0700] "GET /beta/images/product/20141111050533_3734D-Tekmedic-InoSafe-A2-Poster-Outstanding-Concept.jpg HTTP/1.1" 200 1724750 "http://tekmedicgloves.com/beta/products.php?cat=22" "Mozilla/5.0 (Windows NT 10.0; Win64; x64) AppleWebKit/537.36 (KHTML, like Gecko) Chrome/106.0.0.0 Safari/537.36" "tekmedicgloves.com"
185.191.171.14 - - [06/Oct/2022:05:21:39 -0700] "GET /phpMyAdmin/setup/?token=ea10815594b96e3f660aa41dedd52461&version_check=1 HTTP/1.1" 200 12687 "-" "Mozilla/5.0 (compatible; SemrushBot/7~bl; +http://www.semrush.com/bot.html)" "tekmedicgloves.com"
185.191.171.19 - - [06/Oct/2022:05:21:42 -0700] "GET /phpMyAdmin/setup/?token=e93f228a55f943f67a64efb8214f9d86&version_check=1 HTTP/1.1" 200 12687 "-" "Mozilla/5.0 (compatible; SemrushBot/7~bl; +http://www.semrush.com/bot.html)" "tekmedicgloves.com"
185.191.171.23 - - [06/Oct/2022:05:21:44 -0700] "GET /phpMyAdmin/setup/?token=ec81aad055e0392184a15fd85d976e3c&version_check=1 HTTP/1.1" 200 12691 "-" "Mozilla/5.0 (compatible; SemrushBot/7~bl; +http://www.semrush.com/bot.html)" "www.tekmedicgloves.com"
185.191.171.38 - - [06/Oct/2022:05:22:27 -0700] "GET /phpMyAdmin/setup/?token=16348d0d03a43ae17e25ed4fb6a39ade&version_check=1 HTTP/1.1" 200 12687 "-" "Mozilla/5.0 (compatible; SemrushBot/7~bl; +http://www.semrush.com/bot.html)" "tekmedicgloves.com"
185.191.171.4 - - [06/Oct/2022:05:22:32 -0700] "GET /phpMyAdmin/setup/?token=edad8bde4707351e6e9eb0f068f31fbd&version_check=1 HTTP/1.1" 200 12691 "-" "Mozilla/5.0 (compatible; SemrushBot/7~bl; +http://www.semrush.com/bot.html)" "www.tekmedicgloves.com"
185.191.171.8 - - [06/Oct/2022:05:22:35 -0700] "GET /phpMyAdmin/setup/?token=0ce8140e7f50ce3c5573daefee1c2951&version_check=1 HTTP/1.1" 200 12687 "-" "Mozilla/5.0 (compatible; SemrushBot/7~bl; +http://www.semrush.com/bot.html)" "tekmedicgloves.com"
185.191.171.25 - - [06/Oct/2022:05:22:46 -0700] "GET /phpMyAdmin/setup/?token=f25aeca780f707c9b8d8121f3a7dc41a&version_check=1 HTTP/1.1" 200 12687 "-" "Mozilla/5.0 (compatible; SemrushBot/7~bl; +http://www.semrush.com/bot.html)" "tekmedicgloves.com"
185.191.171.35 - - [06/Oct/2022:05:23:01 -0700] "GET /phpMyAdmin/setup/?token=efd68a44dfdbeb165dce1b95f3605e5f&version_check=1 HTTP/1.1" 200 12687 "-" "Mozilla/5.0 (compatible; SemrushBot/7~bl; +http://www.semrush.com/bot.html)" "tekmedicgloves.com"
185.191.171.42 - - [06/Oct/2022:05:23:27 -0700] "GET /phpMyAdmin/setup/?token=c8c616a4ec2f63c339fcdb77b188f43c&version_check=1 HTTP/1.1" 200 12691 "-" "Mozilla/5.0 (compatible; SemrushBot/7~bl; +http://www.semrush.com/bot.html)" "www.tekmedicgloves.com"
185.191.171.2 - - [06/Oct/2022:05:23:51 -0700] "GET /phpMyAdmin/setup/?token=fa20b63b6f5c1ea9933f36a274ba2a9d&version_check=1 HTTP/1.1" 200 12691 "-" "Mozilla/5.0 (compatible; SemrushBot/7~bl; +http://www.semrush.com/bot.html)" "www.tekmedicgloves.com"
185.191.171.20 - - [06/Oct/2022:05:23:53 -0700] "GET /phpMyAdmin/setup/?token=00bcdd3ff430e05d157755a584edb9c0&version_check=1 HTTP/1.1" 200 12691 "-" "Mozilla/5.0 (compatible; SemrushBot/7~bl; +http://www.semrush.com/bot.html)" "www.tekmedicgloves.com"
185.191.171.17 - - [06/Oct/2022:05:24:18 -0700] "GET /phpMyAdmin/setup/?token=179960d4192bda24c6c03fd5e87dc5b8&version_check=1 HTTP/1.1" 200 12687 "-" "Mozilla/5.0 (compatible; SemrushBot/7~bl; +http://www.semrush.com/bot.html)" "tekmedicgloves.com"
185.191.171.38 - - [06/Oct/2022:05:24:31 -0700] "GET /phpMyAdmin/setup/?token=e27b33c1467fd5511ccba6a206c251e9&version_check=1 HTTP/1.1" 200 12687 "-" "Mozilla/5.0 (compatible; SemrushBot/7~bl; +http://www.semrush.com/bot.html)" "tekmedicgloves.com"
185.191.171.22 - - [06/Oct/2022:05:24:42 -0700] "GET /phpMyAdmin/setup/?token=05a245a1742e3fc8f770ceb811431c58&version_check=1 HTTP/1.1" 200 12691 "-" "Mozilla/5.0 (compatible; SemrushBot/7~bl; +http://www.semrush.com/bot.html)" "www.tekmedicgloves.com"
185.191.171.10 - - [06/Oct/2022:05:24:50 -0700] "GET /phpMyAdmin/setup/?token=00a50d6e9ae5bb420e054bae02c037a8&version_check=1 HTTP/1.1" 200 12687 "-" "Mozilla/5.0 (compatible; SemrushBot/7~bl; +http://www.semrush.com/bot.html)" "tekmedicgloves.com"
185.191.171.36 - - [06/Oct/2022:05:24:53 -0700] "GET /phpMyAdmin/setup/?token=011308dcfb20e458a2c3004e5e91b0c3&version_check=1 HTTP/1.1" 200 12691 "-" "Mozilla/5.0 (compatible; SemrushBot/7~bl; +http://www.semrush.com/bot.html)" "www.tekmedicgloves.com"
185.191.171.39 - - [06/Oct/2022:05:25:28 -0700] "GET /phpMyAdmin/setup/?token=ca9b5b06457b4832484fb6e468a8092e&version_check=1 HTTP/1.1" 200 12691 "-" "Mozilla/5.0 (compatible; SemrushBot/7~bl; +http://www.semrush.com/bot.html)" "www.tekmedicgloves.com"
185.191.171.41 - - [06/Oct/2022:05:26:04 -0700] "GET /phpMyAdmin/setup/?token=cf6c4ab68a9ae1cdaefe61da2b554b83&version_check=1 HTTP/1.1" 200 12691 "-" "Mozilla/5.0 (compatible; SemrushBot/7~bl; +http://www.semrush.com/bot.html)" "www.tekmedicgloves.com"
185.191.171.13 - - [06/Oct/2022:05:26:09 -0700] "GET /phpMyAdmin/setup/?token=ebdda0c3f5d471120084adfd8e0d7ad5&version_check=1 HTTP/1.1" 200 12687 "-" "Mozilla/5.0 (compatible; SemrushBot/7~bl; +http://www.semrush.com/bot.html)" "tekmedicgloves.com"
185.191.171.14 - - [06/Oct/2022:05:26:31 -0700] "GET /phpMyAdmin/setup/?token=e9e3684e02e491b432367724e6ff083f&version_check=1 HTTP/1.1" 200 12687 "-" "Mozilla/5.0 (compatible; SemrushBot/7~bl; +http://www.semrush.com/bot.html)" "tekmedicgloves.com"
185.191.171.15 - - [06/Oct/2022:05:26:34 -0700] "GET /phpMyAdmin/setup/?token=e33bc95b2ac5d37e49ce809526a7c507&version_check=1 HTTP/1.1" 200 12687 "-" "Mozilla/5.0 (compatible; SemrushBot/7~bl; +http://www.semrush.com/bot.html)" "tekmedicgloves.com"
185.191.171.19 - - [06/Oct/2022:05:26:54 -0700] "GET /phpMyAdmin/setup/?token=e30f38a6277115b1661fac64aba26662&version_check=1 HTTP/1.1" 200 12687 "-" "Mozilla/5.0 (compatible; SemrushBot/7~bl; +http://www.semrush.com/bot.html)" "tekmedicgloves.com"
185.191.171.12 - - [06/Oct/2022:05:26:57 -0700] "GET /phpMyAdmin/setup/?token=f95012aefca085c6af54ddd7b7cf2e92&version_check=1 HTTP/1.1" 200 12687 "-" "Mozilla/5.0 (compatible; SemrushBot/7~bl; +http://www.semrush.com/bot.html)" "tekmedicgloves.com"
185.191.171.22 - - [06/Oct/2022:05:27:25 -0700] "GET /phpMyAdmin/setup/?token=095983fe457c697c8a561d048387da89&version_check=1 HTTP/1.1" 200 12687 "-" "Mozilla/5.0 (compatible; SemrushBot/7~bl; +http://www.semrush.com/bot.html)" "tekmedicgloves.com"
185.191.171.35 - - [06/Oct/2022:05:28:13 -0700] "GET /phpMyAdmin/setup/?token=119356c97baee53a39dcd67c7968ac7c&version_check=1 HTTP/1.1" 200 12691 "-" "Mozilla/5.0 (compatible; SemrushBot/7~bl; +http://www.semrush.com/bot.html)" "www.tekmedicgloves.com"
185.191.171.15 - - [06/Oct/2022:05:28:24 -0700] "GET /phpMyAdmin/setup/?token=0d8a90f5fba8b751697386809cfb435d&version_check=1 HTTP/1.1" 200 12691 "-" "Mozilla/5.0 (compatible; SemrushBot/7~bl; +http://www.semrush.com/bot.html)" "www.tekmedicgloves.com"
185.191.171.24 - - [06/Oct/2022:05:28:32 -0700] "GET /phpMyAdmin/setup/?token=071082d928db7539caea31b3747fa12c&version_check=1 HTTP/1.1" 200 12691 "-" "Mozilla/5.0 (compatible; SemrushBot/7~bl; +http://www.semrush.com/bot.html)" "www.tekmedicgloves.com"
185.191.171.15 - - [06/Oct/2022:05:28:34 -0700] "GET /phpMyAdmin/setup/?token=e117cc3b1186205e44af1429a24ec889&version_check=1 HTTP/1.1" 200 12687 "-" "Mozilla/5.0 (compatible; SemrushBot/7~bl; +http://www.semrush.com/bot.html)" "tekmedicgloves.com"
185.191.171.5 - - [06/Oct/2022:05:28:37 -0700] "GET /phpMyAdmin/setup/?token=05474bbec3872e6ebb0832ffcf59968e&version_check=1 HTTP/1.1" 200 12687 "-" "Mozilla/5.0 (compatible; SemrushBot/7~bl; +http://www.semrush.com/bot.html)" "tekmedicgloves.com"
185.191.171.25 - - [06/Oct/2022:05:28:37 -0700] "GET /phpMyAdmin/setup/?token=f74fd134d75e27bcdb10be78155e43ba&version_check=1 HTTP/1.1" 200 12691 "-" "Mozilla/5.0 (compatible; SemrushBot/7~bl; +http://www.semrush.com/bot.html)" "www.tekmedicgloves.com"
185.191.171.19 - - [06/Oct/2022:05:28:50 -0700] "GET /phpMyAdmin/setup/?token=0f7492582ffd58b855948a270060308f&version_check=1 HTTP/1.1" 200 12687 "-" "Mozilla/5.0 (compatible; SemrushBot/7~bl; +http://www.semrush.com/bot.html)" "tekmedicgloves.com"
185.191.171.2 - - [06/Oct/2022:05:28:59 -0700] "GET /phpMyAdmin/setup/?token=f299f58b0018e511d5f6871ccee711e9&version_check=1 HTTP/1.1" 200 12691 "-" "Mozilla/5.0 (compatible; SemrushBot/7~bl; +http://www.semrush.com/bot.html)" "www.tekmedicgloves.com"
185.191.171.24 - - [06/Oct/2022:05:29:21 -0700] "GET /phpMyAdmin/setup/?token=c8d7c9f108146b87fc780d1e16215a5a&version_check=1 HTTP/1.1" 200 12691 "-" "Mozilla/5.0 (compatible; SemrushBot/7~bl; +http://www.semrush.com/bot.html)" "www.tekmedicgloves.com"
185.191.171.10 - - [06/Oct/2022:05:29:40 -0700] "GET /phpMyAdmin/setup/?token=c12859c1f37e988052efe849fa509063&version_check=1 HTTP/1.1" 200 12691 "-" "Mozilla/5.0 (compatible; SemrushBot/7~bl; +http://www.semrush.com/bot.html)" "www.tekmedicgloves.com"
185.191.171.24 - - [06/Oct/2022:05:29:46 -0700] "GET /phpMyAdmin/setup/?token=f9a594f23a814b17f74e8dfb0f2dd8d6&version_check=1 HTTP/1.1" 200 12687 "-" "Mozilla/5.0 (compatible; SemrushBot/7~bl; +http://www.semrush.com/bot.html)" "tekmedicgloves.com"
185.191.171.24 - - [06/Oct/2022:05:30:22 -0700] "GET /phpMyAdmin/setup/?token=ed2be2fb29d089e07e4d276593a3fbc8&version_check=1 HTTP/1.1" 200 12691 "-" "Mozilla/5.0 (compatible; SemrushBot/7~bl; +http://www.semrush.com/bot.html)" "www.tekmedicgloves.com"
185.191.171.14 - - [06/Oct/2022:05:30:38 -0700] "GET /phpMyAdmin/setup/?token=10208ea7c11633210dd83d7503b11883&version_check=1 HTTP/1.1" 200 12691 "-" "Mozilla/5.0 (compatible; SemrushBot/7~bl; +http://www.semrush.com/bot.html)" "www.tekmedicgloves.com"
185.191.171.20 - - [06/Oct/2022:05:30:41 -0700] "GET /phpMyAdmin/setup/?token=cc44eec079f992cafc7b45acd8050e81&version_check=1 HTTP/1.1" 200 12691 "-" "Mozilla/5.0 (compatible; SemrushBot/7~bl; +http://www.semrush.com/bot.html)" "www.tekmedicgloves.com"
185.191.171.16 - - [06/Oct/2022:05:30:43 -0700] "GET /phpMyAdmin/setup/?token=0ca62ed1467e0d555bc2fb55516ea595&version_check=1 HTTP/1.1" 200 12691 "-" "Mozilla/5.0 (compatible; SemrushBot/7~bl; +http://www.semrush.com/bot.html)" "www.tekmedicgloves.com"
185.191.171.24 - - [06/Oct/2022:05:30:51 -0700] "GET /phpMyAdmin/setup/?token=d842cab4243dacdc89229ee5a3ee40c3&version_check=1 HTTP/1.1" 200 12691 "-" "Mozilla/5.0 (compatible; SemrushBot/7~bl; +http://www.semrush.com/bot.html)" "www.tekmedicgloves.com"
185.191.171.24 - - [06/Oct/2022:05:31:08 -0700] "GET /phpMyAdmin/setup/?token=f16d7ae2c4a9c60334d66b2c6045bb80&version_check=1 HTTP/1.1" 200 12691 "-" "Mozilla/5.0 (compatible; SemrushBot/7~bl; +http://www.semrush.com/bot.html)" "www.tekmedicgloves.com"
185.191.171.24 - - [06/Oct/2022:05:31:33 -0700] "GET /phpMyAdmin/setup/?token=fcef3457d56b67730cb82deda3bb60db&version_check=1 HTTP/1.1" 200 12687 "-" "Mozilla/5.0 (compatible; SemrushBot/7~bl; +http://www.semrush.com/bot.html)" "tekmedicgloves.com"
185.191.171.4 - - [06/Oct/2022:05:31:39 -0700] "GET /phpMyAdmin/setup/?token=0e902ae9e345a2184cd5bbcc98ad721c&version_check=1 HTTP/1.1" 200 12691 "-" "Mozilla/5.0 (compatible; SemrushBot/7~bl; +http://www.semrush.com/bot.html)" "www.tekmedicgloves.com"
185.191.171.33 - - [06/Oct/2022:05:32:31 -0700] "GET /phpMyAdmin/setup/?token=021665118f83f93b3b42b1b5d72009a3&version_check=1 HTTP/1.1" 200 12691 "-" "Mozilla/5.0 (compatible; SemrushBot/7~bl; +http://www.semrush.com/bot.html)" "www.tekmedicgloves.com"
185.191.171.10 - - [06/Oct/2022:05:33:09 -0700] "GET /phpMyAdmin/setup/?token=0fb6538dae53f00e307a4b47ff15b26c&version_check=1 HTTP/1.1" 200 12691 "-" "Mozilla/5.0 (compatible; SemrushBot/7~bl; +http://www.semrush.com/bot.html)" "www.tekmedicgloves.com"
185.191.171.9 - - [06/Oct/2022:05:33:27 -0700] "GET /phpMyAdmin/setup/?token=df9db703f675bfb13185028b2fb91a4a&version_check=1 HTTP/1.1" 200 12687 "-" "Mozilla/5.0 (compatible; SemrushBot/7~bl; +http://www.semrush.com/bot.html)" "tekmedicgloves.com"
185.191.171.20 - - [06/Oct/2022:05:33:30 -0700] "GET /phpMyAdmin/setup/?token=d72da33bc5a1829c1e31270142c78332&version_check=1 HTTP/1.1" 200 12691 "-" "Mozilla/5.0 (compatible; SemrushBot/7~bl; +http://www.semrush.com/bot.html)" "www.tekmedicgloves.com"
185.191.171.44 - - [06/Oct/2022:05:33:32 -0700] "GET /phpMyAdmin/setup/?token=0ddf95bd93f67a9b2719c3ded1b0c568&version_check=1 HTTP/1.1" 200 12687 "-" "Mozilla/5.0 (compatible; SemrushBot/7~bl; +http://www.semrush.com/bot.html)" "tekmedicgloves.com"
185.191.171.6 - - [06/Oct/2022:05:33:35 -0700] "GET /phpMyAdmin/setup/?token=e47f8d1a6037b13180937425461fe699&version_check=1 HTTP/1.1" 200 12687 "-" "Mozilla/5.0 (compatible; SemrushBot/7~bl; +http://www.semrush.com/bot.html)" "tekmedicgloves.com"
185.191.171.38 - - [06/Oct/2022:05:33:42 -0700] "GET /phpMyAdmin/setup/?token=18d8613d520d6fad99c1dffdb26b58d7&version_check=1 HTTP/1.1" 200 12687 "-" "Mozilla/5.0 (compatible; SemrushBot/7~bl; +http://www.semrush.com/bot.html)" "tekmedicgloves.com"
185.191.171.38 - - [06/Oct/2022:05:33:44 -0700] "GET /phpMyAdmin/setup/?token=eb4473da4720c2b091b6b78947ea27be&version_check=1 HTTP/1.1" 200 12687 "-" "Mozilla/5.0 (compatible; SemrushBot/7~bl; +http://www.semrush.com/bot.html)" "tekmedicgloves.com"
185.191.171.34 - - [06/Oct/2022:05:33:46 -0700] "GET /phpMyAdmin/setup/?token=161c06df5d3459fa0620949ee38d9042&version_check=1 HTTP/1.1" 200 12687 "-" "Mozilla/5.0 (compatible; SemrushBot/7~bl; +http://www.semrush.com/bot.html)" "tekmedicgloves.com"
185.191.171.41 - - [06/Oct/2022:05:33:50 -0700] "GET /phpMyAdmin/setup/?token=eb479282545eff0a34f3fd47da62746c&version_check=1 HTTP/1.1" 200 12687 "-" "Mozilla/5.0 (compatible; SemrushBot/7~bl; +http://www.semrush.com/bot.html)" "tekmedicgloves.com"
185.191.171.20 - - [06/Oct/2022:05:34:12 -0700] "GET /robots.txt HTTP/1.1" 404 88 "-" "Mozilla/5.0 (compatible; SemrushBot/7~bl; +http://www.semrush.com/bot.html)" "www.tekmedicgloves.com"
185.191.171.38 - - [06/Oct/2022:05:34:12 -0700] "GET /phpMyAdmin/setup/?token=0e4e53edcb9111bb667f55862dce89f1&version_check=1 HTTP/1.1" 200 12691 "-" "Mozilla/5.0 (compatible; SemrushBot/7~bl; +http://www.semrush.com/bot.html)" "www.tekmedicgloves.com"
109.63.112.131 - - [06/Oct/2022:05:34:12 -0700] "GET /beta/contacts.php HTTP/1.1" 200 24038 "http://tekmedicgloves.com/beta/products.php?cat=22" "Mozilla/5.0 (Windows NT 10.0; Win64; x64) AppleWebKit/537.36 (KHTML, like Gecko) Chrome/106.0.0.0 Safari/537.36" "tekmedicgloves.com"
109.63.112.131 - - [06/Oct/2022:05:34:13 -0700] "GET /beta/wp-includes/js/comment-reply.min.js HTTP/1.1" 404 88 "http://tekmedicgloves.com/beta/contacts.php" "Mozilla/5.0 (Windows NT 10.0; Win64; x64) AppleWebKit/537.36 (KHTML, like Gecko) Chrome/106.0.0.0 Safari/537.36" "tekmedicgloves.com"
109.63.112.131 - - [06/Oct/2022:05:34:13 -0700] "GET /beta/wp-includes/js/swfobject.js HTTP/1.1" 404 88 "http://tekmedicgloves.com/beta/contacts.php" "Mozilla/5.0 (Windows NT 10.0; Win64; x64) AppleWebKit/537.36 (KHTML, like Gecko) Chrome/106.0.0.0 Safari/537.36" "tekmedicgloves.com"
109.63.112.131 - - [06/Oct/2022:05:34:13 -0700] "GET /beta/wp-content/themes/CherryFramework/images/loading_bg_32.png HTTP/1.1" 404 88 "http://tekmedicgloves.com/beta/wp-content/themes/CherryFramework/css/style.css" "Mozilla/5.0 (Windows NT 10.0; Win64; x64) AppleWebKit/537.36 (KHTML, like Gecko) Chrome/106.0.0.0 Safari/537.36" "tekmedicgloves.com"
109.63.112.131 - - [06/Oct/2022:05:34:13 -0700] "GET /beta/wp-content/themes/CherryFramework/images/loading_32.gif HTTP/1.1" 404 88 "http://tekmedicgloves.com/beta/wp-content/themes/CherryFramework/css/style.css" "Mozilla/5.0 (Windows NT 10.0; Win64; x64) AppleWebKit/537.36 (KHTML, like Gecko) Chrome/106.0.0.0 Safari/537.36" "tekmedicgloves.com"
185.191.171.39 - - [06/Oct/2022:05:34:17 -0700] "GET /phpMyAdmin/setup/?token=10c899fcacd7f500f9a9d345c38eaed8&version_check=1 HTTP/1.1" 200 12687 "-" "Mozilla/5.0 (compatible; SemrushBot/7~bl; +http://www.semrush.com/bot.html)" "tekmedicgloves.com"
