185.191.171.43 - - [11/Oct/2022:05:44:33 -0700] "GET /phpMyAdmin/setup/?token=121f64c7572ef1b095984556ef2f869e&version_check=1 HTTP/1.1" 200 12687 "-" "Mozilla/5.0 (compatible; SemrushBot/7~bl; +http://www.semrush.com/bot.html)" "tekmedicgloves.com"
185.191.171.33 - - [11/Oct/2022:05:44:35 -0700] "GET /phpMyAdmin/setup/?token=f3d57db21b3528a131fe4a80fc178222&version_check=1 HTTP/1.1" 200 12687 "-" "Mozilla/5.0 (compatible; SemrushBot/7~bl; +http://www.semrush.com/bot.html)" "tekmedicgloves.com"
185.191.171.14 - - [11/Oct/2022:05:44:37 -0700] "GET /phpMyAdmin/setup/?token=df8732dcbd38cff2af67d9fde6c008f4&version_check=1 HTTP/1.1" 200 12687 "-" "Mozilla/5.0 (compatible; SemrushBot/7~bl; +http://www.semrush.com/bot.html)" "tekmedicgloves.com"
185.191.171.7 - - [11/Oct/2022:05:44:53 -0700] "GET /phpMyAdmin/setup/?token=0e902edbe818b851d162a1a0fccc17d2&version_check=1 HTTP/1.1" 200 12687 "-" "Mozilla/5.0 (compatible; SemrushBot/7~bl; +http://www.semrush.com/bot.html)" "tekmedicgloves.com"
185.191.171.21 - - [11/Oct/2022:05:45:03 -0700] "GET /phpMyAdmin/setup/?token=f060383ad1ea908750067c236d0537b5&version_check=1 HTTP/1.1" 200 12687 "-" "Mozilla/5.0 (compatible; SemrushBot/7~bl; +http://www.semrush.com/bot.html)" "tekmedicgloves.com"
185.191.171.7 - - [11/Oct/2022:05:45:39 -0700] "GET /phpMyAdmin/setup/?token=16cedad771bf4e23e642ca27657b95ca&version_check=1 HTTP/1.1" 200 12687 "-" "Mozilla/5.0 (compatible; SemrushBot/7~bl; +http://www.semrush.com/bot.html)" "tekmedicgloves.com"
185.191.171.24 - - [11/Oct/2022:05:45:41 -0700] "GET /phpMyAdmin/setup/?token=efad47f27ffb4a2cff78ab7314369d69&version_check=1 HTTP/1.1" 200 12691 "-" "Mozilla/5.0 (compatible; SemrushBot/7~bl; +http://www.semrush.com/bot.html)" "www.tekmedicgloves.com"
185.191.171.34 - - [11/Oct/2022:05:46:06 -0700] "GET /phpMyAdmin/setup/?token=f05fe62d8e0490e6e73d6936dc62ec5d&version_check=1 HTTP/1.1" 200 12687 "-" "Mozilla/5.0 (compatible; SemrushBot/7~bl; +http://www.semrush.com/bot.html)" "tekmedicgloves.com"
185.191.171.42 - - [11/Oct/2022:05:46:17 -0700] "GET /phpMyAdmin/setup/?token=01c08f2c7fc7cb98a547864d104b319a&version_check=1 HTTP/1.1" 200 12691 "-" "Mozilla/5.0 (compatible; SemrushBot/7~bl; +http://www.semrush.com/bot.html)" "www.tekmedicgloves.com"
185.191.171.39 - - [11/Oct/2022:05:46:30 -0700] "GET /phpMyAdmin/setup/?token=c634aa786288225a47bf86e1ef88ab35&version_check=1 HTTP/1.1" 200 12691 "-" "Mozilla/5.0 (compatible; SemrushBot/7~bl; +http://www.semrush.com/bot.html)" "www.tekmedicgloves.com"
185.191.171.2 - - [11/Oct/2022:05:47:04 -0700] "GET /phpMyAdmin/setup/?token=e0368cdd44aefa655daa912861c242e7&version_check=1 HTTP/1.1" 200 12687 "-" "Mozilla/5.0 (compatible; SemrushBot/7~bl; +http://www.semrush.com/bot.html)" "tekmedicgloves.com"
185.191.171.2 - - [11/Oct/2022:05:47:07 -0700] "GET /phpMyAdmin/setup/?token=d6d5a75cca3752123c391a1ace950165&version_check=1 HTTP/1.1" 200 12691 "-" "Mozilla/5.0 (compatible; SemrushBot/7~bl; +http://www.semrush.com/bot.html)" "www.tekmedicgloves.com"
185.191.171.22 - - [11/Oct/2022:05:47:10 -0700] "GET /phpMyAdmin/setup/?token=bfc53a6d1fdfbb981cc21a3d6e9dc8f2&version_check=1 HTTP/1.1" 200 12691 "-" "Mozilla/5.0 (compatible; SemrushBot/7~bl; +http://www.semrush.com/bot.html)" "www.tekmedicgloves.com"
185.191.171.37 - - [11/Oct/2022:05:47:17 -0700] "GET /phpMyAdmin/setup/?token=077d9d6ec723475fe97e6bf60cc824a9&version_check=1 HTTP/1.1" 200 12691 "-" "Mozilla/5.0 (compatible; SemrushBot/7~bl; +http://www.semrush.com/bot.html)" "www.tekmedicgloves.com"
185.191.171.9 - - [11/Oct/2022:05:47:27 -0700] "GET /phpMyAdmin/setup/?token=93c3318966e3d51c092e053baa727e47&version_check=1 HTTP/1.1" 200 12691 "-" "Mozilla/5.0 (compatible; SemrushBot/7~bl; +http://www.semrush.com/bot.html)" "www.tekmedicgloves.com"
185.191.171.2 - - [11/Oct/2022:05:47:43 -0700] "GET /phpMyAdmin/setup/?token=bfb2fca4ee1f286306aa7dba366d83f4&version_check=1 HTTP/1.1" 200 12691 "-" "Mozilla/5.0 (compatible; SemrushBot/7~bl; +http://www.semrush.com/bot.html)" "www.tekmedicgloves.com"
185.191.171.37 - - [11/Oct/2022:05:47:59 -0700] "GET /phpMyAdmin/setup/?token=e593766362a49747dcfcc27a1d08de69&version_check=1 HTTP/1.1" 200 12687 "-" "Mozilla/5.0 (compatible; SemrushBot/7~bl; +http://www.semrush.com/bot.html)" "tekmedicgloves.com"
185.191.171.10 - - [11/Oct/2022:05:48:02 -0700] "GET /phpMyAdmin/setup/?token=ead8917712222868555d6e787136a875&version_check=1 HTTP/1.1" 200 12687 "-" "Mozilla/5.0 (compatible; SemrushBot/7~bl; +http://www.semrush.com/bot.html)" "tekmedicgloves.com"
185.191.171.23 - - [11/Oct/2022:05:48:11 -0700] "GET /phpMyAdmin/setup/?token=fffc678c9e04b93dcda26e07b84900fd&version_check=1 HTTP/1.1" 200 12687 "-" "Mozilla/5.0 (compatible; SemrushBot/7~bl; +http://www.semrush.com/bot.html)" "tekmedicgloves.com"
185.191.171.45 - - [11/Oct/2022:05:48:16 -0700] "GET /phpMyAdmin/setup/?token=b7c8628deef429cb33826fbacf3c7794&version_check=1 HTTP/1.1" 200 12691 "-" "Mozilla/5.0 (compatible; SemrushBot/7~bl; +http://www.semrush.com/bot.html)" "www.tekmedicgloves.com"
185.191.171.14 - - [11/Oct/2022:05:48:21 -0700] "GET /phpMyAdmin/setup/?token=05090aa90dfefcfe2d2a1418f4a765bc&version_check=1 HTTP/1.1" 200 12691 "-" "Mozilla/5.0 (compatible; SemrushBot/7~bl; +http://www.semrush.com/bot.html)" "www.tekmedicgloves.com"
185.191.171.3 - - [11/Oct/2022:05:48:27 -0700] "GET /phpMyAdmin/setup/?token=06754a56b2a577aac468ab0884da95bf&version_check=1 HTTP/1.1" 200 12687 "-" "Mozilla/5.0 (compatible; SemrushBot/7~bl; +http://www.semrush.com/bot.html)" "tekmedicgloves.com"
185.191.171.9 - - [11/Oct/2022:05:48:41 -0700] "GET /phpMyAdmin/setup/?token=c27d90c9500ea796bdbce98ffceeb8f0&version_check=1 HTTP/1.1" 200 12691 "-" "Mozilla/5.0 (compatible; SemrushBot/7~bl; +http://www.semrush.com/bot.html)" "www.tekmedicgloves.com"
185.191.171.33 - - [11/Oct/2022:05:48:44 -0700] "GET /phpMyAdmin/setup/?token=ba2a251765a3b57239b36b3b6a962115&version_check=1 HTTP/1.1" 200 12691 "-" "Mozilla/5.0 (compatible; SemrushBot/7~bl; +http://www.semrush.com/bot.html)" "www.tekmedicgloves.com"
185.191.171.9 - - [11/Oct/2022:05:48:46 -0700] "GET /phpMyAdmin/setup/?token=c798ea5b6254742c8c54f3584d98e782&version_check=1 HTTP/1.1" 200 12691 "-" "Mozilla/5.0 (compatible; SemrushBot/7~bl; +http://www.semrush.com/bot.html)" "www.tekmedicgloves.com"
185.191.171.11 - - [11/Oct/2022:05:48:49 -0700] "GET /phpMyAdmin/setup/?token=0321a7d9b6425e637a450ce777b58ce6&version_check=1 HTTP/1.1" 200 12691 "-" "Mozilla/5.0 (compatible; SemrushBot/7~bl; +http://www.semrush.com/bot.html)" "www.tekmedicgloves.com"
185.191.171.33 - - [11/Oct/2022:05:49:16 -0700] "GET /phpMyAdmin/setup/?token=065f41f412c6256919bf4646f1ee6e0d&version_check=1 HTTP/1.1" 200 12691 "-" "Mozilla/5.0 (compatible; SemrushBot/7~bl; +http://www.semrush.com/bot.html)" "www.tekmedicgloves.com"
185.191.171.33 - - [11/Oct/2022:05:49:24 -0700] "GET /phpMyAdmin/setup/?token=ff0b007e720dbe4ff7e5f5c4de4b4c28&version_check=1 HTTP/1.1" 200 12691 "-" "Mozilla/5.0 (compatible; SemrushBot/7~bl; +http://www.semrush.com/bot.html)" "www.tekmedicgloves.com"
185.191.171.9 - - [11/Oct/2022:05:49:37 -0700] "GET /phpMyAdmin/setup/?token=e30aee92f668688c6b8b70dd1f964b04&version_check=1 HTTP/1.1" 200 12687 "-" "Mozilla/5.0 (compatible; SemrushBot/7~bl; +http://www.semrush.com/bot.html)" "tekmedicgloves.com"
185.191.171.9 - - [11/Oct/2022:05:49:40 -0700] "GET /phpMyAdmin/setup/?token=fad3500880437741ce9d698a70b10068&version_check=1 HTTP/1.1" 200 12687 "-" "Mozilla/5.0 (compatible; SemrushBot/7~bl; +http://www.semrush.com/bot.html)" "tekmedicgloves.com"
185.191.171.19 - - [11/Oct/2022:05:49:45 -0700] "GET /phpMyAdmin/setup/?token=c6f1fbdcb7e7846098fa090a19ef830b&version_check=1 HTTP/1.1" 200 12691 "-" "Mozilla/5.0 (compatible; SemrushBot/7~bl; +http://www.semrush.com/bot.html)" "www.tekmedicgloves.com"
185.191.171.15 - - [11/Oct/2022:05:49:59 -0700] "GET /phpMyAdmin/setup/?token=ec3e8eff068d19de18c702aeffba180c&version_check=1 HTTP/1.1" 200 12687 "-" "Mozilla/5.0 (compatible; SemrushBot/7~bl; +http://www.semrush.com/bot.html)" "tekmedicgloves.com"
185.191.171.17 - - [11/Oct/2022:05:50:09 -0700] "GET /phpMyAdmin/setup/?token=e8f773dfac80f7e389256b442194805a&version_check=1 HTTP/1.1" 200 12687 "-" "Mozilla/5.0 (compatible; SemrushBot/7~bl; +http://www.semrush.com/bot.html)" "tekmedicgloves.com"
185.191.171.24 - - [11/Oct/2022:05:50:34 -0700] "GET /phpMyAdmin/setup/?token=f1752aa3c1b7889f1faf31eace58a968&version_check=1 HTTP/1.1" 200 12691 "-" "Mozilla/5.0 (compatible; SemrushBot/7~bl; +http://www.semrush.com/bot.html)" "www.tekmedicgloves.com"
185.191.171.33 - - [11/Oct/2022:05:50:53 -0700] "GET /phpMyAdmin/setup/?token=024bb38af82db7c79957fadd50f13181&version_check=1 HTTP/1.1" 200 12691 "-" "Mozilla/5.0 (compatible; SemrushBot/7~bl; +http://www.semrush.com/bot.html)" "www.tekmedicgloves.com"
185.191.171.10 - - [11/Oct/2022:05:51:13 -0700] "GET /phpMyAdmin/setup/?token=0e24644b9eeae57b623621577b312147&version_check=1 HTTP/1.1" 200 12687 "-" "Mozilla/5.0 (compatible; SemrushBot/7~bl; +http://www.semrush.com/bot.html)" "tekmedicgloves.com"
185.191.171.15 - - [11/Oct/2022:05:51:37 -0700] "GET /phpMyAdmin/setup/?token=cd735040019c758de8a1a1ef413f2427&version_check=1 HTTP/1.1" 200 12691 "-" "Mozilla/5.0 (compatible; SemrushBot/7~bl; +http://www.semrush.com/bot.html)" "www.tekmedicgloves.com"
185.191.171.45 - - [11/Oct/2022:05:52:04 -0700] "GET /phpMyAdmin/setup/?token=e186af225d43b4e4dffef7744d7631bf&version_check=1 HTTP/1.1" 200 12687 "-" "Mozilla/5.0 (compatible; SemrushBot/7~bl; +http://www.semrush.com/bot.html)" "tekmedicgloves.com"
185.191.171.4 - - [11/Oct/2022:05:52:12 -0700] "GET /phpMyAdmin/setup/?token=df84716e75b15d37b702fb5d4cef73fa&version_check=1 HTTP/1.1" 200 12687 "-" "Mozilla/5.0 (compatible; SemrushBot/7~bl; +http://www.semrush.com/bot.html)" "tekmedicgloves.com"
185.191.171.45 - - [11/Oct/2022:05:52:17 -0700] "GET /phpMyAdmin/setup/?token=05736e75ee177c79245b4e58b73c8bb5&version_check=1 HTTP/1.1" 200 12687 "-" "Mozilla/5.0 (compatible; SemrushBot/7~bl; +http://www.semrush.com/bot.html)" "tekmedicgloves.com"
185.191.171.45 - - [11/Oct/2022:05:52:26 -0700] "GET /phpMyAdmin/setup/?token=fb6cf4961195c511e3e1c62875fe84bf&version_check=1 HTTP/1.1" 200 12687 "-" "Mozilla/5.0 (compatible; SemrushBot/7~bl; +http://www.semrush.com/bot.html)" "tekmedicgloves.com"
185.191.171.26 - - [11/Oct/2022:05:52:27 -0700] "GET /phpMyAdmin/setup/?token=15c417311338790871f379e8de496c30&version_check=1 HTTP/1.1" 200 12687 "-" "Mozilla/5.0 (compatible; SemrushBot/7~bl; +http://www.semrush.com/bot.html)" "tekmedicgloves.com"
185.191.171.10 - - [11/Oct/2022:05:52:46 -0700] "GET /phpMyAdmin/setup/?token=15c96bbec73ff8ec30e5af4609383e8c&version_check=1 HTTP/1.1" 200 12687 "-" "Mozilla/5.0 (compatible; SemrushBot/7~bl; +http://www.semrush.com/bot.html)" "tekmedicgloves.com"
185.191.171.38 - - [11/Oct/2022:05:53:05 -0700] "GET /phpMyAdmin/setup/?token=cf9f29eab3becb40f84d0303ae7c1d10&version_check=1 HTTP/1.1" 200 12691 "-" "Mozilla/5.0 (compatible; SemrushBot/7~bl; +http://www.semrush.com/bot.html)" "www.tekmedicgloves.com"
185.191.171.17 - - [11/Oct/2022:05:53:12 -0700] "GET /phpMyAdmin/setup/?token=e6e3952b49f497431f10b5b2c40cb935&version_check=1 HTTP/1.1" 200 12687 "-" "Mozilla/5.0 (compatible; SemrushBot/7~bl; +http://www.semrush.com/bot.html)" "tekmedicgloves.com"
185.191.171.22 - - [11/Oct/2022:05:53:38 -0700] "GET /phpMyAdmin/setup/?token=e8d3dc0795f2d7d5ae6abf57d2838dec&version_check=1 HTTP/1.1" 200 12687 "-" "Mozilla/5.0 (compatible; SemrushBot/7~bl; +http://www.semrush.com/bot.html)" "tekmedicgloves.com"
185.191.171.6 - - [11/Oct/2022:05:53:54 -0700] "GET /phpMyAdmin/setup/?token=c7e545848fb80ee5f4c41a364fd75fdf&version_check=1 HTTP/1.1" 200 12691 "-" "Mozilla/5.0 (compatible; SemrushBot/7~bl; +http://www.semrush.com/bot.html)" "www.tekmedicgloves.com"
185.191.171.15 - - [11/Oct/2022:05:54:26 -0700] "GET /phpMyAdmin/setup/?token=15150662e5af0eb185486d7815564b0e&version_check=1 HTTP/1.1" 200 12687 "-" "Mozilla/5.0 (compatible; SemrushBot/7~bl; +http://www.semrush.com/bot.html)" "tekmedicgloves.com"
185.191.171.2 - - [11/Oct/2022:05:54:29 -0700] "GET /phpMyAdmin/setup/?token=d95f8583e936f83b477a6405dccf15ba&version_check=1 HTTP/1.1" 200 12691 "-" "Mozilla/5.0 (compatible; SemrushBot/7~bl; +http://www.semrush.com/bot.html)" "www.tekmedicgloves.com"
185.191.171.33 - - [11/Oct/2022:05:54:44 -0700] "GET /phpMyAdmin/setup/?token=bd57f60c80802e730f232a78db197ae2&version_check=1 HTTP/1.1" 200 12691 "-" "Mozilla/5.0 (compatible; SemrushBot/7~bl; +http://www.semrush.com/bot.html)" "www.tekmedicgloves.com"
185.191.171.10 - - [11/Oct/2022:05:54:47 -0700] "GET /phpMyAdmin/setup/?token=eae049fb8f7e4713aba2af7bcc018f9a&version_check=1 HTTP/1.1" 200 12691 "-" "Mozilla/5.0 (compatible; SemrushBot/7~bl; +http://www.semrush.com/bot.html)" "www.tekmedicgloves.com"
185.191.171.42 - - [11/Oct/2022:05:54:53 -0700] "GET /phpMyAdmin/setup/?token=ee73aa653466141483baf554028d5f5c&version_check=1 HTTP/1.1" 200 12691 "-" "Mozilla/5.0 (compatible; SemrushBot/7~bl; +http://www.semrush.com/bot.html)" "www.tekmedicgloves.com"
185.191.171.25 - - [11/Oct/2022:05:55:01 -0700] "GET /phpMyAdmin/setup/?token=0510a750ec69204bcd906ed04953e464&version_check=1 HTTP/1.1" 200 12691 "-" "Mozilla/5.0 (compatible; SemrushBot/7~bl; +http://www.semrush.com/bot.html)" "www.tekmedicgloves.com"
185.191.171.10 - - [11/Oct/2022:05:55:07 -0700] "GET /phpMyAdmin/setup/?token=bbd3169b505f6b79a25ff1ee33a51227&version_check=1 HTTP/1.1" 200 12691 "-" "Mozilla/5.0 (compatible; SemrushBot/7~bl; +http://www.semrush.com/bot.html)" "www.tekmedicgloves.com"
185.191.171.24 - - [11/Oct/2022:05:55:22 -0700] "GET /phpMyAdmin/setup/?token=e075a64cb7613e94b02d4a36df953822&version_check=1 HTTP/1.1" 200 12691 "-" "Mozilla/5.0 (compatible; SemrushBot/7~bl; +http://www.semrush.com/bot.html)" "www.tekmedicgloves.com"
185.191.171.25 - - [11/Oct/2022:05:55:39 -0700] "GET /phpMyAdmin/setup/?token=00dc4a1d54f349b5fdf8680c8463affd&version_check=1 HTTP/1.1" 200 12691 "-" "Mozilla/5.0 (compatible; SemrushBot/7~bl; +http://www.semrush.com/bot.html)" "www.tekmedicgloves.com"
185.191.171.12 - - [11/Oct/2022:05:55:41 -0700] "GET /phpMyAdmin/setup/?token=c68db8d4ddde5c61aad2bbb2391a7998&version_check=1 HTTP/1.1" 200 12691 "-" "Mozilla/5.0 (compatible; SemrushBot/7~bl; +http://www.semrush.com/bot.html)" "www.tekmedicgloves.com"
185.191.171.15 - - [11/Oct/2022:05:55:58 -0700] "GET /phpMyAdmin/setup/?token=ecfd65393f90959ec8a9b5d8ed48725c&version_check=1 HTTP/1.1" 200 12687 "-" "Mozilla/5.0 (compatible; SemrushBot/7~bl; +http://www.semrush.com/bot.html)" "tekmedicgloves.com"
185.191.171.1 - - [11/Oct/2022:05:56:00 -0700] "GET /phpMyAdmin/setup/?token=cfd14f9a3384f6bcbbdacffe063fd3ac&version_check=1 HTTP/1.1" 200 12691 "-" "Mozilla/5.0 (compatible; SemrushBot/7~bl; +http://www.semrush.com/bot.html)" "www.tekmedicgloves.com"
185.191.171.16 - - [11/Oct/2022:05:56:06 -0700] "GET /phpMyAdmin/setup/?token=f5c0bd1187059ebcf809b3619a90171b&version_check=1 HTTP/1.1" 200 12687 "-" "Mozilla/5.0 (compatible; SemrushBot/7~bl; +http://www.semrush.com/bot.html)" "tekmedicgloves.com"
185.191.171.26 - - [11/Oct/2022:05:56:08 -0700] "GET /phpMyAdmin/setup/?token=f9d13ffcacb3cf48e2bbecca3033ff2f&version_check=1 HTTP/1.1" 200 12687 "-" "Mozilla/5.0 (compatible; SemrushBot/7~bl; +http://www.semrush.com/bot.html)" "tekmedicgloves.com"
185.191.171.12 - - [11/Oct/2022:05:56:20 -0700] "GET /phpMyAdmin/setup/?token=f0bde4d7dcc2f041771956b9da35464a&version_check=1 HTTP/1.1" 200 12691 "-" "Mozilla/5.0 (compatible; SemrushBot/7~bl; +http://www.semrush.com/bot.html)" "www.tekmedicgloves.com"
185.191.171.5 - - [11/Oct/2022:05:56:28 -0700] "GET /phpMyAdmin/setup/?token=e16b56d5932bec7d8f76680ca308d5b7&version_check=1 HTTP/1.1" 200 12687 "-" "Mozilla/5.0 (compatible; SemrushBot/7~bl; +http://www.semrush.com/bot.html)" "tekmedicgloves.com"
185.191.171.24 - - [11/Oct/2022:05:56:43 -0700] "GET /phpMyAdmin/setup/?token=df10db84af5b4fdda3d9e021b8a8016c&version_check=1 HTTP/1.1" 200 12687 "-" "Mozilla/5.0 (compatible; SemrushBot/7~bl; +http://www.semrush.com/bot.html)" "tekmedicgloves.com"
185.191.171.23 - - [11/Oct/2022:05:57:11 -0700] "GET /phpMyAdmin/setup/?token=061839fb2577dfcc6e3c1b17d43eb7ce&version_check=1 HTTP/1.1" 200 12687 "-" "Mozilla/5.0 (compatible; SemrushBot/7~bl; +http://www.semrush.com/bot.html)" "tekmedicgloves.com"
185.191.171.19 - - [11/Oct/2022:05:57:18 -0700] "GET /phpMyAdmin/setup/?token=d2c809c726714e373334d65eae4c0946&version_check=1 HTTP/1.1" 200 12691 "-" "Mozilla/5.0 (compatible; SemrushBot/7~bl; +http://www.semrush.com/bot.html)" "www.tekmedicgloves.com"
185.191.171.12 - - [11/Oct/2022:05:57:37 -0700] "GET /phpMyAdmin/setup/?token=f16abeef5f2b76a49c58cf563549c5e7&version_check=1 HTTP/1.1" 200 12691 "-" "Mozilla/5.0 (compatible; SemrushBot/7~bl; +http://www.semrush.com/bot.html)" "www.tekmedicgloves.com"
185.191.171.38 - - [11/Oct/2022:05:57:45 -0700] "GET /phpMyAdmin/setup/?token=ec1bc60a9a0f7d50ab9ee8e9f69e8658&version_check=1 HTTP/1.1" 200 12691 "-" "Mozilla/5.0 (compatible; SemrushBot/7~bl; +http://www.semrush.com/bot.html)" "www.tekmedicgloves.com"
185.191.171.26 - - [11/Oct/2022:05:57:52 -0700] "GET /phpMyAdmin/setup/?token=de61ac5eb654fc8682e9902e40c1d58e&version_check=1 HTTP/1.1" 200 12691 "-" "Mozilla/5.0 (compatible; SemrushBot/7~bl; +http://www.semrush.com/bot.html)" "www.tekmedicgloves.com"
185.191.171.5 - - [11/Oct/2022:05:57:55 -0700] "GET /phpMyAdmin/setup/?token=f1e017b48da10a470931e7ab09ad2d90&version_check=1 HTTP/1.1" 200 12687 "-" "Mozilla/5.0 (compatible; SemrushBot/7~bl; +http://www.semrush.com/bot.html)" "tekmedicgloves.com"
185.191.171.22 - - [11/Oct/2022:05:58:02 -0700] "GET /phpMyAdmin/setup/?token=ed22ee7a7ac9ba061a05c190664abd1a&version_check=1 HTTP/1.1" 200 12687 "-" "Mozilla/5.0 (compatible; SemrushBot/7~bl; +http://www.semrush.com/bot.html)" "tekmedicgloves.com"
185.191.171.33 - - [11/Oct/2022:05:58:03 -0700] "GET /phpMyAdmin/setup/?token=c012e4110b1bf929ea84057d693a20c4&version_check=1 HTTP/1.1" 200 12691 "-" "Mozilla/5.0 (compatible; SemrushBot/7~bl; +http://www.semrush.com/bot.html)" "www.tekmedicgloves.com"
185.191.171.12 - - [11/Oct/2022:05:58:44 -0700] "GET /phpMyAdmin/setup/?token=13d432499d41b66c6a4ce667bce44d02&version_check=1 HTTP/1.1" 200 12687 "-" "Mozilla/5.0 (compatible; SemrushBot/7~bl; +http://www.semrush.com/bot.html)" "tekmedicgloves.com"
185.191.171.4 - - [11/Oct/2022:05:59:01 -0700] "GET /phpMyAdmin/setup/?token=e0e5cb6a4643739dc3213ec587610379&version_check=1 HTTP/1.1" 200 12687 "-" "Mozilla/5.0 (compatible; SemrushBot/7~bl; +http://www.semrush.com/bot.html)" "tekmedicgloves.com"
185.191.171.21 - - [11/Oct/2022:05:59:05 -0700] "GET /phpMyAdmin/setup/?token=c8e14072698cf08674f3329ab1cf1bcd&version_check=1 HTTP/1.1" 200 12691 "-" "Mozilla/5.0 (compatible; SemrushBot/7~bl; +http://www.semrush.com/bot.html)" "www.tekmedicgloves.com"
185.191.171.23 - - [11/Oct/2022:05:59:07 -0700] "GET /phpMyAdmin/setup/?token=0ae7b56efb2ef9eed08211c8ecfd5cce&version_check=1 HTTP/1.1" 200 12691 "-" "Mozilla/5.0 (compatible; SemrushBot/7~bl; +http://www.semrush.com/bot.html)" "www.tekmedicgloves.com"
185.191.171.8 - - [11/Oct/2022:05:59:31 -0700] "GET /phpMyAdmin/setup/?token=fe5f0a9b00bf91956946b381a04a833a&version_check=1 HTTP/1.1" 200 12687 "-" "Mozilla/5.0 (compatible; SemrushBot/7~bl; +http://www.semrush.com/bot.html)" "tekmedicgloves.com"
185.191.171.3 - - [11/Oct/2022:06:00:06 -0700] "GET /phpMyAdmin/setup/?token=0e62e64152805803c100b789da11d534&version_check=1 HTTP/1.1" 200 12687 "-" "Mozilla/5.0 (compatible; SemrushBot/7~bl; +http://www.semrush.com/bot.html)" "tekmedicgloves.com"
185.191.171.25 - - [11/Oct/2022:06:00:13 -0700] "GET /phpMyAdmin/setup/?token=ea45f49d828bf05857fc4b16ee834f7e&version_check=1 HTTP/1.1" 200 12691 "-" "Mozilla/5.0 (compatible; SemrushBot/7~bl; +http://www.semrush.com/bot.html)" "www.tekmedicgloves.com"
185.191.171.42 - - [11/Oct/2022:06:00:32 -0700] "GET /phpMyAdmin/setup/?token=04a28958ccf9d5fca737d70d3c25d0f5&version_check=1 HTTP/1.1" 200 12687 "-" "Mozilla/5.0 (compatible; SemrushBot/7~bl; +http://www.semrush.com/bot.html)" "tekmedicgloves.com"
185.191.171.14 - - [11/Oct/2022:06:00:34 -0700] "GET /phpMyAdmin/setup/?token=101e89e3d178e0a7734e017de9f0e561&version_check=1 HTTP/1.1" 200 12691 "-" "Mozilla/5.0 (compatible; SemrushBot/7~bl; +http://www.semrush.com/bot.html)" "www.tekmedicgloves.com"
185.191.171.13 - - [11/Oct/2022:06:00:36 -0700] "GET /phpMyAdmin/setup/?token=e22e051de41fc69effe3168e2e964547&version_check=1 HTTP/1.1" 200 12687 "-" "Mozilla/5.0 (compatible; SemrushBot/7~bl; +http://www.semrush.com/bot.html)" "tekmedicgloves.com"
185.191.171.44 - - [11/Oct/2022:06:00:59 -0700] "GET /phpMyAdmin/setup/?token=ea1a0a265bfaf8e3ac25792064ebf847&version_check=1 HTTP/1.1" 200 12691 "-" "Mozilla/5.0 (compatible; SemrushBot/7~bl; +http://www.semrush.com/bot.html)" "www.tekmedicgloves.com"
185.191.171.2 - - [11/Oct/2022:06:01:19 -0700] "GET /phpMyAdmin/setup/?token=efd26e06d7f345060bd90d1317702577&version_check=1 HTTP/1.1" 200 12687 "-" "Mozilla/5.0 (compatible; SemrushBot/7~bl; +http://www.semrush.com/bot.html)" "tekmedicgloves.com"
185.191.171.36 - - [11/Oct/2022:06:01:33 -0700] "GET /phpMyAdmin/setup/?token=f433e58215775c844844623d3ed9afa9&version_check=1 HTTP/1.1" 200 12691 "-" "Mozilla/5.0 (compatible; SemrushBot/7~bl; +http://www.semrush.com/bot.html)" "www.tekmedicgloves.com"
185.191.171.17 - - [11/Oct/2022:06:01:40 -0700] "GET /phpMyAdmin/setup/?token=1141fdc004ce3d7e21de77cd8bb8a808&version_check=1 HTTP/1.1" 200 12687 "-" "Mozilla/5.0 (compatible; SemrushBot/7~bl; +http://www.semrush.com/bot.html)" "tekmedicgloves.com"
185.191.171.22 - - [11/Oct/2022:06:01:42 -0700] "GET /phpMyAdmin/setup/?token=f4f879438d6063ae85569cd00c291bc7&version_check=1 HTTP/1.1" 200 12687 "-" "Mozilla/5.0 (compatible; SemrushBot/7~bl; +http://www.semrush.com/bot.html)" "tekmedicgloves.com"
185.191.171.25 - - [11/Oct/2022:06:01:49 -0700] "GET /phpMyAdmin/setup/?token=bb7dd9cf933c0c884e2178ead4f6265e&version_check=1 HTTP/1.1" 200 12691 "-" "Mozilla/5.0 (compatible; SemrushBot/7~bl; +http://www.semrush.com/bot.html)" "www.tekmedicgloves.com"
185.191.171.9 - - [11/Oct/2022:06:01:55 -0700] "GET /phpMyAdmin/setup/?token=fbb8a8790658e4fd1c9f17cc1cf8f1de&version_check=1 HTTP/1.1" 200 12687 "-" "Mozilla/5.0 (compatible; SemrushBot/7~bl; +http://www.semrush.com/bot.html)" "tekmedicgloves.com"
185.191.171.6 - - [11/Oct/2022:06:02:04 -0700] "GET /phpMyAdmin/setup/?token=d3dd9486dbb32b25504556cdd6cd3248&version_check=1 HTTP/1.1" 200 12691 "-" "Mozilla/5.0 (compatible; SemrushBot/7~bl; +http://www.semrush.com/bot.html)" "www.tekmedicgloves.com"
185.191.171.36 - - [11/Oct/2022:06:02:07 -0700] "GET /phpMyAdmin/setup/?token=c5a8fe7101e2de0da96795f24b1831f9&version_check=1 HTTP/1.1" 200 12691 "-" "Mozilla/5.0 (compatible; SemrushBot/7~bl; +http://www.semrush.com/bot.html)" "www.tekmedicgloves.com"
185.191.171.23 - - [11/Oct/2022:06:02:11 -0700] "GET /phpMyAdmin/setup/?token=ef9bf02df6d3acc0c3e93a05bb639697&version_check=1 HTTP/1.1" 200 12687 "-" "Mozilla/5.0 (compatible; SemrushBot/7~bl; +http://www.semrush.com/bot.html)" "tekmedicgloves.com"
185.191.171.4 - - [11/Oct/2022:06:02:14 -0700] "GET /phpMyAdmin/setup/?token=e9895b0b0709c52de4a4b072abe31085&version_check=1 HTTP/1.1" 200 12687 "-" "Mozilla/5.0 (compatible; SemrushBot/7~bl; +http://www.semrush.com/bot.html)" "tekmedicgloves.com"
185.191.171.37 - - [11/Oct/2022:06:02:20 -0700] "GET /phpMyAdmin/setup/?token=d85a081a7e2ce2a1d7affec6536b8d4f&version_check=1 HTTP/1.1" 200 12691 "-" "Mozilla/5.0 (compatible; SemrushBot/7~bl; +http://www.semrush.com/bot.html)" "www.tekmedicgloves.com"
185.191.171.15 - - [11/Oct/2022:06:02:20 -0700] "GET /phpMyAdmin/setup/?token=e0dd4a1cc46dd31d65bb2a4ada6fe5e5&version_check=1 HTTP/1.1" 200 12687 "-" "Mozilla/5.0 (compatible; SemrushBot/7~bl; +http://www.semrush.com/bot.html)" "tekmedicgloves.com"
185.191.171.43 - - [11/Oct/2022:06:02:30 -0700] "GET /phpMyAdmin/setup/?token=069c1ba27ceaf09757d5ecb27f38a4c1&version_check=1 HTTP/1.1" 200 12691 "-" "Mozilla/5.0 (compatible; SemrushBot/7~bl; +http://www.semrush.com/bot.html)" "www.tekmedicgloves.com"
185.191.171.18 - - [11/Oct/2022:06:02:46 -0700] "GET /phpMyAdmin/setup/?token=bc8ec26b2012c79394d420c8529619c3&version_check=1 HTTP/1.1" 200 12691 "-" "Mozilla/5.0 (compatible; SemrushBot/7~bl; +http://www.semrush.com/bot.html)" "www.tekmedicgloves.com"
185.191.171.18 - - [11/Oct/2022:06:02:48 -0700] "GET /phpMyAdmin/setup/?token=fb01773a10037b4d9defa2d61d3089bd&version_check=1 HTTP/1.1" 200 12691 "-" "Mozilla/5.0 (compatible; SemrushBot/7~bl; +http://www.semrush.com/bot.html)" "www.tekmedicgloves.com"
185.191.171.15 - - [11/Oct/2022:06:03:05 -0700] "GET /phpMyAdmin/setup/?token=e6e6dcf344ac0c4dd7898a064603c072&version_check=1 HTTP/1.1" 200 12687 "-" "Mozilla/5.0 (compatible; SemrushBot/7~bl; +http://www.semrush.com/bot.html)" "tekmedicgloves.com"
185.191.171.7 - - [11/Oct/2022:06:03:08 -0700] "GET /phpMyAdmin/setup/?token=ed5a4f09dc6d8ae1b03493c40a916180&version_check=1 HTTP/1.1" 200 12687 "-" "Mozilla/5.0 (compatible; SemrushBot/7~bl; +http://www.semrush.com/bot.html)" "tekmedicgloves.com"
185.191.171.13 - - [11/Oct/2022:06:03:33 -0700] "GET /phpMyAdmin/setup/?token=e87ef896636be40d7b254d894650ce8e&version_check=1 HTTP/1.1" 200 12691 "-" "Mozilla/5.0 (compatible; SemrushBot/7~bl; +http://www.semrush.com/bot.html)" "www.tekmedicgloves.com"
185.191.171.17 - - [11/Oct/2022:06:03:45 -0700] "GET /phpMyAdmin/setup/?token=ebc055acc22d23fbd8f47c5bb3d55878&version_check=1 HTTP/1.1" 200 12687 "-" "Mozilla/5.0 (compatible; SemrushBot/7~bl; +http://www.semrush.com/bot.html)" "tekmedicgloves.com"
185.191.171.18 - - [11/Oct/2022:06:04:04 -0700] "GET /phpMyAdmin/setup/?token=dfb077dcc83fb04bd3d91616e4dd3d60&version_check=1 HTTP/1.1" 200 12687 "-" "Mozilla/5.0 (compatible; SemrushBot/7~bl; +http://www.semrush.com/bot.html)" "tekmedicgloves.com"
185.191.171.14 - - [11/Oct/2022:06:04:13 -0700] "GET /phpMyAdmin/setup/?token=cc8a1f14350e16330fbecea7b8aadfaa&version_check=1 HTTP/1.1" 200 12691 "-" "Mozilla/5.0 (compatible; SemrushBot/7~bl; +http://www.semrush.com/bot.html)" "www.tekmedicgloves.com"
185.191.171.35 - - [11/Oct/2022:06:04:44 -0700] "GET /phpMyAdmin/setup/?token=dabf9b1567634202ef5e4e7ffdf51e86&version_check=1 HTTP/1.1" 200 12691 "-" "Mozilla/5.0 (compatible; SemrushBot/7~bl; +http://www.semrush.com/bot.html)" "www.tekmedicgloves.com"
185.191.171.23 - - [11/Oct/2022:06:05:06 -0700] "GET /phpMyAdmin/setup/?token=c395a9e27a618cd9e7a045d59a116a69&version_check=1 HTTP/1.1" 200 12691 "-" "Mozilla/5.0 (compatible; SemrushBot/7~bl; +http://www.semrush.com/bot.html)" "www.tekmedicgloves.com"
185.191.171.9 - - [11/Oct/2022:06:05:19 -0700] "GET /phpMyAdmin/setup/?token=c49d2b359bb29f3de515cea8d2681c17&version_check=1 HTTP/1.1" 200 12691 "-" "Mozilla/5.0 (compatible; SemrushBot/7~bl; +http://www.semrush.com/bot.html)" "www.tekmedicgloves.com"
185.191.171.36 - - [11/Oct/2022:06:05:24 -0700] "GET /phpMyAdmin/setup/?token=beebc906bd29a9e144fe833fc64bb080&version_check=1 HTTP/1.1" 200 12691 "-" "Mozilla/5.0 (compatible; SemrushBot/7~bl; +http://www.semrush.com/bot.html)" "www.tekmedicgloves.com"
185.191.171.9 - - [11/Oct/2022:06:05:33 -0700] "GET /phpMyAdmin/setup/?token=e2423cc3fc77ef79d66c058d85c3c02f&version_check=1 HTTP/1.1" 200 12687 "-" "Mozilla/5.0 (compatible; SemrushBot/7~bl; +http://www.semrush.com/bot.html)" "tekmedicgloves.com"
185.191.171.18 - - [11/Oct/2022:06:05:46 -0700] "GET /phpMyAdmin/setup/?token=0af774caf4c374a11385c951e6c09a59&version_check=1 HTTP/1.1" 200 12691 "-" "Mozilla/5.0 (compatible; SemrushBot/7~bl; +http://www.semrush.com/bot.html)" "www.tekmedicgloves.com"
185.191.171.13 - - [11/Oct/2022:06:05:55 -0700] "GET /phpMyAdmin/setup/?token=bc7c9d41be497809502dcde6eeddce45&version_check=1 HTTP/1.1" 200 12691 "-" "Mozilla/5.0 (compatible; SemrushBot/7~bl; +http://www.semrush.com/bot.html)" "www.tekmedicgloves.com"
185.191.171.22 - - [11/Oct/2022:06:05:59 -0700] "GET /phpMyAdmin/setup/?token=efbf884abd55c70ac37ec0d1c4106341&version_check=1 HTTP/1.1" 200 12691 "-" "Mozilla/5.0 (compatible; SemrushBot/7~bl; +http://www.semrush.com/bot.html)" "www.tekmedicgloves.com"
157.90.181.207 - - [11/Oct/2022:06:06:16 -0700] "GET /robots.txt HTTP/1.1" 404 88 "-" "Mozilla/5.0 (compatible; BLEXBot/1.0; +http://webmeup-crawler.com/)" "tekmedicgloves.com"
157.90.181.207 - - [11/Oct/2022:06:06:19 -0700] "GET /sitemap HTTP/1.1" 404 88 "-" "Mozilla/5.0 (compatible; BLEXBot/1.0; +http://webmeup-crawler.com/)" "tekmedicgloves.com"
157.90.181.207 - - [11/Oct/2022:06:06:22 -0700] "GET /sitemap.txt HTTP/1.1" 404 88 "-" "Mozilla/5.0 (compatible; BLEXBot/1.0; +http://webmeup-crawler.com/)" "tekmedicgloves.com"
157.90.181.207 - - [11/Oct/2022:06:06:25 -0700] "GET /beta/contacts.php HTTP/1.1" 200 24038 "-" "Mozilla/5.0 (compatible; BLEXBot/1.0; +http://webmeup-crawler.com/)" "tekmedicgloves.com"
157.90.181.207 - - [11/Oct/2022:06:06:27 -0700] "GET /beta/index.php HTTP/1.1" 200 161 "-" "Mozilla/5.0 (compatible; BLEXBot/1.0; +http://webmeup-crawler.com/)" "tekmedicgloves.com"
185.191.171.42 - - [11/Oct/2022:06:06:29 -0700] "GET /phpMyAdmin/setup/?token=f7e613aa0f23a95e74ccbf1a75c3b496&version_check=1 HTTP/1.1" 200 12687 "-" "Mozilla/5.0 (compatible; SemrushBot/7~bl; +http://www.semrush.com/bot.html)" "tekmedicgloves.com"
157.90.181.207 - - [11/Oct/2022:06:06:31 -0700] "GET /beta/market.php?id=7 HTTP/1.1" 200 6349 "-" "Mozilla/5.0 (compatible; BLEXBot/1.0; +http://webmeup-crawler.com/)" "tekmedicgloves.com"
185.191.171.26 - - [11/Oct/2022:06:06:32 -0700] "GET /phpMyAdmin/setup/?token=dfcc4e4233996e3b1c209a67eeedde4b&version_check=1 HTTP/1.1" 200 12687 "-" "Mozilla/5.0 (compatible; SemrushBot/7~bl; +http://www.semrush.com/bot.html)" "tekmedicgloves.com"
157.90.181.207 - - [11/Oct/2022:06:06:34 -0700] "GET /beta/market.php?id=8 HTTP/1.1" 200 6349 "-" "Mozilla/5.0 (compatible; BLEXBot/1.0; +http://webmeup-crawler.com/)" "tekmedicgloves.com"
157.90.181.207 - - [11/Oct/2022:06:06:36 -0700] "GET /beta/page.php?pg=2 HTTP/1.1" 200 28123 "-" "Mozilla/5.0 (compatible; BLEXBot/1.0; +http://webmeup-crawler.com/)" "tekmedicgloves.com"
185.191.171.6 - - [11/Oct/2022:06:06:38 -0700] "GET /phpMyAdmin/setup/?token=fac50b0d9ee61c2898d4d3ca637790cb&version_check=1 HTTP/1.1" 200 12687 "-" "Mozilla/5.0 (compatible; SemrushBot/7~bl; +http://www.semrush.com/bot.html)" "tekmedicgloves.com"
157.90.181.207 - - [11/Oct/2022:06:06:38 -0700] "GET /beta/products.php?cat=20 HTTP/1.1" 200 37670 "-" "Mozilla/5.0 (compatible; BLEXBot/1.0; +http://webmeup-crawler.com/)" "tekmedicgloves.com"
157.90.181.207 - - [11/Oct/2022:06:06:41 -0700] "GET /beta/products.php?cat=21 HTTP/1.1" 200 38812 "-" "Mozilla/5.0 (compatible; BLEXBot/1.0; +http://webmeup-crawler.com/)" "tekmedicgloves.com"
157.90.181.207 - - [11/Oct/2022:06:06:43 -0700] "GET /beta/products.php?cat=22 HTTP/1.1" 200 38826 "-" "Mozilla/5.0 (compatible; BLEXBot/1.0; +http://webmeup-crawler.com/)" "tekmedicgloves.com"
157.90.181.207 - - [11/Oct/2022:06:06:45 -0700] "GET /beta/products.php?cat=23 HTTP/1.1" 200 38758 "-" "Mozilla/5.0 (compatible; BLEXBot/1.0; +http://webmeup-crawler.com/)" "tekmedicgloves.com"
157.90.181.207 - - [11/Oct/2022:06:06:47 -0700] "GET /beta/products.php?cat=24 HTTP/1.1" 200 42544 "-" "Mozilla/5.0 (compatible; BLEXBot/1.0; +http://webmeup-crawler.com/)" "tekmedicgloves.com"
157.90.181.207 - - [11/Oct/2022:06:06:50 -0700] "GET /beta/wsdindex.html HTTP/1.1" 404 88 "-" "Mozilla/5.0 (compatible; BLEXBot/1.0; +http://webmeup-crawler.com/)" "tekmedicgloves.com"
185.191.171.1 - - [11/Oct/2022:06:07:02 -0700] "GET /phpMyAdmin/setup/?token=f910aa2d668a34b72d217cbea22d2b2c&version_check=1 HTTP/1.1" 200 12691 "-" "Mozilla/5.0 (compatible; SemrushBot/7~bl; +http://www.semrush.com/bot.html)" "www.tekmedicgloves.com"
185.191.171.24 - - [11/Oct/2022:06:07:10 -0700] "GET /phpMyAdmin/setup/?token=fc34f81b7fb198c1f242a40f096bacbb&version_check=1 HTTP/1.1" 200 12687 "-" "Mozilla/5.0 (compatible; SemrushBot/7~bl; +http://www.semrush.com/bot.html)" "tekmedicgloves.com"
185.191.171.17 - - [11/Oct/2022:06:07:13 -0700] "GET /phpMyAdmin/setup/?token=e084b0e03a67d396dd45688cd2835e69&version_check=1 HTTP/1.1" 200 12687 "-" "Mozilla/5.0 (compatible; SemrushBot/7~bl; +http://www.semrush.com/bot.html)" "tekmedicgloves.com"
185.191.171.15 - - [11/Oct/2022:06:07:23 -0700] "GET /phpMyAdmin/setup/?token=c7ced9651cf4841bd318b914c7aa2059&version_check=1 HTTP/1.1" 200 12691 "-" "Mozilla/5.0 (compatible; SemrushBot/7~bl; +http://www.semrush.com/bot.html)" "www.tekmedicgloves.com"
185.191.171.44 - - [11/Oct/2022:06:07:58 -0700] "GET /phpMyAdmin/setup/?token=e3d34085a4c93fb425b16a38b3501973&version_check=1 HTTP/1.1" 200 12687 "-" "Mozilla/5.0 (compatible; SemrushBot/7~bl; +http://www.semrush.com/bot.html)" "tekmedicgloves.com"
185.191.171.26 - - [11/Oct/2022:06:08:12 -0700] "GET /phpMyAdmin/setup/?token=c394a3ed5bfdf811aa403bccffc46af1&version_check=1 HTTP/1.1" 200 12691 "-" "Mozilla/5.0 (compatible; SemrushBot/7~bl; +http://www.semrush.com/bot.html)" "www.tekmedicgloves.com"
185.191.171.7 - - [11/Oct/2022:06:08:59 -0700] "GET /phpMyAdmin/setup/?token=f66841a104fcce860b744d98d0a3a8a5&version_check=1 HTTP/1.1" 200 12687 "-" "Mozilla/5.0 (compatible; SemrushBot/7~bl; +http://www.semrush.com/bot.html)" "tekmedicgloves.com"
185.191.171.18 - - [11/Oct/2022:06:09:06 -0700] "GET /phpMyAdmin/setup/?token=e455bda5d3cc9b68e2ee17fdad21ba5d&version_check=1 HTTP/1.1" 200 12687 "-" "Mozilla/5.0 (compatible; SemrushBot/7~bl; +http://www.semrush.com/bot.html)" "tekmedicgloves.com"
185.191.171.14 - - [11/Oct/2022:06:09:14 -0700] "GET /phpMyAdmin/setup/?token=045aaa7903def619596845b6678046f6&version_check=1 HTTP/1.1" 200 12691 "-" "Mozilla/5.0 (compatible; SemrushBot/7~bl; +http://www.semrush.com/bot.html)" "www.tekmedicgloves.com"
185.191.171.34 - - [11/Oct/2022:06:09:20 -0700] "GET /phpMyAdmin/setup/?token=022cffb6b02c9632243e6811f14564ab&version_check=1 HTTP/1.1" 200 12691 "-" "Mozilla/5.0 (compatible; SemrushBot/7~bl; +http://www.semrush.com/bot.html)" "www.tekmedicgloves.com"
185.191.171.42 - - [11/Oct/2022:06:09:23 -0700] "GET /phpMyAdmin/setup/?token=c49ad2e5759d29c4fbe7be0ec80a8aac&version_check=1 HTTP/1.1" 200 12691 "-" "Mozilla/5.0 (compatible; SemrushBot/7~bl; +http://www.semrush.com/bot.html)" "www.tekmedicgloves.com"
185.191.171.39 - - [11/Oct/2022:06:09:37 -0700] "GET /phpMyAdmin/setup/?token=dfc91073bbe50d4c27ed5ad25cad6201&version_check=1 HTTP/1.1" 200 12691 "-" "Mozilla/5.0 (compatible; SemrushBot/7~bl; +http://www.semrush.com/bot.html)" "www.tekmedicgloves.com"
185.191.171.24 - - [11/Oct/2022:06:09:45 -0700] "GET /robots.txt HTTP/1.1" 404 88 "-" "Mozilla/5.0 (compatible; SemrushBot/7~bl; +http://www.semrush.com/bot.html)" "www.tekmedicgloves.com"
185.191.171.23 - - [11/Oct/2022:06:09:46 -0700] "GET /phpMyAdmin/setup/?token=d5e72069021790057aa83c18b85a46ba&version_check=1 HTTP/1.1" 200 12691 "-" "Mozilla/5.0 (compatible; SemrushBot/7~bl; +http://www.semrush.com/bot.html)" "www.tekmedicgloves.com"
185.191.171.2 - - [11/Oct/2022:06:10:02 -0700] "GET /phpMyAdmin/setup/?token=f5a99b4730a0f76c0ccd248d16d50c73&version_check=1 HTTP/1.1" 200 12687 "-" "Mozilla/5.0 (compatible; SemrushBot/7~bl; +http://www.semrush.com/bot.html)" "tekmedicgloves.com"
185.191.171.36 - - [11/Oct/2022:06:10:14 -0700] "GET /phpMyAdmin/setup/?token=e2cda9a9ed68950a10b1d42813e28f88&version_check=1 HTTP/1.1" 200 12687 "-" "Mozilla/5.0 (compatible; SemrushBot/7~bl; +http://www.semrush.com/bot.html)" "tekmedicgloves.com"
185.191.171.22 - - [11/Oct/2022:06:10:16 -0700] "GET /phpMyAdmin/setup/?token=e4dcbc6941c4dc65b5f21047d7f7dee5&version_check=1 HTTP/1.1" 200 12687 "-" "Mozilla/5.0 (compatible; SemrushBot/7~bl; +http://www.semrush.com/bot.html)" "tekmedicgloves.com"
185.191.171.6 - - [11/Oct/2022:06:10:20 -0700] "GET /phpMyAdmin/setup/?token=e1670b08dc303d049fb53747a181d301&version_check=1 HTTP/1.1" 200 12687 "-" "Mozilla/5.0 (compatible; SemrushBot/7~bl; +http://www.semrush.com/bot.html)" "tekmedicgloves.com"
185.191.171.4 - - [11/Oct/2022:06:10:22 -0700] "GET /phpMyAdmin/setup/?token=bb9b7cab625d8502d0dc9e56246c27f5&version_check=1 HTTP/1.1" 200 12691 "-" "Mozilla/5.0 (compatible; SemrushBot/7~bl; +http://www.semrush.com/bot.html)" "www.tekmedicgloves.com"
185.191.171.35 - - [11/Oct/2022:06:10:31 -0700] "GET /phpMyAdmin/setup/?token=bf81d333910c88cc56332cb26c1fdaa6&version_check=1 HTTP/1.1" 200 12691 "-" "Mozilla/5.0 (compatible; SemrushBot/7~bl; +http://www.semrush.com/bot.html)" "www.tekmedicgloves.com"
185.191.171.43 - - [11/Oct/2022:06:10:52 -0700] "GET /phpMyAdmin/setup/?token=c1ed2737886000a3f22c9e43a3320660&version_check=1 HTTP/1.1" 200 12691 "-" "Mozilla/5.0 (compatible; SemrushBot/7~bl; +http://www.semrush.com/bot.html)" "www.tekmedicgloves.com"
185.191.171.40 - - [11/Oct/2022:06:10:54 -0700] "GET /phpMyAdmin/setup/?token=bb1c580d46ec3a034be27e7a52b6b85e&version_check=1 HTTP/1.1" 200 12691 "-" "Mozilla/5.0 (compatible; SemrushBot/7~bl; +http://www.semrush.com/bot.html)" "www.tekmedicgloves.com"
185.191.171.42 - - [11/Oct/2022:06:10:58 -0700] "GET /phpMyAdmin/setup/?token=1601886926858089c7758b7d6360520b&version_check=1 HTTP/1.1" 200 12687 "-" "Mozilla/5.0 (compatible; SemrushBot/7~bl; +http://www.semrush.com/bot.html)" "tekmedicgloves.com"
185.191.171.20 - - [11/Oct/2022:06:11:03 -0700] "GET /phpMyAdmin/setup/?token=00e8da72e3fea71a192252b0e147f72a&version_check=1 HTTP/1.1" 200 12691 "-" "Mozilla/5.0 (compatible; SemrushBot/7~bl; +http://www.semrush.com/bot.html)" "www.tekmedicgloves.com"
185.191.171.20 - - [11/Oct/2022:06:11:10 -0700] "GET /phpMyAdmin/setup/?token=fb33d36803d14c151abcf4a2a1627a4e&version_check=1 HTTP/1.1" 200 12687 "-" "Mozilla/5.0 (compatible; SemrushBot/7~bl; +http://www.semrush.com/bot.html)" "tekmedicgloves.com"
185.191.171.43 - - [11/Oct/2022:06:11:19 -0700] "GET /phpMyAdmin/setup/?token=c489e875ef9081a8ac3396e36e13cf75&version_check=1 HTTP/1.1" 200 12691 "-" "Mozilla/5.0 (compatible; SemrushBot/7~bl; +http://www.semrush.com/bot.html)" "www.tekmedicgloves.com"
185.191.171.7 - - [11/Oct/2022:06:11:27 -0700] "GET /phpMyAdmin/setup/?token=bb91ebdf9a5a51eec9fc11d109fdbba0&version_check=1 HTTP/1.1" 200 12691 "-" "Mozilla/5.0 (compatible; SemrushBot/7~bl; +http://www.semrush.com/bot.html)" "www.tekmedicgloves.com"
185.191.171.8 - - [11/Oct/2022:06:11:29 -0700] "GET /phpMyAdmin/setup/?token=f75f1f13636326179e51d66358294666&version_check=1 HTTP/1.1" 200 12691 "-" "Mozilla/5.0 (compatible; SemrushBot/7~bl; +http://www.semrush.com/bot.html)" "www.tekmedicgloves.com"
185.191.171.13 - - [11/Oct/2022:06:12:08 -0700] "GET /phpMyAdmin/setup/?token=c86eac4739eb5fdb1a00b08dc48b0e4b&version_check=1 HTTP/1.1" 200 12691 "-" "Mozilla/5.0 (compatible; SemrushBot/7~bl; +http://www.semrush.com/bot.html)" "www.tekmedicgloves.com"
185.191.171.4 - - [11/Oct/2022:06:12:34 -0700] "GET /phpMyAdmin/setup/?token=e00fc1f4790086701493b39154f61f01&version_check=1 HTTP/1.1" 200 12687 "-" "Mozilla/5.0 (compatible; SemrushBot/7~bl; +http://www.semrush.com/bot.html)" "tekmedicgloves.com"
185.191.171.44 - - [11/Oct/2022:06:12:49 -0700] "GET /phpMyAdmin/setup/?token=03db5f704769b5f35178228d8ccddc5a&version_check=1 HTTP/1.1" 200 12687 "-" "Mozilla/5.0 (compatible; SemrushBot/7~bl; +http://www.semrush.com/bot.html)" "tekmedicgloves.com"
185.191.171.19 - - [11/Oct/2022:06:13:12 -0700] "GET /phpMyAdmin/setup/?token=763b0b850fc672e806fc02600e6a0f93&version_check=1 HTTP/1.1" 200 12687 "-" "Mozilla/5.0 (compatible; SemrushBot/7~bl; +http://www.semrush.com/bot.html)" "tekmedicgloves.com"
185.191.171.16 - - [11/Oct/2022:06:13:15 -0700] "GET /phpMyAdmin/setup/?token=d2efe143d76c6e749e490b28d5f85f94&version_check=1 HTTP/1.1" 200 12691 "-" "Mozilla/5.0 (compatible; SemrushBot/7~bl; +http://www.semrush.com/bot.html)" "www.tekmedicgloves.com"
185.191.171.18 - - [11/Oct/2022:06:13:37 -0700] "GET /phpMyAdmin/setup/?token=e88c032d1362ce748547c606b7c8305a&version_check=1 HTTP/1.1" 200 12687 "-" "Mozilla/5.0 (compatible; SemrushBot/7~bl; +http://www.semrush.com/bot.html)" "tekmedicgloves.com"
185.191.171.35 - - [11/Oct/2022:06:14:07 -0700] "GET /phpMyAdmin/setup/?token=0182d1bd994a11ed5a71f5d5bd989776&version_check=1 HTTP/1.1" 200 12687 "-" "Mozilla/5.0 (compatible; SemrushBot/7~bl; +http://www.semrush.com/bot.html)" "tekmedicgloves.com"
185.191.171.15 - - [11/Oct/2022:06:14:14 -0700] "GET /phpMyAdmin/setup/?token=cb56ddd6ea59d89b6779689a6ebcc81a&version_check=1 HTTP/1.1" 200 12691 "-" "Mozilla/5.0 (compatible; SemrushBot/7~bl; +http://www.semrush.com/bot.html)" "www.tekmedicgloves.com"
185.191.171.20 - - [11/Oct/2022:06:14:16 -0700] "GET /phpMyAdmin/setup/?token=0f4245c5f9f337dc4ca1893d2ee6a7cc&version_check=1 HTTP/1.1" 200 12691 "-" "Mozilla/5.0 (compatible; SemrushBot/7~bl; +http://www.semrush.com/bot.html)" "www.tekmedicgloves.com"
185.191.171.21 - - [11/Oct/2022:06:14:19 -0700] "GET /phpMyAdmin/setup/?token=dfeb7da83485d96d4c20a01d0d2b35ac&version_check=1 HTTP/1.1" 200 12687 "-" "Mozilla/5.0 (compatible; SemrushBot/7~bl; +http://www.semrush.com/bot.html)" "tekmedicgloves.com"
185.191.171.26 - - [11/Oct/2022:06:14:25 -0700] "GET /phpMyAdmin/setup/?token=f49064159af5891a4bdadf61fc081f40&version_check=1 HTTP/1.1" 200 12687 "-" "Mozilla/5.0 (compatible; SemrushBot/7~bl; +http://www.semrush.com/bot.html)" "tekmedicgloves.com"
185.191.171.36 - - [11/Oct/2022:06:14:30 -0700] "GET /phpMyAdmin/setup/?token=c5fa993174d756ad96a19602ebfbca6d&version_check=1 HTTP/1.1" 200 12691 "-" "Mozilla/5.0 (compatible; SemrushBot/7~bl; +http://www.semrush.com/bot.html)" "www.tekmedicgloves.com"
185.191.171.10 - - [11/Oct/2022:06:14:42 -0700] "GET /phpMyAdmin/setup/?token=c479e9d077f6485298a083b8c5fd2c64&version_check=1 HTTP/1.1" 200 12691 "-" "Mozilla/5.0 (compatible; SemrushBot/7~bl; +http://www.semrush.com/bot.html)" "www.tekmedicgloves.com"
185.191.171.18 - - [11/Oct/2022:06:14:44 -0700] "GET /phpMyAdmin/setup/?token=0d94b0dc24af37a7e035164984927c0c&version_check=1 HTTP/1.1" 200 12691 "-" "Mozilla/5.0 (compatible; SemrushBot/7~bl; +http://www.semrush.com/bot.html)" "www.tekmedicgloves.com"
185.191.171.35 - - [11/Oct/2022:06:14:47 -0700] "GET /phpMyAdmin/setup/?token=0915a31028dbe5219d02c942fe59a0cc&version_check=1 HTTP/1.1" 200 12687 "-" "Mozilla/5.0 (compatible; SemrushBot/7~bl; +http://www.semrush.com/bot.html)" "tekmedicgloves.com"
185.191.171.40 - - [11/Oct/2022:06:14:57 -0700] "GET /phpMyAdmin/setup/?token=e3403355cbae7db7af894b0ee653dbae&version_check=1 HTTP/1.1" 200 12687 "-" "Mozilla/5.0 (compatible; SemrushBot/7~bl; +http://www.semrush.com/bot.html)" "tekmedicgloves.com"
185.191.171.14 - - [11/Oct/2022:06:15:11 -0700] "GET /phpMyAdmin/setup/?token=f0c394ab80b612c41924bfe892758cd5&version_check=1 HTTP/1.1" 200 12687 "-" "Mozilla/5.0 (compatible; SemrushBot/7~bl; +http://www.semrush.com/bot.html)" "tekmedicgloves.com"
185.191.171.44 - - [11/Oct/2022:06:15:13 -0700] "GET /phpMyAdmin/setup/?token=0d44302f713c1fe801099072d821b924&version_check=1 HTTP/1.1" 200 12687 "-" "Mozilla/5.0 (compatible; SemrushBot/7~bl; +http://www.semrush.com/bot.html)" "tekmedicgloves.com"
185.191.171.21 - - [11/Oct/2022:06:15:20 -0700] "GET /phpMyAdmin/setup/?token=cbc6098a1efa43678f3c14b1d0aec795&version_check=1 HTTP/1.1" 200 12691 "-" "Mozilla/5.0 (compatible; SemrushBot/7~bl; +http://www.semrush.com/bot.html)" "www.tekmedicgloves.com"
185.191.171.33 - - [11/Oct/2022:06:15:35 -0700] "GET /phpMyAdmin/setup/?token=0574dad123809dbac1e03e8de4567a14&version_check=1 HTTP/1.1" 200 12691 "-" "Mozilla/5.0 (compatible; SemrushBot/7~bl; +http://www.semrush.com/bot.html)" "www.tekmedicgloves.com"
185.191.171.26 - - [11/Oct/2022:06:15:37 -0700] "GET /phpMyAdmin/setup/?token=f3daad6cfabcec403170fe8e5bc034b3&version_check=1 HTTP/1.1" 200 12691 "-" "Mozilla/5.0 (compatible; SemrushBot/7~bl; +http://www.semrush.com/bot.html)" "www.tekmedicgloves.com"
185.191.171.18 - - [11/Oct/2022:06:15:49 -0700] "GET /phpMyAdmin/setup/?token=01e0ae072ce584fdf3541c4217ab2a11&version_check=1 HTTP/1.1" 200 12687 "-" "Mozilla/5.0 (compatible; SemrushBot/7~bl; +http://www.semrush.com/bot.html)" "tekmedicgloves.com"
185.191.171.45 - - [11/Oct/2022:06:16:00 -0700] "GET /phpMyAdmin/setup/?token=f7b2d9d70550017b06b097e642ba0755&version_check=1 HTTP/1.1" 200 12687 "-" "Mozilla/5.0 (compatible; SemrushBot/7~bl; +http://www.semrush.com/bot.html)" "tekmedicgloves.com"
185.191.171.13 - - [11/Oct/2022:06:16:02 -0700] "GET /phpMyAdmin/setup/?token=c059145ad472ed099dc479809d8f59c1&version_check=1 HTTP/1.1" 200 12691 "-" "Mozilla/5.0 (compatible; SemrushBot/7~bl; +http://www.semrush.com/bot.html)" "www.tekmedicgloves.com"
185.191.171.44 - - [11/Oct/2022:06:16:48 -0700] "GET /phpMyAdmin/setup/?token=dae120ecd0ee7002e75b323d6441275f&version_check=1 HTTP/1.1" 200 12691 "-" "Mozilla/5.0 (compatible; SemrushBot/7~bl; +http://www.semrush.com/bot.html)" "www.tekmedicgloves.com"
185.191.171.44 - - [11/Oct/2022:06:16:51 -0700] "GET /phpMyAdmin/setup/?token=0e0ea6c2cd95dbf2a50cf1409e3363e8&version_check=1 HTTP/1.1" 200 12687 "-" "Mozilla/5.0 (compatible; SemrushBot/7~bl; +http://www.semrush.com/bot.html)" "tekmedicgloves.com"
185.191.171.8 - - [11/Oct/2022:06:16:58 -0700] "GET /phpMyAdmin/setup/?token=d31a273358e569f8cef76c8fb1c41bce&version_check=1 HTTP/1.1" 200 12691 "-" "Mozilla/5.0 (compatible; SemrushBot/7~bl; +http://www.semrush.com/bot.html)" "www.tekmedicgloves.com"
185.191.171.13 - - [11/Oct/2022:06:17:04 -0700] "GET /phpMyAdmin/setup/?token=df0aea1781fa565ec8f388428c21baab&version_check=1 HTTP/1.1" 200 12687 "-" "Mozilla/5.0 (compatible; SemrushBot/7~bl; +http://www.semrush.com/bot.html)" "tekmedicgloves.com"
185.191.171.8 - - [11/Oct/2022:06:17:14 -0700] "GET /phpMyAdmin/setup/?token=c2efda6ef0bc8e296d2d187b79db63d0&version_check=1 HTTP/1.1" 200 12691 "-" "Mozilla/5.0 (compatible; SemrushBot/7~bl; +http://www.semrush.com/bot.html)" "www.tekmedicgloves.com"
185.191.171.21 - - [11/Oct/2022:06:17:22 -0700] "GET /phpMyAdmin/setup/?token=09164e2685a004d91d4eb53ef76ae3e9&version_check=1 HTTP/1.1" 200 12691 "-" "Mozilla/5.0 (compatible; SemrushBot/7~bl; +http://www.semrush.com/bot.html)" "www.tekmedicgloves.com"
185.191.171.43 - - [11/Oct/2022:06:17:39 -0700] "GET /phpMyAdmin/setup/?token=d99cf0301c1ecf2e4c33cc051d50758e&version_check=1 HTTP/1.1" 200 12691 "-" "Mozilla/5.0 (compatible; SemrushBot/7~bl; +http://www.semrush.com/bot.html)" "www.tekmedicgloves.com"
185.191.171.44 - - [11/Oct/2022:06:17:43 -0700] "GET /phpMyAdmin/setup/?token=e82d8f82f0c588515d005f1f20b74fd9&version_check=1 HTTP/1.1" 200 12687 "-" "Mozilla/5.0 (compatible; SemrushBot/7~bl; +http://www.semrush.com/bot.html)" "tekmedicgloves.com"
185.191.171.18 - - [11/Oct/2022:06:17:49 -0700] "GET /phpMyAdmin/setup/?token=bb3e4c6deb00b8a485fd7c8b4eb3d644&version_check=1 HTTP/1.1" 200 12691 "-" "Mozilla/5.0 (compatible; SemrushBot/7~bl; +http://www.semrush.com/bot.html)" "www.tekmedicgloves.com"
185.191.171.41 - - [11/Oct/2022:06:18:22 -0700] "GET /phpMyAdmin/setup/?token=0f2ba80e4eb6ae8598cabd6ec237fd4f&version_check=1 HTTP/1.1" 200 12691 "-" "Mozilla/5.0 (compatible; SemrushBot/7~bl; +http://www.semrush.com/bot.html)" "www.tekmedicgloves.com"
185.191.171.5 - - [11/Oct/2022:06:18:32 -0700] "GET /phpMyAdmin/setup/?token=dbf135e765f390c9c71c9c64855e7e49&version_check=1 HTTP/1.1" 200 12691 "-" "Mozilla/5.0 (compatible; SemrushBot/7~bl; +http://www.semrush.com/bot.html)" "www.tekmedicgloves.com"
185.191.171.14 - - [11/Oct/2022:06:18:49 -0700] "GET /phpMyAdmin/setup/?token=d95f6539fbc6e12e5a804bfc35ae28a1&version_check=1 HTTP/1.1" 200 12691 "-" "Mozilla/5.0 (compatible; SemrushBot/7~bl; +http://www.semrush.com/bot.html)" "www.tekmedicgloves.com"
185.191.171.21 - - [11/Oct/2022:06:18:51 -0700] "GET /phpMyAdmin/setup/?token=05a8500ebd5bfdd6f607d8a7fdc20a4d&version_check=1 HTTP/1.1" 200 12691 "-" "Mozilla/5.0 (compatible; SemrushBot/7~bl; +http://www.semrush.com/bot.html)" "www.tekmedicgloves.com"
185.191.171.11 - - [11/Oct/2022:06:18:52 -0700] "GET /phpMyAdmin/setup/?token=ed3f8a7917381cf9b6bcf88651df9ac2&version_check=1 HTTP/1.1" 200 12687 "-" "Mozilla/5.0 (compatible; SemrushBot/7~bl; +http://www.semrush.com/bot.html)" "tekmedicgloves.com"
185.191.171.13 - - [11/Oct/2022:06:19:17 -0700] "GET /phpMyAdmin/setup/?token=03023bc25fc35d972bebb6c75616921f&version_check=1 HTTP/1.1" 200 12687 "-" "Mozilla/5.0 (compatible; SemrushBot/7~bl; +http://www.semrush.com/bot.html)" "tekmedicgloves.com"
185.191.171.7 - - [11/Oct/2022:06:19:36 -0700] "GET /phpMyAdmin/setup/?token=e39ff4fd05fd220aa26bca985e817c25&version_check=1 HTTP/1.1" 200 12687 "-" "Mozilla/5.0 (compatible; SemrushBot/7~bl; +http://www.semrush.com/bot.html)" "tekmedicgloves.com"
185.191.171.18 - - [11/Oct/2022:06:19:44 -0700] "GET /phpMyAdmin/setup/?token=e85dbc15c280fcbc1f8363fa65d546a0&version_check=1 HTTP/1.1" 200 12687 "-" "Mozilla/5.0 (compatible; SemrushBot/7~bl; +http://www.semrush.com/bot.html)" "tekmedicgloves.com"
185.191.171.38 - - [11/Oct/2022:06:20:13 -0700] "GET /phpMyAdmin/setup/?token=156a6419cc36b1656c80ec8251b94151&version_check=1 HTTP/1.1" 200 12687 "-" "Mozilla/5.0 (compatible; SemrushBot/7~bl; +http://www.semrush.com/bot.html)" "tekmedicgloves.com"
185.191.171.26 - - [11/Oct/2022:06:20:17 -0700] "GET /phpMyAdmin/setup/?token=e8c23219f574857c4d363a4a005b169a&version_check=1 HTTP/1.1" 200 12687 "-" "Mozilla/5.0 (compatible; SemrushBot/7~bl; +http://www.semrush.com/bot.html)" "tekmedicgloves.com"
185.191.171.19 - - [11/Oct/2022:06:20:22 -0700] "GET /phpMyAdmin/setup/?token=bfb9480736217a6d341203301775a661&version_check=1 HTTP/1.1" 200 12691 "-" "Mozilla/5.0 (compatible; SemrushBot/7~bl; +http://www.semrush.com/bot.html)" "www.tekmedicgloves.com"
185.191.171.34 - - [11/Oct/2022:06:20:56 -0700] "GET /phpMyAdmin/setup/?token=fede92bd33edf897112dbdb911195846&version_check=1 HTTP/1.1" 200 12691 "-" "Mozilla/5.0 (compatible; SemrushBot/7~bl; +http://www.semrush.com/bot.html)" "www.tekmedicgloves.com"
