185.191.171.21 - - [11/Oct/2022:02:10:03 -0700] "GET /phpMyAdmin/setup/?token=e00ed6a937b35a4bb6d4bbdee9d5c218&version_check=1 HTTP/1.1" 200 12687 "-" "Mozilla/5.0 (compatible; SemrushBot/7~bl; +http://www.semrush.com/bot.html)" "tekmedicgloves.com"
185.191.171.34 - - [11/Oct/2022:02:10:06 -0700] "GET /phpMyAdmin/setup/?token=fd01f9dc2d567b762fa73fec38e497c5&version_check=1 HTTP/1.1" 200 12687 "-" "Mozilla/5.0 (compatible; SemrushBot/7~bl; +http://www.semrush.com/bot.html)" "tekmedicgloves.com"
185.191.171.16 - - [11/Oct/2022:02:10:35 -0700] "GET /phpMyAdmin/setup/?token=f1196edd1cba395754d55f6d580fdbd0&version_check=1 HTTP/1.1" 200 12691 "-" "Mozilla/5.0 (compatible; SemrushBot/7~bl; +http://www.semrush.com/bot.html)" "www.tekmedicgloves.com"
185.191.171.37 - - [11/Oct/2022:02:10:35 -0700] "GET /phpMyAdmin/setup/?token=05ede13c5eaa7b6ec83a4fdb4dbf1a7f&version_check=1 HTTP/1.1" 200 12687 "-" "Mozilla/5.0 (compatible; SemrushBot/7~bl; +http://www.semrush.com/bot.html)" "tekmedicgloves.com"
185.191.171.36 - - [11/Oct/2022:02:10:42 -0700] "GET /phpMyAdmin/setup/?token=cd5c4c9a97cb86f7c872f7b3fc88713f&version_check=1 HTTP/1.1" 200 12691 "-" "Mozilla/5.0 (compatible; SemrushBot/7~bl; +http://www.semrush.com/bot.html)" "www.tekmedicgloves.com"
185.191.171.7 - - [11/Oct/2022:02:10:59 -0700] "GET /phpMyAdmin/setup/?token=e01a2fa09b1e7329cc62093d8aa7639e&version_check=1 HTTP/1.1" 200 12687 "-" "Mozilla/5.0 (compatible; SemrushBot/7~bl; +http://www.semrush.com/bot.html)" "tekmedicgloves.com"
185.191.171.14 - - [11/Oct/2022:02:11:23 -0700] "GET /phpMyAdmin/setup/?token=f072c674a1a48bf87c68bb87972dd56e&version_check=1 HTTP/1.1" 200 12691 "-" "Mozilla/5.0 (compatible; SemrushBot/7~bl; +http://www.semrush.com/bot.html)" "www.tekmedicgloves.com"
185.191.171.44 - - [11/Oct/2022:02:11:46 -0700] "GET /phpMyAdmin/setup/?token=e071f573439be84d8f754b602a4ff18d&version_check=1 HTTP/1.1" 200 12687 "-" "Mozilla/5.0 (compatible; SemrushBot/7~bl; +http://www.semrush.com/bot.html)" "tekmedicgloves.com"
185.191.171.6 - - [11/Oct/2022:02:11:49 -0700] "GET /phpMyAdmin/setup/?token=bad3df850fff0419584755379f2c8d28&version_check=1 HTTP/1.1" 200 12691 "-" "Mozilla/5.0 (compatible; SemrushBot/7~bl; +http://www.semrush.com/bot.html)" "www.tekmedicgloves.com"
185.191.171.4 - - [11/Oct/2022:02:12:24 -0700] "GET /phpMyAdmin/setup/?token=efae9dc8e080521093a35f1c28fc365c&version_check=1 HTTP/1.1" 200 12687 "-" "Mozilla/5.0 (compatible; SemrushBot/7~bl; +http://www.semrush.com/bot.html)" "tekmedicgloves.com"
185.191.171.33 - - [11/Oct/2022:02:12:24 -0700] "GET /phpMyAdmin/setup/?token=c430efdc2f124cf22a0158f9417862cc&version_check=1 HTTP/1.1" 200 12691 "-" "Mozilla/5.0 (compatible; SemrushBot/7~bl; +http://www.semrush.com/bot.html)" "www.tekmedicgloves.com"
185.191.171.17 - - [11/Oct/2022:02:12:40 -0700] "GET /phpMyAdmin/setup/?token=0ec00a7b9bb53c3e276d60be2df71e92&version_check=1 HTTP/1.1" 200 12691 "-" "Mozilla/5.0 (compatible; SemrushBot/7~bl; +http://www.semrush.com/bot.html)" "www.tekmedicgloves.com"
185.191.171.2 - - [11/Oct/2022:02:12:51 -0700] "GET /phpMyAdmin/setup/?token=dfc0f2c9a37292db63a94b44068093b7&version_check=1 HTTP/1.1" 200 12687 "-" "Mozilla/5.0 (compatible; SemrushBot/7~bl; +http://www.semrush.com/bot.html)" "tekmedicgloves.com"
185.191.171.3 - - [11/Oct/2022:02:12:59 -0700] "GET /phpMyAdmin/setup/?token=0c64b1c613d835c19065e59d29d1ef61&version_check=1 HTTP/1.1" 200 12691 "-" "Mozilla/5.0 (compatible; SemrushBot/7~bl; +http://www.semrush.com/bot.html)" "www.tekmedicgloves.com"
185.191.171.8 - - [11/Oct/2022:02:13:05 -0700] "GET /phpMyAdmin/setup/?token=f68c92c02d7df5182da9f19a54ac35d9&version_check=1 HTTP/1.1" 200 12687 "-" "Mozilla/5.0 (compatible; SemrushBot/7~bl; +http://www.semrush.com/bot.html)" "tekmedicgloves.com"
185.191.171.14 - - [11/Oct/2022:02:13:12 -0700] "GET /phpMyAdmin/setup/?token=e1d0a7b99a386c73db3d5717ec4b28c5&version_check=1 HTTP/1.1" 200 12687 "-" "Mozilla/5.0 (compatible; SemrushBot/7~bl; +http://www.semrush.com/bot.html)" "tekmedicgloves.com"
185.191.171.13 - - [11/Oct/2022:02:13:22 -0700] "GET /phpMyAdmin/setup/?token=f1c65971556033e95dd8eb58e8427c4b&version_check=1 HTTP/1.1" 200 12691 "-" "Mozilla/5.0 (compatible; SemrushBot/7~bl; +http://www.semrush.com/bot.html)" "www.tekmedicgloves.com"
185.191.171.40 - - [11/Oct/2022:02:13:26 -0700] "GET /phpMyAdmin/setup/?token=bea73d5948cbb2f12a794121989b79e4&version_check=1 HTTP/1.1" 200 12691 "-" "Mozilla/5.0 (compatible; SemrushBot/7~bl; +http://www.semrush.com/bot.html)" "www.tekmedicgloves.com"
185.191.171.26 - - [11/Oct/2022:02:13:28 -0700] "GET /phpMyAdmin/setup/?token=d542195b76015a8fff80396bbd456837&version_check=1 HTTP/1.1" 200 12691 "-" "Mozilla/5.0 (compatible; SemrushBot/7~bl; +http://www.semrush.com/bot.html)" "www.tekmedicgloves.com"
185.191.171.3 - - [11/Oct/2022:02:13:35 -0700] "GET /phpMyAdmin/setup/?token=048354cc4238b93c1a82a7c9d00dbeb3&version_check=1 HTTP/1.1" 200 12691 "-" "Mozilla/5.0 (compatible; SemrushBot/7~bl; +http://www.semrush.com/bot.html)" "www.tekmedicgloves.com"
185.191.171.38 - - [11/Oct/2022:02:14:01 -0700] "GET /phpMyAdmin/setup/?token=0a66ee66acec5d79522925a63aeed64f&version_check=1 HTTP/1.1" 200 12687 "-" "Mozilla/5.0 (compatible; SemrushBot/7~bl; +http://www.semrush.com/bot.html)" "tekmedicgloves.com"
185.191.171.2 - - [11/Oct/2022:02:14:05 -0700] "GET /phpMyAdmin/setup/?token=dc8cf105e85a58d47fba761b156aa200&version_check=1 HTTP/1.1" 200 12687 "-" "Mozilla/5.0 (compatible; SemrushBot/7~bl; +http://www.semrush.com/bot.html)" "tekmedicgloves.com"
185.191.171.2 - - [11/Oct/2022:02:14:12 -0700] "GET /phpMyAdmin/setup/?token=ec9d4e60de977160f84c373fead63737&version_check=1 HTTP/1.1" 200 12687 "-" "Mozilla/5.0 (compatible; SemrushBot/7~bl; +http://www.semrush.com/bot.html)" "tekmedicgloves.com"
185.191.171.19 - - [11/Oct/2022:02:14:17 -0700] "GET /phpMyAdmin/setup/?token=f4e76b7a1ea63b2a741427a6b687d204&version_check=1 HTTP/1.1" 200 12687 "-" "Mozilla/5.0 (compatible; SemrushBot/7~bl; +http://www.semrush.com/bot.html)" "tekmedicgloves.com"
185.191.171.3 - - [11/Oct/2022:02:14:23 -0700] "GET /robots.txt HTTP/1.1" 404 88 "-" "Mozilla/5.0 (compatible; SemrushBot/7~bl; +http://www.semrush.com/bot.html)" "www.tekmedicgloves.com"
185.191.171.7 - - [11/Oct/2022:02:14:23 -0700] "GET /phpMyAdmin/setup/?token=0ca17b802c906286c3c77511209e6b8f&version_check=1 HTTP/1.1" 200 12691 "-" "Mozilla/5.0 (compatible; SemrushBot/7~bl; +http://www.semrush.com/bot.html)" "www.tekmedicgloves.com"
185.191.171.43 - - [11/Oct/2022:02:14:41 -0700] "GET /phpMyAdmin/setup/?token=db37db7ee9870b32ccb95b4445bb9daa&version_check=1 HTTP/1.1" 200 12691 "-" "Mozilla/5.0 (compatible; SemrushBot/7~bl; +http://www.semrush.com/bot.html)" "www.tekmedicgloves.com"
185.191.171.33 - - [11/Oct/2022:02:15:17 -0700] "GET /phpMyAdmin/setup/?token=d2ec5883693434e533ad13a02addc2d0&version_check=1 HTTP/1.1" 200 12691 "-" "Mozilla/5.0 (compatible; SemrushBot/7~bl; +http://www.semrush.com/bot.html)" "www.tekmedicgloves.com"
114.119.139.247 - - [11/Oct/2022:02:15:20 -0700] "GET /beta/products.php?cat=24&id=21 HTTP/1.1" 200 54757 "http://www.tekmedicgloves.com/beta/products.php?cat=24" "Mozilla/5.0 (Linux; Android 7.0;) AppleWebKit/537.36 (KHTML, like Gecko) Mobile Safari/537.36 (compatible; PetalBot;+https://webmaster.petalsearch.com/site/petalbot)" "www.tekmedicgloves.com"
185.191.171.41 - - [11/Oct/2022:02:15:26 -0700] "GET /phpMyAdmin/setup/?token=bc985e57d09cd520f95cf74e85d5d941&version_check=1 HTTP/1.1" 200 12691 "-" "Mozilla/5.0 (compatible; SemrushBot/7~bl; +http://www.semrush.com/bot.html)" "www.tekmedicgloves.com"
185.191.171.25 - - [11/Oct/2022:02:15:40 -0700] "GET /phpMyAdmin/setup/?token=09d9b7933d70d626651497824ecbc3f5&version_check=1 HTTP/1.1" 200 12691 "-" "Mozilla/5.0 (compatible; SemrushBot/7~bl; +http://www.semrush.com/bot.html)" "www.tekmedicgloves.com"
185.191.171.16 - - [11/Oct/2022:02:15:48 -0700] "GET /phpMyAdmin/setup/?token=12b1a87e49293585a2a8d0b0b8d2b849&version_check=1 HTTP/1.1" 200 12687 "-" "Mozilla/5.0 (compatible; SemrushBot/7~bl; +http://www.semrush.com/bot.html)" "tekmedicgloves.com"
185.191.171.44 - - [11/Oct/2022:02:16:18 -0700] "GET /robots.txt HTTP/1.1" 404 88 "-" "Mozilla/5.0 (compatible; SemrushBot/7~bl; +http://www.semrush.com/bot.html)" "tekmedicgloves.com"
185.191.171.41 - - [11/Oct/2022:02:16:18 -0700] "GET /phpMyAdmin/setup/?token=fbdc685f30091f85700f436306917ad6&version_check=1 HTTP/1.1" 200 12687 "-" "Mozilla/5.0 (compatible; SemrushBot/7~bl; +http://www.semrush.com/bot.html)" "tekmedicgloves.com"
185.191.171.13 - - [11/Oct/2022:02:16:28 -0700] "GET /phpMyAdmin/setup/?token=de064271e694230cffe7b39bfe28dad8&version_check=1 HTTP/1.1" 200 12691 "-" "Mozilla/5.0 (compatible; SemrushBot/7~bl; +http://www.semrush.com/bot.html)" "www.tekmedicgloves.com"
185.191.171.24 - - [11/Oct/2022:02:16:47 -0700] "GET /phpMyAdmin/setup/?token=f60f066619540bdfc8e46257dc1c761e&version_check=1 HTTP/1.1" 200 12687 "-" "Mozilla/5.0 (compatible; SemrushBot/7~bl; +http://www.semrush.com/bot.html)" "tekmedicgloves.com"
185.191.171.21 - - [11/Oct/2022:02:16:50 -0700] "GET /phpMyAdmin/setup/?token=015147bb00386d8eb55f384981bb6db4&version_check=1 HTTP/1.1" 200 12687 "-" "Mozilla/5.0 (compatible; SemrushBot/7~bl; +http://www.semrush.com/bot.html)" "tekmedicgloves.com"
185.191.171.41 - - [11/Oct/2022:02:17:12 -0700] "GET /phpMyAdmin/setup/?token=ed499985a615a5a762b5a931c42063da&version_check=1 HTTP/1.1" 200 12691 "-" "Mozilla/5.0 (compatible; SemrushBot/7~bl; +http://www.semrush.com/bot.html)" "www.tekmedicgloves.com"
185.191.171.7 - - [11/Oct/2022:02:17:17 -0700] "GET /phpMyAdmin/setup/?token=fd833ea95bae9dd0044b7c6e3adea417&version_check=1 HTTP/1.1" 200 12687 "-" "Mozilla/5.0 (compatible; SemrushBot/7~bl; +http://www.semrush.com/bot.html)" "tekmedicgloves.com"
185.191.171.14 - - [11/Oct/2022:02:17:21 -0700] "GET /phpMyAdmin/setup/?token=034291a82f53ac9fb081be545b8b79fa&version_check=1 HTTP/1.1" 200 12691 "-" "Mozilla/5.0 (compatible; SemrushBot/7~bl; +http://www.semrush.com/bot.html)" "www.tekmedicgloves.com"
185.191.171.7 - - [11/Oct/2022:02:17:24 -0700] "GET /phpMyAdmin/setup/?token=fe49ab1abb9b0c74e4b8a3ea90060b47&version_check=1 HTTP/1.1" 200 12691 "-" "Mozilla/5.0 (compatible; SemrushBot/7~bl; +http://www.semrush.com/bot.html)" "www.tekmedicgloves.com"
185.191.171.7 - - [11/Oct/2022:02:17:47 -0700] "GET /phpMyAdmin/setup/?token=0ca67d0dc7c3e6aad45e670db4270d74&version_check=1 HTTP/1.1" 200 12687 "-" "Mozilla/5.0 (compatible; SemrushBot/7~bl; +http://www.semrush.com/bot.html)" "tekmedicgloves.com"
185.191.171.43 - - [11/Oct/2022:02:17:55 -0700] "GET /phpMyAdmin/setup/?token=0589fdbd7e7968ba72dee6466dbd4986&version_check=1 HTTP/1.1" 200 12691 "-" "Mozilla/5.0 (compatible; SemrushBot/7~bl; +http://www.semrush.com/bot.html)" "www.tekmedicgloves.com"
185.191.171.34 - - [11/Oct/2022:02:18:02 -0700] "GET /phpMyAdmin/setup/?token=eef76457709ad3bed41927622ccbabe5&version_check=1 HTTP/1.1" 200 12687 "-" "Mozilla/5.0 (compatible; SemrushBot/7~bl; +http://www.semrush.com/bot.html)" "tekmedicgloves.com"
185.191.171.41 - - [11/Oct/2022:02:18:08 -0700] "GET /phpMyAdmin/setup/?token=0c35317774e39c680c6c365f1635c82f&version_check=1 HTTP/1.1" 200 12691 "-" "Mozilla/5.0 (compatible; SemrushBot/7~bl; +http://www.semrush.com/bot.html)" "www.tekmedicgloves.com"
185.191.171.15 - - [11/Oct/2022:02:18:14 -0700] "GET /phpMyAdmin/setup/?token=0354abccaebfbf7bb8897315322e3fb4&version_check=1 HTTP/1.1" 200 12691 "-" "Mozilla/5.0 (compatible; SemrushBot/7~bl; +http://www.semrush.com/bot.html)" "www.tekmedicgloves.com"
185.191.171.13 - - [11/Oct/2022:02:18:17 -0700] "GET /phpMyAdmin/setup/?token=ef8c8ea251ddc6dd481ac8481a5e4f06&version_check=1 HTTP/1.1" 200 12691 "-" "Mozilla/5.0 (compatible; SemrushBot/7~bl; +http://www.semrush.com/bot.html)" "www.tekmedicgloves.com"
185.191.171.20 - - [11/Oct/2022:02:18:31 -0700] "GET /phpMyAdmin/setup/?token=f1ebee2b7ffc2c603c9ec834df99ea02&version_check=1 HTTP/1.1" 200 12687 "-" "Mozilla/5.0 (compatible; SemrushBot/7~bl; +http://www.semrush.com/bot.html)" "tekmedicgloves.com"
185.191.171.17 - - [11/Oct/2022:02:18:36 -0700] "GET /phpMyAdmin/setup/?token=cfb23a67e4a3249843fd1a25d65492a6&version_check=1 HTTP/1.1" 200 12691 "-" "Mozilla/5.0 (compatible; SemrushBot/7~bl; +http://www.semrush.com/bot.html)" "www.tekmedicgloves.com"
185.191.171.25 - - [11/Oct/2022:02:18:37 -0700] "GET /phpMyAdmin/setup/?token=eb99b49f425b7dc2da8a9da70fd4dbb0&version_check=1 HTTP/1.1" 200 12691 "-" "Mozilla/5.0 (compatible; SemrushBot/7~bl; +http://www.semrush.com/bot.html)" "www.tekmedicgloves.com"
185.191.171.10 - - [11/Oct/2022:02:18:42 -0700] "GET /phpMyAdmin/setup/?token=f9c2fdfd0eb45b9422f63b618c555ffc&version_check=1 HTTP/1.1" 200 12691 "-" "Mozilla/5.0 (compatible; SemrushBot/7~bl; +http://www.semrush.com/bot.html)" "www.tekmedicgloves.com"
185.191.171.44 - - [11/Oct/2022:02:18:43 -0700] "GET /phpMyAdmin/setup/?token=160841ba6030b02781e462313ca1c33f&version_check=1 HTTP/1.1" 200 12687 "-" "Mozilla/5.0 (compatible; SemrushBot/7~bl; +http://www.semrush.com/bot.html)" "tekmedicgloves.com"
185.191.171.14 - - [11/Oct/2022:02:18:55 -0700] "GET /phpMyAdmin/setup/?token=e3bd4f58b92a0edb3ed80f6d91b62f8f&version_check=1 HTTP/1.1" 200 12687 "-" "Mozilla/5.0 (compatible; SemrushBot/7~bl; +http://www.semrush.com/bot.html)" "tekmedicgloves.com"
185.191.171.23 - - [11/Oct/2022:02:19:00 -0700] "GET /phpMyAdmin/setup/?token=ec5984f38b7502667de812a9cc3e919e&version_check=1 HTTP/1.1" 200 12687 "-" "Mozilla/5.0 (compatible; SemrushBot/7~bl; +http://www.semrush.com/bot.html)" "tekmedicgloves.com"
185.191.171.42 - - [11/Oct/2022:02:19:00 -0700] "GET /phpMyAdmin/setup/?token=f818ccc92c1f3d4774ebfe8500c52d08&version_check=1 HTTP/1.1" 200 12691 "-" "Mozilla/5.0 (compatible; SemrushBot/7~bl; +http://www.semrush.com/bot.html)" "www.tekmedicgloves.com"
185.191.171.25 - - [11/Oct/2022:02:19:21 -0700] "GET /phpMyAdmin/setup/?token=eb9c9dd7fd4d61542165f6d3a1793ea0&version_check=1 HTTP/1.1" 200 12687 "-" "Mozilla/5.0 (compatible; SemrushBot/7~bl; +http://www.semrush.com/bot.html)" "tekmedicgloves.com"
185.191.171.4 - - [11/Oct/2022:02:19:35 -0700] "GET /phpMyAdmin/setup/?token=e7fec586b9e73a7f15b226c7b38421dd&version_check=1 HTTP/1.1" 200 12687 "-" "Mozilla/5.0 (compatible; SemrushBot/7~bl; +http://www.semrush.com/bot.html)" "tekmedicgloves.com"
185.191.171.24 - - [11/Oct/2022:02:19:56 -0700] "GET /phpMyAdmin/setup/?token=02740ef7fc8bd947930741d2f44fc915&version_check=1 HTTP/1.1" 200 12691 "-" "Mozilla/5.0 (compatible; SemrushBot/7~bl; +http://www.semrush.com/bot.html)" "www.tekmedicgloves.com"
185.191.171.7 - - [11/Oct/2022:02:19:58 -0700] "GET /phpMyAdmin/setup/?token=01085fbcca1b6a6324082ec95fb7616d&version_check=1 HTTP/1.1" 200 12691 "-" "Mozilla/5.0 (compatible; SemrushBot/7~bl; +http://www.semrush.com/bot.html)" "www.tekmedicgloves.com"
185.191.171.6 - - [11/Oct/2022:02:20:02 -0700] "GET /phpMyAdmin/setup/?token=e4faf7458543c9618ad27f065b52a8c9&version_check=1 HTTP/1.1" 200 12687 "-" "Mozilla/5.0 (compatible; SemrushBot/7~bl; +http://www.semrush.com/bot.html)" "tekmedicgloves.com"
20.77.49.95 - - [11/Oct/2022:02:20:07 -0700] "GET / HTTP/1.1" 200 347 "-" "Mozilla/5.0 (Linux; U; Android 4.4.2; en-US; HM NOTE 1W Build/KOT49H) AppleWebKit/534.30 (KHTML, like Gecko) Version/4.0 UCBrowser/11.0.5.850 U3/0.8.0 Mobile Safari/534.30" "tekmedicgloves.com"
20.77.49.95 - - [11/Oct/2022:02:20:07 -0700] "POST / HTTP/1.1" 404 88 "-" "Mozilla/5.0 (Linux; U; Android 4.4.2; en-US; HM NOTE 1W Build/KOT49H) AppleWebKit/534.30 (KHTML, like Gecko) Version/4.0 UCBrowser/11.0.5.850 U3/0.8.0 Mobile Safari/534.30" "tekmedicgloves.com"
20.77.49.95 - - [11/Oct/2022:02:20:08 -0700] "GET /_profiler/phpinfo HTTP/1.1" 404 88 "-" "Mozilla/5.0 (Linux; U; Android 4.4.2; en-US; HM NOTE 1W Build/KOT49H) AppleWebKit/534.30 (KHTML, like Gecko) Version/4.0 UCBrowser/11.0.5.850 U3/0.8.0 Mobile Safari/534.30" "tekmedicgloves.com"
20.77.49.95 - - [11/Oct/2022:02:20:08 -0700] "GET /debug/default/view?panel=config HTTP/1.1" 404 88 "-" "Mozilla/5.0 (Linux; U; Android 4.4.2; en-US; HM NOTE 1W Build/KOT49H) AppleWebKit/534.30 (KHTML, like Gecko) Version/4.0 UCBrowser/11.0.5.850 U3/0.8.0 Mobile Safari/534.30" "tekmedicgloves.com"
185.191.171.16 - - [11/Oct/2022:02:20:11 -0700] "GET /phpMyAdmin/setup/?token=ebd8f9612383cb9b6de60ccc0adcaa32&version_check=1 HTTP/1.1" 200 12687 "-" "Mozilla/5.0 (compatible; SemrushBot/7~bl; +http://www.semrush.com/bot.html)" "tekmedicgloves.com"
185.191.171.19 - - [11/Oct/2022:02:20:20 -0700] "GET /phpMyAdmin/setup/?token=d1b15022fb3d7cc609dd24f5022299ec&version_check=1 HTTP/1.1" 200 12691 "-" "Mozilla/5.0 (compatible; SemrushBot/7~bl; +http://www.semrush.com/bot.html)" "www.tekmedicgloves.com"
185.191.171.11 - - [11/Oct/2022:02:20:46 -0700] "GET /phpMyAdmin/setup/?token=015f0af0ca626e13f6053d6b9dde6eb6&version_check=1 HTTP/1.1" 200 12691 "-" "Mozilla/5.0 (compatible; SemrushBot/7~bl; +http://www.semrush.com/bot.html)" "www.tekmedicgloves.com"
185.191.171.25 - - [11/Oct/2022:02:21:32 -0700] "GET /phpMyAdmin/setup/?token=eb241f023e81c1954bf6278607610f43&version_check=1 HTTP/1.1" 200 12687 "-" "Mozilla/5.0 (compatible; SemrushBot/7~bl; +http://www.semrush.com/bot.html)" "tekmedicgloves.com"
185.191.171.5 - - [11/Oct/2022:02:21:40 -0700] "GET /phpMyAdmin/setup/?token=c503aa8cd0d16b503d664289fde2aca4&version_check=1 HTTP/1.1" 200 12691 "-" "Mozilla/5.0 (compatible; SemrushBot/7~bl; +http://www.semrush.com/bot.html)" "www.tekmedicgloves.com"
185.191.171.44 - - [11/Oct/2022:02:22:01 -0700] "GET /phpMyAdmin/setup/?token=06097b24ce15b9f162af86af379f70b3&version_check=1 HTTP/1.1" 200 12691 "-" "Mozilla/5.0 (compatible; SemrushBot/7~bl; +http://www.semrush.com/bot.html)" "www.tekmedicgloves.com"
185.191.171.36 - - [11/Oct/2022:02:22:50 -0700] "GET /phpMyAdmin/setup/?token=08bd79502f3a0ff1984b42e1cc7cd7ad&version_check=1 HTTP/1.1" 200 12687 "-" "Mozilla/5.0 (compatible; SemrushBot/7~bl; +http://www.semrush.com/bot.html)" "tekmedicgloves.com"
185.191.171.37 - - [11/Oct/2022:02:22:57 -0700] "GET /phpMyAdmin/setup/?token=e867f2d177ae99116090f5e8a49a7b50&version_check=1 HTTP/1.1" 200 12687 "-" "Mozilla/5.0 (compatible; SemrushBot/7~bl; +http://www.semrush.com/bot.html)" "tekmedicgloves.com"
185.191.171.18 - - [11/Oct/2022:02:23:02 -0700] "GET /phpMyAdmin/setup/?token=bccdee62c2fe60e58d47bcd58fb243a8&version_check=1 HTTP/1.1" 200 12691 "-" "Mozilla/5.0 (compatible; SemrushBot/7~bl; +http://www.semrush.com/bot.html)" "www.tekmedicgloves.com"
185.191.171.5 - - [11/Oct/2022:02:23:23 -0700] "GET /phpMyAdmin/setup/?token=103304ff2ab00cee961e594068b2039a&version_check=1 HTTP/1.1" 200 12691 "-" "Mozilla/5.0 (compatible; SemrushBot/7~bl; +http://www.semrush.com/bot.html)" "www.tekmedicgloves.com"
185.191.171.22 - - [11/Oct/2022:02:23:26 -0700] "GET /phpMyAdmin/setup/?token=c351b8390d8632cbc2d5a18915e78285&version_check=1 HTTP/1.1" 200 12691 "-" "Mozilla/5.0 (compatible; SemrushBot/7~bl; +http://www.semrush.com/bot.html)" "www.tekmedicgloves.com"
185.191.171.17 - - [11/Oct/2022:02:23:34 -0700] "GET /phpMyAdmin/setup/?token=0015ccf53481c1da5571dc563c7c6d49&version_check=1 HTTP/1.1" 200 12687 "-" "Mozilla/5.0 (compatible; SemrushBot/7~bl; +http://www.semrush.com/bot.html)" "tekmedicgloves.com"
185.191.171.36 - - [11/Oct/2022:02:23:35 -0700] "GET /phpMyAdmin/setup/?token=dfb219dd40fc0481c1f4275a2c2bcb9a&version_check=1 HTTP/1.1" 200 12687 "-" "Mozilla/5.0 (compatible; SemrushBot/7~bl; +http://www.semrush.com/bot.html)" "tekmedicgloves.com"
185.191.171.40 - - [11/Oct/2022:02:23:41 -0700] "GET /phpMyAdmin/setup/?token=fc34c458206a8bf6d3de7e1d85529e90&version_check=1 HTTP/1.1" 200 12687 "-" "Mozilla/5.0 (compatible; SemrushBot/7~bl; +http://www.semrush.com/bot.html)" "tekmedicgloves.com"
185.191.171.42 - - [11/Oct/2022:02:24:07 -0700] "GET /phpMyAdmin/setup/?token=efecb5f039dc798cc9e24561991e7610&version_check=1 HTTP/1.1" 200 12691 "-" "Mozilla/5.0 (compatible; SemrushBot/7~bl; +http://www.semrush.com/bot.html)" "www.tekmedicgloves.com"
185.191.171.41 - - [11/Oct/2022:02:24:09 -0700] "GET /phpMyAdmin/setup/?token=06956096519c4a3adcda16588a5aaa17&version_check=1 HTTP/1.1" 200 12691 "-" "Mozilla/5.0 (compatible; SemrushBot/7~bl; +http://www.semrush.com/bot.html)" "www.tekmedicgloves.com"
185.191.171.22 - - [11/Oct/2022:02:24:15 -0700] "GET /phpMyAdmin/setup/?token=e13a012bcf23599c4d3402ec597f6416&version_check=1 HTTP/1.1" 200 12687 "-" "Mozilla/5.0 (compatible; SemrushBot/7~bl; +http://www.semrush.com/bot.html)" "tekmedicgloves.com"
185.191.171.12 - - [11/Oct/2022:02:24:27 -0700] "GET /phpMyAdmin/setup/?token=03cfbd1c184e73dcfd054c48a0201578&version_check=1 HTTP/1.1" 200 12691 "-" "Mozilla/5.0 (compatible; SemrushBot/7~bl; +http://www.semrush.com/bot.html)" "www.tekmedicgloves.com"
185.191.171.26 - - [11/Oct/2022:02:24:48 -0700] "GET /phpMyAdmin/setup/?token=ee3c0b2314601a7d138d5c17310aec04&version_check=1 HTTP/1.1" 200 12687 "-" "Mozilla/5.0 (compatible; SemrushBot/7~bl; +http://www.semrush.com/bot.html)" "tekmedicgloves.com"
185.191.171.45 - - [11/Oct/2022:02:24:54 -0700] "GET /phpMyAdmin/setup/?token=c53a51bb8297fa40f3ab8f2b66815da5&version_check=1 HTTP/1.1" 200 12691 "-" "Mozilla/5.0 (compatible; SemrushBot/7~bl; +http://www.semrush.com/bot.html)" "www.tekmedicgloves.com"
185.191.171.10 - - [11/Oct/2022:02:24:56 -0700] "GET /phpMyAdmin/setup/?token=11c96748f50db3a52786f2d569efe8ec&version_check=1 HTTP/1.1" 200 12687 "-" "Mozilla/5.0 (compatible; SemrushBot/7~bl; +http://www.semrush.com/bot.html)" "tekmedicgloves.com"
185.191.171.14 - - [11/Oct/2022:02:25:01 -0700] "GET /phpMyAdmin/setup/?token=f5af00ce06209c39e072a3a5eb4bcb49&version_check=1 HTTP/1.1" 200 12687 "-" "Mozilla/5.0 (compatible; SemrushBot/7~bl; +http://www.semrush.com/bot.html)" "tekmedicgloves.com"
185.191.171.13 - - [11/Oct/2022:02:25:20 -0700] "GET /phpMyAdmin/setup/?token=c5fb40c005f53b149b8617901373882b&version_check=1 HTTP/1.1" 200 12691 "-" "Mozilla/5.0 (compatible; SemrushBot/7~bl; +http://www.semrush.com/bot.html)" "www.tekmedicgloves.com"
185.191.171.45 - - [11/Oct/2022:02:25:31 -0700] "GET /phpMyAdmin/setup/?token=0c7b15c19c37a7390572ce4a3bb46bb4&version_check=1 HTTP/1.1" 200 12691 "-" "Mozilla/5.0 (compatible; SemrushBot/7~bl; +http://www.semrush.com/bot.html)" "www.tekmedicgloves.com"
185.191.171.5 - - [11/Oct/2022:02:25:40 -0700] "GET /phpMyAdmin/setup/?token=d83da5cd19b3a7f12ffdccec888448a7&version_check=1 HTTP/1.1" 200 12691 "-" "Mozilla/5.0 (compatible; SemrushBot/7~bl; +http://www.semrush.com/bot.html)" "www.tekmedicgloves.com"
114.119.139.247 - - [11/Oct/2022:02:25:41 -0700] "GET /beta/products.php?cat=20&id=10 HTTP/1.1" 200 57062 "http://tekmedicgloves.com/beta/products.php?cat=20" "Mozilla/5.0 (Linux; Android 7.0;) AppleWebKit/537.36 (KHTML, like Gecko) Mobile Safari/537.36 (compatible; PetalBot;+https://webmaster.petalsearch.com/site/petalbot)" "tekmedicgloves.com"
185.191.171.1 - - [11/Oct/2022:02:25:59 -0700] "GET /phpMyAdmin/setup/?token=df3dad67e8ea33ff7209568505cf9519&version_check=1 HTTP/1.1" 200 12687 "-" "Mozilla/5.0 (compatible; SemrushBot/7~bl; +http://www.semrush.com/bot.html)" "tekmedicgloves.com"
185.191.171.7 - - [11/Oct/2022:02:26:01 -0700] "GET /phpMyAdmin/setup/?token=d7546f480b24e5916404632f044aa493&version_check=1 HTTP/1.1" 200 12691 "-" "Mozilla/5.0 (compatible; SemrushBot/7~bl; +http://www.semrush.com/bot.html)" "www.tekmedicgloves.com"
185.191.171.5 - - [11/Oct/2022:02:26:22 -0700] "GET /phpMyAdmin/setup/?token=bc8a071519f9a32afbc711bbdef3e88f&version_check=1 HTTP/1.1" 200 12691 "-" "Mozilla/5.0 (compatible; SemrushBot/7~bl; +http://www.semrush.com/bot.html)" "www.tekmedicgloves.com"
185.191.171.5 - - [11/Oct/2022:02:26:27 -0700] "GET /phpMyAdmin/setup/?token=e6203e03f562db801d059d3283cdd0d4&version_check=1 HTTP/1.1" 200 12691 "-" "Mozilla/5.0 (compatible; SemrushBot/7~bl; +http://www.semrush.com/bot.html)" "www.tekmedicgloves.com"
185.191.171.6 - - [11/Oct/2022:02:26:40 -0700] "GET /phpMyAdmin/setup/?token=e28591663aae8a4fe8d479c64c955468&version_check=1 HTTP/1.1" 200 12687 "-" "Mozilla/5.0 (compatible; SemrushBot/7~bl; +http://www.semrush.com/bot.html)" "tekmedicgloves.com"
185.191.171.16 - - [11/Oct/2022:02:26:43 -0700] "GET /phpMyAdmin/setup/?token=f19043cd3a644ff3e999052d3d6497fb&version_check=1 HTTP/1.1" 200 12691 "-" "Mozilla/5.0 (compatible; SemrushBot/7~bl; +http://www.semrush.com/bot.html)" "www.tekmedicgloves.com"
185.191.171.1 - - [11/Oct/2022:02:26:46 -0700] "GET /phpMyAdmin/setup/?token=edfac4ddb4c9d8e719b06b79eb793dea&version_check=1 HTTP/1.1" 200 12687 "-" "Mozilla/5.0 (compatible; SemrushBot/7~bl; +http://www.semrush.com/bot.html)" "tekmedicgloves.com"
185.191.171.40 - - [11/Oct/2022:02:27:05 -0700] "GET /phpMyAdmin/setup/?token=0469804a1e79d34fff9814cb6a6bf9d1&version_check=1 HTTP/1.1" 200 12687 "-" "Mozilla/5.0 (compatible; SemrushBot/7~bl; +http://www.semrush.com/bot.html)" "tekmedicgloves.com"
185.191.171.1 - - [11/Oct/2022:02:27:16 -0700] "GET /phpMyAdmin/setup/?token=f8a303528c262167d220ca528f785464&version_check=1 HTTP/1.1" 200 12691 "-" "Mozilla/5.0 (compatible; SemrushBot/7~bl; +http://www.semrush.com/bot.html)" "www.tekmedicgloves.com"
185.191.171.42 - - [11/Oct/2022:02:27:20 -0700] "GET /phpMyAdmin/setup/?token=dea7b50d32a1a188f6b878c93050375d&version_check=1 HTTP/1.1" 200 12687 "-" "Mozilla/5.0 (compatible; SemrushBot/7~bl; +http://www.semrush.com/bot.html)" "tekmedicgloves.com"
185.191.171.9 - - [11/Oct/2022:02:27:23 -0700] "GET /phpMyAdmin/setup/?token=0ac6fa12bd1b0933fad789b8e103ead9&version_check=1 HTTP/1.1" 200 12687 "-" "Mozilla/5.0 (compatible; SemrushBot/7~bl; +http://www.semrush.com/bot.html)" "tekmedicgloves.com"
185.191.171.26 - - [11/Oct/2022:02:27:45 -0700] "GET /phpMyAdmin/setup/?token=e0fb61d286dc37fb0462fe0d36561287&version_check=1 HTTP/1.1" 200 12687 "-" "Mozilla/5.0 (compatible; SemrushBot/7~bl; +http://www.semrush.com/bot.html)" "tekmedicgloves.com"
185.191.171.11 - - [11/Oct/2022:02:27:54 -0700] "GET /phpMyAdmin/setup/?token=d861e9c11dd239ea53e26be524517323&version_check=1 HTTP/1.1" 200 12691 "-" "Mozilla/5.0 (compatible; SemrushBot/7~bl; +http://www.semrush.com/bot.html)" "www.tekmedicgloves.com"
185.191.171.4 - - [11/Oct/2022:02:27:56 -0700] "GET /phpMyAdmin/setup/?token=df16e0c1a5a2a89f65cdfab6008fcd5d&version_check=1 HTTP/1.1" 200 12687 "-" "Mozilla/5.0 (compatible; SemrushBot/7~bl; +http://www.semrush.com/bot.html)" "tekmedicgloves.com"
185.191.171.11 - - [11/Oct/2022:02:28:11 -0700] "GET /phpMyAdmin/setup/?token=bdc2bb9a247c8ee03ceb3b1fb46bea65&version_check=1 HTTP/1.1" 200 12691 "-" "Mozilla/5.0 (compatible; SemrushBot/7~bl; +http://www.semrush.com/bot.html)" "www.tekmedicgloves.com"
185.191.171.16 - - [11/Oct/2022:02:28:41 -0700] "GET /phpMyAdmin/setup/?token=f0a0dca5cbddf3b0c3be364eaa9de182&version_check=1 HTTP/1.1" 200 12691 "-" "Mozilla/5.0 (compatible; SemrushBot/7~bl; +http://www.semrush.com/bot.html)" "www.tekmedicgloves.com"
185.191.171.43 - - [11/Oct/2022:02:28:49 -0700] "GET /phpMyAdmin/setup/?token=df6429ca077e0e9edd2d41e8ff02f393&version_check=1 HTTP/1.1" 200 12691 "-" "Mozilla/5.0 (compatible; SemrushBot/7~bl; +http://www.semrush.com/bot.html)" "www.tekmedicgloves.com"
185.191.171.17 - - [11/Oct/2022:02:29:05 -0700] "GET /phpMyAdmin/setup/?token=e60a87b10480f3d818231a7402fca8b0&version_check=1 HTTP/1.1" 200 12687 "-" "Mozilla/5.0 (compatible; SemrushBot/7~bl; +http://www.semrush.com/bot.html)" "tekmedicgloves.com"
185.191.171.17 - - [11/Oct/2022:02:29:31 -0700] "GET /phpMyAdmin/setup/?token=072546c7a3cd465153f15530bebd4bcc&version_check=1 HTTP/1.1" 200 12691 "-" "Mozilla/5.0 (compatible; SemrushBot/7~bl; +http://www.semrush.com/bot.html)" "www.tekmedicgloves.com"
185.191.171.6 - - [11/Oct/2022:02:29:48 -0700] "GET /phpMyAdmin/setup/?token=eba56c13c4d81850d11a3b56564cf709&version_check=1 HTTP/1.1" 200 12687 "-" "Mozilla/5.0 (compatible; SemrushBot/7~bl; +http://www.semrush.com/bot.html)" "tekmedicgloves.com"
141.98.255.145 - - [11/Oct/2022:02:29:58 -0700] "GET /adminer.php HTTP/1.1" 404 73 "-" "Mozilla/5.0 (Windows NT 10.0; Win64; x64) AppleWebKit/537.36 (KHTML, like Gecko) Chrome/83.0.4103.116 Safari/537.36" "tekmedicgloves.com"
185.191.171.2 - - [11/Oct/2022:02:30:21 -0700] "GET /phpMyAdmin/setup/?token=df457fcf916436c8f6e84608abed15a5&version_check=1 HTTP/1.1" 200 12687 "-" "Mozilla/5.0 (compatible; SemrushBot/7~bl; +http://www.semrush.com/bot.html)" "tekmedicgloves.com"
185.191.171.38 - - [11/Oct/2022:02:30:26 -0700] "GET /phpMyAdmin/setup/?token=efde3d8093f8440c70031b91050d2ffd&version_check=1 HTTP/1.1" 200 12687 "-" "Mozilla/5.0 (compatible; SemrushBot/7~bl; +http://www.semrush.com/bot.html)" "tekmedicgloves.com"
185.191.171.38 - - [11/Oct/2022:02:30:41 -0700] "GET /phpMyAdmin/setup/?token=e80e162a1eaef06946f1a75aaa747096&version_check=1 HTTP/1.1" 200 12687 "-" "Mozilla/5.0 (compatible; SemrushBot/7~bl; +http://www.semrush.com/bot.html)" "tekmedicgloves.com"
185.191.171.10 - - [11/Oct/2022:02:30:48 -0700] "GET /phpMyAdmin/setup/?token=e183c58a9ba41726ea7fd6ca389fd127&version_check=1 HTTP/1.1" 200 12687 "-" "Mozilla/5.0 (compatible; SemrushBot/7~bl; +http://www.semrush.com/bot.html)" "tekmedicgloves.com"
185.191.171.38 - - [11/Oct/2022:02:30:54 -0700] "GET /phpMyAdmin/setup/?token=fe27bd7a887056acec55d3650e362dbb&version_check=1 HTTP/1.1" 200 12691 "-" "Mozilla/5.0 (compatible; SemrushBot/7~bl; +http://www.semrush.com/bot.html)" "www.tekmedicgloves.com"
185.191.171.10 - - [11/Oct/2022:02:31:06 -0700] "GET /phpMyAdmin/setup/?token=c7291903732294828a9f3356a1471a4e&version_check=1 HTTP/1.1" 200 12691 "-" "Mozilla/5.0 (compatible; SemrushBot/7~bl; +http://www.semrush.com/bot.html)" "www.tekmedicgloves.com"
185.191.171.5 - - [11/Oct/2022:02:31:08 -0700] "GET /phpMyAdmin/setup/?token=ee6f8ebd2cd70f4067ca8ec479e3d7cf&version_check=1 HTTP/1.1" 200 12687 "-" "Mozilla/5.0 (compatible; SemrushBot/7~bl; +http://www.semrush.com/bot.html)" "tekmedicgloves.com"
185.191.171.9 - - [11/Oct/2022:02:31:15 -0700] "GET /phpMyAdmin/setup/?token=f21657063d6affade63fd0669a4c472a&version_check=1 HTTP/1.1" 200 12687 "-" "Mozilla/5.0 (compatible; SemrushBot/7~bl; +http://www.semrush.com/bot.html)" "tekmedicgloves.com"
185.191.171.34 - - [11/Oct/2022:02:31:38 -0700] "GET /phpMyAdmin/setup/?token=097b69375588c860e21dad2b63300fa7&version_check=1 HTTP/1.1" 200 12687 "-" "Mozilla/5.0 (compatible; SemrushBot/7~bl; +http://www.semrush.com/bot.html)" "tekmedicgloves.com"
185.191.171.12 - - [11/Oct/2022:02:32:03 -0700] "GET /phpMyAdmin/setup/?token=e27e144c913bcc7ca5b36b400c943012&version_check=1 HTTP/1.1" 200 12691 "-" "Mozilla/5.0 (compatible; SemrushBot/7~bl; +http://www.semrush.com/bot.html)" "www.tekmedicgloves.com"
185.191.171.11 - - [11/Oct/2022:02:32:09 -0700] "GET /phpMyAdmin/setup/?token=fe118203c14089c341f14dbda08bee78&version_check=1 HTTP/1.1" 200 12691 "-" "Mozilla/5.0 (compatible; SemrushBot/7~bl; +http://www.semrush.com/bot.html)" "www.tekmedicgloves.com"
185.191.171.5 - - [11/Oct/2022:02:32:12 -0700] "GET /phpMyAdmin/setup/?token=1169e83aad65c83158f05e2f9483f41c&version_check=1 HTTP/1.1" 200 12691 "-" "Mozilla/5.0 (compatible; SemrushBot/7~bl; +http://www.semrush.com/bot.html)" "www.tekmedicgloves.com"
185.191.171.22 - - [11/Oct/2022:02:32:14 -0700] "GET /phpMyAdmin/setup/?token=a35b49358880eec2b8c0ec1690906fe7&version_check=1 HTTP/1.1" 200 12687 "-" "Mozilla/5.0 (compatible; SemrushBot/7~bl; +http://www.semrush.com/bot.html)" "tekmedicgloves.com"
185.191.171.16 - - [11/Oct/2022:02:32:22 -0700] "GET /phpMyAdmin/setup/?token=e8ca86170ebfb83fc1b8446afbfab08d&version_check=1 HTTP/1.1" 200 12691 "-" "Mozilla/5.0 (compatible; SemrushBot/7~bl; +http://www.semrush.com/bot.html)" "www.tekmedicgloves.com"
185.191.171.33 - - [11/Oct/2022:02:32:27 -0700] "GET /phpMyAdmin/setup/?token=dbb2b1bafa6e07b5113735399d4543d5&version_check=1 HTTP/1.1" 200 12691 "-" "Mozilla/5.0 (compatible; SemrushBot/7~bl; +http://www.semrush.com/bot.html)" "www.tekmedicgloves.com"
185.191.171.26 - - [11/Oct/2022:02:32:31 -0700] "GET /phpMyAdmin/setup/?token=06253ccda555456d9be254490e371db8&version_check=1 HTTP/1.1" 200 12687 "-" "Mozilla/5.0 (compatible; SemrushBot/7~bl; +http://www.semrush.com/bot.html)" "tekmedicgloves.com"
185.191.171.44 - - [11/Oct/2022:02:32:32 -0700] "GET /phpMyAdmin/setup/?token=ce20203ee0f5d71834214dabed6adeb3&version_check=1 HTTP/1.1" 200 12691 "-" "Mozilla/5.0 (compatible; SemrushBot/7~bl; +http://www.semrush.com/bot.html)" "www.tekmedicgloves.com"
185.191.171.44 - - [11/Oct/2022:02:32:44 -0700] "GET /phpMyAdmin/setup/?token=0e9b99b6470a566fd9122e0965a30840&version_check=1 HTTP/1.1" 200 12691 "-" "Mozilla/5.0 (compatible; SemrushBot/7~bl; +http://www.semrush.com/bot.html)" "www.tekmedicgloves.com"
185.191.171.6 - - [11/Oct/2022:02:32:49 -0700] "GET /phpMyAdmin/setup/?token=be56b8f549b0dd01d068dd4d17cc1620&version_check=1 HTTP/1.1" 200 12691 "-" "Mozilla/5.0 (compatible; SemrushBot/7~bl; +http://www.semrush.com/bot.html)" "www.tekmedicgloves.com"
185.191.171.22 - - [11/Oct/2022:02:32:52 -0700] "GET /phpMyAdmin/setup/?token=e04a3629779d72d779ce46e9edbe53b7&version_check=1 HTTP/1.1" 200 12691 "-" "Mozilla/5.0 (compatible; SemrushBot/7~bl; +http://www.semrush.com/bot.html)" "www.tekmedicgloves.com"
185.191.171.9 - - [11/Oct/2022:02:33:02 -0700] "GET /phpMyAdmin/setup/?token=f3d0dae0ba9603101cf074196c50a5c7&version_check=1 HTTP/1.1" 200 12687 "-" "Mozilla/5.0 (compatible; SemrushBot/7~bl; +http://www.semrush.com/bot.html)" "tekmedicgloves.com"
185.191.171.44 - - [11/Oct/2022:02:33:15 -0700] "GET /phpMyAdmin/setup/?token=d177ea8dd5190b23e1a53af8cd8c8272&version_check=1 HTTP/1.1" 200 12691 "-" "Mozilla/5.0 (compatible; SemrushBot/7~bl; +http://www.semrush.com/bot.html)" "www.tekmedicgloves.com"
185.191.171.15 - - [11/Oct/2022:02:33:15 -0700] "GET /phpMyAdmin/setup/?token=ef0ad09f10932fc4d9ac794ee191404b&version_check=1 HTTP/1.1" 200 12687 "-" "Mozilla/5.0 (compatible; SemrushBot/7~bl; +http://www.semrush.com/bot.html)" "tekmedicgloves.com"
185.191.171.22 - - [11/Oct/2022:02:33:22 -0700] "GET /phpMyAdmin/setup/?token=ccfbd092cc474f35af40156df41eeb89&version_check=1 HTTP/1.1" 200 12691 "-" "Mozilla/5.0 (compatible; SemrushBot/7~bl; +http://www.semrush.com/bot.html)" "www.tekmedicgloves.com"
185.191.171.6 - - [11/Oct/2022:02:33:25 -0700] "GET /phpMyAdmin/setup/?token=009d5214d208fc710d02b5442776bbde&version_check=1 HTTP/1.1" 200 12691 "-" "Mozilla/5.0 (compatible; SemrushBot/7~bl; +http://www.semrush.com/bot.html)" "www.tekmedicgloves.com"
185.191.171.33 - - [11/Oct/2022:02:34:29 -0700] "GET /phpMyAdmin/setup/?token=f0462899d4f4bb54ae8805c65bbcd861&version_check=1 HTTP/1.1" 200 12691 "-" "Mozilla/5.0 (compatible; SemrushBot/7~bl; +http://www.semrush.com/bot.html)" "www.tekmedicgloves.com"
185.191.171.18 - - [11/Oct/2022:02:34:37 -0700] "GET /phpMyAdmin/setup/?token=e16dbe976cfa7d8d52206a0399361c1e&version_check=1 HTTP/1.1" 200 12687 "-" "Mozilla/5.0 (compatible; SemrushBot/7~bl; +http://www.semrush.com/bot.html)" "tekmedicgloves.com"
185.191.171.1 - - [11/Oct/2022:02:34:42 -0700] "GET /phpMyAdmin/setup/?token=e03641c57412d4e0ad9b08a0bde20105&version_check=1 HTTP/1.1" 200 12687 "-" "Mozilla/5.0 (compatible; SemrushBot/7~bl; +http://www.semrush.com/bot.html)" "tekmedicgloves.com"
185.191.171.40 - - [11/Oct/2022:02:35:10 -0700] "GET /phpMyAdmin/setup/?token=055bac5d2b0f4a3f5d82d01bdda782a5&version_check=1 HTTP/1.1" 200 12687 "-" "Mozilla/5.0 (compatible; SemrushBot/7~bl; +http://www.semrush.com/bot.html)" "tekmedicgloves.com"
185.191.171.2 - - [11/Oct/2022:02:35:17 -0700] "GET /phpMyAdmin/setup/?token=ed03908f95d97d452c0ebcdd4effd5da&version_check=1 HTTP/1.1" 200 12687 "-" "Mozilla/5.0 (compatible; SemrushBot/7~bl; +http://www.semrush.com/bot.html)" "tekmedicgloves.com"
185.191.171.11 - - [11/Oct/2022:02:35:20 -0700] "GET /phpMyAdmin/setup/?token=e74512282d69989e2b7909f82ab8860d&version_check=1 HTTP/1.1" 200 12687 "-" "Mozilla/5.0 (compatible; SemrushBot/7~bl; +http://www.semrush.com/bot.html)" "tekmedicgloves.com"
185.191.171.10 - - [11/Oct/2022:02:35:25 -0700] "GET /phpMyAdmin/setup/?token=e07bd8fe1d7621e09249b246b5001748&version_check=1 HTTP/1.1" 200 12687 "-" "Mozilla/5.0 (compatible; SemrushBot/7~bl; +http://www.semrush.com/bot.html)" "tekmedicgloves.com"
185.191.171.44 - - [11/Oct/2022:02:35:55 -0700] "GET /phpMyAdmin/setup/?token=00cf80f338fae475e35e00c7c031bc41&version_check=1 HTTP/1.1" 200 12691 "-" "Mozilla/5.0 (compatible; SemrushBot/7~bl; +http://www.semrush.com/bot.html)" "www.tekmedicgloves.com"
185.191.171.38 - - [11/Oct/2022:02:36:05 -0700] "GET /phpMyAdmin/setup/?token=c53c1078a96d9ee5ffc3f5a3994eaf31&version_check=1 HTTP/1.1" 200 12691 "-" "Mozilla/5.0 (compatible; SemrushBot/7~bl; +http://www.semrush.com/bot.html)" "www.tekmedicgloves.com"
185.191.171.15 - - [11/Oct/2022:02:36:06 -0700] "GET /phpMyAdmin/setup/?token=0009e64d19a976b113437174e2387e5a&version_check=1 HTTP/1.1" 200 12687 "-" "Mozilla/5.0 (compatible; SemrushBot/7~bl; +http://www.semrush.com/bot.html)" "tekmedicgloves.com"
114.119.139.25 - - [11/Oct/2022:02:36:11 -0700] "GET /beta/market.php?id=8 HTTP/1.1" 200 6349 "http://www.tekmedicgloves.com/beta/" "Mozilla/5.0 (Linux; Android 7.0;) AppleWebKit/537.36 (KHTML, like Gecko) Mobile Safari/537.36 (compatible; PetalBot;+https://webmaster.petalsearch.com/site/petalbot)" "www.tekmedicgloves.com"
185.191.171.38 - - [11/Oct/2022:02:36:20 -0700] "GET /phpMyAdmin/setup/?token=152bf488ff9c3dc59e6e1517c2f4bcf0&version_check=1 HTTP/1.1" 200 12687 "-" "Mozilla/5.0 (compatible; SemrushBot/7~bl; +http://www.semrush.com/bot.html)" "tekmedicgloves.com"
185.191.171.15 - - [11/Oct/2022:02:36:22 -0700] "GET /phpMyAdmin/setup/?token=dfa894d66f556fd2b3e293fa6a3d4e24&version_check=1 HTTP/1.1" 200 12687 "-" "Mozilla/5.0 (compatible; SemrushBot/7~bl; +http://www.semrush.com/bot.html)" "tekmedicgloves.com"
185.191.171.19 - - [11/Oct/2022:02:36:40 -0700] "GET /phpMyAdmin/setup/?token=c1651a2d4209ba7b7bb64c8017dc5d0f&version_check=1 HTTP/1.1" 200 12691 "-" "Mozilla/5.0 (compatible; SemrushBot/7~bl; +http://www.semrush.com/bot.html)" "www.tekmedicgloves.com"
185.191.171.44 - - [11/Oct/2022:02:36:42 -0700] "GET /phpMyAdmin/setup/?token=e44ef6778855e4eb414e2577b372301f&version_check=1 HTTP/1.1" 200 12687 "-" "Mozilla/5.0 (compatible; SemrushBot/7~bl; +http://www.semrush.com/bot.html)" "tekmedicgloves.com"
185.191.171.15 - - [11/Oct/2022:02:36:57 -0700] "GET /phpMyAdmin/setup/?token=c0f885259ba5eb4a155d16198a1c47e6&version_check=1 HTTP/1.1" 200 12691 "-" "Mozilla/5.0 (compatible; SemrushBot/7~bl; +http://www.semrush.com/bot.html)" "www.tekmedicgloves.com"
185.191.171.23 - - [11/Oct/2022:02:37:01 -0700] "GET /phpMyAdmin/setup/?token=0edd8f88154d156f1e71ab3c6b86965c&version_check=1 HTTP/1.1" 200 12691 "-" "Mozilla/5.0 (compatible; SemrushBot/7~bl; +http://www.semrush.com/bot.html)" "www.tekmedicgloves.com"
185.191.171.38 - - [11/Oct/2022:02:37:11 -0700] "GET /phpMyAdmin/setup/?token=0790b1d4b434c0daa2c8c2ee2fa2ce14&version_check=1 HTTP/1.1" 200 12691 "-" "Mozilla/5.0 (compatible; SemrushBot/7~bl; +http://www.semrush.com/bot.html)" "www.tekmedicgloves.com"
185.191.171.42 - - [11/Oct/2022:02:37:15 -0700] "GET /phpMyAdmin/setup/?token=e2762d1b71a452a4ee722f645fa0eeed&version_check=1 HTTP/1.1" 200 12687 "-" "Mozilla/5.0 (compatible; SemrushBot/7~bl; +http://www.semrush.com/bot.html)" "tekmedicgloves.com"
185.191.171.1 - - [11/Oct/2022:02:37:50 -0700] "GET /phpMyAdmin/setup/?token=dcc0d9d1afe55fdc82eaf0bec0ef12cc&version_check=1 HTTP/1.1" 200 12691 "-" "Mozilla/5.0 (compatible; SemrushBot/7~bl; +http://www.semrush.com/bot.html)" "www.tekmedicgloves.com"
185.191.171.2 - - [11/Oct/2022:02:38:00 -0700] "GET /phpMyAdmin/setup/?token=d0c1f453fc675447fcf6ad20404fb517&version_check=1 HTTP/1.1" 200 12691 "-" "Mozilla/5.0 (compatible; SemrushBot/7~bl; +http://www.semrush.com/bot.html)" "www.tekmedicgloves.com"
185.191.171.14 - - [11/Oct/2022:02:38:08 -0700] "GET /phpMyAdmin/setup/?token=d385cca94208c3a0e53b4e6195693c8f&version_check=1 HTTP/1.1" 200 12691 "-" "Mozilla/5.0 (compatible; SemrushBot/7~bl; +http://www.semrush.com/bot.html)" "www.tekmedicgloves.com"
185.191.171.3 - - [11/Oct/2022:02:38:16 -0700] "GET /phpMyAdmin/setup/?token=fb5155c94fce52be6b38544e63f9e027&version_check=1 HTTP/1.1" 200 12687 "-" "Mozilla/5.0 (compatible; SemrushBot/7~bl; +http://www.semrush.com/bot.html)" "tekmedicgloves.com"
185.191.171.12 - - [11/Oct/2022:02:38:38 -0700] "GET /phpMyAdmin/setup/?token=ef3e6554b9f18e53ebcd43c0700313c7&version_check=1 HTTP/1.1" 200 12687 "-" "Mozilla/5.0 (compatible; SemrushBot/7~bl; +http://www.semrush.com/bot.html)" "tekmedicgloves.com"
185.191.171.17 - - [11/Oct/2022:02:38:51 -0700] "GET /phpMyAdmin/setup/?token=df18df3e9208e4f0c022d4a5e5fd448b&version_check=1 HTTP/1.1" 200 12687 "-" "Mozilla/5.0 (compatible; SemrushBot/7~bl; +http://www.semrush.com/bot.html)" "tekmedicgloves.com"
185.191.171.37 - - [11/Oct/2022:02:39:02 -0700] "GET /phpMyAdmin/setup/?token=f3d0da2115685fe744b829f8ce8b33db&version_check=1 HTTP/1.1" 200 12687 "-" "Mozilla/5.0 (compatible; SemrushBot/7~bl; +http://www.semrush.com/bot.html)" "tekmedicgloves.com"
185.191.171.13 - - [11/Oct/2022:02:39:55 -0700] "GET /phpMyAdmin/setup/?token=ba5edabdc90b5927cc92d09b33d3f508&version_check=1 HTTP/1.1" 200 12691 "-" "Mozilla/5.0 (compatible; SemrushBot/7~bl; +http://www.semrush.com/bot.html)" "www.tekmedicgloves.com"
185.191.171.44 - - [11/Oct/2022:02:39:58 -0700] "GET /phpMyAdmin/setup/?token=bd0cadd5e33e553e7e21d4b5ccdaee01&version_check=1 HTTP/1.1" 200 12691 "-" "Mozilla/5.0 (compatible; SemrushBot/7~bl; +http://www.semrush.com/bot.html)" "www.tekmedicgloves.com"
185.191.171.42 - - [11/Oct/2022:02:40:02 -0700] "GET /phpMyAdmin/setup/?token=f430f3b3478803a75b2ce06d3384e590&version_check=1 HTTP/1.1" 200 12691 "-" "Mozilla/5.0 (compatible; SemrushBot/7~bl; +http://www.semrush.com/bot.html)" "www.tekmedicgloves.com"
185.191.171.45 - - [11/Oct/2022:02:40:11 -0700] "GET /phpMyAdmin/setup/?token=fde92e06bf770aea948458470a612e7c&version_check=1 HTTP/1.1" 200 12687 "-" "Mozilla/5.0 (compatible; SemrushBot/7~bl; +http://www.semrush.com/bot.html)" "tekmedicgloves.com"
185.191.171.7 - - [11/Oct/2022:02:40:58 -0700] "GET /phpMyAdmin/setup/?token=c0584a50832a6e997e0e621426009fd4&version_check=1 HTTP/1.1" 200 12691 "-" "Mozilla/5.0 (compatible; SemrushBot/7~bl; +http://www.semrush.com/bot.html)" "www.tekmedicgloves.com"
185.191.171.35 - - [11/Oct/2022:02:40:58 -0700] "GET /phpMyAdmin/setup/?token=e345bbe08c45e2c098145885dbe18497&version_check=1 HTTP/1.1" 200 12687 "-" "Mozilla/5.0 (compatible; SemrushBot/7~bl; +http://www.semrush.com/bot.html)" "tekmedicgloves.com"
185.191.171.1 - - [11/Oct/2022:02:41:00 -0700] "GET /phpMyAdmin/setup/?token=cfd0a3d86e1894332de37d86234ea44c&version_check=1 HTTP/1.1" 200 12691 "-" "Mozilla/5.0 (compatible; SemrushBot/7~bl; +http://www.semrush.com/bot.html)" "www.tekmedicgloves.com"
185.191.171.35 - - [11/Oct/2022:02:41:04 -0700] "GET /phpMyAdmin/setup/?token=e0ca1cfd50b1adc897411d246606d142&version_check=1 HTTP/1.1" 200 12687 "-" "Mozilla/5.0 (compatible; SemrushBot/7~bl; +http://www.semrush.com/bot.html)" "tekmedicgloves.com"
185.191.171.7 - - [11/Oct/2022:02:41:09 -0700] "GET /phpMyAdmin/setup/?token=e22d4d2306f5d4a0ef6655fa834799f1&version_check=1 HTTP/1.1" 200 12687 "-" "Mozilla/5.0 (compatible; SemrushBot/7~bl; +http://www.semrush.com/bot.html)" "tekmedicgloves.com"
185.191.171.14 - - [11/Oct/2022:02:41:28 -0700] "GET /phpMyAdmin/setup/?token=fc73957d7ad0adab4f6c659ebedb8d82&version_check=1 HTTP/1.1" 200 12691 "-" "Mozilla/5.0 (compatible; SemrushBot/7~bl; +http://www.semrush.com/bot.html)" "www.tekmedicgloves.com"
185.191.171.14 - - [11/Oct/2022:02:41:37 -0700] "GET /phpMyAdmin/setup/?token=c1638a8786577140d85366618c9b6d62&version_check=1 HTTP/1.1" 200 12691 "-" "Mozilla/5.0 (compatible; SemrushBot/7~bl; +http://www.semrush.com/bot.html)" "www.tekmedicgloves.com"
52.253.106.128 - - [11/Oct/2022:02:42:08 -0700] "GET / HTTP/1.1" 200 696 "-" "Mozilla/5.0 (Windows NT 10.0; Win64; x64) AppleWebKit/537.36 (KHTML, like Gecko) Chrome/80.0.3987.149 Safari/537.36" "tekmedicgloves.com"
52.253.106.128 - - [11/Oct/2022:02:42:09 -0700] "GET / HTTP/1.1" 200 696 "-" "Mozilla/5.0 (Windows NT 10.0; Win64; x64) AppleWebKit/537.36 (KHTML, like Gecko) Chrome/80.0.3987.149 Safari/537.36" "tekmedicgloves.com"
52.253.106.128 - - [11/Oct/2022:02:42:10 -0700] "GET /wp-includes/wlwmanifest.xml HTTP/1.1" 404 73 "-" "Mozilla/5.0 (Windows NT 10.0; Win64; x64) AppleWebKit/537.36 (KHTML, like Gecko) Chrome/80.0.3987.149 Safari/537.36" "tekmedicgloves.com"
52.253.106.128 - - [11/Oct/2022:02:42:10 -0700] "GET /xmlrpc.php?rsd HTTP/1.1" 404 73 "-" "Mozilla/5.0 (Windows NT 10.0; Win64; x64) AppleWebKit/537.36 (KHTML, like Gecko) Chrome/80.0.3987.149 Safari/537.36" "tekmedicgloves.com"
52.253.106.128 - - [11/Oct/2022:02:42:10 -0700] "GET / HTTP/1.1" 200 696 "-" "Mozilla/5.0 (Windows NT 10.0; Win64; x64) AppleWebKit/537.36 (KHTML, like Gecko) Chrome/80.0.3987.149 Safari/537.36" "tekmedicgloves.com"
185.191.171.40 - - [11/Oct/2022:02:42:09 -0700] "GET /phpMyAdmin/setup/?token=f39f6a95464e47d03e19273520d6e0c0&version_check=1 HTTP/1.1" 200 12691 "-" "Mozilla/5.0 (compatible; SemrushBot/7~bl; +http://www.semrush.com/bot.html)" "www.tekmedicgloves.com"
52.253.106.128 - - [11/Oct/2022:02:42:11 -0700] "GET /blog/wp-includes/wlwmanifest.xml HTTP/1.1" 404 73 "-" "Mozilla/5.0 (Windows NT 10.0; Win64; x64) AppleWebKit/537.36 (KHTML, like Gecko) Chrome/80.0.3987.149 Safari/537.36" "tekmedicgloves.com"
52.253.106.128 - - [11/Oct/2022:02:42:11 -0700] "GET /web/wp-includes/wlwmanifest.xml HTTP/1.1" 404 73 "-" "Mozilla/5.0 (Windows NT 10.0; Win64; x64) AppleWebKit/537.36 (KHTML, like Gecko) Chrome/80.0.3987.149 Safari/537.36" "tekmedicgloves.com"
52.253.106.128 - - [11/Oct/2022:02:42:12 -0700] "GET /wordpress/wp-includes/wlwmanifest.xml HTTP/1.1" 404 73 "-" "Mozilla/5.0 (Windows NT 10.0; Win64; x64) AppleWebKit/537.36 (KHTML, like Gecko) Chrome/80.0.3987.149 Safari/537.36" "tekmedicgloves.com"
52.253.106.128 - - [11/Oct/2022:02:42:12 -0700] "GET /website/wp-includes/wlwmanifest.xml HTTP/1.1" 404 73 "-" "Mozilla/5.0 (Windows NT 10.0; Win64; x64) AppleWebKit/537.36 (KHTML, like Gecko) Chrome/80.0.3987.149 Safari/537.36" "tekmedicgloves.com"
52.253.106.128 - - [11/Oct/2022:02:42:12 -0700] "GET /wp/wp-includes/wlwmanifest.xml HTTP/1.1" 404 73 "-" "Mozilla/5.0 (Windows NT 10.0; Win64; x64) AppleWebKit/537.36 (KHTML, like Gecko) Chrome/80.0.3987.149 Safari/537.36" "tekmedicgloves.com"
185.191.171.26 - - [11/Oct/2022:02:42:12 -0700] "GET /phpMyAdmin/setup/?token=0a4ff9b958b8d10d409e99efb4e135c9&version_check=1 HTTP/1.1" 200 12691 "-" "Mozilla/5.0 (compatible; SemrushBot/7~bl; +http://www.semrush.com/bot.html)" "www.tekmedicgloves.com"
52.253.106.128 - - [11/Oct/2022:02:42:13 -0700] "GET /news/wp-includes/wlwmanifest.xml HTTP/1.1" 404 73 "-" "Mozilla/5.0 (Windows NT 10.0; Win64; x64) AppleWebKit/537.36 (KHTML, like Gecko) Chrome/80.0.3987.149 Safari/537.36" "tekmedicgloves.com"
52.253.106.128 - - [11/Oct/2022:02:42:13 -0700] "GET /2018/wp-includes/wlwmanifest.xml HTTP/1.1" 404 73 "-" "Mozilla/5.0 (Windows NT 10.0; Win64; x64) AppleWebKit/537.36 (KHTML, like Gecko) Chrome/80.0.3987.149 Safari/537.36" "tekmedicgloves.com"
52.253.106.128 - - [11/Oct/2022:02:42:14 -0700] "GET /2019/wp-includes/wlwmanifest.xml HTTP/1.1" 404 73 "-" "Mozilla/5.0 (Windows NT 10.0; Win64; x64) AppleWebKit/537.36 (KHTML, like Gecko) Chrome/80.0.3987.149 Safari/537.36" "tekmedicgloves.com"
52.253.106.128 - - [11/Oct/2022:02:42:14 -0700] "GET /shop/wp-includes/wlwmanifest.xml HTTP/1.1" 404 73 "-" "Mozilla/5.0 (Windows NT 10.0; Win64; x64) AppleWebKit/537.36 (KHTML, like Gecko) Chrome/80.0.3987.149 Safari/537.36" "tekmedicgloves.com"
52.253.106.128 - - [11/Oct/2022:02:42:14 -0700] "GET /wp1/wp-includes/wlwmanifest.xml HTTP/1.1" 404 73 "-" "Mozilla/5.0 (Windows NT 10.0; Win64; x64) AppleWebKit/537.36 (KHTML, like Gecko) Chrome/80.0.3987.149 Safari/537.36" "tekmedicgloves.com"
52.253.106.128 - - [11/Oct/2022:02:42:15 -0700] "GET /test/wp-includes/wlwmanifest.xml HTTP/1.1" 404 73 "-" "Mozilla/5.0 (Windows NT 10.0; Win64; x64) AppleWebKit/537.36 (KHTML, like Gecko) Chrome/80.0.3987.149 Safari/537.36" "tekmedicgloves.com"
52.253.106.128 - - [11/Oct/2022:02:42:15 -0700] "GET /media/wp-includes/wlwmanifest.xml HTTP/1.1" 404 73 "-" "Mozilla/5.0 (Windows NT 10.0; Win64; x64) AppleWebKit/537.36 (KHTML, like Gecko) Chrome/80.0.3987.149 Safari/537.36" "tekmedicgloves.com"
52.253.106.128 - - [11/Oct/2022:02:42:15 -0700] "GET /wp2/wp-includes/wlwmanifest.xml HTTP/1.1" 404 73 "-" "Mozilla/5.0 (Windows NT 10.0; Win64; x64) AppleWebKit/537.36 (KHTML, like Gecko) Chrome/80.0.3987.149 Safari/537.36" "tekmedicgloves.com"
52.253.106.128 - - [11/Oct/2022:02:42:16 -0700] "GET /site/wp-includes/wlwmanifest.xml HTTP/1.1" 404 73 "-" "Mozilla/5.0 (Windows NT 10.0; Win64; x64) AppleWebKit/537.36 (KHTML, like Gecko) Chrome/80.0.3987.149 Safari/537.36" "tekmedicgloves.com"
52.253.106.128 - - [11/Oct/2022:02:42:16 -0700] "GET /cms/wp-includes/wlwmanifest.xml HTTP/1.1" 404 73 "-" "Mozilla/5.0 (Windows NT 10.0; Win64; x64) AppleWebKit/537.36 (KHTML, like Gecko) Chrome/80.0.3987.149 Safari/537.36" "tekmedicgloves.com"
52.253.106.128 - - [11/Oct/2022:02:42:17 -0700] "GET /sito/wp-includes/wlwmanifest.xml HTTP/1.1" 404 73 "-" "Mozilla/5.0 (Windows NT 10.0; Win64; x64) AppleWebKit/537.36 (KHTML, like Gecko) Chrome/80.0.3987.149 Safari/537.36" "tekmedicgloves.com"
185.191.171.25 - - [11/Oct/2022:02:42:29 -0700] "GET /phpMyAdmin/setup/?token=f1ba1c5404e1abfeb68c163ebb4010ff&version_check=1 HTTP/1.1" 200 12687 "-" "Mozilla/5.0 (compatible; SemrushBot/7~bl; +http://www.semrush.com/bot.html)" "tekmedicgloves.com"
185.191.171.24 - - [11/Oct/2022:02:42:38 -0700] "GET /phpMyAdmin/setup/?token=f87b9277e2342d45fa4f06104c6d83ae&version_check=1 HTTP/1.1" 200 12687 "-" "Mozilla/5.0 (compatible; SemrushBot/7~bl; +http://www.semrush.com/bot.html)" "tekmedicgloves.com"
