185.191.171.6 - - [11/Oct/2022:02:42:39 -0700] "GET /phpMyAdmin/setup/?token=bdba8f083bb422394a84389e25ed0571&version_check=1 HTTP/1.1" 200 12691 "-" "Mozilla/5.0 (compatible; SemrushBot/7~bl; +http://www.semrush.com/bot.html)" "www.tekmedicgloves.com"
185.191.171.25 - - [11/Oct/2022:02:42:42 -0700] "GET /phpMyAdmin/setup/?token=e053120340a7c44da0bf3049a0bc5077&version_check=1 HTTP/1.1" 200 12691 "-" "Mozilla/5.0 (compatible; SemrushBot/7~bl; +http://www.semrush.com/bot.html)" "www.tekmedicgloves.com"
185.191.171.14 - - [11/Oct/2022:02:43:04 -0700] "GET /phpMyAdmin/setup/?token=04da6445abf97c4804f69023f878b72c&version_check=1 HTTP/1.1" 200 12687 "-" "Mozilla/5.0 (compatible; SemrushBot/7~bl; +http://www.semrush.com/bot.html)" "tekmedicgloves.com"
185.191.171.3 - - [11/Oct/2022:02:43:11 -0700] "GET /phpMyAdmin/setup/?token=e2a16b42e4adeccb8e94cc24e4b46f96&version_check=1 HTTP/1.1" 200 12687 "-" "Mozilla/5.0 (compatible; SemrushBot/7~bl; +http://www.semrush.com/bot.html)" "tekmedicgloves.com"
185.191.171.19 - - [11/Oct/2022:02:43:14 -0700] "GET /phpMyAdmin/setup/?token=00dfe5e7ce94da886731232080a4be4c&version_check=1 HTTP/1.1" 200 12691 "-" "Mozilla/5.0 (compatible; SemrushBot/7~bl; +http://www.semrush.com/bot.html)" "www.tekmedicgloves.com"
185.191.171.38 - - [11/Oct/2022:02:43:22 -0700] "GET /phpMyAdmin/setup/?token=127633f4cb62662a7d6d6a2feb53b2db&version_check=1 HTTP/1.1" 200 12687 "-" "Mozilla/5.0 (compatible; SemrushBot/7~bl; +http://www.semrush.com/bot.html)" "tekmedicgloves.com"
185.191.171.45 - - [11/Oct/2022:02:43:38 -0700] "GET /phpMyAdmin/setup/?token=cec49662b9519ddcffec4c696ee4e47d&version_check=1 HTTP/1.1" 200 12691 "-" "Mozilla/5.0 (compatible; SemrushBot/7~bl; +http://www.semrush.com/bot.html)" "www.tekmedicgloves.com"
185.191.171.7 - - [11/Oct/2022:02:43:40 -0700] "GET /phpMyAdmin/setup/?token=ed4cfcc3dfb7a58c643d5eb64685d899&version_check=1 HTTP/1.1" 200 12687 "-" "Mozilla/5.0 (compatible; SemrushBot/7~bl; +http://www.semrush.com/bot.html)" "tekmedicgloves.com"
185.191.171.38 - - [11/Oct/2022:02:43:57 -0700] "GET /phpMyAdmin/setup/?token=e24b22ad722e9bbbdb31d33e66b86cfd&version_check=1 HTTP/1.1" 200 12687 "-" "Mozilla/5.0 (compatible; SemrushBot/7~bl; +http://www.semrush.com/bot.html)" "tekmedicgloves.com"
185.191.171.24 - - [11/Oct/2022:02:44:04 -0700] "GET /phpMyAdmin/setup/?token=c5467e805c33e2ae70514239fe670b2b&version_check=1 HTTP/1.1" 200 12691 "-" "Mozilla/5.0 (compatible; SemrushBot/7~bl; +http://www.semrush.com/bot.html)" "www.tekmedicgloves.com"
185.191.171.12 - - [11/Oct/2022:02:44:08 -0700] "GET /phpMyAdmin/setup/?token=ea5b5f2de6e9dc06fb398a0b4acceab2&version_check=1 HTTP/1.1" 200 12691 "-" "Mozilla/5.0 (compatible; SemrushBot/7~bl; +http://www.semrush.com/bot.html)" "www.tekmedicgloves.com"
185.191.171.40 - - [11/Oct/2022:02:44:08 -0700] "GET /phpMyAdmin/setup/?token=fb86d34d0e99baf59a1240a2f6016439&version_check=1 HTTP/1.1" 200 12687 "-" "Mozilla/5.0 (compatible; SemrushBot/7~bl; +http://www.semrush.com/bot.html)" "tekmedicgloves.com"
185.191.171.38 - - [11/Oct/2022:02:44:12 -0700] "GET /phpMyAdmin/setup/?token=ef48f41fb0f0ef0584d9da955d49af3d&version_check=1 HTTP/1.1" 200 12691 "-" "Mozilla/5.0 (compatible; SemrushBot/7~bl; +http://www.semrush.com/bot.html)" "www.tekmedicgloves.com"
185.191.171.7 - - [11/Oct/2022:02:44:14 -0700] "GET /phpMyAdmin/setup/?token=d080feb44fc79ed2af48c262ca4d8713&version_check=1 HTTP/1.1" 200 12691 "-" "Mozilla/5.0 (compatible; SemrushBot/7~bl; +http://www.semrush.com/bot.html)" "www.tekmedicgloves.com"
185.191.171.38 - - [11/Oct/2022:02:44:34 -0700] "GET /phpMyAdmin/setup/?token=00eefa341e87c23048aec4a3dafb4f48&version_check=1 HTTP/1.1" 200 12691 "-" "Mozilla/5.0 (compatible; SemrushBot/7~bl; +http://www.semrush.com/bot.html)" "www.tekmedicgloves.com"
185.191.171.12 - - [11/Oct/2022:02:44:45 -0700] "GET /phpMyAdmin/setup/?token=1660d0003270f2dc2d3f7dd61a6531a7&version_check=1 HTTP/1.1" 200 12687 "-" "Mozilla/5.0 (compatible; SemrushBot/7~bl; +http://www.semrush.com/bot.html)" "tekmedicgloves.com"
185.191.171.14 - - [11/Oct/2022:02:44:47 -0700] "GET /phpMyAdmin/setup/?token=005e86cca0c3195383167ab5afb87da0&version_check=1 HTTP/1.1" 200 12687 "-" "Mozilla/5.0 (compatible; SemrushBot/7~bl; +http://www.semrush.com/bot.html)" "tekmedicgloves.com"
185.191.171.15 - - [11/Oct/2022:02:45:10 -0700] "GET /phpMyAdmin/setup/?token=0aa3e4a9fb8136c2bb4a2160067e7375&version_check=1 HTTP/1.1" 200 12691 "-" "Mozilla/5.0 (compatible; SemrushBot/7~bl; +http://www.semrush.com/bot.html)" "www.tekmedicgloves.com"
185.191.171.6 - - [11/Oct/2022:02:45:18 -0700] "GET /phpMyAdmin/setup/?token=c20d1e8abdba44fbb7c99c83205884a2&version_check=1 HTTP/1.1" 200 12691 "-" "Mozilla/5.0 (compatible; SemrushBot/7~bl; +http://www.semrush.com/bot.html)" "www.tekmedicgloves.com"
185.191.171.8 - - [11/Oct/2022:02:45:35 -0700] "GET /phpMyAdmin/setup/?token=df61a24314199a4aaaa5c0ee25377b72&version_check=1 HTTP/1.1" 200 12687 "-" "Mozilla/5.0 (compatible; SemrushBot/7~bl; +http://www.semrush.com/bot.html)" "tekmedicgloves.com"
185.191.171.7 - - [11/Oct/2022:02:45:58 -0700] "GET /phpMyAdmin/setup/?token=ed089f420eb4e2cc01c5375cae224517&version_check=1 HTTP/1.1" 200 12691 "-" "Mozilla/5.0 (compatible; SemrushBot/7~bl; +http://www.semrush.com/bot.html)" "www.tekmedicgloves.com"
185.191.171.26 - - [11/Oct/2022:02:46:12 -0700] "GET /phpMyAdmin/setup/?token=decd4ad06f6c61b6acb90d2a9e9118dc&version_check=1 HTTP/1.1" 200 12687 "-" "Mozilla/5.0 (compatible; SemrushBot/7~bl; +http://www.semrush.com/bot.html)" "tekmedicgloves.com"
185.191.171.19 - - [11/Oct/2022:02:46:15 -0700] "GET /phpMyAdmin/setup/?token=1494a1e4d487b0d361a4c8d2aa3db927&version_check=1 HTTP/1.1" 200 12687 "-" "Mozilla/5.0 (compatible; SemrushBot/7~bl; +http://www.semrush.com/bot.html)" "tekmedicgloves.com"
185.191.171.38 - - [11/Oct/2022:02:46:30 -0700] "GET /phpMyAdmin/setup/?token=f1287927f44f8dae6ee7165a8645c2a2&version_check=1 HTTP/1.1" 200 12691 "-" "Mozilla/5.0 (compatible; SemrushBot/7~bl; +http://www.semrush.com/bot.html)" "www.tekmedicgloves.com"
114.119.139.247 - - [11/Oct/2022:02:46:42 -0700] "GET /beta/products.php?cat=21&subcat=48 HTTP/1.1" 200 35559 "http://www.tekmedicgloves.com/beta/products.php?cat=24&subcat=46&id=21" "Mozilla/5.0 (Linux; Android 7.0;) AppleWebKit/537.36 (KHTML, like Gecko) Mobile Safari/537.36 (compatible; PetalBot;+https://webmaster.petalsearch.com/site/petalbot)" "www.tekmedicgloves.com"
185.191.171.33 - - [11/Oct/2022:02:46:59 -0700] "GET /phpMyAdmin/setup/?token=d378fbe0bf833624b120f57b3caad722&version_check=1 HTTP/1.1" 200 12691 "-" "Mozilla/5.0 (compatible; SemrushBot/7~bl; +http://www.semrush.com/bot.html)" "www.tekmedicgloves.com"
185.191.171.8 - - [11/Oct/2022:02:47:07 -0700] "GET /phpMyAdmin/setup/?token=0dece9c08b6fa1a0cea127b6adad04ac&version_check=1 HTTP/1.1" 200 12691 "-" "Mozilla/5.0 (compatible; SemrushBot/7~bl; +http://www.semrush.com/bot.html)" "www.tekmedicgloves.com"
185.191.171.5 - - [11/Oct/2022:02:47:16 -0700] "GET /phpMyAdmin/setup/?token=de9956664e389c8ae84edce0456919c0&version_check=1 HTTP/1.1" 200 12687 "-" "Mozilla/5.0 (compatible; SemrushBot/7~bl; +http://www.semrush.com/bot.html)" "tekmedicgloves.com"
185.191.171.45 - - [11/Oct/2022:02:47:42 -0700] "GET /phpMyAdmin/setup/?token=ec983ef2efca7c3e01afdd22f7bfac55&version_check=1 HTTP/1.1" 200 12687 "-" "Mozilla/5.0 (compatible; SemrushBot/7~bl; +http://www.semrush.com/bot.html)" "tekmedicgloves.com"
185.191.171.45 - - [11/Oct/2022:02:48:09 -0700] "GET /phpMyAdmin/setup/?token=c2710a4f1684b862972cb1238ff9ec59&version_check=1 HTTP/1.1" 200 12691 "-" "Mozilla/5.0 (compatible; SemrushBot/7~bl; +http://www.semrush.com/bot.html)" "www.tekmedicgloves.com"
185.191.171.1 - - [11/Oct/2022:02:48:10 -0700] "GET /phpMyAdmin/setup/?token=14bcc42ecda301cdcf530b32a5c2663d&version_check=1 HTTP/1.1" 200 12687 "-" "Mozilla/5.0 (compatible; SemrushBot/7~bl; +http://www.semrush.com/bot.html)" "tekmedicgloves.com"
185.191.171.40 - - [11/Oct/2022:02:48:12 -0700] "GET /phpMyAdmin/setup/?token=f09371db9401f57f7febc8c5f60aefa4&version_check=1 HTTP/1.1" 200 12687 "-" "Mozilla/5.0 (compatible; SemrushBot/7~bl; +http://www.semrush.com/bot.html)" "tekmedicgloves.com"
185.191.171.6 - - [11/Oct/2022:02:48:21 -0700] "GET /phpMyAdmin/setup/?token=0e03a15fd7b9cb2326c1e9a3cec47479&version_check=1 HTTP/1.1" 200 12691 "-" "Mozilla/5.0 (compatible; SemrushBot/7~bl; +http://www.semrush.com/bot.html)" "www.tekmedicgloves.com"
185.191.171.35 - - [11/Oct/2022:02:48:31 -0700] "GET /phpMyAdmin/setup/?token=defb16d9c2d379a928a43bb202296c80&version_check=1 HTTP/1.1" 200 12691 "-" "Mozilla/5.0 (compatible; SemrushBot/7~bl; +http://www.semrush.com/bot.html)" "www.tekmedicgloves.com"
185.191.171.8 - - [11/Oct/2022:02:48:54 -0700] "GET /phpMyAdmin/setup/?token=d6d3d5a61fb56a04909f476a0a7b18e6&version_check=1 HTTP/1.1" 200 12691 "-" "Mozilla/5.0 (compatible; SemrushBot/7~bl; +http://www.semrush.com/bot.html)" "www.tekmedicgloves.com"
185.191.171.11 - - [11/Oct/2022:02:48:57 -0700] "GET /phpMyAdmin/setup/?token=14e6929f5f2bc68b42472262e9ce96ac&version_check=1 HTTP/1.1" 200 12687 "-" "Mozilla/5.0 (compatible; SemrushBot/7~bl; +http://www.semrush.com/bot.html)" "tekmedicgloves.com"
185.191.171.3 - - [11/Oct/2022:02:48:59 -0700] "GET /phpMyAdmin/setup/?token=f84eb868e6158094691c8a979f53507b&version_check=1 HTTP/1.1" 200 12687 "-" "Mozilla/5.0 (compatible; SemrushBot/7~bl; +http://www.semrush.com/bot.html)" "tekmedicgloves.com"
185.191.171.24 - - [11/Oct/2022:02:49:07 -0700] "GET /phpMyAdmin/setup/?token=e8e9bfe9b7e0d5e28c5fbc5263e31618&version_check=1 HTTP/1.1" 200 12687 "-" "Mozilla/5.0 (compatible; SemrushBot/7~bl; +http://www.semrush.com/bot.html)" "tekmedicgloves.com"
185.191.171.45 - - [11/Oct/2022:02:49:24 -0700] "GET /phpMyAdmin/setup/?token=d659c421efa2d1fc15c726ce89cb1459&version_check=1 HTTP/1.1" 200 12691 "-" "Mozilla/5.0 (compatible; SemrushBot/7~bl; +http://www.semrush.com/bot.html)" "www.tekmedicgloves.com"
185.191.171.15 - - [11/Oct/2022:02:49:40 -0700] "GET /phpMyAdmin/setup/?token=e0be0190850d966794d357d29f0a929b&version_check=1 HTTP/1.1" 200 12687 "-" "Mozilla/5.0 (compatible; SemrushBot/7~bl; +http://www.semrush.com/bot.html)" "tekmedicgloves.com"
185.191.171.4 - - [11/Oct/2022:02:49:52 -0700] "GET /phpMyAdmin/setup/?token=ee9e7af52c55f7a9d479eda6cbd0306b&version_check=1 HTTP/1.1" 200 12691 "-" "Mozilla/5.0 (compatible; SemrushBot/7~bl; +http://www.semrush.com/bot.html)" "www.tekmedicgloves.com"
185.191.171.9 - - [11/Oct/2022:02:49:56 -0700] "GET /phpMyAdmin/setup/?token=ffa7e3656e91328ffc33d47e2544adbc&version_check=1 HTTP/1.1" 200 12687 "-" "Mozilla/5.0 (compatible; SemrushBot/7~bl; +http://www.semrush.com/bot.html)" "tekmedicgloves.com"
185.191.171.9 - - [11/Oct/2022:02:50:18 -0700] "GET /phpMyAdmin/setup/?token=f2f393a2e505e9c6feaee8ed33498d0f&version_check=1 HTTP/1.1" 200 12691 "-" "Mozilla/5.0 (compatible; SemrushBot/7~bl; +http://www.semrush.com/bot.html)" "www.tekmedicgloves.com"
185.191.171.23 - - [11/Oct/2022:02:50:40 -0700] "GET /phpMyAdmin/setup/?token=f0c56276020fa8a416c0c65ab632e41a&version_check=1 HTTP/1.1" 200 12687 "-" "Mozilla/5.0 (compatible; SemrushBot/7~bl; +http://www.semrush.com/bot.html)" "tekmedicgloves.com"
185.191.171.43 - - [11/Oct/2022:02:50:41 -0700] "GET /phpMyAdmin/setup/?token=bb3c485aa40c4f4b7e8b2bf8c7d865a2&version_check=1 HTTP/1.1" 200 12691 "-" "Mozilla/5.0 (compatible; SemrushBot/7~bl; +http://www.semrush.com/bot.html)" "www.tekmedicgloves.com"
185.191.171.15 - - [11/Oct/2022:02:50:49 -0700] "GET /phpMyAdmin/setup/?token=ece6c1734f843e3dca63ad3d4d43feac&version_check=1 HTTP/1.1" 200 12687 "-" "Mozilla/5.0 (compatible; SemrushBot/7~bl; +http://www.semrush.com/bot.html)" "tekmedicgloves.com"
185.191.171.4 - - [11/Oct/2022:02:50:51 -0700] "GET /phpMyAdmin/setup/?token=db7c57ee4d8cac1234a3225630f5930a&version_check=1 HTTP/1.1" 200 12691 "-" "Mozilla/5.0 (compatible; SemrushBot/7~bl; +http://www.semrush.com/bot.html)" "www.tekmedicgloves.com"
185.191.171.24 - - [11/Oct/2022:02:51:01 -0700] "GET /phpMyAdmin/setup/?token=e1b4a07629478ba276b86bc3d87fc2ba&version_check=1 HTTP/1.1" 200 12691 "-" "Mozilla/5.0 (compatible; SemrushBot/7~bl; +http://www.semrush.com/bot.html)" "www.tekmedicgloves.com"
185.191.171.37 - - [11/Oct/2022:02:51:02 -0700] "GET /phpMyAdmin/setup/?token=017eb907664b502d8565bf4d43f5f42f&version_check=1 HTTP/1.1" 200 12687 "-" "Mozilla/5.0 (compatible; SemrushBot/7~bl; +http://www.semrush.com/bot.html)" "tekmedicgloves.com"
185.191.171.23 - - [11/Oct/2022:02:51:20 -0700] "GET /phpMyAdmin/setup/?token=1523db79f8e16e24e17392dbe23f2214&version_check=1 HTTP/1.1" 200 12687 "-" "Mozilla/5.0 (compatible; SemrushBot/7~bl; +http://www.semrush.com/bot.html)" "tekmedicgloves.com"
185.191.171.5 - - [11/Oct/2022:02:51:50 -0700] "GET /phpMyAdmin/setup/?token=f09d762850af1424289a055a2cf5e44f&version_check=1 HTTP/1.1" 200 12691 "-" "Mozilla/5.0 (compatible; SemrushBot/7~bl; +http://www.semrush.com/bot.html)" "www.tekmedicgloves.com"
185.191.171.1 - - [11/Oct/2022:02:51:58 -0700] "GET /robots.txt HTTP/1.1" 404 88 "-" "Mozilla/5.0 (compatible; SemrushBot/7~bl; +http://www.semrush.com/bot.html)" "www.tekmedicgloves.com"
185.191.171.3 - - [11/Oct/2022:02:52:00 -0700] "GET /phpMyAdmin/setup/?token=091abfef5a271c57c320540241c9b3e1&version_check=1 HTTP/1.1" 200 12687 "-" "Mozilla/5.0 (compatible; SemrushBot/7~bl; +http://www.semrush.com/bot.html)" "tekmedicgloves.com"
185.191.171.24 - - [11/Oct/2022:02:52:07 -0700] "GET /phpMyAdmin/setup/?token=ceb754ff8ca895b1bc8f588a20924e85&version_check=1 HTTP/1.1" 200 12691 "-" "Mozilla/5.0 (compatible; SemrushBot/7~bl; +http://www.semrush.com/bot.html)" "www.tekmedicgloves.com"
185.191.171.22 - - [11/Oct/2022:02:52:10 -0700] "GET /phpMyAdmin/setup/?token=ed9bfca80d3e6765a2e2d7467acbc82c&version_check=1 HTTP/1.1" 200 12691 "-" "Mozilla/5.0 (compatible; SemrushBot/7~bl; +http://www.semrush.com/bot.html)" "www.tekmedicgloves.com"
185.191.171.20 - - [11/Oct/2022:02:52:34 -0700] "GET /phpMyAdmin/setup/?token=c25f5d28859ef9d7725ec528a7f63bc2&version_check=1 HTTP/1.1" 200 12691 "-" "Mozilla/5.0 (compatible; SemrushBot/7~bl; +http://www.semrush.com/bot.html)" "www.tekmedicgloves.com"
185.191.171.24 - - [11/Oct/2022:02:52:45 -0700] "GET /phpMyAdmin/setup/?token=050eac987c6bcf73ccc0fa3af54ea8cc&version_check=1 HTTP/1.1" 200 12687 "-" "Mozilla/5.0 (compatible; SemrushBot/7~bl; +http://www.semrush.com/bot.html)" "tekmedicgloves.com"
185.191.171.38 - - [11/Oct/2022:02:53:06 -0700] "GET /phpMyAdmin/setup/?token=f01b41bb1d3096505848a204f4a7108b&version_check=1 HTTP/1.1" 200 12691 "-" "Mozilla/5.0 (compatible; SemrushBot/7~bl; +http://www.semrush.com/bot.html)" "www.tekmedicgloves.com"
185.191.171.18 - - [11/Oct/2022:02:53:23 -0700] "GET /phpMyAdmin/setup/?token=f0f9bd3b117c0ba8d54de9e1b8b86eb9&version_check=1 HTTP/1.1" 200 12687 "-" "Mozilla/5.0 (compatible; SemrushBot/7~bl; +http://www.semrush.com/bot.html)" "tekmedicgloves.com"
185.191.171.7 - - [11/Oct/2022:02:53:28 -0700] "GET /phpMyAdmin/setup/?token=10468db4fe95032baa6a7777d3eb8476&version_check=1 HTTP/1.1" 200 12691 "-" "Mozilla/5.0 (compatible; SemrushBot/7~bl; +http://www.semrush.com/bot.html)" "www.tekmedicgloves.com"
185.191.171.15 - - [11/Oct/2022:02:53:33 -0700] "GET /phpMyAdmin/setup/?token=c095434a9db2092a2fad48e0d07f3987&version_check=1 HTTP/1.1" 200 12691 "-" "Mozilla/5.0 (compatible; SemrushBot/7~bl; +http://www.semrush.com/bot.html)" "www.tekmedicgloves.com"
185.191.171.21 - - [11/Oct/2022:02:53:48 -0700] "GET /phpMyAdmin/setup/?token=da0b3a807eba3383fabaf371b2e898d6&version_check=1 HTTP/1.1" 200 12691 "-" "Mozilla/5.0 (compatible; SemrushBot/7~bl; +http://www.semrush.com/bot.html)" "www.tekmedicgloves.com"
185.191.171.24 - - [11/Oct/2022:02:54:15 -0700] "GET /phpMyAdmin/setup/?token=ca8997455ce2bc0cf0b13085c24656f6&version_check=1 HTTP/1.1" 200 12691 "-" "Mozilla/5.0 (compatible; SemrushBot/7~bl; +http://www.semrush.com/bot.html)" "www.tekmedicgloves.com"
185.191.171.36 - - [11/Oct/2022:02:54:18 -0700] "GET /phpMyAdmin/setup/?token=010c2e7f027a545895a3a6d4df093700&version_check=1 HTTP/1.1" 200 12691 "-" "Mozilla/5.0 (compatible; SemrushBot/7~bl; +http://www.semrush.com/bot.html)" "www.tekmedicgloves.com"
185.191.171.21 - - [11/Oct/2022:02:54:24 -0700] "GET /phpMyAdmin/setup/?token=b9266d6ef7ded875fdec6bc728a64bed&version_check=1 HTTP/1.1" 200 12691 "-" "Mozilla/5.0 (compatible; SemrushBot/7~bl; +http://www.semrush.com/bot.html)" "www.tekmedicgloves.com"
185.191.171.33 - - [11/Oct/2022:02:54:26 -0700] "GET /phpMyAdmin/setup/?token=ec958f3c6d138d6b45a03146dd90bd05&version_check=1 HTTP/1.1" 200 12687 "-" "Mozilla/5.0 (compatible; SemrushBot/7~bl; +http://www.semrush.com/bot.html)" "tekmedicgloves.com"
185.191.171.4 - - [11/Oct/2022:02:54:27 -0700] "GET /phpMyAdmin/setup/?token=0df269bcc2fc6cb0fadd91857e0d1f93&version_check=1 HTTP/1.1" 200 12691 "-" "Mozilla/5.0 (compatible; SemrushBot/7~bl; +http://www.semrush.com/bot.html)" "www.tekmedicgloves.com"
185.191.171.1 - - [11/Oct/2022:02:54:35 -0700] "GET /phpMyAdmin/setup/?token=e8ef2e9dc4ee1f1bbe0e11af9ec8623c&version_check=1 HTTP/1.1" 200 12687 "-" "Mozilla/5.0 (compatible; SemrushBot/7~bl; +http://www.semrush.com/bot.html)" "tekmedicgloves.com"
185.191.171.42 - - [11/Oct/2022:02:54:42 -0700] "GET /phpMyAdmin/setup/?token=ff6d77d8449503ecab1dc0e942a7454c&version_check=1 HTTP/1.1" 200 12687 "-" "Mozilla/5.0 (compatible; SemrushBot/7~bl; +http://www.semrush.com/bot.html)" "tekmedicgloves.com"
185.191.171.18 - - [11/Oct/2022:02:54:42 -0700] "GET /phpMyAdmin/setup/?token=d5f07fa41a8adb8a54b034233ef6be99&version_check=1 HTTP/1.1" 200 12691 "-" "Mozilla/5.0 (compatible; SemrushBot/7~bl; +http://www.semrush.com/bot.html)" "www.tekmedicgloves.com"
185.191.171.3 - - [11/Oct/2022:02:54:59 -0700] "GET /phpMyAdmin/setup/?token=ebe3763fa5383d59320867349a5369b3&version_check=1 HTTP/1.1" 200 12687 "-" "Mozilla/5.0 (compatible; SemrushBot/7~bl; +http://www.semrush.com/bot.html)" "tekmedicgloves.com"
185.191.171.25 - - [11/Oct/2022:02:56:02 -0700] "GET /phpMyAdmin/setup/?token=d6bf63b64258f21352602d90e9c8716b&version_check=1 HTTP/1.1" 200 12691 "-" "Mozilla/5.0 (compatible; SemrushBot/7~bl; +http://www.semrush.com/bot.html)" "www.tekmedicgloves.com"
185.191.171.4 - - [11/Oct/2022:02:56:04 -0700] "GET /phpMyAdmin/setup/?token=e17e4d333e63d2ce3c77a23844ec8186&version_check=1 HTTP/1.1" 200 12687 "-" "Mozilla/5.0 (compatible; SemrushBot/7~bl; +http://www.semrush.com/bot.html)" "tekmedicgloves.com"
185.191.171.35 - - [11/Oct/2022:02:56:42 -0700] "GET /phpMyAdmin/setup/?token=0c992a6ed9b94c151d30bd78dfb5a36d&version_check=1 HTTP/1.1" 200 12687 "-" "Mozilla/5.0 (compatible; SemrushBot/7~bl; +http://www.semrush.com/bot.html)" "tekmedicgloves.com"
185.191.171.7 - - [11/Oct/2022:02:56:51 -0700] "GET /phpMyAdmin/setup/?token=c91bd8c9cb5488fcc7c3183e1a90b9ce&version_check=1 HTTP/1.1" 200 12691 "-" "Mozilla/5.0 (compatible; SemrushBot/7~bl; +http://www.semrush.com/bot.html)" "www.tekmedicgloves.com"
185.191.171.15 - - [11/Oct/2022:02:56:56 -0700] "GET /phpMyAdmin/setup/?token=07be018fe20b922b26f92db897997828&version_check=1 HTTP/1.1" 200 12691 "-" "Mozilla/5.0 (compatible; SemrushBot/7~bl; +http://www.semrush.com/bot.html)" "www.tekmedicgloves.com"
185.191.171.17 - - [11/Oct/2022:02:56:56 -0700] "GET /phpMyAdmin/setup/?token=e573e7859d235b2f2fd830bd96f60148&version_check=1 HTTP/1.1" 200 12687 "-" "Mozilla/5.0 (compatible; SemrushBot/7~bl; +http://www.semrush.com/bot.html)" "tekmedicgloves.com"
185.191.171.33 - - [11/Oct/2022:02:56:59 -0700] "GET /phpMyAdmin/setup/?token=c688ac47c4d4050086a1609d7e41f174&version_check=1 HTTP/1.1" 200 12691 "-" "Mozilla/5.0 (compatible; SemrushBot/7~bl; +http://www.semrush.com/bot.html)" "www.tekmedicgloves.com"
185.191.171.15 - - [11/Oct/2022:02:57:02 -0700] "GET /phpMyAdmin/setup/?token=c46345e016ba88933325a239c51cd204&version_check=1 HTTP/1.1" 200 12691 "-" "Mozilla/5.0 (compatible; SemrushBot/7~bl; +http://www.semrush.com/bot.html)" "www.tekmedicgloves.com"
185.191.171.34 - - [11/Oct/2022:02:57:04 -0700] "GET /phpMyAdmin/setup/?token=0065de6ac6a526ff649e1560c82c4871&version_check=1 HTTP/1.1" 200 12691 "-" "Mozilla/5.0 (compatible; SemrushBot/7~bl; +http://www.semrush.com/bot.html)" "www.tekmedicgloves.com"
185.191.171.9 - - [11/Oct/2022:02:57:16 -0700] "GET /phpMyAdmin/setup/?token=cf515ade72f5681eb6b6b4caac02071a&version_check=1 HTTP/1.1" 200 12691 "-" "Mozilla/5.0 (compatible; SemrushBot/7~bl; +http://www.semrush.com/bot.html)" "www.tekmedicgloves.com"
185.191.171.24 - - [11/Oct/2022:02:57:24 -0700] "GET /phpMyAdmin/setup/?token=fffc9b73b561d64fa7f3642e833b10bd&version_check=1 HTTP/1.1" 200 12687 "-" "Mozilla/5.0 (compatible; SemrushBot/7~bl; +http://www.semrush.com/bot.html)" "tekmedicgloves.com"
185.191.171.35 - - [11/Oct/2022:02:57:33 -0700] "GET /phpMyAdmin/setup/?token=be7f8eb48bc400c4827cf3f689a52117&version_check=1 HTTP/1.1" 200 12691 "-" "Mozilla/5.0 (compatible; SemrushBot/7~bl; +http://www.semrush.com/bot.html)" "www.tekmedicgloves.com"
185.191.171.7 - - [11/Oct/2022:02:57:35 -0700] "GET /phpMyAdmin/setup/?token=0165a737ecb1cd67c877abc2c6ed94e6&version_check=1 HTTP/1.1" 200 12691 "-" "Mozilla/5.0 (compatible; SemrushBot/7~bl; +http://www.semrush.com/bot.html)" "www.tekmedicgloves.com"
185.191.171.25 - - [11/Oct/2022:02:57:44 -0700] "GET /phpMyAdmin/setup/?token=bc3b7d6282f9fa200f3b10c44861b969&version_check=1 HTTP/1.1" 200 12691 "-" "Mozilla/5.0 (compatible; SemrushBot/7~bl; +http://www.semrush.com/bot.html)" "www.tekmedicgloves.com"
185.191.171.45 - - [11/Oct/2022:02:57:47 -0700] "GET /phpMyAdmin/setup/?token=f1a5d562ce2d4ccbee48f05d849971ae&version_check=1 HTTP/1.1" 200 12687 "-" "Mozilla/5.0 (compatible; SemrushBot/7~bl; +http://www.semrush.com/bot.html)" "tekmedicgloves.com"
185.191.171.3 - - [11/Oct/2022:02:57:51 -0700] "GET /robots.txt HTTP/1.1" 404 88 "-" "Mozilla/5.0 (compatible; SemrushBot/7~bl; +http://www.semrush.com/bot.html)" "tekmedicgloves.com"
185.191.171.11 - - [11/Oct/2022:02:57:52 -0700] "GET /phpMyAdmin/setup/?token=016645146d45e5e04132040797fbbe8b&version_check=1 HTTP/1.1" 200 12687 "-" "Mozilla/5.0 (compatible; SemrushBot/7~bl; +http://www.semrush.com/bot.html)" "tekmedicgloves.com"
185.191.171.6 - - [11/Oct/2022:02:57:59 -0700] "GET /phpMyAdmin/setup/?token=df9b268aca807df7d3b44682010165aa&version_check=1 HTTP/1.1" 200 12691 "-" "Mozilla/5.0 (compatible; SemrushBot/7~bl; +http://www.semrush.com/bot.html)" "www.tekmedicgloves.com"
185.191.171.8 - - [11/Oct/2022:02:58:29 -0700] "GET /phpMyAdmin/setup/?token=e10633199c731f5b11c7fecbb7e50241&version_check=1 HTTP/1.1" 200 12687 "-" "Mozilla/5.0 (compatible; SemrushBot/7~bl; +http://www.semrush.com/bot.html)" "tekmedicgloves.com"
185.191.171.20 - - [11/Oct/2022:02:58:40 -0700] "GET /phpMyAdmin/setup/?token=cb050ef79c6b8b3e04cffb4cd76c9c83&version_check=1 HTTP/1.1" 200 12691 "-" "Mozilla/5.0 (compatible; SemrushBot/7~bl; +http://www.semrush.com/bot.html)" "www.tekmedicgloves.com"
185.191.171.23 - - [11/Oct/2022:02:58:44 -0700] "GET /phpMyAdmin/setup/?token=084231573d50f0adae29b385e65f3530&version_check=1 HTTP/1.1" 200 12687 "-" "Mozilla/5.0 (compatible; SemrushBot/7~bl; +http://www.semrush.com/bot.html)" "tekmedicgloves.com"
185.191.171.39 - - [11/Oct/2022:02:59:27 -0700] "GET /phpMyAdmin/setup/?token=fce7a56cc00ee63b18602eae7620e076&version_check=1 HTTP/1.1" 200 12687 "-" "Mozilla/5.0 (compatible; SemrushBot/7~bl; +http://www.semrush.com/bot.html)" "tekmedicgloves.com"
185.191.171.24 - - [11/Oct/2022:02:59:31 -0700] "GET /phpMyAdmin/setup/?token=02ee759e90d488234d5020bf4740f079&version_check=1 HTTP/1.1" 200 12687 "-" "Mozilla/5.0 (compatible; SemrushBot/7~bl; +http://www.semrush.com/bot.html)" "tekmedicgloves.com"
114.119.139.220 - - [11/Oct/2022:02:59:51 -0700] "GET /beta/ HTTP/1.1" 200 161 "-" "Mozilla/5.0 (Linux; Android 7.0;) AppleWebKit/537.36 (KHTML, like Gecko) Mobile Safari/537.36 (compatible; PetalBot;+https://webmaster.petalsearch.com/site/petalbot)" "www.tekmedicgloves.com"
114.119.139.220 - - [11/Oct/2022:02:59:52 -0700] "GET /beta/home.php HTTP/1.1" 200 35074 "http://www.tekmedicgloves.com/beta/" "Mozilla/5.0 (Linux; Android 7.0;) AppleWebKit/537.36 (KHTML, like Gecko) Mobile Safari/537.36 (compatible; PetalBot;+https://webmaster.petalsearch.com/site/petalbot)" "www.tekmedicgloves.com"
114.119.139.220 - - [11/Oct/2022:02:59:53 -0700] "GET /beta/wp-content/themes/theme48838/bootstrap/css/bootstrap.css HTTP/1.1" 200 15793 "http://www.tekmedicgloves.com/beta/home.php" "Mozilla/5.0 (Linux; Android 7.0;) AppleWebKit/537.36 (KHTML, like Gecko) Mobile Safari/537.36 (compatible; PetalBot;+https://webmaster.petalsearch.com/site/petalbot)" "www.tekmedicgloves.com"
114.119.139.220 - - [11/Oct/2022:02:59:53 -0700] "GET /beta/wp-content/themes/theme48838/style.css HTTP/1.1" 200 243 "http://www.tekmedicgloves.com/beta/home.php" "Mozilla/5.0 (Linux; Android 7.0;) AppleWebKit/537.36 (KHTML, like Gecko) Mobile Safari/537.36 (compatible; PetalBot;+https://webmaster.petalsearch.com/site/petalbot)" "www.tekmedicgloves.com"
114.119.139.220 - - [11/Oct/2022:02:59:53 -0700] "GET /beta/wp-content/plugins/cherry-plugin/lib/js/owl-carousel/owl.carousel.css HTTP/1.1" 200 1119 "http://www.tekmedicgloves.com/beta/home.php" "Mozilla/5.0 (Linux; Android 7.0;) AppleWebKit/537.36 (KHTML, like Gecko) Mobile Safari/537.36 (compatible; PetalBot;+https://webmaster.petalsearch.com/site/petalbot)" "www.tekmedicgloves.com"
114.119.139.220 - - [11/Oct/2022:02:59:53 -0700] "GET /beta/wp-content/plugins/cherry-plugin/lib/js/FlexSlider/flexslider.css HTTP/1.1" 200 1323 "http://www.tekmedicgloves.com/beta/home.php" "Mozilla/5.0 (Linux; Android 7.0;) AppleWebKit/537.36 (KHTML, like Gecko) Mobile Safari/537.36 (compatible; PetalBot;+https://webmaster.petalsearch.com/site/petalbot)" "www.tekmedicgloves.com"
114.119.139.220 - - [11/Oct/2022:02:59:53 -0700] "GET /beta/wp-content/plugins/cherry-plugin/lib/js/owl-carousel/owl.theme.css HTTP/1.1" 200 606 "http://www.tekmedicgloves.com/beta/home.php" "Mozilla/5.0 (Linux; Android 7.0;) AppleWebKit/537.36 (KHTML, like Gecko) Mobile Safari/537.36 (compatible; PetalBot;+https://webmaster.petalsearch.com/site/petalbot)" "www.tekmedicgloves.com"
114.119.139.220 - - [11/Oct/2022:02:59:53 -0700] "GET /beta/wp-content/themes/CherryFramework/css/camera.css HTTP/1.1" 200 3117 "http://www.tekmedicgloves.com/beta/home.php" "Mozilla/5.0 (Linux; Android 7.0;) AppleWebKit/537.36 (KHTML, like Gecko) Mobile Safari/537.36 (compatible; PetalBot;+https://webmaster.petalsearch.com/site/petalbot)" "www.tekmedicgloves.com"
114.119.139.220 - - [11/Oct/2022:02:59:53 -0700] "GET /beta/wp-content/themes/theme48838/bootstrap/css/responsive.css HTTP/1.1" 200 4226 "http://www.tekmedicgloves.com/beta/home.php" "Mozilla/5.0 (Linux; Android 7.0;) AppleWebKit/537.36 (KHTML, like Gecko) Mobile Safari/537.36 (compatible; PetalBot;+https://webmaster.petalsearch.com/site/petalbot)" "www.tekmedicgloves.com"
114.119.139.220 - - [11/Oct/2022:02:59:53 -0700] "GET /beta/wp-content/plugins/contact-form-7/includes/css/styles.css HTTP/1.1" 200 392 "http://www.tekmedicgloves.com/beta/home.php" "Mozilla/5.0 (Linux; Android 7.0;) AppleWebKit/537.36 (KHTML, like Gecko) Mobile Safari/537.36 (compatible; PetalBot;+https://webmaster.petalsearch.com/site/petalbot)" "www.tekmedicgloves.com"
114.119.139.220 - - [11/Oct/2022:02:59:53 -0700] "GET /beta/wp-content/themes/CherryFramework/css/magnific-popup.css HTTP/1.1" 200 2166 "http://www.tekmedicgloves.com/beta/home.php" "Mozilla/5.0 (Linux; Android 7.0;) AppleWebKit/537.36 (KHTML, like Gecko) Mobile Safari/537.36 (compatible; PetalBot;+https://webmaster.petalsearch.com/site/petalbot)" "www.tekmedicgloves.com"
114.119.139.220 - - [11/Oct/2022:02:59:53 -0700] "GET /beta/wp-content/themes/theme48838/main-style.css HTTP/1.1" 200 4849 "http://www.tekmedicgloves.com/beta/home.php" "Mozilla/5.0 (Linux; Android 7.0;) AppleWebKit/537.36 (KHTML, like Gecko) Mobile Safari/537.36 (compatible; PetalBot;+https://webmaster.petalsearch.com/site/petalbot)" "www.tekmedicgloves.com"
114.119.139.220 - - [11/Oct/2022:02:59:53 -0700] "GET /beta/wp-content/plugins/cherry-plugin/includes/css/cherry-plugin.css HTTP/1.1" 200 4752 "http://www.tekmedicgloves.com/beta/home.php" "Mozilla/5.0 (Linux; Android 7.0;) AppleWebKit/537.36 (KHTML, like Gecko) Mobile Safari/537.36 (compatible; PetalBot;+https://webmaster.petalsearch.com/site/petalbot)" "www.tekmedicgloves.com"
114.119.139.220 - - [11/Oct/2022:02:59:54 -0700] "GET /beta/wp-includes/js/comment-reply.min.js HTTP/1.1" 404 88 "http://www.tekmedicgloves.com/beta/home.php" "Mozilla/5.0 (Linux; Android 7.0;) AppleWebKit/537.36 (KHTML, like Gecko) Mobile Safari/537.36 (compatible; PetalBot;+https://webmaster.petalsearch.com/site/petalbot)" "www.tekmedicgloves.com"
114.119.139.220 - - [11/Oct/2022:02:59:54 -0700] "GET /beta/wp-content/themes/CherryFramework/js/jquery-1.7.2.min.js HTTP/1.1" 200 33630 "http://www.tekmedicgloves.com/beta/home.php" "Mozilla/5.0 (Linux; Android 7.0;) AppleWebKit/537.36 (KHTML, like Gecko) Mobile Safari/537.36 (compatible; PetalBot;+https://webmaster.petalsearch.com/site/petalbot)" "www.tekmedicgloves.com"
114.119.139.220 - - [11/Oct/2022:02:59:54 -0700] "GET /beta/wp-includes/js/swfobject.js HTTP/1.1" 404 88 "http://www.tekmedicgloves.com/beta/home.php" "Mozilla/5.0 (Linux; Android 7.0;) AppleWebKit/537.36 (KHTML, like Gecko) Mobile Safari/537.36 (compatible; PetalBot;+https://webmaster.petalsearch.com/site/petalbot)" "www.tekmedicgloves.com"
114.119.139.220 - - [11/Oct/2022:02:59:54 -0700] "GET /beta/wp-content/themes/CherryFramework/js/modernizr.js HTTP/1.1" 200 5141 "http://www.tekmedicgloves.com/beta/home.php" "Mozilla/5.0 (Linux; Android 7.0;) AppleWebKit/537.36 (KHTML, like Gecko) Mobile Safari/537.36 (compatible; PetalBot;+https://webmaster.petalsearch.com/site/petalbot)" "www.tekmedicgloves.com"
114.119.139.220 - - [11/Oct/2022:02:59:54 -0700] "GET /beta/wp-content/themes/CherryFramework/js/custom.js HTTP/1.1" 200 2131 "http://www.tekmedicgloves.com/beta/home.php" "Mozilla/5.0 (Linux; Android 7.0;) AppleWebKit/537.36 (KHTML, like Gecko) Mobile Safari/537.36 (compatible; PetalBot;+https://webmaster.petalsearch.com/site/petalbot)" "www.tekmedicgloves.com"
114.119.139.220 - - [11/Oct/2022:02:59:54 -0700] "GET /beta/wp-content/themes/CherryFramework/js/jflickrfeed.js HTTP/1.1" 200 560 "http://www.tekmedicgloves.com/beta/home.php" "Mozilla/5.0 (Linux; Android 7.0;) AppleWebKit/537.36 (KHTML, like Gecko) Mobile Safari/537.36 (compatible; PetalBot;+https://webmaster.petalsearch.com/site/petalbot)" "www.tekmedicgloves.com"
114.119.139.220 - - [11/Oct/2022:02:59:54 -0700] "GET /beta/wp-content/themes/CherryFramework/bootstrap/js/bootstrap.min.js HTTP/1.1" 200 7654 "http://www.tekmedicgloves.com/beta/home.php" "Mozilla/5.0 (Linux; Android 7.0;) AppleWebKit/537.36 (KHTML, like Gecko) Mobile Safari/537.36 (compatible; PetalBot;+https://webmaster.petalsearch.com/site/petalbot)" "www.tekmedicgloves.com"
114.119.139.220 - - [11/Oct/2022:02:59:54 -0700] "GET /beta/wp-content/themes/CherryFramework/style.css HTTP/1.1" 200 331 "http://www.tekmedicgloves.com/beta/wp-content/themes/theme48838/main-style.css" "Mozilla/5.0 (Linux; Android 7.0;) AppleWebKit/537.36 (KHTML, like Gecko) Mobile Safari/537.36 (compatible; PetalBot;+https://webmaster.petalsearch.com/site/petalbot)" "www.tekmedicgloves.com"
114.119.139.220 - - [11/Oct/2022:02:59:54 -0700] "GET /beta/wp-content/themes/CherryFramework/js/jquery.mobile.customized.min.js HTTP/1.1" 200 6409 "http://www.tekmedicgloves.com/beta/home.php" "Mozilla/5.0 (Linux; Android 7.0;) AppleWebKit/537.36 (KHTML, like Gecko) Mobile Safari/537.36 (compatible; PetalBot;+https://webmaster.petalsearch.com/site/petalbot)" "www.tekmedicgloves.com"
114.119.139.220 - - [11/Oct/2022:02:59:54 -0700] "GET /beta/wp-content/themes/CherryFramework/css/style.css HTTP/1.1" 200 12245 "http://www.tekmedicgloves.com/beta/wp-content/themes/CherryFramework/style.css" "Mozilla/5.0 (Linux; Android 7.0;) AppleWebKit/537.36 (KHTML, like Gecko) Mobile Safari/537.36 (compatible; PetalBot;+https://webmaster.petalsearch.com/site/petalbot)" "www.tekmedicgloves.com"
114.119.139.220 - - [11/Oct/2022:02:59:55 -0700] "GET /beta/wp-content/plugins/contact-form-7/includes/js/jquery.form.min.js HTTP/1.1" 200 5878 "http://www.tekmedicgloves.com/beta/home.php" "Mozilla/5.0 (Linux; Android 7.0;) AppleWebKit/537.36 (KHTML, like Gecko) Mobile Safari/537.36 (compatible; PetalBot;+https://webmaster.petalsearch.com/site/petalbot)" "www.tekmedicgloves.com"
114.119.139.220 - - [11/Oct/2022:02:59:56 -0700] "GET /beta/wp-content/plugins/contact-form-7/includes/js/scripts.js HTTP/1.1" 200 1850 "http://www.tekmedicgloves.com/beta/home.php" "Mozilla/5.0 (Linux; Android 7.0;) AppleWebKit/537.36 (KHTML, like Gecko) Mobile Safari/537.36 (compatible; PetalBot;+https://webmaster.petalsearch.com/site/petalbot)" "www.tekmedicgloves.com"
114.119.139.220 - - [11/Oct/2022:02:59:56 -0700] "GET /beta/wp-includes/js/swfobject.js HTTP/1.1" 404 88 "http://www.tekmedicgloves.com/beta/home.php" "Mozilla/5.0 (Linux; Android 7.0;) AppleWebKit/537.36 (KHTML, like Gecko) Mobile Safari/537.36 (compatible; PetalBot;+https://webmaster.petalsearch.com/site/petalbot)" "www.tekmedicgloves.com"
185.191.171.19 - - [11/Oct/2022:02:59:56 -0700] "GET /phpMyAdmin/setup/?token=d21ff99af2eb71057cbe7d77765d8eff&version_check=1 HTTP/1.1" 200 12691 "-" "Mozilla/5.0 (compatible; SemrushBot/7~bl; +http://www.semrush.com/bot.html)" "www.tekmedicgloves.com"
114.119.139.220 - - [11/Oct/2022:02:59:56 -0700] "GET /beta/wp-content/themes/CherryFramework/js/superfish.js HTTP/1.1" 200 1280 "http://www.tekmedicgloves.com/beta/home.php" "Mozilla/5.0 (Linux; Android 7.0;) AppleWebKit/537.36 (KHTML, like Gecko) Mobile Safari/537.36 (compatible; PetalBot;+https://webmaster.petalsearch.com/site/petalbot)" "www.tekmedicgloves.com"
114.119.139.220 - - [11/Oct/2022:02:59:57 -0700] "GET /beta/wp-content/themes/CherryFramework/js/jquery.mobilemenu.js HTTP/1.1" 200 908 "http://www.tekmedicgloves.com/beta/home.php" "Mozilla/5.0 (Linux; Android 7.0;) AppleWebKit/537.36 (KHTML, like Gecko) Mobile Safari/537.36 (compatible; PetalBot;+https://webmaster.petalsearch.com/site/petalbot)" "www.tekmedicgloves.com"
114.119.139.220 - - [11/Oct/2022:02:59:57 -0700] "GET /beta/wp-content/themes/CherryFramework/js/jquery.magnific-popup.min.js HTTP/1.1" 200 7493 "http://www.tekmedicgloves.com/beta/home.php" "Mozilla/5.0 (Linux; Android 7.0;) AppleWebKit/537.36 (KHTML, like Gecko) Mobile Safari/537.36 (compatible; PetalBot;+https://webmaster.petalsearch.com/site/petalbot)" "www.tekmedicgloves.com"
114.119.139.220 - - [11/Oct/2022:02:59:57 -0700] "GET /beta/wp-content/plugins/cherry-plugin/lib/js/jquery.easing.1.3.js HTTP/1.1" 200 814 "http://www.tekmedicgloves.com/beta/home.php" "Mozilla/5.0 (Linux; Android 7.0;) AppleWebKit/537.36 (KHTML, like Gecko) Mobile Safari/537.36 (compatible; PetalBot;+https://webmaster.petalsearch.com/site/petalbot)" "www.tekmedicgloves.com"
114.119.139.220 - - [11/Oct/2022:02:59:57 -0700] "GET /beta/wp-content/themes/CherryFramework/js/jplayer.playlist.min.js HTTP/1.1" 200 2404 "http://www.tekmedicgloves.com/beta/home.php" "Mozilla/5.0 (Linux; Android 7.0;) AppleWebKit/537.36 (KHTML, like Gecko) Mobile Safari/537.36 (compatible; PetalBot;+https://webmaster.petalsearch.com/site/petalbot)" "www.tekmedicgloves.com"
114.119.139.220 - - [11/Oct/2022:02:59:57 -0700] "GET /beta/wp-content/themes/CherryFramework/js/camera.min.js HTTP/1.1" 200 8551 "http://www.tekmedicgloves.com/beta/home.php" "Mozilla/5.0 (Linux; Android 7.0;) AppleWebKit/537.36 (KHTML, like Gecko) Mobile Safari/537.36 (compatible; PetalBot;+https://webmaster.petalsearch.com/site/petalbot)" "www.tekmedicgloves.com"
114.119.139.220 - - [11/Oct/2022:02:59:57 -0700] "GET /beta/wp-content/themes/CherryFramework/js/jquery.jplayer.min.js HTTP/1.1" 200 11945 "http://www.tekmedicgloves.com/beta/home.php" "Mozilla/5.0 (Linux; Android 7.0;) AppleWebKit/537.36 (KHTML, like Gecko) Mobile Safari/537.36 (compatible; PetalBot;+https://webmaster.petalsearch.com/site/petalbot)" "www.tekmedicgloves.com"
114.119.139.220 - - [11/Oct/2022:02:59:57 -0700] "GET /beta/wp-content/plugins/cherry-plugin/lib/js/FlexSlider/jquery.flexslider-min.js HTTP/1.1" 200 5177 "http://www.tekmedicgloves.com/beta/home.php" "Mozilla/5.0 (Linux; Android 7.0;) AppleWebKit/537.36 (KHTML, like Gecko) Mobile Safari/537.36 (compatible; PetalBot;+https://webmaster.petalsearch.com/site/petalbot)" "www.tekmedicgloves.com"
114.119.139.220 - - [11/Oct/2022:02:59:57 -0700] "GET /beta/wp-content/themes/CherryFramework/js/jquery.debouncedresize.js HTTP/1.1" 200 226 "http://www.tekmedicgloves.com/beta/home.php" "Mozilla/5.0 (Linux; Android 7.0;) AppleWebKit/537.36 (KHTML, like Gecko) Mobile Safari/537.36 (compatible; PetalBot;+https://webmaster.petalsearch.com/site/petalbot)" "www.tekmedicgloves.com"
114.119.139.220 - - [11/Oct/2022:02:59:57 -0700] "GET /beta/wp-content/themes/CherryFramework/js/jquery.ba-resize.min.js HTTP/1.1" 200 616 "http://www.tekmedicgloves.com/beta/home.php" "Mozilla/5.0 (Linux; Android 7.0;) AppleWebKit/537.36 (KHTML, like Gecko) Mobile Safari/537.36 (compatible; PetalBot;+https://webmaster.petalsearch.com/site/petalbot)" "www.tekmedicgloves.com"
114.119.139.220 - - [11/Oct/2022:02:59:57 -0700] "GET /beta/wp-content/plugins/cherry-plugin/includes/js/cherry-plugin.js HTTP/1.1" 200 438 "http://www.tekmedicgloves.com/beta/home.php" "Mozilla/5.0 (Linux; Android 7.0;) AppleWebKit/537.36 (KHTML, like Gecko) Mobile Safari/537.36 (compatible; PetalBot;+https://webmaster.petalsearch.com/site/petalbot)" "www.tekmedicgloves.com"
114.119.139.220 - - [11/Oct/2022:02:59:57 -0700] "GET /beta/wp-content/themes/CherryFramework/js/jquery.isotope.js HTTP/1.1" 200 4845 "http://www.tekmedicgloves.com/beta/home.php" "Mozilla/5.0 (Linux; Android 7.0;) AppleWebKit/537.36 (KHTML, like Gecko) Mobile Safari/537.36 (compatible; PetalBot;+https://webmaster.petalsearch.com/site/petalbot)" "www.tekmedicgloves.com"
114.119.139.220 - - [11/Oct/2022:02:59:57 -0700] "GET /beta/wp-content/plugins/cherry-plugin/lib/js/elasti-carousel/jquery.elastislide.js HTTP/1.1" 200 1963 "http://www.tekmedicgloves.com/beta/home.php" "Mozilla/5.0 (Linux; Android 7.0;) AppleWebKit/537.36 (KHTML, like Gecko) Mobile Safari/537.36 (compatible; PetalBot;+https://webmaster.petalsearch.com/site/petalbot)" "www.tekmedicgloves.com"
185.191.171.26 - - [11/Oct/2022:02:59:59 -0700] "GET /phpMyAdmin/setup/?token=e1622359e44eb8fb5a26550ab95881dd&version_check=1 HTTP/1.1" 200 12687 "-" "Mozilla/5.0 (compatible; SemrushBot/7~bl; +http://www.semrush.com/bot.html)" "tekmedicgloves.com"
185.191.171.34 - - [11/Oct/2022:03:00:02 -0700] "GET /phpMyAdmin/setup/?token=e7dfaa343d717d98f531f7754151207f&version_check=1 HTTP/1.1" 200 12687 "-" "Mozilla/5.0 (compatible; SemrushBot/7~bl; +http://www.semrush.com/bot.html)" "tekmedicgloves.com"
185.191.171.7 - - [11/Oct/2022:03:00:23 -0700] "GET /phpMyAdmin/setup/?token=d4be8ed8377d15a47ea29d451cb29246&version_check=1 HTTP/1.1" 200 12691 "-" "Mozilla/5.0 (compatible; SemrushBot/7~bl; +http://www.semrush.com/bot.html)" "www.tekmedicgloves.com"
185.191.171.15 - - [11/Oct/2022:03:00:39 -0700] "GET /phpMyAdmin/setup/?token=df229153c47e23ccd253a0f98d2abd81&version_check=1 HTTP/1.1" 200 12687 "-" "Mozilla/5.0 (compatible; SemrushBot/7~bl; +http://www.semrush.com/bot.html)" "tekmedicgloves.com"
185.191.171.4 - - [11/Oct/2022:03:00:45 -0700] "GET /phpMyAdmin/setup/?token=f9a99e02e734e0fa44a03cf7e221a1ab&version_check=1 HTTP/1.1" 200 12687 "-" "Mozilla/5.0 (compatible; SemrushBot/7~bl; +http://www.semrush.com/bot.html)" "tekmedicgloves.com"
185.191.171.25 - - [11/Oct/2022:03:00:48 -0700] "GET /phpMyAdmin/setup/?token=52cce0aae926452a1ff068a6321b0d67&version_check=1 HTTP/1.1" 200 12687 "-" "Mozilla/5.0 (compatible; SemrushBot/7~bl; +http://www.semrush.com/bot.html)" "tekmedicgloves.com"
185.191.171.9 - - [11/Oct/2022:03:00:55 -0700] "GET /phpMyAdmin/setup/?token=c968a3cee8dafa1683853c2f8ee653bb&version_check=1 HTTP/1.1" 200 12691 "-" "Mozilla/5.0 (compatible; SemrushBot/7~bl; +http://www.semrush.com/bot.html)" "www.tekmedicgloves.com"
185.191.171.5 - - [11/Oct/2022:03:01:11 -0700] "GET /phpMyAdmin/setup/?token=f0a3fdfd5e4d9aaa1a4aff54c96af90e&version_check=1 HTTP/1.1" 200 12691 "-" "Mozilla/5.0 (compatible; SemrushBot/7~bl; +http://www.semrush.com/bot.html)" "www.tekmedicgloves.com"
185.191.171.24 - - [11/Oct/2022:03:01:19 -0700] "GET /phpMyAdmin/setup/?token=e097e61226684813348a52a53faf45b8&version_check=1 HTTP/1.1" 200 12687 "-" "Mozilla/5.0 (compatible; SemrushBot/7~bl; +http://www.semrush.com/bot.html)" "tekmedicgloves.com"
185.191.171.10 - - [11/Oct/2022:03:01:36 -0700] "GET /phpMyAdmin/setup/?token=0b912045d58c8eb9fea8c413b72adc67&version_check=1 HTTP/1.1" 200 12691 "-" "Mozilla/5.0 (compatible; SemrushBot/7~bl; +http://www.semrush.com/bot.html)" "www.tekmedicgloves.com"
185.191.171.23 - - [11/Oct/2022:03:01:39 -0700] "GET /phpMyAdmin/setup/?token=f51828faf55d6f91a012be64f3cb93d9&version_check=1 HTTP/1.1" 200 12687 "-" "Mozilla/5.0 (compatible; SemrushBot/7~bl; +http://www.semrush.com/bot.html)" "tekmedicgloves.com"
20.86.98.172 - - [11/Oct/2022:03:01:49 -0700] "GET / HTTP/1.1" 200 696 "-" "Mozilla/5.0 (Windows NT 10.0; Win64; x64) AppleWebKit/537.36 (KHTML, like Gecko) Chrome/78.0.3904.108 Safari/537.36" "tekmedicgloves.com"
20.86.98.172 - - [11/Oct/2022:03:01:49 -0700] "GET / HTTP/1.1" 200 696 "-" "Mozilla/5.0 (Windows NT 10.0; Win64; x64) AppleWebKit/537.36 (KHTML, like Gecko) Chrome/78.0.3904.108 Safari/537.36" "tekmedicgloves.com"
20.86.98.172 - - [11/Oct/2022:03:01:50 -0700] "GET /wp-includes/wlwmanifest.xml HTTP/1.1" 404 73 "-" "Mozilla/5.0 (Windows NT 10.0; Win64; x64) AppleWebKit/537.36 (KHTML, like Gecko) Chrome/78.0.3904.108 Safari/537.36" "tekmedicgloves.com"
20.86.98.172 - - [11/Oct/2022:03:01:50 -0700] "GET /xmlrpc.php?rsd HTTP/1.1" 404 73 "-" "Mozilla/5.0 (Windows NT 10.0; Win64; x64) AppleWebKit/537.36 (KHTML, like Gecko) Chrome/78.0.3904.108 Safari/537.36" "tekmedicgloves.com"
20.86.98.172 - - [11/Oct/2022:03:01:50 -0700] "GET / HTTP/1.1" 200 696 "-" "Mozilla/5.0 (Windows NT 10.0; Win64; x64) AppleWebKit/537.36 (KHTML, like Gecko) Chrome/78.0.3904.108 Safari/537.36" "tekmedicgloves.com"
20.86.98.172 - - [11/Oct/2022:03:01:50 -0700] "GET /blog/wp-includes/wlwmanifest.xml HTTP/1.1" 404 73 "-" "Mozilla/5.0 (Windows NT 10.0; Win64; x64) AppleWebKit/537.36 (KHTML, like Gecko) Chrome/78.0.3904.108 Safari/537.36" "tekmedicgloves.com"
20.86.98.172 - - [11/Oct/2022:03:01:50 -0700] "GET /web/wp-includes/wlwmanifest.xml HTTP/1.1" 404 73 "-" "Mozilla/5.0 (Windows NT 10.0; Win64; x64) AppleWebKit/537.36 (KHTML, like Gecko) Chrome/78.0.3904.108 Safari/537.36" "tekmedicgloves.com"
20.86.98.172 - - [11/Oct/2022:03:01:51 -0700] "GET /website/wp-includes/wlwmanifest.xml HTTP/1.1" 404 73 "-" "Mozilla/5.0 (Windows NT 10.0; Win64; x64) AppleWebKit/537.36 (KHTML, like Gecko) Chrome/78.0.3904.108 Safari/537.36" "tekmedicgloves.com"
20.86.98.172 - - [11/Oct/2022:03:01:51 -0700] "GET /wp/wp-includes/wlwmanifest.xml HTTP/1.1" 404 73 "-" "Mozilla/5.0 (Windows NT 10.0; Win64; x64) AppleWebKit/537.36 (KHTML, like Gecko) Chrome/78.0.3904.108 Safari/537.36" "tekmedicgloves.com"
20.86.98.172 - - [11/Oct/2022:03:01:51 -0700] "GET /news/wp-includes/wlwmanifest.xml HTTP/1.1" 404 73 "-" "Mozilla/5.0 (Windows NT 10.0; Win64; x64) AppleWebKit/537.36 (KHTML, like Gecko) Chrome/78.0.3904.108 Safari/537.36" "tekmedicgloves.com"
20.86.98.172 - - [11/Oct/2022:03:01:51 -0700] "GET /2018/wp-includes/wlwmanifest.xml HTTP/1.1" 404 73 "-" "Mozilla/5.0 (Windows NT 10.0; Win64; x64) AppleWebKit/537.36 (KHTML, like Gecko) Chrome/78.0.3904.108 Safari/537.36" "tekmedicgloves.com"
20.86.98.172 - - [11/Oct/2022:03:01:51 -0700] "GET /2019/wp-includes/wlwmanifest.xml HTTP/1.1" 404 73 "-" "Mozilla/5.0 (Windows NT 10.0; Win64; x64) AppleWebKit/537.36 (KHTML, like Gecko) Chrome/78.0.3904.108 Safari/537.36" "tekmedicgloves.com"
20.86.98.172 - - [11/Oct/2022:03:01:52 -0700] "GET /shop/wp-includes/wlwmanifest.xml HTTP/1.1" 404 73 "-" "Mozilla/5.0 (Windows NT 10.0; Win64; x64) AppleWebKit/537.36 (KHTML, like Gecko) Chrome/78.0.3904.108 Safari/537.36" "tekmedicgloves.com"
185.191.171.36 - - [11/Oct/2022:03:01:52 -0700] "GET /phpMyAdmin/setup/?token=bfbd15320c930f280d9a82f14ea0370b&version_check=1 HTTP/1.1" 200 12691 "-" "Mozilla/5.0 (compatible; SemrushBot/7~bl; +http://www.semrush.com/bot.html)" "www.tekmedicgloves.com"
20.86.98.172 - - [11/Oct/2022:03:01:52 -0700] "GET /wp1/wp-includes/wlwmanifest.xml HTTP/1.1" 404 73 "-" "Mozilla/5.0 (Windows NT 10.0; Win64; x64) AppleWebKit/537.36 (KHTML, like Gecko) Chrome/78.0.3904.108 Safari/537.36" "tekmedicgloves.com"
20.86.98.172 - - [11/Oct/2022:03:01:52 -0700] "GET /test/wp-includes/wlwmanifest.xml HTTP/1.1" 404 73 "-" "Mozilla/5.0 (Windows NT 10.0; Win64; x64) AppleWebKit/537.36 (KHTML, like Gecko) Chrome/78.0.3904.108 Safari/537.36" "tekmedicgloves.com"
20.86.98.172 - - [11/Oct/2022:03:01:52 -0700] "GET /media/wp-includes/wlwmanifest.xml HTTP/1.1" 404 73 "-" "Mozilla/5.0 (Windows NT 10.0; Win64; x64) AppleWebKit/537.36 (KHTML, like Gecko) Chrome/78.0.3904.108 Safari/537.36" "tekmedicgloves.com"
20.86.98.172 - - [11/Oct/2022:03:01:52 -0700] "GET /wp2/wp-includes/wlwmanifest.xml HTTP/1.1" 404 73 "-" "Mozilla/5.0 (Windows NT 10.0; Win64; x64) AppleWebKit/537.36 (KHTML, like Gecko) Chrome/78.0.3904.108 Safari/537.36" "tekmedicgloves.com"
20.86.98.172 - - [11/Oct/2022:03:01:53 -0700] "GET /site/wp-includes/wlwmanifest.xml HTTP/1.1" 404 73 "-" "Mozilla/5.0 (Windows NT 10.0; Win64; x64) AppleWebKit/537.36 (KHTML, like Gecko) Chrome/78.0.3904.108 Safari/537.36" "tekmedicgloves.com"
20.86.98.172 - - [11/Oct/2022:03:01:53 -0700] "GET /cms/wp-includes/wlwmanifest.xml HTTP/1.1" 404 73 "-" "Mozilla/5.0 (Windows NT 10.0; Win64; x64) AppleWebKit/537.36 (KHTML, like Gecko) Chrome/78.0.3904.108 Safari/537.36" "tekmedicgloves.com"
20.86.98.172 - - [11/Oct/2022:03:01:53 -0700] "GET /sito/wp-includes/wlwmanifest.xml HTTP/1.1" 404 73 "-" "Mozilla/5.0 (Windows NT 10.0; Win64; x64) AppleWebKit/537.36 (KHTML, like Gecko) Chrome/78.0.3904.108 Safari/537.36" "tekmedicgloves.com"
185.191.171.22 - - [11/Oct/2022:03:02:18 -0700] "GET /phpMyAdmin/setup/?token=ecc4d4d772dc4b67abdafe433701fdff&version_check=1 HTTP/1.1" 200 12691 "-" "Mozilla/5.0 (compatible; SemrushBot/7~bl; +http://www.semrush.com/bot.html)" "www.tekmedicgloves.com"
185.191.171.1 - - [11/Oct/2022:03:02:22 -0700] "GET /phpMyAdmin/setup/?token=c4aeb98819ff1484d2ce52d83fca1798&version_check=1 HTTP/1.1" 200 12691 "-" "Mozilla/5.0 (compatible; SemrushBot/7~bl; +http://www.semrush.com/bot.html)" "www.tekmedicgloves.com"
185.191.171.37 - - [11/Oct/2022:03:02:35 -0700] "GET /phpMyAdmin/setup/?token=df8baac368a669b5237656ea6fbc87e9&version_check=1 HTTP/1.1" 200 12687 "-" "Mozilla/5.0 (compatible; SemrushBot/7~bl; +http://www.semrush.com/bot.html)" "tekmedicgloves.com"
185.191.171.26 - - [11/Oct/2022:03:03:02 -0700] "GET /phpMyAdmin/setup/?token=ee40cc528d42d670c7a96d79478cb2df&version_check=1 HTTP/1.1" 200 12691 "-" "Mozilla/5.0 (compatible; SemrushBot/7~bl; +http://www.semrush.com/bot.html)" "www.tekmedicgloves.com"
185.191.171.25 - - [11/Oct/2022:03:03:10 -0700] "GET /phpMyAdmin/setup/?token=c3393fd6a5cffb3cd451324c9fc64c81&version_check=1 HTTP/1.1" 200 12691 "-" "Mozilla/5.0 (compatible; SemrushBot/7~bl; +http://www.semrush.com/bot.html)" "www.tekmedicgloves.com"
185.191.171.6 - - [11/Oct/2022:03:03:12 -0700] "GET /phpMyAdmin/setup/?token=d246ab84e5fb631e1871e23deee07ac8&version_check=1 HTTP/1.1" 200 12691 "-" "Mozilla/5.0 (compatible; SemrushBot/7~bl; +http://www.semrush.com/bot.html)" "www.tekmedicgloves.com"
185.191.171.36 - - [11/Oct/2022:03:03:17 -0700] "GET /phpMyAdmin/setup/?token=c6368ba47782bf71fe9ca95978a82d70&version_check=1 HTTP/1.1" 200 12691 "-" "Mozilla/5.0 (compatible; SemrushBot/7~bl; +http://www.semrush.com/bot.html)" "www.tekmedicgloves.com"
185.191.171.11 - - [11/Oct/2022:03:03:19 -0700] "GET /phpMyAdmin/setup/?token=d692e0b49fba089fc39df7a645e403fa&version_check=1 HTTP/1.1" 200 12691 "-" "Mozilla/5.0 (compatible; SemrushBot/7~bl; +http://www.semrush.com/bot.html)" "www.tekmedicgloves.com"
185.191.171.9 - - [11/Oct/2022:03:03:24 -0700] "GET /phpMyAdmin/setup/?token=e1e68d99c7fce160ec4db231d8a8a929&version_check=1 HTTP/1.1" 200 12687 "-" "Mozilla/5.0 (compatible; SemrushBot/7~bl; +http://www.semrush.com/bot.html)" "tekmedicgloves.com"
185.191.171.9 - - [11/Oct/2022:03:03:48 -0700] "GET /phpMyAdmin/setup/?token=1049a7dc49a8fd3d24871b1467955e8e&version_check=1 HTTP/1.1" 200 12691 "-" "Mozilla/5.0 (compatible; SemrushBot/7~bl; +http://www.semrush.com/bot.html)" "www.tekmedicgloves.com"
185.191.171.11 - - [11/Oct/2022:03:04:10 -0700] "GET /phpMyAdmin/setup/?token=c8d2ad7327dda17da112256449cac457&version_check=1 HTTP/1.1" 200 12691 "-" "Mozilla/5.0 (compatible; SemrushBot/7~bl; +http://www.semrush.com/bot.html)" "www.tekmedicgloves.com"
185.191.171.24 - - [11/Oct/2022:03:04:11 -0700] "GET /phpMyAdmin/setup/?token=e0b8ff27d512f62a4abcbe49eed26509&version_check=1 HTTP/1.1" 200 12687 "-" "Mozilla/5.0 (compatible; SemrushBot/7~bl; +http://www.semrush.com/bot.html)" "tekmedicgloves.com"
185.191.171.7 - - [11/Oct/2022:03:04:15 -0700] "GET /phpMyAdmin/setup/?token=f34b31f4bda1b6bdfeae52e77323f3a8&version_check=1 HTTP/1.1" 200 12687 "-" "Mozilla/5.0 (compatible; SemrushBot/7~bl; +http://www.semrush.com/bot.html)" "tekmedicgloves.com"
185.191.171.22 - - [11/Oct/2022:03:04:28 -0700] "GET /phpMyAdmin/setup/?token=cb98da8e8a1fc5831de4dd74fa8578d6&version_check=1 HTTP/1.1" 200 12691 "-" "Mozilla/5.0 (compatible; SemrushBot/7~bl; +http://www.semrush.com/bot.html)" "www.tekmedicgloves.com"
