185.191.171.5 - - [11/Oct/2022:19:19:50 -0700] "GET /phpMyAdmin/setup/?token=059559afaaa9f6f33480635d79c93a6b&version_check=1 HTTP/1.1" 200 12687 "-" "Mozilla/5.0 (compatible; SemrushBot/7~bl; +http://www.semrush.com/bot.html)" "tekmedicgloves.com"
185.191.171.2 - - [11/Oct/2022:19:19:55 -0700] "GET /phpMyAdmin/setup/?token=05472bc0575aae04e125c689e14e5bad&version_check=1 HTTP/1.1" 200 12687 "-" "Mozilla/5.0 (compatible; SemrushBot/7~bl; +http://www.semrush.com/bot.html)" "tekmedicgloves.com"
185.191.171.42 - - [11/Oct/2022:19:20:06 -0700] "GET /phpMyAdmin/setup/?token=fc86938113b84cb160f8ce8fcc4f57ac&version_check=1 HTTP/1.1" 200 12691 "-" "Mozilla/5.0 (compatible; SemrushBot/7~bl; +http://www.semrush.com/bot.html)" "www.tekmedicgloves.com"
185.191.171.26 - - [11/Oct/2022:19:20:15 -0700] "GET /phpMyAdmin/setup/?token=e02cd6718147502a4cb42cc47478861d&version_check=1 HTTP/1.1" 200 12687 "-" "Mozilla/5.0 (compatible; SemrushBot/7~bl; +http://www.semrush.com/bot.html)" "tekmedicgloves.com"
185.191.171.6 - - [11/Oct/2022:19:20:17 -0700] "GET /phpMyAdmin/setup/?token=0cb9c471f43daf7e6eb8c1a8433166f7&version_check=1 HTTP/1.1" 200 12691 "-" "Mozilla/5.0 (compatible; SemrushBot/7~bl; +http://www.semrush.com/bot.html)" "www.tekmedicgloves.com"
185.191.171.11 - - [11/Oct/2022:19:20:36 -0700] "GET /phpMyAdmin/setup/?token=fd23391562a5a3092e8d82a9acf8b069&version_check=1 HTTP/1.1" 200 12691 "-" "Mozilla/5.0 (compatible; SemrushBot/7~bl; +http://www.semrush.com/bot.html)" "www.tekmedicgloves.com"
185.191.171.33 - - [11/Oct/2022:19:20:49 -0700] "GET /phpMyAdmin/setup/?token=138d075cd459bc7d707e02a82cac42f5&version_check=1 HTTP/1.1" 200 12687 "-" "Mozilla/5.0 (compatible; SemrushBot/7~bl; +http://www.semrush.com/bot.html)" "tekmedicgloves.com"
185.191.171.23 - - [11/Oct/2022:19:20:54 -0700] "GET /phpMyAdmin/setup/?token=0fce0421da3503ffd5172694b4a556d4&version_check=1 HTTP/1.1" 200 12691 "-" "Mozilla/5.0 (compatible; SemrushBot/7~bl; +http://www.semrush.com/bot.html)" "www.tekmedicgloves.com"
185.191.171.7 - - [11/Oct/2022:19:20:56 -0700] "GET /phpMyAdmin/setup/?token=dd5c7413fbb337cfcd9d9707d14594df&version_check=1 HTTP/1.1" 200 12691 "-" "Mozilla/5.0 (compatible; SemrushBot/7~bl; +http://www.semrush.com/bot.html)" "www.tekmedicgloves.com"
185.191.171.19 - - [11/Oct/2022:19:20:57 -0700] "GET /phpMyAdmin/setup/?token=f3b93c5dbe601a00f3e1b3571dd41fb3&version_check=1 HTTP/1.1" 200 12687 "-" "Mozilla/5.0 (compatible; SemrushBot/7~bl; +http://www.semrush.com/bot.html)" "tekmedicgloves.com"
185.191.171.10 - - [11/Oct/2022:19:21:00 -0700] "GET /phpMyAdmin/setup/?token=e10ab835b6610841eb37c9624480c753&version_check=1 HTTP/1.1" 200 12687 "-" "Mozilla/5.0 (compatible; SemrushBot/7~bl; +http://www.semrush.com/bot.html)" "tekmedicgloves.com"
185.191.171.1 - - [11/Oct/2022:19:21:05 -0700] "GET /phpMyAdmin/setup/?token=024dbf5822b685395c2b21d0df0443fb&version_check=1 HTTP/1.1" 200 12691 "-" "Mozilla/5.0 (compatible; SemrushBot/7~bl; +http://www.semrush.com/bot.html)" "www.tekmedicgloves.com"
185.191.171.41 - - [11/Oct/2022:19:21:09 -0700] "GET /phpMyAdmin/setup/?token=f298eb00bce211e1c9ea5578ca39de0e&version_check=1 HTTP/1.1" 200 12691 "-" "Mozilla/5.0 (compatible; SemrushBot/7~bl; +http://www.semrush.com/bot.html)" "www.tekmedicgloves.com"
185.191.171.25 - - [11/Oct/2022:19:21:09 -0700] "GET /phpMyAdmin/setup/?token=16e32bad04191b689353b63d3baf9955&version_check=1 HTTP/1.1" 200 12687 "-" "Mozilla/5.0 (compatible; SemrushBot/7~bl; +http://www.semrush.com/bot.html)" "tekmedicgloves.com"
185.191.171.3 - - [11/Oct/2022:19:21:14 -0700] "GET /phpMyAdmin/setup/?token=e438a84aa1e3568de22cceec94c95ede&version_check=1 HTTP/1.1" 200 12687 "-" "Mozilla/5.0 (compatible; SemrushBot/7~bl; +http://www.semrush.com/bot.html)" "tekmedicgloves.com"
185.191.171.36 - - [11/Oct/2022:19:21:19 -0700] "GET /phpMyAdmin/setup/?token=01018e27030ae46c94f45db967819f4b&version_check=1 HTTP/1.1" 200 12687 "-" "Mozilla/5.0 (compatible; SemrushBot/7~bl; +http://www.semrush.com/bot.html)" "tekmedicgloves.com"
185.191.171.12 - - [11/Oct/2022:19:21:25 -0700] "GET /robots.txt HTTP/1.1" 404 88 "-" "Mozilla/5.0 (compatible; SemrushBot/7~bl; +http://www.semrush.com/bot.html)" "tekmedicgloves.com"
185.191.171.9 - - [11/Oct/2022:19:21:25 -0700] "GET /phpMyAdmin/setup/?token=e3cb2454b00821541b520d845bfe3b01&version_check=1 HTTP/1.1" 200 12687 "-" "Mozilla/5.0 (compatible; SemrushBot/7~bl; +http://www.semrush.com/bot.html)" "tekmedicgloves.com"
185.191.171.2 - - [11/Oct/2022:19:21:28 -0700] "GET /phpMyAdmin/setup/?token=b8469d87d636a3587108eac413951deb&version_check=1 HTTP/1.1" 200 12691 "-" "Mozilla/5.0 (compatible; SemrushBot/7~bl; +http://www.semrush.com/bot.html)" "www.tekmedicgloves.com"
185.191.171.37 - - [11/Oct/2022:19:21:35 -0700] "GET /phpMyAdmin/setup/?token=d12258eb98e50efb560d033c9e148fc4&version_check=1 HTTP/1.1" 200 12691 "-" "Mozilla/5.0 (compatible; SemrushBot/7~bl; +http://www.semrush.com/bot.html)" "www.tekmedicgloves.com"
185.191.171.22 - - [11/Oct/2022:19:22:10 -0700] "GET /phpMyAdmin/setup/?token=e6cf36278077f74bf09548399384a7dd&version_check=1 HTTP/1.1" 200 12687 "-" "Mozilla/5.0 (compatible; SemrushBot/7~bl; +http://www.semrush.com/bot.html)" "tekmedicgloves.com"
185.191.171.8 - - [11/Oct/2022:19:22:44 -0700] "GET /phpMyAdmin/setup/?token=efabe0bdb545a2ca3317358cba7e796e&version_check=1 HTTP/1.1" 200 12691 "-" "Mozilla/5.0 (compatible; SemrushBot/7~bl; +http://www.semrush.com/bot.html)" "www.tekmedicgloves.com"
185.191.171.19 - - [11/Oct/2022:19:22:54 -0700] "GET /phpMyAdmin/setup/?token=10b64f51658a5a1dfbec6fb5c970debc&version_check=1 HTTP/1.1" 200 12687 "-" "Mozilla/5.0 (compatible; SemrushBot/7~bl; +http://www.semrush.com/bot.html)" "tekmedicgloves.com"
185.191.171.41 - - [11/Oct/2022:19:23:29 -0700] "GET /phpMyAdmin/setup/?token=faf01adb168793ae0b9543f271b15a93&version_check=1 HTTP/1.1" 200 12691 "-" "Mozilla/5.0 (compatible; SemrushBot/7~bl; +http://www.semrush.com/bot.html)" "www.tekmedicgloves.com"
185.191.171.13 - - [11/Oct/2022:19:23:32 -0700] "GET /phpMyAdmin/setup/?token=089c42273fb33262c9916b0b07d81801&version_check=1 HTTP/1.1" 200 12691 "-" "Mozilla/5.0 (compatible; SemrushBot/7~bl; +http://www.semrush.com/bot.html)" "www.tekmedicgloves.com"
185.191.171.36 - - [11/Oct/2022:19:23:36 -0700] "GET /phpMyAdmin/setup/?token=021deee870ff829294431d446f8ebca3&version_check=1 HTTP/1.1" 200 12691 "-" "Mozilla/5.0 (compatible; SemrushBot/7~bl; +http://www.semrush.com/bot.html)" "www.tekmedicgloves.com"
185.191.171.8 - - [11/Oct/2022:19:23:45 -0700] "GET /phpMyAdmin/setup/?token=fefa74d23f322c7ac17ce7dfdb93dc87&version_check=1 HTTP/1.1" 200 12691 "-" "Mozilla/5.0 (compatible; SemrushBot/7~bl; +http://www.semrush.com/bot.html)" "www.tekmedicgloves.com"
185.191.171.17 - - [11/Oct/2022:19:23:49 -0700] "GET /phpMyAdmin/setup/?token=de46b541bae4bdee9fd857b387b02707&version_check=1 HTTP/1.1" 200 12691 "-" "Mozilla/5.0 (compatible; SemrushBot/7~bl; +http://www.semrush.com/bot.html)" "www.tekmedicgloves.com"
185.191.171.14 - - [11/Oct/2022:19:23:55 -0700] "GET /phpMyAdmin/setup/?token=002139613f5221ffdfc6e19ded04c931&version_check=1 HTTP/1.1" 200 12687 "-" "Mozilla/5.0 (compatible; SemrushBot/7~bl; +http://www.semrush.com/bot.html)" "tekmedicgloves.com"
185.191.171.37 - - [11/Oct/2022:19:24:02 -0700] "GET /phpMyAdmin/setup/?token=f9cb56da2c1e5b729c4df8f65bbf887e&version_check=1 HTTP/1.1" 200 12687 "-" "Mozilla/5.0 (compatible; SemrushBot/7~bl; +http://www.semrush.com/bot.html)" "tekmedicgloves.com"
185.191.171.12 - - [11/Oct/2022:19:24:22 -0700] "GET /phpMyAdmin/setup/?token=0d75eb94d42dde190cb006271f92d93f&version_check=1 HTTP/1.1" 200 12691 "-" "Mozilla/5.0 (compatible; SemrushBot/7~bl; +http://www.semrush.com/bot.html)" "www.tekmedicgloves.com"
185.191.171.12 - - [11/Oct/2022:19:24:39 -0700] "GET /phpMyAdmin/setup/?token=feb6bc5bea2645ce50b3f859fd183edb&version_check=1 HTTP/1.1" 200 12687 "-" "Mozilla/5.0 (compatible; SemrushBot/7~bl; +http://www.semrush.com/bot.html)" "tekmedicgloves.com"
185.191.171.13 - - [11/Oct/2022:19:24:44 -0700] "GET /phpMyAdmin/setup/?token=c9ebf0cb32df2acb887755739098e0eb&version_check=1 HTTP/1.1" 200 12691 "-" "Mozilla/5.0 (compatible; SemrushBot/7~bl; +http://www.semrush.com/bot.html)" "www.tekmedicgloves.com"
185.191.171.26 - - [11/Oct/2022:19:24:51 -0700] "GET /phpMyAdmin/setup/?token=e601f8119dc7086ac26d7548df8512c2&version_check=1 HTTP/1.1" 200 12687 "-" "Mozilla/5.0 (compatible; SemrushBot/7~bl; +http://www.semrush.com/bot.html)" "tekmedicgloves.com"
185.191.171.17 - - [11/Oct/2022:19:25:16 -0700] "GET /phpMyAdmin/setup/?token=0578f4e3dbcd1731a26590f8ea8fa356&version_check=1 HTTP/1.1" 200 12691 "-" "Mozilla/5.0 (compatible; SemrushBot/7~bl; +http://www.semrush.com/bot.html)" "www.tekmedicgloves.com"
185.191.171.11 - - [11/Oct/2022:19:25:36 -0700] "GET /phpMyAdmin/setup/?token=d8a7420b017330e752a28b33bb81b51d&version_check=1 HTTP/1.1" 200 12691 "-" "Mozilla/5.0 (compatible; SemrushBot/7~bl; +http://www.semrush.com/bot.html)" "www.tekmedicgloves.com"
185.191.171.26 - - [11/Oct/2022:19:25:59 -0700] "GET /phpMyAdmin/setup/?token=f740fd57b8a5f56c134e0810966b9656&version_check=1 HTTP/1.1" 200 12691 "-" "Mozilla/5.0 (compatible; SemrushBot/7~bl; +http://www.semrush.com/bot.html)" "www.tekmedicgloves.com"
185.191.171.38 - - [11/Oct/2022:19:26:02 -0700] "GET /phpMyAdmin/setup/?token=f6838af42a48469e809c2e8a862fc293&version_check=1 HTTP/1.1" 200 12687 "-" "Mozilla/5.0 (compatible; SemrushBot/7~bl; +http://www.semrush.com/bot.html)" "tekmedicgloves.com"
185.191.171.42 - - [11/Oct/2022:19:26:16 -0700] "GET /phpMyAdmin/setup/?token=0537dff3de70dfca07958e1e24bf8672&version_check=1 HTTP/1.1" 200 12687 "-" "Mozilla/5.0 (compatible; SemrushBot/7~bl; +http://www.semrush.com/bot.html)" "tekmedicgloves.com"
185.191.171.37 - - [11/Oct/2022:19:26:31 -0700] "GET /phpMyAdmin/setup/?token=c6018b325d9dd9bec437e36100d82dc6&version_check=1 HTTP/1.1" 200 12691 "-" "Mozilla/5.0 (compatible; SemrushBot/7~bl; +http://www.semrush.com/bot.html)" "www.tekmedicgloves.com"
185.191.171.3 - - [11/Oct/2022:19:26:52 -0700] "GET /phpMyAdmin/setup/?token=e4077688f09215e0166ce5e2c195a99a&version_check=1 HTTP/1.1" 200 12687 "-" "Mozilla/5.0 (compatible; SemrushBot/7~bl; +http://www.semrush.com/bot.html)" "tekmedicgloves.com"
185.191.171.4 - - [11/Oct/2022:19:27:00 -0700] "GET /phpMyAdmin/setup/?token=073bb87fbdf630a5e4241d2ab8ff3bf4&version_check=1 HTTP/1.1" 200 12691 "-" "Mozilla/5.0 (compatible; SemrushBot/7~bl; +http://www.semrush.com/bot.html)" "www.tekmedicgloves.com"
185.191.171.13 - - [11/Oct/2022:19:27:01 -0700] "GET /phpMyAdmin/setup/?token=11865632a60799d54fcb6044bd3d60a5&version_check=1 HTTP/1.1" 200 12687 "-" "Mozilla/5.0 (compatible; SemrushBot/7~bl; +http://www.semrush.com/bot.html)" "tekmedicgloves.com"
185.191.171.8 - - [11/Oct/2022:19:27:26 -0700] "GET /phpMyAdmin/setup/?token=f34ab7ea19f1a835bdd66be02af615c8&version_check=1 HTTP/1.1" 200 12691 "-" "Mozilla/5.0 (compatible; SemrushBot/7~bl; +http://www.semrush.com/bot.html)" "www.tekmedicgloves.com"
185.191.171.11 - - [11/Oct/2022:19:27:30 -0700] "GET /phpMyAdmin/setup/?token=f62385882ff1e528d12f388ddcbdbb04&version_check=1 HTTP/1.1" 200 12687 "-" "Mozilla/5.0 (compatible; SemrushBot/7~bl; +http://www.semrush.com/bot.html)" "tekmedicgloves.com"
185.191.171.17 - - [11/Oct/2022:19:27:35 -0700] "GET /phpMyAdmin/setup/?token=bb65a1877cd842a80bd1aaebf2cb9d58&version_check=1 HTTP/1.1" 200 12691 "-" "Mozilla/5.0 (compatible; SemrushBot/7~bl; +http://www.semrush.com/bot.html)" "www.tekmedicgloves.com"
185.191.171.9 - - [11/Oct/2022:19:27:58 -0700] "GET /phpMyAdmin/setup/?token=e234d123b466c54c19053078d68e26fc&version_check=1 HTTP/1.1" 200 12691 "-" "Mozilla/5.0 (compatible; SemrushBot/7~bl; +http://www.semrush.com/bot.html)" "www.tekmedicgloves.com"
185.191.171.10 - - [11/Oct/2022:19:28:19 -0700] "GET /phpMyAdmin/setup/?token=ddf62a52265d5aa70a862a041d01ed76&version_check=1 HTTP/1.1" 200 12691 "-" "Mozilla/5.0 (compatible; SemrushBot/7~bl; +http://www.semrush.com/bot.html)" "www.tekmedicgloves.com"
185.191.171.6 - - [11/Oct/2022:19:28:29 -0700] "GET /phpMyAdmin/setup/?token=d25793211b2c46567fcaaaea6f011f7f&version_check=1 HTTP/1.1" 200 12691 "-" "Mozilla/5.0 (compatible; SemrushBot/7~bl; +http://www.semrush.com/bot.html)" "www.tekmedicgloves.com"
185.191.171.19 - - [11/Oct/2022:19:28:38 -0700] "GET /phpMyAdmin/setup/?token=e1f7240f42ff4279c0ce13e8ba0e5069&version_check=1 HTTP/1.1" 200 12687 "-" "Mozilla/5.0 (compatible; SemrushBot/7~bl; +http://www.semrush.com/bot.html)" "tekmedicgloves.com"
185.191.171.43 - - [11/Oct/2022:19:28:48 -0700] "GET /phpMyAdmin/setup/?token=ef39110ae96ec425cd2571f0ad0d15a5&version_check=1 HTTP/1.1" 200 12691 "-" "Mozilla/5.0 (compatible; SemrushBot/7~bl; +http://www.semrush.com/bot.html)" "www.tekmedicgloves.com"
185.191.171.18 - - [11/Oct/2022:19:28:50 -0700] "GET /phpMyAdmin/setup/?token=ba28c08acd52ece779d9ccdd5be0a42e&version_check=1 HTTP/1.1" 200 12691 "-" "Mozilla/5.0 (compatible; SemrushBot/7~bl; +http://www.semrush.com/bot.html)" "www.tekmedicgloves.com"
17.121.113.189 - - [11/Oct/2022:19:28:53 -0700] "GET /robots.txt HTTP/1.1" 404 88 "-" "Mozilla/5.0 (Macintosh; Intel Mac OS X 10_15_5) AppleWebKit/605.1.15 (KHTML, like Gecko) Version/13.1.1 Safari/605.1.15 (Applebot/0.1; +http://www.apple.com/go/applebot)" "www.tekmedicgloves.com"
17.121.113.189 - - [11/Oct/2022:19:28:53 -0700] "GET /beta/wsdindex.html HTTP/1.1" 404 88 "-" "Mozilla/5.0 (Macintosh; Intel Mac OS X 10_15_5) AppleWebKit/605.1.15 (KHTML, like Gecko) Version/13.1.1 Safari/605.1.15 (Applebot/0.1; +http://www.apple.com/go/applebot)" "www.tekmedicgloves.com"
185.191.171.44 - - [11/Oct/2022:19:28:57 -0700] "GET /phpMyAdmin/setup/?token=109a79743c243e644820353c7ee6d1c4&version_check=1 HTTP/1.1" 200 12691 "-" "Mozilla/5.0 (compatible; SemrushBot/7~bl; +http://www.semrush.com/bot.html)" "www.tekmedicgloves.com"
185.191.171.15 - - [11/Oct/2022:19:28:59 -0700] "GET /phpMyAdmin/setup/?token=cb1b200add640794d8130caa887fb9ce&version_check=1 HTTP/1.1" 200 12691 "-" "Mozilla/5.0 (compatible; SemrushBot/7~bl; +http://www.semrush.com/bot.html)" "www.tekmedicgloves.com"
157.55.39.25 - - [11/Oct/2022:19:29:06 -0700] "GET /beta/products.php?cat=23&subcat=39 HTTP/1.1" 200 35435 "-" "Mozilla/5.0 (compatible; bingbot/2.0; +http://www.bing.com/bingbot.htm)" "tekmedicgloves.com"
185.191.171.1 - - [11/Oct/2022:19:29:08 -0700] "GET /phpMyAdmin/setup/?token=0ec8090a1a73b1c1e1394294553b25a5&version_check=1 HTTP/1.1" 200 12687 "-" "Mozilla/5.0 (compatible; SemrushBot/7~bl; +http://www.semrush.com/bot.html)" "tekmedicgloves.com"
185.191.171.39 - - [11/Oct/2022:19:29:29 -0700] "GET /phpMyAdmin/setup/?token=a466ec21885ce4dc80b74b946b81bca4&version_check=1 HTTP/1.1" 200 12687 "-" "Mozilla/5.0 (compatible; SemrushBot/7~bl; +http://www.semrush.com/bot.html)" "tekmedicgloves.com"
157.55.39.207 - - [11/Oct/2022:19:29:30 -0700] "GET /beta/wp-content/plugins/cherry-plugin/lib/js/elasti-carousel/jquery.elastislide.js HTTP/1.1" 200 1963 "-" "Mozilla/5.0 (compatible; bingbot/2.0; +http://www.bing.com/bingbot.htm)" "tekmedicgloves.com"
157.55.39.207 - - [11/Oct/2022:19:29:31 -0700] "GET /beta/wp-content/plugins/contact-form-7/includes/js/jquery.form.min.js HTTP/1.1" 200 5878 "-" "Mozilla/5.0 (compatible; bingbot/2.0; +http://www.bing.com/bingbot.htm)" "tekmedicgloves.com"
157.55.39.207 - - [11/Oct/2022:19:29:31 -0700] "GET /beta/wp-content/themes/CherryFramework/js/camera.min.js HTTP/1.1" 200 8551 "-" "Mozilla/5.0 (compatible; bingbot/2.0; +http://www.bing.com/bingbot.htm)" "tekmedicgloves.com"
157.55.39.207 - - [11/Oct/2022:19:29:31 -0700] "GET /beta/wp-content/themes/CherryFramework/js/jflickrfeed.js HTTP/1.1" 200 560 "-" "Mozilla/5.0 AppleWebKit/537.36 (KHTML, like Gecko; compatible; bingbot/2.0; +http://www.bing.com/bingbot.htm) Chrome/103.0.5060.134 Safari/537.36" "tekmedicgloves.com"
185.191.171.33 - - [11/Oct/2022:19:29:31 -0700] "GET /phpMyAdmin/setup/?token=0a41ee2be3c26857cebd356c0884c668&version_check=1 HTTP/1.1" 200 12691 "-" "Mozilla/5.0 (compatible; SemrushBot/7~bl; +http://www.semrush.com/bot.html)" "www.tekmedicgloves.com"
185.191.171.25 - - [11/Oct/2022:19:29:33 -0700] "GET /phpMyAdmin/setup/?token=f8ad7fc5b870f465858869ee64a1559b&version_check=1 HTTP/1.1" 200 12687 "-" "Mozilla/5.0 (compatible; SemrushBot/7~bl; +http://www.semrush.com/bot.html)" "tekmedicgloves.com"
157.55.39.20 - - [11/Oct/2022:19:29:35 -0700] "GET /beta/wp-content/plugins/cherry-plugin/includes/js/cherry-plugin.js HTTP/1.1" 200 438 "-" "Mozilla/5.0 AppleWebKit/537.36 (KHTML, like Gecko; compatible; bingbot/2.0; +http://www.bing.com/bingbot.htm) Chrome/103.0.5060.134 Safari/537.36" "tekmedicgloves.com"
157.55.39.20 - - [11/Oct/2022:19:29:35 -0700] "GET /beta/wp-content/plugins/cherry-plugin/lib/js/FlexSlider/flexslider.css HTTP/1.1" 200 1323 "-" "Mozilla/5.0 AppleWebKit/537.36 (KHTML, like Gecko; compatible; bingbot/2.0; +http://www.bing.com/bingbot.htm) Chrome/103.0.5060.134 Safari/537.36" "tekmedicgloves.com"
157.55.39.20 - - [11/Oct/2022:19:29:36 -0700] "GET /beta/wp-content/plugins/cherry-plugin/lib/js/FlexSlider/jquery.flexslider-min.js HTTP/1.1" 200 5177 "-" "Mozilla/5.0 AppleWebKit/537.36 (KHTML, like Gecko; compatible; bingbot/2.0; +http://www.bing.com/bingbot.htm) Chrome/103.0.5060.134 Safari/537.36" "tekmedicgloves.com"
157.55.39.20 - - [11/Oct/2022:19:29:36 -0700] "GET /beta/wp-content/themes/CherryFramework/css/camera.css HTTP/1.1" 200 3117 "-" "Mozilla/5.0 (compatible; bingbot/2.0; +http://www.bing.com/bingbot.htm)" "tekmedicgloves.com"
157.55.39.20 - - [11/Oct/2022:19:29:36 -0700] "GET /beta/wp-content/themes/CherryFramework/css/magnific-popup.css HTTP/1.1" 200 2166 "-" "Mozilla/5.0 (compatible; bingbot/2.0; +http://www.bing.com/bingbot.htm)" "tekmedicgloves.com"
157.55.39.20 - - [11/Oct/2022:19:29:36 -0700] "GET /beta/wp-content/themes/CherryFramework/js/jquery-1.7.2.min.js HTTP/1.1" 200 33630 "-" "Mozilla/5.0 (compatible; bingbot/2.0; +http://www.bing.com/bingbot.htm)" "tekmedicgloves.com"
157.55.39.20 - - [11/Oct/2022:19:29:36 -0700] "GET /beta/wp-content/themes/CherryFramework/js/jquery.magnific-popup.min.js HTTP/1.1" 200 7493 "-" "Mozilla/5.0 (compatible; bingbot/2.0; +http://www.bing.com/bingbot.htm)" "tekmedicgloves.com"
157.55.39.20 - - [11/Oct/2022:19:29:37 -0700] "GET /beta/wp-content/themes/CherryFramework/js/jquery.mobilemenu.js HTTP/1.1" 200 908 "-" "Mozilla/5.0 (compatible; bingbot/2.0; +http://www.bing.com/bingbot.htm)" "tekmedicgloves.com"
207.46.13.127 - - [11/Oct/2022:19:29:39 -0700] "GET /beta/wp-content/themes/CherryFramework/js/custom.js HTTP/1.1" 200 2131 "-" "Mozilla/5.0 AppleWebKit/537.36 (KHTML, like Gecko; compatible; bingbot/2.0; +http://www.bing.com/bingbot.htm) Chrome/103.0.5060.134 Safari/537.36" "tekmedicgloves.com"
185.191.171.11 - - [11/Oct/2022:19:29:42 -0700] "GET /phpMyAdmin/setup/?token=e1e24ce44b807e7f6bb4707be3518194&version_check=1 HTTP/1.1" 200 12691 "-" "Mozilla/5.0 (compatible; SemrushBot/7~bl; +http://www.semrush.com/bot.html)" "www.tekmedicgloves.com"
157.55.39.25 - - [11/Oct/2022:19:29:42 -0700] "GET /beta/wp-content/plugins/cherry-plugin/lib/js/owl-carousel/owl.theme.css HTTP/1.1" 200 606 "-" "Mozilla/5.0 (compatible; bingbot/2.0; +http://www.bing.com/bingbot.htm)" "tekmedicgloves.com"
157.55.39.25 - - [11/Oct/2022:19:29:43 -0700] "GET /beta/wp-content/plugins/contact-form-7/includes/js/scripts.js HTTP/1.1" 200 1850 "-" "Mozilla/5.0 (compatible; bingbot/2.0; +http://www.bing.com/bingbot.htm)" "tekmedicgloves.com"
157.55.39.25 - - [11/Oct/2022:19:29:43 -0700] "GET /beta/wp-content/themes/CherryFramework/js/jquery.debouncedresize.js HTTP/1.1" 200 226 "-" "Mozilla/5.0 (compatible; bingbot/2.0; +http://www.bing.com/bingbot.htm)" "tekmedicgloves.com"
157.55.39.25 - - [11/Oct/2022:19:29:43 -0700] "GET /beta/wp-content/themes/CherryFramework/js/jquery.mobile.customized.min.js HTTP/1.1" 200 6409 "-" "Mozilla/5.0 AppleWebKit/537.36 (KHTML, like Gecko; compatible; bingbot/2.0; +http://www.bing.com/bingbot.htm) Chrome/103.0.5060.134 Safari/537.36" "tekmedicgloves.com"
157.55.39.25 - - [11/Oct/2022:19:29:44 -0700] "GET /beta/wp-content/themes/theme48838/style.css HTTP/1.1" 200 243 "-" "Mozilla/5.0 (compatible; bingbot/2.0; +http://www.bing.com/bingbot.htm)" "tekmedicgloves.com"
207.46.13.161 - - [11/Oct/2022:19:29:48 -0700] "GET /beta/wp-content/plugins/cherry-plugin/lib/js/jquery.easing.1.3.js HTTP/1.1" 200 814 "-" "Mozilla/5.0 (compatible; bingbot/2.0; +http://www.bing.com/bingbot.htm)" "tekmedicgloves.com"
207.46.13.161 - - [11/Oct/2022:19:29:48 -0700] "GET /beta/wp-content/plugins/cherry-plugin/lib/js/owl-carousel/owl.carousel.css HTTP/1.1" 200 1119 "-" "Mozilla/5.0 AppleWebKit/537.36 (KHTML, like Gecko; compatible; bingbot/2.0; +http://www.bing.com/bingbot.htm) Chrome/103.0.5060.134 Safari/537.36" "tekmedicgloves.com"
207.46.13.161 - - [11/Oct/2022:19:29:48 -0700] "GET /beta/wp-content/themes/CherryFramework/js/jquery.ba-resize.min.js HTTP/1.1" 200 616 "-" "Mozilla/5.0 (compatible; bingbot/2.0; +http://www.bing.com/bingbot.htm)" "tekmedicgloves.com"
207.46.13.161 - - [11/Oct/2022:19:29:48 -0700] "GET /beta/wp-content/themes/theme48838/bootstrap/css/bootstrap.css HTTP/1.1" 200 15793 "-" "Mozilla/5.0 AppleWebKit/537.36 (KHTML, like Gecko; compatible; bingbot/2.0; +http://www.bing.com/bingbot.htm) Chrome/103.0.5060.134 Safari/537.36" "tekmedicgloves.com"
207.46.13.161 - - [11/Oct/2022:19:29:48 -0700] "GET /beta/wp-content/themes/theme48838/bootstrap/css/responsive.css HTTP/1.1" 200 4226 "-" "Mozilla/5.0 (compatible; bingbot/2.0; +http://www.bing.com/bingbot.htm)" "tekmedicgloves.com"
207.46.13.161 - - [11/Oct/2022:19:29:49 -0700] "GET /beta/wp-includes/js/swfobject.js HTTP/1.1" 404 88 "-" "Mozilla/5.0 (compatible; bingbot/2.0; +http://www.bing.com/bingbot.htm)" "tekmedicgloves.com"
207.46.13.127 - - [11/Oct/2022:19:29:54 -0700] "GET /beta/wp-content/themes/CherryFramework/js/modernizr.js HTTP/1.1" 200 5141 "-" "Mozilla/5.0 (compatible; bingbot/2.0; +http://www.bing.com/bingbot.htm)" "tekmedicgloves.com"
207.46.13.127 - - [11/Oct/2022:19:29:54 -0700] "GET /beta/wp-content/themes/theme48838/main-style.css HTTP/1.1" 200 4849 "-" "Mozilla/5.0 (compatible; bingbot/2.0; +http://www.bing.com/bingbot.htm)" "tekmedicgloves.com"
185.191.171.14 - - [11/Oct/2022:19:29:57 -0700] "GET /phpMyAdmin/setup/?token=fd46c55c5b8943b5cc1177972bb422ce&version_check=1 HTTP/1.1" 200 12687 "-" "Mozilla/5.0 (compatible; SemrushBot/7~bl; +http://www.semrush.com/bot.html)" "tekmedicgloves.com"
207.46.13.88 - - [11/Oct/2022:19:30:02 -0700] "GET /beta/wp-content/plugins/cherry-plugin/includes/css/cherry-plugin.css HTTP/1.1" 200 4752 "-" "Mozilla/5.0 (compatible; bingbot/2.0; +http://www.bing.com/bingbot.htm)" "tekmedicgloves.com"
207.46.13.88 - - [11/Oct/2022:19:30:02 -0700] "GET /beta/wp-content/plugins/contact-form-7/includes/css/styles.css HTTP/1.1" 200 392 "-" "Mozilla/5.0 AppleWebKit/537.36 (KHTML, like Gecko; compatible; bingbot/2.0; +http://www.bing.com/bingbot.htm) Chrome/103.0.5060.134 Safari/537.36" "tekmedicgloves.com"
207.46.13.88 - - [11/Oct/2022:19:30:02 -0700] "GET /beta/wp-content/themes/CherryFramework/bootstrap/js/bootstrap.min.js HTTP/1.1" 200 7654 "-" "Mozilla/5.0 (compatible; bingbot/2.0; +http://www.bing.com/bingbot.htm)" "tekmedicgloves.com"
207.46.13.88 - - [11/Oct/2022:19:30:02 -0700] "GET /beta/wp-content/themes/CherryFramework/js/jplayer.playlist.min.js HTTP/1.1" 200 2404 "-" "Mozilla/5.0 AppleWebKit/537.36 (KHTML, like Gecko; compatible; bingbot/2.0; +http://www.bing.com/bingbot.htm) Chrome/103.0.5060.134 Safari/537.36" "tekmedicgloves.com"
207.46.13.88 - - [11/Oct/2022:19:30:02 -0700] "GET /beta/wp-content/themes/CherryFramework/js/jquery.jplayer.min.js HTTP/1.1" 200 11945 "-" "Mozilla/5.0 (compatible; bingbot/2.0; +http://www.bing.com/bingbot.htm)" "tekmedicgloves.com"
207.46.13.88 - - [11/Oct/2022:19:30:02 -0700] "GET /beta/wp-content/themes/CherryFramework/js/superfish.js HTTP/1.1" 200 1280 "-" "Mozilla/5.0 AppleWebKit/537.36 (KHTML, like Gecko; compatible; bingbot/2.0; +http://www.bing.com/bingbot.htm) Chrome/103.0.5060.134 Safari/537.36" "tekmedicgloves.com"
185.191.171.19 - - [11/Oct/2022:19:30:15 -0700] "GET /phpMyAdmin/setup/?token=f17d8d300be65b58a2a1828a7aec8996&version_check=1 HTTP/1.1" 200 12687 "-" "Mozilla/5.0 (compatible; SemrushBot/7~bl; +http://www.semrush.com/bot.html)" "tekmedicgloves.com"
185.191.171.20 - - [11/Oct/2022:19:30:45 -0700] "GET /phpMyAdmin/setup/?token=13c1429728f4af474cc1fdaf9b71ae99&version_check=1 HTTP/1.1" 200 12687 "-" "Mozilla/5.0 (compatible; SemrushBot/7~bl; +http://www.semrush.com/bot.html)" "tekmedicgloves.com"
185.191.171.7 - - [11/Oct/2022:19:30:55 -0700] "GET /phpMyAdmin/setup/?token=ff6afd74dac237f5d8189696a31ae6e2&version_check=1 HTTP/1.1" 200 12687 "-" "Mozilla/5.0 (compatible; SemrushBot/7~bl; +http://www.semrush.com/bot.html)" "tekmedicgloves.com"
185.191.171.11 - - [11/Oct/2022:19:30:54 -0700] "GET /phpMyAdmin/setup/?token=fab709bb3be732ae7413961189311843&version_check=1 HTTP/1.1" 200 12691 "-" "Mozilla/5.0 (compatible; SemrushBot/7~bl; +http://www.semrush.com/bot.html)" "www.tekmedicgloves.com"
185.191.171.36 - - [11/Oct/2022:19:31:06 -0700] "GET /phpMyAdmin/setup/?token=cf155056b8b5cac5977ba35f97840ce9&version_check=1 HTTP/1.1" 200 12691 "-" "Mozilla/5.0 (compatible; SemrushBot/7~bl; +http://www.semrush.com/bot.html)" "www.tekmedicgloves.com"
185.191.171.3 - - [11/Oct/2022:19:31:23 -0700] "GET /phpMyAdmin/setup/?token=da01ce87653e44c39789187d8dd48aa5&version_check=1 HTTP/1.1" 200 12691 "-" "Mozilla/5.0 (compatible; SemrushBot/7~bl; +http://www.semrush.com/bot.html)" "www.tekmedicgloves.com"
185.191.171.1 - - [11/Oct/2022:19:31:25 -0700] "GET /phpMyAdmin/setup/?token=00c887dc4086555099fd17fdbd38e132&version_check=1 HTTP/1.1" 200 12691 "-" "Mozilla/5.0 (compatible; SemrushBot/7~bl; +http://www.semrush.com/bot.html)" "www.tekmedicgloves.com"
185.191.171.7 - - [11/Oct/2022:19:31:29 -0700] "GET /phpMyAdmin/setup/?token=f7400d4c4b318bd55087c3fc9c2ed767&version_check=1 HTTP/1.1" 200 12687 "-" "Mozilla/5.0 (compatible; SemrushBot/7~bl; +http://www.semrush.com/bot.html)" "tekmedicgloves.com"
185.191.171.2 - - [11/Oct/2022:19:31:35 -0700] "GET /phpMyAdmin/setup/?token=c4eff3c338b5de0ecd73fe3735b09eda&version_check=1 HTTP/1.1" 200 12691 "-" "Mozilla/5.0 (compatible; SemrushBot/7~bl; +http://www.semrush.com/bot.html)" "www.tekmedicgloves.com"
185.191.171.38 - - [11/Oct/2022:19:31:45 -0700] "GET /phpMyAdmin/setup/?token=14a70d984551ba9f4418a2aaed1562b8&version_check=1 HTTP/1.1" 200 12687 "-" "Mozilla/5.0 (compatible; SemrushBot/7~bl; +http://www.semrush.com/bot.html)" "tekmedicgloves.com"
185.191.171.2 - - [11/Oct/2022:19:32:01 -0700] "GET /phpMyAdmin/setup/?token=09b8efcdb0b93136cfe31901a8d5f628&version_check=1 HTTP/1.1" 200 12691 "-" "Mozilla/5.0 (compatible; SemrushBot/7~bl; +http://www.semrush.com/bot.html)" "www.tekmedicgloves.com"
40.77.167.95 - - [11/Oct/2022:19:32:27 -0700] "GET /robots.txt HTTP/1.1" 404 88 "-" "Mozilla/5.0 (compatible; bingbot/2.0; +http://www.bing.com/bingbot.htm)" "tekmedicgloves.com"
185.191.171.6 - - [11/Oct/2022:19:32:35 -0700] "GET /phpMyAdmin/setup/?token=0fcccbba110c981e575ca1b60f1dbbc7&version_check=1 HTTP/1.1" 200 12687 "-" "Mozilla/5.0 (compatible; SemrushBot/7~bl; +http://www.semrush.com/bot.html)" "tekmedicgloves.com"
185.191.171.3 - - [11/Oct/2022:19:32:38 -0700] "GET /phpMyAdmin/setup/?token=06db1960dbcfe2b724593c260dc41375&version_check=1 HTTP/1.1" 200 12687 "-" "Mozilla/5.0 (compatible; SemrushBot/7~bl; +http://www.semrush.com/bot.html)" "tekmedicgloves.com"
185.191.171.14 - - [11/Oct/2022:19:32:42 -0700] "GET /phpMyAdmin/setup/?token=cfccac282a270e708018fa14675c77e4&version_check=1 HTTP/1.1" 200 12691 "-" "Mozilla/5.0 (compatible; SemrushBot/7~bl; +http://www.semrush.com/bot.html)" "www.tekmedicgloves.com"
185.191.171.19 - - [11/Oct/2022:19:32:54 -0700] "GET /phpMyAdmin/setup/?token=0dc6b0c59032481fbb71373125800976&version_check=1 HTTP/1.1" 200 12691 "-" "Mozilla/5.0 (compatible; SemrushBot/7~bl; +http://www.semrush.com/bot.html)" "www.tekmedicgloves.com"
185.191.171.42 - - [11/Oct/2022:19:33:02 -0700] "GET /phpMyAdmin/setup/?token=f6607bf66230f5107b1409af72e8d033&version_check=1 HTTP/1.1" 200 12687 "-" "Mozilla/5.0 (compatible; SemrushBot/7~bl; +http://www.semrush.com/bot.html)" "tekmedicgloves.com"
185.191.171.23 - - [11/Oct/2022:19:33:04 -0700] "GET /phpMyAdmin/setup/?token=072932c98129e0dbe9da1ff5adb32672&version_check=1 HTTP/1.1" 200 12687 "-" "Mozilla/5.0 (compatible; SemrushBot/7~bl; +http://www.semrush.com/bot.html)" "tekmedicgloves.com"
185.191.171.26 - - [11/Oct/2022:19:33:07 -0700] "GET /phpMyAdmin/setup/?token=00db748f52914eebc9e1e05653c51dcc&version_check=1 HTTP/1.1" 200 12687 "-" "Mozilla/5.0 (compatible; SemrushBot/7~bl; +http://www.semrush.com/bot.html)" "tekmedicgloves.com"
185.191.171.23 - - [11/Oct/2022:19:33:23 -0700] "GET /phpMyAdmin/setup/?token=079851cf7bf4e7b5eddfcdadf9819073&version_check=1 HTTP/1.1" 200 12687 "-" "Mozilla/5.0 (compatible; SemrushBot/7~bl; +http://www.semrush.com/bot.html)" "tekmedicgloves.com"
185.191.171.41 - - [11/Oct/2022:19:33:29 -0700] "GET /phpMyAdmin/setup/?token=08936d4b980c727e65a4880a230837cd&version_check=1 HTTP/1.1" 200 12691 "-" "Mozilla/5.0 (compatible; SemrushBot/7~bl; +http://www.semrush.com/bot.html)" "www.tekmedicgloves.com"
185.191.171.26 - - [11/Oct/2022:19:33:31 -0700] "GET /phpMyAdmin/setup/?token=ed63d7669df5d13130dcc012b26bf010&version_check=1 HTTP/1.1" 200 12691 "-" "Mozilla/5.0 (compatible; SemrushBot/7~bl; +http://www.semrush.com/bot.html)" "www.tekmedicgloves.com"
185.191.171.26 - - [11/Oct/2022:19:33:33 -0700] "GET /phpMyAdmin/setup/?token=e7747d92bb4a73c1f4cbf45b2ad57d74&version_check=1 HTTP/1.1" 200 12687 "-" "Mozilla/5.0 (compatible; SemrushBot/7~bl; +http://www.semrush.com/bot.html)" "tekmedicgloves.com"
185.191.171.42 - - [11/Oct/2022:19:33:46 -0700] "GET /phpMyAdmin/setup/?token=1017b8274406ed2142c530ca8878ce48&version_check=1 HTTP/1.1" 200 12691 "-" "Mozilla/5.0 (compatible; SemrushBot/7~bl; +http://www.semrush.com/bot.html)" "www.tekmedicgloves.com"
185.191.171.20 - - [11/Oct/2022:19:33:54 -0700] "GET /phpMyAdmin/setup/?token=fd961e738206a2d48f12ba2bdeaf5044&version_check=1 HTTP/1.1" 200 12691 "-" "Mozilla/5.0 (compatible; SemrushBot/7~bl; +http://www.semrush.com/bot.html)" "www.tekmedicgloves.com"
185.191.171.7 - - [11/Oct/2022:19:34:14 -0700] "GET /phpMyAdmin/setup/?token=16c5a1356755d9d88d9c6bf5db4d1537&version_check=1 HTTP/1.1" 200 12687 "-" "Mozilla/5.0 (compatible; SemrushBot/7~bl; +http://www.semrush.com/bot.html)" "tekmedicgloves.com"
185.191.171.15 - - [11/Oct/2022:19:34:51 -0700] "GET /phpMyAdmin/setup/?token=0013201e062a0614d3224d3f122eed66&version_check=1 HTTP/1.1" 200 12687 "-" "Mozilla/5.0 (compatible; SemrushBot/7~bl; +http://www.semrush.com/bot.html)" "tekmedicgloves.com"
185.191.171.18 - - [11/Oct/2022:19:35:13 -0700] "GET /phpMyAdmin/setup/?token=029d6fd0591d65b854a90c9ee97baf2d&version_check=1 HTTP/1.1" 200 12687 "-" "Mozilla/5.0 (compatible; SemrushBot/7~bl; +http://www.semrush.com/bot.html)" "tekmedicgloves.com"
185.191.171.45 - - [11/Oct/2022:19:35:19 -0700] "GET /phpMyAdmin/setup/?token=c538f178e5d75804024c6c0e11aa9c1b&version_check=1 HTTP/1.1" 200 12691 "-" "Mozilla/5.0 (compatible; SemrushBot/7~bl; +http://www.semrush.com/bot.html)" "www.tekmedicgloves.com"
185.191.171.19 - - [11/Oct/2022:19:35:29 -0700] "GET /phpMyAdmin/setup/?token=e330c18f1d0131e087475a3bf7c6a844&version_check=1 HTTP/1.1" 200 12687 "-" "Mozilla/5.0 (compatible; SemrushBot/7~bl; +http://www.semrush.com/bot.html)" "tekmedicgloves.com"
185.191.171.6 - - [11/Oct/2022:19:36:07 -0700] "GET /phpMyAdmin/setup/?token=065cf2a9199ce9ff55514012025d09b4&version_check=1 HTTP/1.1" 200 12691 "-" "Mozilla/5.0 (compatible; SemrushBot/7~bl; +http://www.semrush.com/bot.html)" "www.tekmedicgloves.com"
185.191.171.2 - - [11/Oct/2022:19:36:09 -0700] "GET /phpMyAdmin/setup/?token=f37a32e8370fc2bdbbd27d90cd737c2f&version_check=1 HTTP/1.1" 200 12687 "-" "Mozilla/5.0 (compatible; SemrushBot/7~bl; +http://www.semrush.com/bot.html)" "tekmedicgloves.com"
185.191.171.9 - - [11/Oct/2022:19:36:12 -0700] "GET /phpMyAdmin/setup/?token=08b2b0abe52c8e116431b50efcc2ee3b&version_check=1 HTTP/1.1" 200 12687 "-" "Mozilla/5.0 (compatible; SemrushBot/7~bl; +http://www.semrush.com/bot.html)" "tekmedicgloves.com"
185.191.171.42 - - [11/Oct/2022:19:36:35 -0700] "GET /phpMyAdmin/setup/?token=0044f5f6f9dea11e2b0ffdb2ae5934a1&version_check=1 HTTP/1.1" 200 12687 "-" "Mozilla/5.0 (compatible; SemrushBot/7~bl; +http://www.semrush.com/bot.html)" "tekmedicgloves.com"
185.191.171.2 - - [11/Oct/2022:19:36:49 -0700] "GET /phpMyAdmin/setup/?token=fa510e4c57cec3f285cb46cff6c1e027&version_check=1 HTTP/1.1" 200 12691 "-" "Mozilla/5.0 (compatible; SemrushBot/7~bl; +http://www.semrush.com/bot.html)" "www.tekmedicgloves.com"
185.191.171.38 - - [11/Oct/2022:19:36:59 -0700] "GET /phpMyAdmin/setup/?token=02cd7e101913aa88769065f8bf325575&version_check=1 HTTP/1.1" 200 12691 "-" "Mozilla/5.0 (compatible; SemrushBot/7~bl; +http://www.semrush.com/bot.html)" "www.tekmedicgloves.com"
185.191.171.25 - - [11/Oct/2022:19:37:08 -0700] "GET /phpMyAdmin/setup/?token=0a06cf95fe0871a02b4edaf176f81354&version_check=1 HTTP/1.1" 200 12691 "-" "Mozilla/5.0 (compatible; SemrushBot/7~bl; +http://www.semrush.com/bot.html)" "www.tekmedicgloves.com"
185.191.171.44 - - [11/Oct/2022:19:37:18 -0700] "GET /phpMyAdmin/setup/?token=08bf3651fa27dc5c80538e9550ea7719&version_check=1 HTTP/1.1" 200 12691 "-" "Mozilla/5.0 (compatible; SemrushBot/7~bl; +http://www.semrush.com/bot.html)" "www.tekmedicgloves.com"
185.191.171.18 - - [11/Oct/2022:19:37:26 -0700] "GET /phpMyAdmin/setup/?token=05c0c714d534da88aa81caa386787326&version_check=1 HTTP/1.1" 200 12687 "-" "Mozilla/5.0 (compatible; SemrushBot/7~bl; +http://www.semrush.com/bot.html)" "tekmedicgloves.com"
185.191.171.9 - - [11/Oct/2022:19:37:35 -0700] "GET /phpMyAdmin/setup/?token=b792d1b1b46522a07474f63960a562dd&version_check=1 HTTP/1.1" 200 12691 "-" "Mozilla/5.0 (compatible; SemrushBot/7~bl; +http://www.semrush.com/bot.html)" "www.tekmedicgloves.com"
185.191.171.36 - - [11/Oct/2022:19:37:55 -0700] "GET /phpMyAdmin/setup/?token=0d08bc71afe30132fa5dfad0860f64a2&version_check=1 HTTP/1.1" 200 12691 "-" "Mozilla/5.0 (compatible; SemrushBot/7~bl; +http://www.semrush.com/bot.html)" "www.tekmedicgloves.com"
185.191.171.36 - - [11/Oct/2022:19:37:59 -0700] "GET /phpMyAdmin/setup/?token=c4bd88db160d758dd093ddbbfa15ff15&version_check=1 HTTP/1.1" 200 12691 "-" "Mozilla/5.0 (compatible; SemrushBot/7~bl; +http://www.semrush.com/bot.html)" "www.tekmedicgloves.com"
185.191.171.35 - - [11/Oct/2022:19:38:01 -0700] "GET /phpMyAdmin/setup/?token=d39f06a6ec34fd9c6eeea312adcdaed9&version_check=1 HTTP/1.1" 200 12691 "-" "Mozilla/5.0 (compatible; SemrushBot/7~bl; +http://www.semrush.com/bot.html)" "www.tekmedicgloves.com"
185.191.171.24 - - [11/Oct/2022:19:38:08 -0700] "GET /phpMyAdmin/setup/?token=edaf666a8992a0bd4ec917ebec5e29ec&version_check=1 HTTP/1.1" 200 12691 "-" "Mozilla/5.0 (compatible; SemrushBot/7~bl; +http://www.semrush.com/bot.html)" "www.tekmedicgloves.com"
185.191.171.3 - - [11/Oct/2022:19:38:45 -0700] "GET /phpMyAdmin/setup/?token=01a2a1c998342cf010da4eddb4e41725&version_check=1 HTTP/1.1" 200 12691 "-" "Mozilla/5.0 (compatible; SemrushBot/7~bl; +http://www.semrush.com/bot.html)" "www.tekmedicgloves.com"
185.191.171.11 - - [11/Oct/2022:19:38:45 -0700] "GET /phpMyAdmin/setup/?token=1174006c975b3d34c7c7d4ffff6cc5c2&version_check=1 HTTP/1.1" 200 12687 "-" "Mozilla/5.0 (compatible; SemrushBot/7~bl; +http://www.semrush.com/bot.html)" "tekmedicgloves.com"
185.191.171.9 - - [11/Oct/2022:19:38:50 -0700] "GET /phpMyAdmin/setup/?token=df5737a8b61de11205edc24756242c98&version_check=1 HTTP/1.1" 200 12687 "-" "Mozilla/5.0 (compatible; SemrushBot/7~bl; +http://www.semrush.com/bot.html)" "tekmedicgloves.com"
185.191.171.44 - - [11/Oct/2022:19:39:02 -0700] "GET /phpMyAdmin/setup/?token=f98ba02d1ef97ef4a41cd48221661494&version_check=1 HTTP/1.1" 200 12691 "-" "Mozilla/5.0 (compatible; SemrushBot/7~bl; +http://www.semrush.com/bot.html)" "www.tekmedicgloves.com"
185.191.171.33 - - [11/Oct/2022:19:39:07 -0700] "GET /phpMyAdmin/setup/?token=f70492acc0a8c3a100fd5b51c1c8c468&version_check=1 HTTP/1.1" 200 12691 "-" "Mozilla/5.0 (compatible; SemrushBot/7~bl; +http://www.semrush.com/bot.html)" "www.tekmedicgloves.com"
185.191.171.18 - - [11/Oct/2022:19:39:08 -0700] "GET /phpMyAdmin/setup/?token=fdfbce50f3b2b6f501025187790880c2&version_check=1 HTTP/1.1" 200 12687 "-" "Mozilla/5.0 (compatible; SemrushBot/7~bl; +http://www.semrush.com/bot.html)" "tekmedicgloves.com"
185.191.171.25 - - [11/Oct/2022:19:39:14 -0700] "GET /phpMyAdmin/setup/?token=e0eb2ac1a51492ed1944c16e0815232c&version_check=1 HTTP/1.1" 200 12687 "-" "Mozilla/5.0 (compatible; SemrushBot/7~bl; +http://www.semrush.com/bot.html)" "tekmedicgloves.com"
185.191.171.44 - - [11/Oct/2022:19:39:25 -0700] "GET /phpMyAdmin/setup/?token=e0f093e6ee0da8a340763505177a28cc&version_check=1 HTTP/1.1" 200 12687 "-" "Mozilla/5.0 (compatible; SemrushBot/7~bl; +http://www.semrush.com/bot.html)" "tekmedicgloves.com"
185.191.171.8 - - [11/Oct/2022:19:39:25 -0700] "GET /phpMyAdmin/setup/?token=0dbdeda092ae46e93ad7977c9e128e51&version_check=1 HTTP/1.1" 200 12691 "-" "Mozilla/5.0 (compatible; SemrushBot/7~bl; +http://www.semrush.com/bot.html)" "www.tekmedicgloves.com"
185.191.171.13 - - [11/Oct/2022:19:39:28 -0700] "GET /phpMyAdmin/setup/?token=cfe3ef7e6b0dade21d2bb6a4414e57a3&version_check=1 HTTP/1.1" 200 12691 "-" "Mozilla/5.0 (compatible; SemrushBot/7~bl; +http://www.semrush.com/bot.html)" "www.tekmedicgloves.com"
185.191.171.15 - - [11/Oct/2022:19:39:47 -0700] "GET /phpMyAdmin/setup/?token=f9234fb956550f91fe2499142efec4b0&version_check=1 HTTP/1.1" 200 12687 "-" "Mozilla/5.0 (compatible; SemrushBot/7~bl; +http://www.semrush.com/bot.html)" "tekmedicgloves.com"
185.191.171.16 - - [11/Oct/2022:19:39:52 -0700] "GET /phpMyAdmin/setup/?token=057f25530aa2968e95ba656c59ab9a47&version_check=1 HTTP/1.1" 200 12691 "-" "Mozilla/5.0 (compatible; SemrushBot/7~bl; +http://www.semrush.com/bot.html)" "www.tekmedicgloves.com"
185.191.171.45 - - [11/Oct/2022:19:40:10 -0700] "GET /phpMyAdmin/setup/?token=062fa4fd3f8b02f30208f485d4ce5238&version_check=1 HTTP/1.1" 200 12691 "-" "Mozilla/5.0 (compatible; SemrushBot/7~bl; +http://www.semrush.com/bot.html)" "www.tekmedicgloves.com"
185.191.171.42 - - [11/Oct/2022:19:40:40 -0700] "GET /phpMyAdmin/setup/?token=03b3f2a9e09e086106a46e1294af2742&version_check=1 HTTP/1.1" 200 12687 "-" "Mozilla/5.0 (compatible; SemrushBot/7~bl; +http://www.semrush.com/bot.html)" "tekmedicgloves.com"
185.191.171.44 - - [11/Oct/2022:19:40:51 -0700] "GET /phpMyAdmin/setup/?token=04a4a536005b375a564bb26dd81f775d&version_check=1 HTTP/1.1" 200 12687 "-" "Mozilla/5.0 (compatible; SemrushBot/7~bl; +http://www.semrush.com/bot.html)" "tekmedicgloves.com"
185.191.171.21 - - [11/Oct/2022:19:40:59 -0700] "GET /phpMyAdmin/setup/?token=f68346624c50271271a1df588c0b22b7&version_check=1 HTTP/1.1" 200 12691 "-" "Mozilla/5.0 (compatible; SemrushBot/7~bl; +http://www.semrush.com/bot.html)" "www.tekmedicgloves.com"
185.191.171.21 - - [11/Oct/2022:19:41:16 -0700] "GET /phpMyAdmin/setup/?token=fe8c208a93965582d14dbb27caf0c322&version_check=1 HTTP/1.1" 200 12687 "-" "Mozilla/5.0 (compatible; SemrushBot/7~bl; +http://www.semrush.com/bot.html)" "tekmedicgloves.com"
185.191.171.33 - - [11/Oct/2022:19:41:25 -0700] "GET /phpMyAdmin/setup/?token=f548404e3e7407a6057815cb037bcea7&version_check=1 HTTP/1.1" 200 12691 "-" "Mozilla/5.0 (compatible; SemrushBot/7~bl; +http://www.semrush.com/bot.html)" "www.tekmedicgloves.com"
185.191.171.15 - - [11/Oct/2022:19:41:35 -0700] "GET /phpMyAdmin/setup/?token=1236850d220f722f0237d1175c13b9cb&version_check=1 HTTP/1.1" 200 12687 "-" "Mozilla/5.0 (compatible; SemrushBot/7~bl; +http://www.semrush.com/bot.html)" "tekmedicgloves.com"
185.191.171.23 - - [11/Oct/2022:19:41:43 -0700] "GET /phpMyAdmin/setup/?token=e9adabf5dee0e75aa283f03798350b32&version_check=1 HTTP/1.1" 200 12687 "-" "Mozilla/5.0 (compatible; SemrushBot/7~bl; +http://www.semrush.com/bot.html)" "tekmedicgloves.com"
185.191.171.1 - - [11/Oct/2022:19:42:02 -0700] "GET /phpMyAdmin/setup/?token=fc27f916bbd05de77e35c9e84242befb&version_check=1 HTTP/1.1" 200 12687 "-" "Mozilla/5.0 (compatible; SemrushBot/7~bl; +http://www.semrush.com/bot.html)" "tekmedicgloves.com"
185.191.171.3 - - [11/Oct/2022:19:43:11 -0700] "GET /phpMyAdmin/setup/?token=eda0f55168c1191c7e310a7c8d6d25ae&version_check=1 HTTP/1.1" 200 12687 "-" "Mozilla/5.0 (compatible; SemrushBot/7~bl; +http://www.semrush.com/bot.html)" "tekmedicgloves.com"
185.191.171.11 - - [11/Oct/2022:19:43:24 -0700] "GET /phpMyAdmin/setup/?token=02745229e324cf4efbfa00f4bd85a1eb&version_check=1 HTTP/1.1" 200 12691 "-" "Mozilla/5.0 (compatible; SemrushBot/7~bl; +http://www.semrush.com/bot.html)" "www.tekmedicgloves.com"
185.191.171.11 - - [11/Oct/2022:19:43:39 -0700] "GET /phpMyAdmin/setup/?token=bd28846d0815a28facdd241feca51174&version_check=1 HTTP/1.1" 200 12691 "-" "Mozilla/5.0 (compatible; SemrushBot/7~bl; +http://www.semrush.com/bot.html)" "www.tekmedicgloves.com"
185.191.171.33 - - [11/Oct/2022:19:43:43 -0700] "GET /phpMyAdmin/setup/?token=efcbabc9f2add2e6a430807bb6208671&version_check=1 HTTP/1.1" 200 12687 "-" "Mozilla/5.0 (compatible; SemrushBot/7~bl; +http://www.semrush.com/bot.html)" "tekmedicgloves.com"
185.191.171.15 - - [11/Oct/2022:19:43:46 -0700] "GET /phpMyAdmin/setup/?token=e6b7e45667872f9ebec79df6f27fbf78&version_check=1 HTTP/1.1" 200 12687 "-" "Mozilla/5.0 (compatible; SemrushBot/7~bl; +http://www.semrush.com/bot.html)" "tekmedicgloves.com"
185.191.171.17 - - [11/Oct/2022:19:43:59 -0700] "GET /phpMyAdmin/setup/?token=0de4095b7800f84ab35da9537df5df49&version_check=1 HTTP/1.1" 200 12691 "-" "Mozilla/5.0 (compatible; SemrushBot/7~bl; +http://www.semrush.com/bot.html)" "www.tekmedicgloves.com"
185.191.171.16 - - [11/Oct/2022:19:44:11 -0700] "GET /phpMyAdmin/setup/?token=e2a495426cbb4343681e3b206f6f7b15&version_check=1 HTTP/1.1" 200 12687 "-" "Mozilla/5.0 (compatible; SemrushBot/7~bl; +http://www.semrush.com/bot.html)" "tekmedicgloves.com"
185.191.171.2 - - [11/Oct/2022:19:44:17 -0700] "GET /phpMyAdmin/setup/?token=dea9c1dbafc2cac0a2fc04b7e974efda&version_check=1 HTTP/1.1" 200 12687 "-" "Mozilla/5.0 (compatible; SemrushBot/7~bl; +http://www.semrush.com/bot.html)" "tekmedicgloves.com"
185.191.171.19 - - [11/Oct/2022:19:44:18 -0700] "GET /phpMyAdmin/setup/?token=b8d9ab626032ecf12406cc4a8fbcdd0c&version_check=1 HTTP/1.1" 200 12691 "-" "Mozilla/5.0 (compatible; SemrushBot/7~bl; +http://www.semrush.com/bot.html)" "www.tekmedicgloves.com"
185.191.171.15 - - [11/Oct/2022:19:44:32 -0700] "GET /phpMyAdmin/setup/?token=10e0f3709160e3ebdc2a3a9a9eba78c1&version_check=1 HTTP/1.1" 200 12691 "-" "Mozilla/5.0 (compatible; SemrushBot/7~bl; +http://www.semrush.com/bot.html)" "www.tekmedicgloves.com"
185.191.171.15 - - [11/Oct/2022:19:44:48 -0700] "GET /phpMyAdmin/setup/?token=cec2c99950f8e722ca7bc41c31a7b856&version_check=1 HTTP/1.1" 200 12691 "-" "Mozilla/5.0 (compatible; SemrushBot/7~bl; +http://www.semrush.com/bot.html)" "www.tekmedicgloves.com"
185.191.171.38 - - [11/Oct/2022:19:44:50 -0700] "GET /phpMyAdmin/setup/?token=fa664708f128b5cd8da19054e344f84f&version_check=1 HTTP/1.1" 200 12687 "-" "Mozilla/5.0 (compatible; SemrushBot/7~bl; +http://www.semrush.com/bot.html)" "tekmedicgloves.com"
185.191.171.23 - - [11/Oct/2022:19:44:54 -0700] "GET /phpMyAdmin/setup/?token=dfe0280df13487380d6dca81d99d2fa0&version_check=1 HTTP/1.1" 200 12687 "-" "Mozilla/5.0 (compatible; SemrushBot/7~bl; +http://www.semrush.com/bot.html)" "tekmedicgloves.com"
185.191.171.5 - - [11/Oct/2022:19:45:02 -0700] "GET /phpMyAdmin/setup/?token=14ebc4ae66175faf956f5af6c6ebf29b&version_check=1 HTTP/1.1" 200 12687 "-" "Mozilla/5.0 (compatible; SemrushBot/7~bl; +http://www.semrush.com/bot.html)" "tekmedicgloves.com"
185.191.171.7 - - [11/Oct/2022:19:45:08 -0700] "GET /phpMyAdmin/setup/?token=00d253205f40ce8e8663c131b8e663d9&version_check=1 HTTP/1.1" 200 12691 "-" "Mozilla/5.0 (compatible; SemrushBot/7~bl; +http://www.semrush.com/bot.html)" "www.tekmedicgloves.com"
185.191.171.4 - - [11/Oct/2022:19:45:19 -0700] "GET /phpMyAdmin/setup/?token=ee30414fcdbcb333ef754992934c3746&version_check=1 HTTP/1.1" 200 12687 "-" "Mozilla/5.0 (compatible; SemrushBot/7~bl; +http://www.semrush.com/bot.html)" "tekmedicgloves.com"
40.77.188.200 - - [11/Oct/2022:19:45:30 -0700] "GET /beta/wp-includes/js/comment-reply.min.js HTTP/1.1" 404 88 "http://tekmedicgloves.com/beta/products.php?cat=23&subcat=39" "Mozilla/5.0 (Windows NT 6.1; WOW64) AppleWebKit/534+ (KHTML, like Gecko) BingPreview/1.0b" "tekmedicgloves.com"
40.77.188.200 - - [11/Oct/2022:19:45:30 -0700] "GET /beta/wp-content/themes/CherryFramework/style.css HTTP/1.1" 200 331 "http://tekmedicgloves.com/beta/wp-content/themes/theme48838/main-style.css" "Mozilla/5.0 (Windows NT 6.1; WOW64) AppleWebKit/534+ (KHTML, like Gecko) BingPreview/1.0b" "tekmedicgloves.com"
40.77.188.200 - - [11/Oct/2022:19:45:31 -0700] "GET /beta/wp-content/themes/CherryFramework/css/style.css HTTP/1.1" 200 12245 "http://tekmedicgloves.com/beta/wp-content/themes/CherryFramework/style.css" "Mozilla/5.0 (Windows NT 6.1; WOW64) AppleWebKit/534+ (KHTML, like Gecko) BingPreview/1.0b" "tekmedicgloves.com"
185.191.171.19 - - [11/Oct/2022:19:45:37 -0700] "GET /phpMyAdmin/setup/?token=f1cbc8dce02a09a5d9578c8448f7c088&version_check=1 HTTP/1.1" 200 12691 "-" "Mozilla/5.0 (compatible; SemrushBot/7~bl; +http://www.semrush.com/bot.html)" "www.tekmedicgloves.com"
185.191.171.11 - - [11/Oct/2022:19:45:51 -0700] "GET /phpMyAdmin/setup/?token=10830fbfc415d40d3553f844425ccc4c&version_check=1 HTTP/1.1" 200 12691 "-" "Mozilla/5.0 (compatible; SemrushBot/7~bl; +http://www.semrush.com/bot.html)" "www.tekmedicgloves.com"
185.191.171.35 - - [11/Oct/2022:19:45:53 -0700] "GET /phpMyAdmin/setup/?token=da66b89eea368619afb8797a968ee4f0&version_check=1 HTTP/1.1" 200 12691 "-" "Mozilla/5.0 (compatible; SemrushBot/7~bl; +http://www.semrush.com/bot.html)" "www.tekmedicgloves.com"
185.191.171.16 - - [11/Oct/2022:19:46:05 -0700] "GET /phpMyAdmin/setup/?token=fc08b1ebabac5562a20c7700e9d5f10f&version_check=1 HTTP/1.1" 200 12687 "-" "Mozilla/5.0 (compatible; SemrushBot/7~bl; +http://www.semrush.com/bot.html)" "tekmedicgloves.com"
185.191.171.9 - - [11/Oct/2022:19:46:07 -0700] "GET /phpMyAdmin/setup/?token=08cb224b882ea2269b2f149298757fd0&version_check=1 HTTP/1.1" 200 12687 "-" "Mozilla/5.0 (compatible; SemrushBot/7~bl; +http://www.semrush.com/bot.html)" "tekmedicgloves.com"
185.191.171.4 - - [11/Oct/2022:19:46:24 -0700] "GET /phpMyAdmin/setup/?token=10290f17642beafae722e67ba0e09d4b&version_check=1 HTTP/1.1" 200 12691 "-" "Mozilla/5.0 (compatible; SemrushBot/7~bl; +http://www.semrush.com/bot.html)" "www.tekmedicgloves.com"
185.191.171.7 - - [11/Oct/2022:19:46:27 -0700] "GET /phpMyAdmin/setup/?token=ec1e8684032e96656c4fe1e4ca92477d&version_check=1 HTTP/1.1" 200 12691 "-" "Mozilla/5.0 (compatible; SemrushBot/7~bl; +http://www.semrush.com/bot.html)" "www.tekmedicgloves.com"
185.191.171.9 - - [11/Oct/2022:19:46:32 -0700] "GET /phpMyAdmin/setup/?token=d3b98070d3c3afab06a63b19a28946b0&version_check=1 HTTP/1.1" 200 12691 "-" "Mozilla/5.0 (compatible; SemrushBot/7~bl; +http://www.semrush.com/bot.html)" "www.tekmedicgloves.com"
185.191.171.18 - - [11/Oct/2022:19:46:45 -0700] "GET /phpMyAdmin/setup/?token=0dd03254d87b9065b0e09e2c5a43b8cd&version_check=1 HTTP/1.1" 200 12687 "-" "Mozilla/5.0 (compatible; SemrushBot/7~bl; +http://www.semrush.com/bot.html)" "tekmedicgloves.com"
185.191.171.9 - - [11/Oct/2022:19:46:45 -0700] "GET /phpMyAdmin/setup/?token=061c88326796d3e1ff97b68030316c5d&version_check=1 HTTP/1.1" 200 12691 "-" "Mozilla/5.0 (compatible; SemrushBot/7~bl; +http://www.semrush.com/bot.html)" "www.tekmedicgloves.com"
185.191.171.2 - - [11/Oct/2022:19:47:56 -0700] "GET /phpMyAdmin/setup/?token=102f361223683ad3fd6d2b8ed2ee1094&version_check=1 HTTP/1.1" 200 12691 "-" "Mozilla/5.0 (compatible; SemrushBot/7~bl; +http://www.semrush.com/bot.html)" "www.tekmedicgloves.com"
185.191.171.25 - - [11/Oct/2022:19:48:11 -0700] "GET /phpMyAdmin/setup/?token=e0fbf4be70b32e1e3b1568372171fe18&version_check=1 HTTP/1.1" 200 12687 "-" "Mozilla/5.0 (compatible; SemrushBot/7~bl; +http://www.semrush.com/bot.html)" "tekmedicgloves.com"
185.191.171.19 - - [11/Oct/2022:19:48:27 -0700] "GET /phpMyAdmin/setup/?token=c7f85152a6ed0ce50e8acc102930f19a&version_check=1 HTTP/1.1" 200 12691 "-" "Mozilla/5.0 (compatible; SemrushBot/7~bl; +http://www.semrush.com/bot.html)" "www.tekmedicgloves.com"
185.191.171.41 - - [11/Oct/2022:19:48:38 -0700] "GET /phpMyAdmin/setup/?token=ee1769fd293931075d6eac24bac623a8&version_check=1 HTTP/1.1" 200 12691 "-" "Mozilla/5.0 (compatible; SemrushBot/7~bl; +http://www.semrush.com/bot.html)" "www.tekmedicgloves.com"
114.119.141.201 - - [11/Oct/2022:19:49:04 -0700] "GET /robots.txt HTTP/1.1" 404 88 "-" "Mozilla/5.0 (compatible;PetalBot;+https://webmaster.petalsearch.com/site/petalbot)" "tekmedicgloves.com"
185.191.171.17 - - [11/Oct/2022:19:49:11 -0700] "GET /phpMyAdmin/setup/?token=f63e90de2fd15760549f8b91bb50ab43&version_check=1 HTTP/1.1" 200 12687 "-" "Mozilla/5.0 (compatible; SemrushBot/7~bl; +http://www.semrush.com/bot.html)" "tekmedicgloves.com"
185.191.171.4 - - [11/Oct/2022:19:49:23 -0700] "GET /phpMyAdmin/setup/?token=1062046e50b359a2b0b5712d9d438139&version_check=1 HTTP/1.1" 200 12691 "-" "Mozilla/5.0 (compatible; SemrushBot/7~bl; +http://www.semrush.com/bot.html)" "www.tekmedicgloves.com"
185.191.171.41 - - [11/Oct/2022:19:49:26 -0700] "GET /phpMyAdmin/setup/?token=bf35258d214cbec449d1493bbfcc9b41&version_check=1 HTTP/1.1" 200 12691 "-" "Mozilla/5.0 (compatible; SemrushBot/7~bl; +http://www.semrush.com/bot.html)" "www.tekmedicgloves.com"
