185.191.171.42 - - [12/Oct/2022:11:30:33 -0700] "GET /phpMyAdmin/setup/?token=ec5cbfb65407c07b24f578ac3320f47a&version_check=1 HTTP/1.1" 200 12691 "-" "Mozilla/5.0 (compatible; SemrushBot/7~bl; +http://www.semrush.com/bot.html)" "www.tekmedicgloves.com"
185.191.171.44 - - [12/Oct/2022:11:30:44 -0700] "GET /phpMyAdmin/setup/?token=e03307a334856bc60ad41fec7252f5bf&version_check=1 HTTP/1.1" 200 12687 "-" "Mozilla/5.0 (compatible; SemrushBot/7~bl; +http://www.semrush.com/bot.html)" "tekmedicgloves.com"
185.191.171.5 - - [12/Oct/2022:11:31:39 -0700] "GET /phpMyAdmin/setup/?token=ff6c4bcd02ca585a52517a661a074693&version_check=1 HTTP/1.1" 200 12687 "-" "Mozilla/5.0 (compatible; SemrushBot/7~bl; +http://www.semrush.com/bot.html)" "tekmedicgloves.com"
185.191.171.14 - - [12/Oct/2022:11:31:44 -0700] "GET /phpMyAdmin/setup/?token=0b7d19b33d61a216ffaa3c540fa06cbc&version_check=1 HTTP/1.1" 200 12691 "-" "Mozilla/5.0 (compatible; SemrushBot/7~bl; +http://www.semrush.com/bot.html)" "www.tekmedicgloves.com"
185.191.171.24 - - [12/Oct/2022:11:31:46 -0700] "GET /phpMyAdmin/setup/?token=0b180b75a7fc29c9d4313cab8e772214&version_check=1 HTTP/1.1" 200 12691 "-" "Mozilla/5.0 (compatible; SemrushBot/7~bl; +http://www.semrush.com/bot.html)" "www.tekmedicgloves.com"
185.191.171.4 - - [12/Oct/2022:11:31:52 -0700] "GET /phpMyAdmin/setup/?token=0f659379979f937b4d19706c1c06e90d&version_check=1 HTTP/1.1" 200 12687 "-" "Mozilla/5.0 (compatible; SemrushBot/7~bl; +http://www.semrush.com/bot.html)" "tekmedicgloves.com"
185.191.171.16 - - [12/Oct/2022:11:31:59 -0700] "GET /phpMyAdmin/setup/?token=107b72fd92eb1a089e240edcd75bdcc7&version_check=1 HTTP/1.1" 200 12687 "-" "Mozilla/5.0 (compatible; SemrushBot/7~bl; +http://www.semrush.com/bot.html)" "tekmedicgloves.com"
185.191.171.18 - - [12/Oct/2022:11:32:15 -0700] "GET /phpMyAdmin/setup/?token=f6b59f73551ac59b6107a0164d9d8cf9&version_check=1 HTTP/1.1" 200 12687 "-" "Mozilla/5.0 (compatible; SemrushBot/7~bl; +http://www.semrush.com/bot.html)" "tekmedicgloves.com"
185.191.171.8 - - [12/Oct/2022:11:32:16 -0700] "GET /phpMyAdmin/setup/?token=f83e5f5c307d849f5b71abc48153e7ab&version_check=1 HTTP/1.1" 200 12687 "-" "Mozilla/5.0 (compatible; SemrushBot/7~bl; +http://www.semrush.com/bot.html)" "tekmedicgloves.com"
185.191.171.5 - - [12/Oct/2022:11:32:25 -0700] "GET /phpMyAdmin/setup/?token=f63654a6df7a580c76fb38aed264dff5&version_check=1 HTTP/1.1" 200 12691 "-" "Mozilla/5.0 (compatible; SemrushBot/7~bl; +http://www.semrush.com/bot.html)" "www.tekmedicgloves.com"
185.191.171.41 - - [12/Oct/2022:11:33:04 -0700] "GET /phpMyAdmin/setup/?token=065e24681ff00f118a582eb320e3b7f2&version_check=1 HTTP/1.1" 200 12687 "-" "Mozilla/5.0 (compatible; SemrushBot/7~bl; +http://www.semrush.com/bot.html)" "tekmedicgloves.com"
185.191.171.44 - - [12/Oct/2022:11:33:06 -0700] "GET /phpMyAdmin/setup/?token=ebfe8f4189ff68f66b0bbd51b1f84cc2&version_check=1 HTTP/1.1" 200 12691 "-" "Mozilla/5.0 (compatible; SemrushBot/7~bl; +http://www.semrush.com/bot.html)" "www.tekmedicgloves.com"
185.191.171.18 - - [12/Oct/2022:11:33:10 -0700] "GET /phpMyAdmin/setup/?token=fb5bad27240c2835505eafefc266557d&version_check=1 HTTP/1.1" 200 12687 "-" "Mozilla/5.0 (compatible; SemrushBot/7~bl; +http://www.semrush.com/bot.html)" "tekmedicgloves.com"
185.191.171.35 - - [12/Oct/2022:11:33:15 -0700] "GET /phpMyAdmin/setup/?token=be6258d159df72b45f811366f6489b81&version_check=1 HTTP/1.1" 200 12691 "-" "Mozilla/5.0 (compatible; SemrushBot/7~bl; +http://www.semrush.com/bot.html)" "www.tekmedicgloves.com"
185.191.171.37 - - [12/Oct/2022:11:33:22 -0700] "GET /phpMyAdmin/setup/?token=e39595d7e82e7773990b763c8a0afb4d&version_check=1 HTTP/1.1" 200 12687 "-" "Mozilla/5.0 (compatible; SemrushBot/7~bl; +http://www.semrush.com/bot.html)" "tekmedicgloves.com"
185.191.171.9 - - [12/Oct/2022:11:33:25 -0700] "GET /phpMyAdmin/setup/?token=0d3c61026278ad267d045f0badb1420b&version_check=1 HTTP/1.1" 200 12687 "-" "Mozilla/5.0 (compatible; SemrushBot/7~bl; +http://www.semrush.com/bot.html)" "tekmedicgloves.com"
185.191.171.17 - - [12/Oct/2022:11:33:30 -0700] "GET /phpMyAdmin/setup/?token=d17c0c52920b3adb148a0fb51c323bd9&version_check=1 HTTP/1.1" 200 12691 "-" "Mozilla/5.0 (compatible; SemrushBot/7~bl; +http://www.semrush.com/bot.html)" "www.tekmedicgloves.com"
185.191.171.22 - - [12/Oct/2022:11:33:32 -0700] "GET /phpMyAdmin/setup/?token=f0b1bdf75c33f988a9de40d025b403ef&version_check=1 HTTP/1.1" 200 12691 "-" "Mozilla/5.0 (compatible; SemrushBot/7~bl; +http://www.semrush.com/bot.html)" "www.tekmedicgloves.com"
185.191.171.19 - - [12/Oct/2022:11:33:38 -0700] "GET /phpMyAdmin/setup/?token=0e7b3b32be31df8ebf53ce908f9f01d3&version_check=1 HTTP/1.1" 200 12691 "-" "Mozilla/5.0 (compatible; SemrushBot/7~bl; +http://www.semrush.com/bot.html)" "www.tekmedicgloves.com"
185.191.171.4 - - [12/Oct/2022:11:33:46 -0700] "GET /phpMyAdmin/setup/?token=f9f75d6661ed0c4a0ee6f82d8ac5b734&version_check=1 HTTP/1.1" 200 12691 "-" "Mozilla/5.0 (compatible; SemrushBot/7~bl; +http://www.semrush.com/bot.html)" "www.tekmedicgloves.com"
185.191.171.10 - - [12/Oct/2022:11:33:58 -0700] "GET /phpMyAdmin/setup/?token=ba8292f06f2e406db384ac6b9842c08b&version_check=1 HTTP/1.1" 200 12691 "-" "Mozilla/5.0 (compatible; SemrushBot/7~bl; +http://www.semrush.com/bot.html)" "www.tekmedicgloves.com"
185.191.171.4 - - [12/Oct/2022:11:33:59 -0700] "GET /phpMyAdmin/setup/?token=c82675aae556971796cb8160247c73fb&version_check=1 HTTP/1.1" 200 12691 "-" "Mozilla/5.0 (compatible; SemrushBot/7~bl; +http://www.semrush.com/bot.html)" "www.tekmedicgloves.com"
185.191.171.33 - - [12/Oct/2022:11:34:04 -0700] "GET /phpMyAdmin/setup/?token=d0b38da401c8a7358dd8f915ae3b5cbd&version_check=1 HTTP/1.1" 200 12691 "-" "Mozilla/5.0 (compatible; SemrushBot/7~bl; +http://www.semrush.com/bot.html)" "www.tekmedicgloves.com"
185.191.171.19 - - [12/Oct/2022:11:34:20 -0700] "GET /phpMyAdmin/setup/?token=dbd5bab45ede60b09c989208eaf14f56&version_check=1 HTTP/1.1" 200 12691 "-" "Mozilla/5.0 (compatible; SemrushBot/7~bl; +http://www.semrush.com/bot.html)" "www.tekmedicgloves.com"
185.191.171.33 - - [12/Oct/2022:11:35:23 -0700] "GET /phpMyAdmin/setup/?token=e9d4e49529f1070e79ecb4abc98ed7a6&version_check=1 HTTP/1.1" 200 12687 "-" "Mozilla/5.0 (compatible; SemrushBot/7~bl; +http://www.semrush.com/bot.html)" "tekmedicgloves.com"
185.191.171.8 - - [12/Oct/2022:11:35:25 -0700] "GET /phpMyAdmin/setup/?token=edb097ada7d73f9e2474e1beae299941&version_check=1 HTTP/1.1" 200 12687 "-" "Mozilla/5.0 (compatible; SemrushBot/7~bl; +http://www.semrush.com/bot.html)" "tekmedicgloves.com"
185.191.171.8 - - [12/Oct/2022:11:35:29 -0700] "GET /phpMyAdmin/setup/?token=faa5611dcedf2fbffb72d74c28bb50cb&version_check=1 HTTP/1.1" 200 12687 "-" "Mozilla/5.0 (compatible; SemrushBot/7~bl; +http://www.semrush.com/bot.html)" "tekmedicgloves.com"
185.191.171.44 - - [12/Oct/2022:11:35:43 -0700] "GET /phpMyAdmin/setup/?token=f60b4d996e21d2e0fece933d823ec87e&version_check=1 HTTP/1.1" 200 12687 "-" "Mozilla/5.0 (compatible; SemrushBot/7~bl; +http://www.semrush.com/bot.html)" "tekmedicgloves.com"
185.191.171.12 - - [12/Oct/2022:11:35:59 -0700] "GET /phpMyAdmin/setup/?token=f09b7ade1c7c656a7502c16d42ad756e&version_check=1 HTTP/1.1" 200 12691 "-" "Mozilla/5.0 (compatible; SemrushBot/7~bl; +http://www.semrush.com/bot.html)" "www.tekmedicgloves.com"
185.191.171.43 - - [12/Oct/2022:11:36:26 -0700] "GET /phpMyAdmin/setup/?token=0fd06b4a12772cccd88157753c55818c&version_check=1 HTTP/1.1" 200 12687 "-" "Mozilla/5.0 (compatible; SemrushBot/7~bl; +http://www.semrush.com/bot.html)" "tekmedicgloves.com"
185.191.171.4 - - [12/Oct/2022:11:36:27 -0700] "GET /phpMyAdmin/setup/?token=f2dbb7dc82e9bf5da873773ee856fe70&version_check=1 HTTP/1.1" 200 12691 "-" "Mozilla/5.0 (compatible; SemrushBot/7~bl; +http://www.semrush.com/bot.html)" "www.tekmedicgloves.com"
185.191.171.16 - - [12/Oct/2022:11:36:35 -0700] "GET /phpMyAdmin/setup/?token=edda8864a866fa004d0037f8e798e041&version_check=1 HTTP/1.1" 200 12687 "-" "Mozilla/5.0 (compatible; SemrushBot/7~bl; +http://www.semrush.com/bot.html)" "tekmedicgloves.com"
185.191.171.33 - - [12/Oct/2022:11:36:37 -0700] "GET /phpMyAdmin/setup/?token=e4e4e9b65591597f9f8147b48024a974&version_check=1 HTTP/1.1" 200 12687 "-" "Mozilla/5.0 (compatible; SemrushBot/7~bl; +http://www.semrush.com/bot.html)" "tekmedicgloves.com"
185.191.171.24 - - [12/Oct/2022:11:36:45 -0700] "GET /phpMyAdmin/setup/?token=eff1872051899d55a866e0a446e6ac08&version_check=1 HTTP/1.1" 200 12691 "-" "Mozilla/5.0 (compatible; SemrushBot/7~bl; +http://www.semrush.com/bot.html)" "www.tekmedicgloves.com"
185.191.171.11 - - [12/Oct/2022:11:36:48 -0700] "GET /phpMyAdmin/setup/?token=0c61002fa4d1321b61df8598cd1fcff6&version_check=1 HTTP/1.1" 200 12691 "-" "Mozilla/5.0 (compatible; SemrushBot/7~bl; +http://www.semrush.com/bot.html)" "www.tekmedicgloves.com"
185.191.171.9 - - [12/Oct/2022:11:36:52 -0700] "GET /phpMyAdmin/setup/?token=0175021b3ca2f3d44a9d1c4a1e04ef4c&version_check=1 HTTP/1.1" 200 12687 "-" "Mozilla/5.0 (compatible; SemrushBot/7~bl; +http://www.semrush.com/bot.html)" "tekmedicgloves.com"
185.191.171.11 - - [12/Oct/2022:11:37:19 -0700] "GET /phpMyAdmin/setup/?token=04a81b14766d479631e1970de48f5fd9&version_check=1 HTTP/1.1" 200 12691 "-" "Mozilla/5.0 (compatible; SemrushBot/7~bl; +http://www.semrush.com/bot.html)" "www.tekmedicgloves.com"
185.191.171.22 - - [12/Oct/2022:11:37:22 -0700] "GET /phpMyAdmin/setup/?token=bd279a7d671e5d7bc6a474808db31578&version_check=1 HTTP/1.1" 200 12691 "-" "Mozilla/5.0 (compatible; SemrushBot/7~bl; +http://www.semrush.com/bot.html)" "www.tekmedicgloves.com"
185.191.171.15 - - [12/Oct/2022:11:37:24 -0700] "GET /phpMyAdmin/setup/?token=d4f9556a40181200d41b530763ac7922&version_check=1 HTTP/1.1" 200 12691 "-" "Mozilla/5.0 (compatible; SemrushBot/7~bl; +http://www.semrush.com/bot.html)" "www.tekmedicgloves.com"
185.191.171.35 - - [12/Oct/2022:11:37:34 -0700] "GET /phpMyAdmin/setup/?token=07389b776aa64654c048bff3e4a1e33e&version_check=1 HTTP/1.1" 200 12691 "-" "Mozilla/5.0 (compatible; SemrushBot/7~bl; +http://www.semrush.com/bot.html)" "www.tekmedicgloves.com"
185.191.171.17 - - [12/Oct/2022:11:37:47 -0700] "GET /phpMyAdmin/setup/?token=ef06ac1920ecf2eec39f11a1f6186917&version_check=1 HTTP/1.1" 200 12691 "-" "Mozilla/5.0 (compatible; SemrushBot/7~bl; +http://www.semrush.com/bot.html)" "www.tekmedicgloves.com"
185.191.171.4 - - [12/Oct/2022:11:38:10 -0700] "GET /phpMyAdmin/setup/?token=f067dcfb7af0c90b306742f2867c872b&version_check=1 HTTP/1.1" 200 12687 "-" "Mozilla/5.0 (compatible; SemrushBot/7~bl; +http://www.semrush.com/bot.html)" "tekmedicgloves.com"
185.191.171.44 - - [12/Oct/2022:11:38:20 -0700] "GET /phpMyAdmin/setup/?token=e5f6b21df26aac2e72979f46f306ac0a&version_check=1 HTTP/1.1" 200 12687 "-" "Mozilla/5.0 (compatible; SemrushBot/7~bl; +http://www.semrush.com/bot.html)" "tekmedicgloves.com"
185.191.171.8 - - [12/Oct/2022:11:38:26 -0700] "GET /phpMyAdmin/setup/?token=f09b2882510be722536835209b6e265f&version_check=1 HTTP/1.1" 200 12691 "-" "Mozilla/5.0 (compatible; SemrushBot/7~bl; +http://www.semrush.com/bot.html)" "www.tekmedicgloves.com"
185.191.171.19 - - [12/Oct/2022:11:38:37 -0700] "GET /phpMyAdmin/setup/?token=ef23eeea1a051a6af2b9c19655a3e2df&version_check=1 HTTP/1.1" 200 12691 "-" "Mozilla/5.0 (compatible; SemrushBot/7~bl; +http://www.semrush.com/bot.html)" "www.tekmedicgloves.com"
185.191.171.19 - - [12/Oct/2022:11:38:42 -0700] "GET /phpMyAdmin/setup/?token=df1b3126e4e782267c65ac69cd37618f&version_check=1 HTTP/1.1" 200 12687 "-" "Mozilla/5.0 (compatible; SemrushBot/7~bl; +http://www.semrush.com/bot.html)" "tekmedicgloves.com"
185.191.171.19 - - [12/Oct/2022:11:39:13 -0700] "GET /phpMyAdmin/setup/?token=d843b20f19beebe034ba2369443b3c84&version_check=1 HTTP/1.1" 200 12691 "-" "Mozilla/5.0 (compatible; SemrushBot/7~bl; +http://www.semrush.com/bot.html)" "www.tekmedicgloves.com"
185.191.171.35 - - [12/Oct/2022:11:39:23 -0700] "GET /phpMyAdmin/setup/?token=e77488ff220557a7cf021d157c536106&version_check=1 HTTP/1.1" 200 12687 "-" "Mozilla/5.0 (compatible; SemrushBot/7~bl; +http://www.semrush.com/bot.html)" "tekmedicgloves.com"
185.191.171.42 - - [12/Oct/2022:11:39:25 -0700] "GET /phpMyAdmin/setup/?token=d58bd8a8f3c59802c7aef0aa7d357e00&version_check=1 HTTP/1.1" 200 12691 "-" "Mozilla/5.0 (compatible; SemrushBot/7~bl; +http://www.semrush.com/bot.html)" "www.tekmedicgloves.com"
185.191.171.45 - - [12/Oct/2022:11:39:46 -0700] "GET /phpMyAdmin/setup/?token=dea669c1a10506d66e7894f200b425b3&version_check=1 HTTP/1.1" 200 12687 "-" "Mozilla/5.0 (compatible; SemrushBot/7~bl; +http://www.semrush.com/bot.html)" "tekmedicgloves.com"
185.191.171.8 - - [12/Oct/2022:11:39:52 -0700] "GET /phpMyAdmin/setup/?token=129be9d6f46bab0e1aa5b0a35541533e&version_check=1 HTTP/1.1" 200 12687 "-" "Mozilla/5.0 (compatible; SemrushBot/7~bl; +http://www.semrush.com/bot.html)" "tekmedicgloves.com"
185.191.171.44 - - [12/Oct/2022:11:39:57 -0700] "GET /phpMyAdmin/setup/?token=f0535976640f588f6915029032e55a7a&version_check=1 HTTP/1.1" 200 12691 "-" "Mozilla/5.0 (compatible; SemrushBot/7~bl; +http://www.semrush.com/bot.html)" "www.tekmedicgloves.com"
185.191.171.23 - - [12/Oct/2022:11:40:19 -0700] "GET /phpMyAdmin/setup/?token=0293db381c5a1d347aa96a7b547983ab&version_check=1 HTTP/1.1" 200 12691 "-" "Mozilla/5.0 (compatible; SemrushBot/7~bl; +http://www.semrush.com/bot.html)" "www.tekmedicgloves.com"
185.191.171.10 - - [12/Oct/2022:11:40:21 -0700] "GET /phpMyAdmin/setup/?token=e699e26e008761f47b0651dbb26756d1&version_check=1 HTTP/1.1" 200 12687 "-" "Mozilla/5.0 (compatible; SemrushBot/7~bl; +http://www.semrush.com/bot.html)" "tekmedicgloves.com"
185.191.171.45 - - [12/Oct/2022:11:40:33 -0700] "GET /phpMyAdmin/setup/?token=f9bf91f9a888811cae72aa362a2863ff&version_check=1 HTTP/1.1" 200 12687 "-" "Mozilla/5.0 (compatible; SemrushBot/7~bl; +http://www.semrush.com/bot.html)" "tekmedicgloves.com"
185.191.171.43 - - [12/Oct/2022:11:40:39 -0700] "GET /phpMyAdmin/setup/?token=df063e9d5dc7bf198286729b3f25feca&version_check=1 HTTP/1.1" 200 12687 "-" "Mozilla/5.0 (compatible; SemrushBot/7~bl; +http://www.semrush.com/bot.html)" "tekmedicgloves.com"
185.191.171.39 - - [12/Oct/2022:11:40:46 -0700] "GET /phpMyAdmin/setup/?token=c5e80b1ce7748b68255de473ea281565&version_check=1 HTTP/1.1" 200 12691 "-" "Mozilla/5.0 (compatible; SemrushBot/7~bl; +http://www.semrush.com/bot.html)" "www.tekmedicgloves.com"
185.191.171.13 - - [12/Oct/2022:11:40:51 -0700] "GET /phpMyAdmin/setup/?token=04b2f7ce3a0d8a138ae006e5e7370f6f&version_check=1 HTTP/1.1" 200 12691 "-" "Mozilla/5.0 (compatible; SemrushBot/7~bl; +http://www.semrush.com/bot.html)" "www.tekmedicgloves.com"
185.191.171.23 - - [12/Oct/2022:11:41:01 -0700] "GET /phpMyAdmin/setup/?token=d4d5f1b161765880c06ef66bbd222f78&version_check=1 HTTP/1.1" 200 12691 "-" "Mozilla/5.0 (compatible; SemrushBot/7~bl; +http://www.semrush.com/bot.html)" "www.tekmedicgloves.com"
185.191.171.5 - - [12/Oct/2022:11:41:03 -0700] "GET /phpMyAdmin/setup/?token=dd7bc6c6c2bccb5f068af42933736673&version_check=1 HTTP/1.1" 200 12691 "-" "Mozilla/5.0 (compatible; SemrushBot/7~bl; +http://www.semrush.com/bot.html)" "www.tekmedicgloves.com"
185.191.171.45 - - [12/Oct/2022:11:41:41 -0700] "GET /phpMyAdmin/setup/?token=0d3de56db656aa1743001e37a56b20cd&version_check=1 HTTP/1.1" 200 12687 "-" "Mozilla/5.0 (compatible; SemrushBot/7~bl; +http://www.semrush.com/bot.html)" "tekmedicgloves.com"
185.191.171.22 - - [12/Oct/2022:11:41:46 -0700] "GET /phpMyAdmin/setup/?token=f38b5fe603f7ab2a8d07f94cbd2afe38&version_check=1 HTTP/1.1" 200 12687 "-" "Mozilla/5.0 (compatible; SemrushBot/7~bl; +http://www.semrush.com/bot.html)" "tekmedicgloves.com"
185.191.171.36 - - [12/Oct/2022:11:41:51 -0700] "GET /phpMyAdmin/setup/?token=e992d032a82b2a875f51314edee008bc&version_check=1 HTTP/1.1" 200 12687 "-" "Mozilla/5.0 (compatible; SemrushBot/7~bl; +http://www.semrush.com/bot.html)" "tekmedicgloves.com"
185.191.171.45 - - [12/Oct/2022:11:41:55 -0700] "GET /phpMyAdmin/setup/?token=f0969caff5f1d66d46040970ab6a3543&version_check=1 HTTP/1.1" 200 12691 "-" "Mozilla/5.0 (compatible; SemrushBot/7~bl; +http://www.semrush.com/bot.html)" "www.tekmedicgloves.com"
185.191.171.12 - - [12/Oct/2022:11:42:14 -0700] "GET /phpMyAdmin/setup/?token=040467cf39a7072642121f54f93cb1f0&version_check=1 HTTP/1.1" 200 12691 "-" "Mozilla/5.0 (compatible; SemrushBot/7~bl; +http://www.semrush.com/bot.html)" "www.tekmedicgloves.com"
185.191.171.20 - - [12/Oct/2022:11:42:23 -0700] "GET /phpMyAdmin/setup/?token=ef485732d9b71983087169995ce6ad3a&version_check=1 HTTP/1.1" 200 12691 "-" "Mozilla/5.0 (compatible; SemrushBot/7~bl; +http://www.semrush.com/bot.html)" "www.tekmedicgloves.com"
185.191.171.10 - - [12/Oct/2022:11:42:33 -0700] "GET /phpMyAdmin/setup/?token=ad889c46d2690ec5109d808e5288c429&version_check=1 HTTP/1.1" 200 12691 "-" "Mozilla/5.0 (compatible; SemrushBot/7~bl; +http://www.semrush.com/bot.html)" "www.tekmedicgloves.com"
185.191.171.15 - - [12/Oct/2022:11:42:42 -0700] "GET /phpMyAdmin/setup/?token=143b23664e5ef99d531aeac03f700476&version_check=1 HTTP/1.1" 200 12687 "-" "Mozilla/5.0 (compatible; SemrushBot/7~bl; +http://www.semrush.com/bot.html)" "tekmedicgloves.com"
185.191.171.36 - - [12/Oct/2022:11:42:44 -0700] "GET /phpMyAdmin/setup/?token=eaa29241ad34b880c28c9c88da33dcde&version_check=1 HTTP/1.1" 200 12691 "-" "Mozilla/5.0 (compatible; SemrushBot/7~bl; +http://www.semrush.com/bot.html)" "www.tekmedicgloves.com"
185.191.171.40 - - [12/Oct/2022:11:43:14 -0700] "GET /phpMyAdmin/setup/?token=0414f5fb877da07eabe5e19f9bb056b8&version_check=1 HTTP/1.1" 200 12687 "-" "Mozilla/5.0 (compatible; SemrushBot/7~bl; +http://www.semrush.com/bot.html)" "tekmedicgloves.com"
185.191.171.25 - - [12/Oct/2022:11:43:16 -0700] "GET /phpMyAdmin/setup/?token=055531085d0709c0a6b6e4c18f84aca7&version_check=1 HTTP/1.1" 200 12687 "-" "Mozilla/5.0 (compatible; SemrushBot/7~bl; +http://www.semrush.com/bot.html)" "tekmedicgloves.com"
185.191.171.38 - - [12/Oct/2022:11:43:18 -0700] "GET /phpMyAdmin/setup/?token=06babcc992b516505113b9d4b8240567&version_check=1 HTTP/1.1" 200 12687 "-" "Mozilla/5.0 (compatible; SemrushBot/7~bl; +http://www.semrush.com/bot.html)" "tekmedicgloves.com"
185.191.171.14 - - [12/Oct/2022:11:43:32 -0700] "GET /phpMyAdmin/setup/?token=fb2cb04f6695f32834005e4ae476dcae&version_check=1 HTTP/1.1" 200 12691 "-" "Mozilla/5.0 (compatible; SemrushBot/7~bl; +http://www.semrush.com/bot.html)" "www.tekmedicgloves.com"
185.191.171.43 - - [12/Oct/2022:11:43:37 -0700] "GET /phpMyAdmin/setup/?token=148f954dbecf93ab77dfe00b365848a4&version_check=1 HTTP/1.1" 200 12687 "-" "Mozilla/5.0 (compatible; SemrushBot/7~bl; +http://www.semrush.com/bot.html)" "tekmedicgloves.com"
185.191.171.19 - - [12/Oct/2022:11:43:49 -0700] "GET /phpMyAdmin/setup/?token=10066cf17719b4683776706c459d0267&version_check=1 HTTP/1.1" 200 12691 "-" "Mozilla/5.0 (compatible; SemrushBot/7~bl; +http://www.semrush.com/bot.html)" "www.tekmedicgloves.com"
185.191.171.8 - - [12/Oct/2022:11:43:51 -0700] "GET /phpMyAdmin/setup/?token=08a0dc140cd4e2bf4d595a06adcbb8e5&version_check=1 HTTP/1.1" 200 12691 "-" "Mozilla/5.0 (compatible; SemrushBot/7~bl; +http://www.semrush.com/bot.html)" "www.tekmedicgloves.com"
185.191.171.19 - - [12/Oct/2022:11:43:56 -0700] "GET /phpMyAdmin/setup/?token=d4f821af32ff18252839baea84570124&version_check=1 HTTP/1.1" 200 12691 "-" "Mozilla/5.0 (compatible; SemrushBot/7~bl; +http://www.semrush.com/bot.html)" "www.tekmedicgloves.com"
185.191.171.8 - - [12/Oct/2022:11:44:08 -0700] "GET /phpMyAdmin/setup/?token=c1b64ae19c78086a10ec6b125e65057e&version_check=1 HTTP/1.1" 200 12691 "-" "Mozilla/5.0 (compatible; SemrushBot/7~bl; +http://www.semrush.com/bot.html)" "www.tekmedicgloves.com"
54.36.149.103 - - [12/Oct/2022:11:44:17 -0700] "GET /robots.txt HTTP/1.1" 404 88 "-" "Mozilla/5.0 (compatible; AhrefsBot/7.0; +http://ahrefs.com/robot/)" "tekmedicgloves.com"
51.222.253.12 - - [12/Oct/2022:11:44:17 -0700] "GET /beta/products.php?cat=20&subcat=27 HTTP/1.1" 200 35564 "-" "Mozilla/5.0 (compatible; AhrefsBot/7.0; +http://ahrefs.com/robot/)" "tekmedicgloves.com"
51.222.253.8 - - [12/Oct/2022:11:44:22 -0700] "GET /beta/wp-content/themes/CherryFramework/js/jquery.ba-resize.min.js HTTP/1.1" 200 616 "-" "Mozilla/5.0 (compatible; AhrefsBot/7.0; +http://ahrefs.com/robot/)" "tekmedicgloves.com"
51.222.253.14 - - [12/Oct/2022:11:44:22 -0700] "GET /beta/wp-content/themes/CherryFramework/js/jflickrfeed.js HTTP/1.1" 200 560 "-" "Mozilla/5.0 (compatible; AhrefsBot/7.0; +http://ahrefs.com/robot/)" "tekmedicgloves.com"
51.222.253.10 - - [12/Oct/2022:11:44:22 -0700] "GET /beta/wp-content/plugins/cherry-plugin/lib/js/FlexSlider/flexslider.css HTTP/1.1" 200 1323 "-" "Mozilla/5.0 (compatible; AhrefsBot/7.0; +http://ahrefs.com/robot/)" "tekmedicgloves.com"
51.222.253.5 - - [12/Oct/2022:11:44:23 -0700] "GET /beta/wp-content/themes/theme48838/bootstrap/css/responsive.css HTTP/1.1" 200 4226 "-" "Mozilla/5.0 (compatible; AhrefsBot/7.0; +http://ahrefs.com/robot/)" "tekmedicgloves.com"
51.222.253.20 - - [12/Oct/2022:11:44:23 -0700] "GET /beta/wp-content/themes/theme48838/images/social/facebook.png HTTP/1.1" 200 1671 "-" "Mozilla/5.0 (compatible; AhrefsBot/7.0; +http://ahrefs.com/robot/)" "tekmedicgloves.com"
51.222.253.3 - - [12/Oct/2022:11:44:23 -0700] "GET /beta/wp-content/themes/theme48838/images/logo.png HTTP/1.1" 200 27710 "-" "Mozilla/5.0 (compatible; AhrefsBot/7.0; +http://ahrefs.com/robot/)" "tekmedicgloves.com"
51.222.253.13 - - [12/Oct/2022:11:44:23 -0700] "GET /beta/wp-content/themes/theme48838/images/social/rss.png HTTP/1.1" 200 2128 "-" "Mozilla/5.0 (compatible; AhrefsBot/7.0; +http://ahrefs.com/robot/)" "tekmedicgloves.com"
51.222.253.3 - - [12/Oct/2022:11:44:24 -0700] "GET /beta/wp-content/themes/CherryFramework/js/jplayer.playlist.min.js HTTP/1.1" 200 2404 "-" "Mozilla/5.0 (compatible; AhrefsBot/7.0; +http://ahrefs.com/robot/)" "tekmedicgloves.com"
51.222.253.16 - - [12/Oct/2022:11:44:24 -0700] "GET /beta/wp-content/themes/CherryFramework/js/superfish.js HTTP/1.1" 200 1280 "-" "Mozilla/5.0 (compatible; AhrefsBot/7.0; +http://ahrefs.com/robot/)" "tekmedicgloves.com"
51.222.253.7 - - [12/Oct/2022:11:44:24 -0700] "GET /beta/wp-content/plugins/cherry-plugin/lib/js/owl-carousel/owl.theme.css HTTP/1.1" 200 606 "-" "Mozilla/5.0 (compatible; AhrefsBot/7.0; +http://ahrefs.com/robot/)" "tekmedicgloves.com"
51.222.253.13 - - [12/Oct/2022:11:44:24 -0700] "GET /beta/wp-content/themes/theme48838/images/social/google.png HTTP/1.1" 200 1611 "-" "Mozilla/5.0 (compatible; AhrefsBot/7.0; +http://ahrefs.com/robot/)" "tekmedicgloves.com"
51.222.253.20 - - [12/Oct/2022:11:44:25 -0700] "GET /beta/wp-content/themes/theme48838/main-style.css HTTP/1.1" 200 4849 "-" "Mozilla/5.0 (compatible; AhrefsBot/7.0; +http://ahrefs.com/robot/)" "tekmedicgloves.com"
51.222.253.15 - - [12/Oct/2022:11:44:25 -0700] "GET /beta/wp-content/themes/CherryFramework/js/jquery.debouncedresize.js HTTP/1.1" 200 226 "-" "Mozilla/5.0 (compatible; AhrefsBot/7.0; +http://ahrefs.com/robot/)" "tekmedicgloves.com"
51.222.253.20 - - [12/Oct/2022:11:44:25 -0700] "GET /beta/wp-content/themes/CherryFramework/bootstrap/js/bootstrap.min.js HTTP/1.1" 200 7654 "-" "Mozilla/5.0 (compatible; AhrefsBot/7.0; +http://ahrefs.com/robot/)" "tekmedicgloves.com"
51.222.253.4 - - [12/Oct/2022:11:44:25 -0700] "GET /beta/wp-content/plugins/contact-form-7/includes/js/scripts.js HTTP/1.1" 200 1850 "-" "Mozilla/5.0 (compatible; AhrefsBot/7.0; +http://ahrefs.com/robot/)" "tekmedicgloves.com"
51.222.253.12 - - [12/Oct/2022:11:44:26 -0700] "GET /beta/wp-content/plugins/cherry-plugin/lib/js/jquery.easing.1.3.js HTTP/1.1" 200 814 "-" "Mozilla/5.0 (compatible; AhrefsBot/7.0; +http://ahrefs.com/robot/)" "tekmedicgloves.com"
51.222.253.7 - - [12/Oct/2022:11:44:26 -0700] "GET /beta/wp-content/plugins/cherry-plugin/includes/css/cherry-plugin.css HTTP/1.1" 200 4752 "-" "Mozilla/5.0 (compatible; AhrefsBot/7.0; +http://ahrefs.com/robot/)" "tekmedicgloves.com"
51.222.253.3 - - [12/Oct/2022:11:44:26 -0700] "GET /beta/wp-content/themes/CherryFramework/js/jquery.jplayer.min.js HTTP/1.1" 200 11945 "-" "Mozilla/5.0 (compatible; AhrefsBot/7.0; +http://ahrefs.com/robot/)" "tekmedicgloves.com"
51.222.253.7 - - [12/Oct/2022:11:44:26 -0700] "GET /beta/wp-content/themes/CherryFramework/css/camera.css HTTP/1.1" 200 3117 "-" "Mozilla/5.0 (compatible; AhrefsBot/7.0; +http://ahrefs.com/robot/)" "tekmedicgloves.com"
51.222.253.4 - - [12/Oct/2022:11:44:27 -0700] "GET /beta/wp-content/plugins/cherry-plugin/lib/js/elasti-carousel/jquery.elastislide.js HTTP/1.1" 200 1963 "-" "Mozilla/5.0 (compatible; AhrefsBot/7.0; +http://ahrefs.com/robot/)" "tekmedicgloves.com"
51.222.253.11 - - [12/Oct/2022:11:44:27 -0700] "GET /beta/wp-content/themes/CherryFramework/js/jquery-1.7.2.min.js HTTP/1.1" 200 33630 "-" "Mozilla/5.0 (compatible; AhrefsBot/7.0; +http://ahrefs.com/robot/)" "tekmedicgloves.com"
51.222.253.10 - - [12/Oct/2022:11:44:27 -0700] "GET /beta/wp-content/themes/CherryFramework/css/magnific-popup.css HTTP/1.1" 200 2166 "-" "Mozilla/5.0 (compatible; AhrefsBot/7.0; +http://ahrefs.com/robot/)" "tekmedicgloves.com"
51.222.253.14 - - [12/Oct/2022:11:44:28 -0700] "GET /beta/wp-content/plugins/cherry-plugin/lib/js/FlexSlider/jquery.flexslider-min.js HTTP/1.1" 200 5177 "-" "Mozilla/5.0 (compatible; AhrefsBot/7.0; +http://ahrefs.com/robot/)" "tekmedicgloves.com"
51.222.253.6 - - [12/Oct/2022:11:44:28 -0700] "GET /beta/wp-content/themes/CherryFramework/js/jquery.magnific-popup.min.js HTTP/1.1" 200 7493 "-" "Mozilla/5.0 (compatible; AhrefsBot/7.0; +http://ahrefs.com/robot/)" "tekmedicgloves.com"
51.222.253.8 - - [12/Oct/2022:11:44:28 -0700] "GET /beta/wp-content/themes/theme48838/images/social/twitter.png HTTP/1.1" 200 1861 "-" "Mozilla/5.0 (compatible; AhrefsBot/7.0; +http://ahrefs.com/robot/)" "tekmedicgloves.com"
51.222.253.17 - - [12/Oct/2022:11:44:29 -0700] "GET /beta/wp-content/themes/theme48838/bootstrap/css/bootstrap.css HTTP/1.1" 200 15793 "-" "Mozilla/5.0 (compatible; AhrefsBot/7.0; +http://ahrefs.com/robot/)" "tekmedicgloves.com"
51.222.253.18 - - [12/Oct/2022:11:44:29 -0700] "GET /beta/wp-content/themes/CherryFramework/js/custom.js HTTP/1.1" 200 2131 "-" "Mozilla/5.0 (compatible; AhrefsBot/7.0; +http://ahrefs.com/robot/)" "tekmedicgloves.com"
51.222.253.8 - - [12/Oct/2022:11:44:29 -0700] "GET /beta/wp-content/themes/CherryFramework/js/jquery.mobilemenu.js HTTP/1.1" 200 908 "-" "Mozilla/5.0 (compatible; AhrefsBot/7.0; +http://ahrefs.com/robot/)" "tekmedicgloves.com"
51.222.253.13 - - [12/Oct/2022:11:44:29 -0700] "GET /beta/images/product/20141111050756_3734D-Tekmedic-InoSafe-A2-Poster-Outstanding-Concept.jpg HTTP/1.1" 200 1724750 "-" "Mozilla/5.0 (compatible; AhrefsBot/7.0; +http://ahrefs.com/robot/)" "tekmedicgloves.com"
185.191.171.3 - - [12/Oct/2022:11:44:29 -0700] "GET /phpMyAdmin/setup/?token=ec7d0a047f357683e8313b2940407427&version_check=1 HTTP/1.1" 200 12687 "-" "Mozilla/5.0 (compatible; SemrushBot/7~bl; +http://www.semrush.com/bot.html)" "tekmedicgloves.com"
51.222.253.17 - - [12/Oct/2022:11:44:31 -0700] "GET /beta/wp-content/themes/CherryFramework/js/camera.min.js HTTP/1.1" 200 8551 "-" "Mozilla/5.0 (compatible; AhrefsBot/7.0; +http://ahrefs.com/robot/)" "tekmedicgloves.com"
51.222.253.18 - - [12/Oct/2022:11:44:31 -0700] "GET /beta/wp-content/themes/CherryFramework/js/modernizr.js HTTP/1.1" 200 5141 "-" "Mozilla/5.0 (compatible; AhrefsBot/7.0; +http://ahrefs.com/robot/)" "tekmedicgloves.com"
51.222.253.8 - - [12/Oct/2022:11:44:31 -0700] "GET /beta/wp-includes/js/swfobject.js HTTP/1.1" 404 88 "-" "Mozilla/5.0 (compatible; AhrefsBot/7.0; +http://ahrefs.com/robot/)" "tekmedicgloves.com"
51.222.253.17 - - [12/Oct/2022:11:44:31 -0700] "GET /beta/wp-content/themes/CherryFramework/js/jquery.mobile.customized.min.js HTTP/1.1" 200 6409 "-" "Mozilla/5.0 (compatible; AhrefsBot/7.0; +http://ahrefs.com/robot/)" "tekmedicgloves.com"
51.222.253.15 - - [12/Oct/2022:11:44:32 -0700] "GET /beta/wp-content/plugins/contact-form-7/includes/js/jquery.form.min.js HTTP/1.1" 200 5878 "-" "Mozilla/5.0 (compatible; AhrefsBot/7.0; +http://ahrefs.com/robot/)" "tekmedicgloves.com"
51.222.253.14 - - [12/Oct/2022:11:44:32 -0700] "GET /beta/wp-includes/js/comment-reply.min.js HTTP/1.1" 404 88 "-" "Mozilla/5.0 (compatible; AhrefsBot/7.0; +http://ahrefs.com/robot/)" "tekmedicgloves.com"
51.222.253.3 - - [12/Oct/2022:11:44:32 -0700] "GET /beta/wp-content/plugins/cherry-plugin/includes/js/cherry-plugin.js HTTP/1.1" 200 438 "-" "Mozilla/5.0 (compatible; AhrefsBot/7.0; +http://ahrefs.com/robot/)" "tekmedicgloves.com"
51.222.253.3 - - [12/Oct/2022:11:44:32 -0700] "GET /beta/wp-content/plugins/cherry-plugin/lib/js/owl-carousel/owl.carousel.css HTTP/1.1" 200 1119 "-" "Mozilla/5.0 (compatible; AhrefsBot/7.0; +http://ahrefs.com/robot/)" "tekmedicgloves.com"
51.222.253.3 - - [12/Oct/2022:11:44:33 -0700] "GET /beta/wp-content/plugins/contact-form-7/includes/css/styles.css HTTP/1.1" 200 392 "-" "Mozilla/5.0 (compatible; AhrefsBot/7.0; +http://ahrefs.com/robot/)" "tekmedicgloves.com"
51.222.253.7 - - [12/Oct/2022:11:44:33 -0700] "GET /beta/wp-content/themes/CherryFramework/js/jquery.isotope.js HTTP/1.1" 200 4845 "-" "Mozilla/5.0 (compatible; AhrefsBot/7.0; +http://ahrefs.com/robot/)" "tekmedicgloves.com"
185.191.171.20 - - [12/Oct/2022:11:44:41 -0700] "GET /phpMyAdmin/setup/?token=e49c915f5d35fc05bcfd67a808f36c3f&version_check=1 HTTP/1.1" 200 12687 "-" "Mozilla/5.0 (compatible; SemrushBot/7~bl; +http://www.semrush.com/bot.html)" "tekmedicgloves.com"
185.191.171.35 - - [12/Oct/2022:11:44:48 -0700] "GET /phpMyAdmin/setup/?token=ee20178e09bea950b56e7c003d194ccb&version_check=1 HTTP/1.1" 200 12687 "-" "Mozilla/5.0 (compatible; SemrushBot/7~bl; +http://www.semrush.com/bot.html)" "tekmedicgloves.com"
185.191.171.26 - - [12/Oct/2022:11:44:52 -0700] "GET /phpMyAdmin/setup/?token=0d88e5615762d050583688c6f3436c5a&version_check=1 HTTP/1.1" 200 12691 "-" "Mozilla/5.0 (compatible; SemrushBot/7~bl; +http://www.semrush.com/bot.html)" "www.tekmedicgloves.com"
185.191.171.21 - - [12/Oct/2022:11:44:57 -0700] "GET /phpMyAdmin/setup/?token=fa96587c654ca319996e94d1f5d3cb83&version_check=1 HTTP/1.1" 200 12691 "-" "Mozilla/5.0 (compatible; SemrushBot/7~bl; +http://www.semrush.com/bot.html)" "www.tekmedicgloves.com"
185.191.171.12 - - [12/Oct/2022:11:45:15 -0700] "GET /phpMyAdmin/setup/?token=e42771983c9ea05bed811f951cf1d3ef&version_check=1 HTTP/1.1" 200 12687 "-" "Mozilla/5.0 (compatible; SemrushBot/7~bl; +http://www.semrush.com/bot.html)" "tekmedicgloves.com"
185.191.171.9 - - [12/Oct/2022:11:45:19 -0700] "GET /phpMyAdmin/setup/?token=c9e82a2d81edd49c70faced300243d41&version_check=1 HTTP/1.1" 200 12691 "-" "Mozilla/5.0 (compatible; SemrushBot/7~bl; +http://www.semrush.com/bot.html)" "www.tekmedicgloves.com"
185.191.171.1 - - [12/Oct/2022:11:45:50 -0700] "GET /phpMyAdmin/setup/?token=0e16eb5715f4caaa3ad05d46ef15215a&version_check=1 HTTP/1.1" 200 12691 "-" "Mozilla/5.0 (compatible; SemrushBot/7~bl; +http://www.semrush.com/bot.html)" "www.tekmedicgloves.com"
185.191.171.14 - - [12/Oct/2022:11:45:56 -0700] "GET /phpMyAdmin/setup/?token=098985ba84336351cc16bfed647d251e&version_check=1 HTTP/1.1" 200 12691 "-" "Mozilla/5.0 (compatible; SemrushBot/7~bl; +http://www.semrush.com/bot.html)" "www.tekmedicgloves.com"
185.191.171.13 - - [12/Oct/2022:11:46:00 -0700] "GET /phpMyAdmin/setup/?token=0d2631ed465676970b68585641f35a1e&version_check=1 HTTP/1.1" 200 12687 "-" "Mozilla/5.0 (compatible; SemrushBot/7~bl; +http://www.semrush.com/bot.html)" "tekmedicgloves.com"
185.191.171.14 - - [12/Oct/2022:11:46:02 -0700] "GET /phpMyAdmin/setup/?token=ecd42c8e825aa64928b7adf13a58be69&version_check=1 HTTP/1.1" 200 12687 "-" "Mozilla/5.0 (compatible; SemrushBot/7~bl; +http://www.semrush.com/bot.html)" "tekmedicgloves.com"
185.191.171.20 - - [12/Oct/2022:11:46:03 -0700] "GET /phpMyAdmin/setup/?token=d7ac773f47c46c7c72fc0ad4fb6e1531&version_check=1 HTTP/1.1" 200 12691 "-" "Mozilla/5.0 (compatible; SemrushBot/7~bl; +http://www.semrush.com/bot.html)" "www.tekmedicgloves.com"
185.191.171.15 - - [12/Oct/2022:11:46:07 -0700] "GET /phpMyAdmin/setup/?token=08f5d5f6bef32e8fd0442258d5be424f&version_check=1 HTTP/1.1" 200 12691 "-" "Mozilla/5.0 (compatible; SemrushBot/7~bl; +http://www.semrush.com/bot.html)" "www.tekmedicgloves.com"
185.191.171.21 - - [12/Oct/2022:11:46:09 -0700] "GET /phpMyAdmin/setup/?token=de2365ff919b6004262e2f5c2e38d870&version_check=1 HTTP/1.1" 200 12687 "-" "Mozilla/5.0 (compatible; SemrushBot/7~bl; +http://www.semrush.com/bot.html)" "tekmedicgloves.com"
185.191.171.21 - - [12/Oct/2022:11:46:12 -0700] "GET /phpMyAdmin/setup/?token=006f7c9048a502257259680aeb559cb4&version_check=1 HTTP/1.1" 200 12691 "-" "Mozilla/5.0 (compatible; SemrushBot/7~bl; +http://www.semrush.com/bot.html)" "www.tekmedicgloves.com"
185.191.171.11 - - [12/Oct/2022:11:46:17 -0700] "GET /phpMyAdmin/setup/?token=0b9a7670bdd8444997b420a105a7c70e&version_check=1 HTTP/1.1" 200 12691 "-" "Mozilla/5.0 (compatible; SemrushBot/7~bl; +http://www.semrush.com/bot.html)" "www.tekmedicgloves.com"
185.191.171.15 - - [12/Oct/2022:11:46:28 -0700] "GET /phpMyAdmin/setup/?token=cf631e15226a1568887e56f94e256e22&version_check=1 HTTP/1.1" 200 12691 "-" "Mozilla/5.0 (compatible; SemrushBot/7~bl; +http://www.semrush.com/bot.html)" "www.tekmedicgloves.com"
185.191.171.4 - - [12/Oct/2022:11:46:42 -0700] "GET /phpMyAdmin/setup/?token=ea22d60af3ceea9c0d0c5888d71580ff&version_check=1 HTTP/1.1" 200 12687 "-" "Mozilla/5.0 (compatible; SemrushBot/7~bl; +http://www.semrush.com/bot.html)" "tekmedicgloves.com"
185.191.171.7 - - [12/Oct/2022:11:47:18 -0700] "GET /phpMyAdmin/setup/?token=ff512df75f2e98ab7c8e8c7b01a14b6f&version_check=1 HTTP/1.1" 200 12687 "-" "Mozilla/5.0 (compatible; SemrushBot/7~bl; +http://www.semrush.com/bot.html)" "tekmedicgloves.com"
185.191.171.14 - - [12/Oct/2022:11:47:30 -0700] "GET /phpMyAdmin/setup/?token=d13d1837b494418ebbe59bb246a77d82&version_check=1 HTTP/1.1" 200 12691 "-" "Mozilla/5.0 (compatible; SemrushBot/7~bl; +http://www.semrush.com/bot.html)" "www.tekmedicgloves.com"
185.191.171.39 - - [12/Oct/2022:11:48:04 -0700] "GET /phpMyAdmin/setup/?token=e9da4dc46bc63bc41161c01a372b1292&version_check=1 HTTP/1.1" 200 12687 "-" "Mozilla/5.0 (compatible; SemrushBot/7~bl; +http://www.semrush.com/bot.html)" "tekmedicgloves.com"
185.191.171.37 - - [12/Oct/2022:11:48:16 -0700] "GET /phpMyAdmin/setup/?token=fb7d4da530eb3a469269090e8cf1d4ad&version_check=1 HTTP/1.1" 200 12687 "-" "Mozilla/5.0 (compatible; SemrushBot/7~bl; +http://www.semrush.com/bot.html)" "tekmedicgloves.com"
185.191.171.41 - - [12/Oct/2022:11:48:18 -0700] "GET /phpMyAdmin/setup/?token=01550155c4851f9cac9d639c85ce7b9d&version_check=1 HTTP/1.1" 200 12691 "-" "Mozilla/5.0 (compatible; SemrushBot/7~bl; +http://www.semrush.com/bot.html)" "www.tekmedicgloves.com"
185.191.171.14 - - [12/Oct/2022:11:48:38 -0700] "GET /phpMyAdmin/setup/?token=f9052063e329f836a7ce0cacb0c9cec9&version_check=1 HTTP/1.1" 200 12687 "-" "Mozilla/5.0 (compatible; SemrushBot/7~bl; +http://www.semrush.com/bot.html)" "tekmedicgloves.com"
185.191.171.23 - - [12/Oct/2022:11:48:58 -0700] "GET /phpMyAdmin/setup/?token=f9a04e7a4ae16a99d065bff7eaa03a7f&version_check=1 HTTP/1.1" 200 12687 "-" "Mozilla/5.0 (compatible; SemrushBot/7~bl; +http://www.semrush.com/bot.html)" "tekmedicgloves.com"
185.191.171.2 - - [12/Oct/2022:11:49:02 -0700] "GET /phpMyAdmin/setup/?token=f9a88db46da5dcad60aa09ac28ff29b9&version_check=1 HTTP/1.1" 200 12691 "-" "Mozilla/5.0 (compatible; SemrushBot/7~bl; +http://www.semrush.com/bot.html)" "www.tekmedicgloves.com"
185.191.171.2 - - [12/Oct/2022:11:49:03 -0700] "GET /phpMyAdmin/setup/?token=0c8d48354274c1fbec3d3d4266ad0422&version_check=1 HTTP/1.1" 200 12687 "-" "Mozilla/5.0 (compatible; SemrushBot/7~bl; +http://www.semrush.com/bot.html)" "tekmedicgloves.com"
185.191.171.11 - - [12/Oct/2022:11:49:08 -0700] "GET /phpMyAdmin/setup/?token=00d4c71a2213b4cd73dee237f399cee9&version_check=1 HTTP/1.1" 200 12687 "-" "Mozilla/5.0 (compatible; SemrushBot/7~bl; +http://www.semrush.com/bot.html)" "tekmedicgloves.com"
185.191.171.44 - - [12/Oct/2022:11:49:24 -0700] "GET /robots.txt HTTP/1.1" 404 88 "-" "Mozilla/5.0 (compatible; SemrushBot/7~bl; +http://www.semrush.com/bot.html)" "www.tekmedicgloves.com"
185.191.171.1 - - [12/Oct/2022:11:49:24 -0700] "GET /phpMyAdmin/setup/?token=f867856c916427057b820839a325de1a&version_check=1 HTTP/1.1" 200 12691 "-" "Mozilla/5.0 (compatible; SemrushBot/7~bl; +http://www.semrush.com/bot.html)" "www.tekmedicgloves.com"
185.191.171.36 - - [12/Oct/2022:11:49:54 -0700] "GET /phpMyAdmin/setup/?token=f46e133af84e1bb573ce557cc4e03292&version_check=1 HTTP/1.1" 200 12691 "-" "Mozilla/5.0 (compatible; SemrushBot/7~bl; +http://www.semrush.com/bot.html)" "www.tekmedicgloves.com"
185.191.171.2 - - [12/Oct/2022:11:49:55 -0700] "GET /phpMyAdmin/setup/?token=b7375bafb6ac49142865dc76c585ed20&version_check=1 HTTP/1.1" 200 12691 "-" "Mozilla/5.0 (compatible; SemrushBot/7~bl; +http://www.semrush.com/bot.html)" "www.tekmedicgloves.com"
185.191.171.24 - - [12/Oct/2022:11:49:57 -0700] "GET /phpMyAdmin/setup/?token=fe78ab31b515fadf0c219bf4c6dba957&version_check=1 HTTP/1.1" 200 12691 "-" "Mozilla/5.0 (compatible; SemrushBot/7~bl; +http://www.semrush.com/bot.html)" "www.tekmedicgloves.com"
185.191.171.10 - - [12/Oct/2022:11:50:11 -0700] "GET /phpMyAdmin/setup/?token=b7f63f1a9f163ac6fc60824b60e94f3d&version_check=1 HTTP/1.1" 200 12691 "-" "Mozilla/5.0 (compatible; SemrushBot/7~bl; +http://www.semrush.com/bot.html)" "www.tekmedicgloves.com"
185.191.171.7 - - [12/Oct/2022:11:50:33 -0700] "GET /phpMyAdmin/setup/?token=df2c287fded1690dfc94bd6492d3814e&version_check=1 HTTP/1.1" 200 12687 "-" "Mozilla/5.0 (compatible; SemrushBot/7~bl; +http://www.semrush.com/bot.html)" "tekmedicgloves.com"
185.191.171.24 - - [12/Oct/2022:11:50:54 -0700] "GET /phpMyAdmin/setup/?token=cbb028e0a19b808160cf93dc5ef6aa0e&version_check=1 HTTP/1.1" 200 12691 "-" "Mozilla/5.0 (compatible; SemrushBot/7~bl; +http://www.semrush.com/bot.html)" "www.tekmedicgloves.com"
185.191.171.24 - - [12/Oct/2022:11:50:56 -0700] "GET /phpMyAdmin/setup/?token=ea056b4a8457166d758e9a921b3b9853&version_check=1 HTTP/1.1" 200 12687 "-" "Mozilla/5.0 (compatible; SemrushBot/7~bl; +http://www.semrush.com/bot.html)" "tekmedicgloves.com"
185.191.171.18 - - [12/Oct/2022:11:50:56 -0700] "GET /phpMyAdmin/setup/?token=f443e2ea8564a713f8367b73fe1e3a9e&version_check=1 HTTP/1.1" 200 12691 "-" "Mozilla/5.0 (compatible; SemrushBot/7~bl; +http://www.semrush.com/bot.html)" "www.tekmedicgloves.com"
185.191.171.36 - - [12/Oct/2022:11:50:58 -0700] "GET /phpMyAdmin/setup/?token=0a3defec76cf8b8e75eda7350babf136&version_check=1 HTTP/1.1" 200 12691 "-" "Mozilla/5.0 (compatible; SemrushBot/7~bl; +http://www.semrush.com/bot.html)" "www.tekmedicgloves.com"
185.191.171.41 - - [12/Oct/2022:11:51:03 -0700] "GET /phpMyAdmin/setup/?token=10252bc9b42b21a1aa386f9002e3900a&version_check=1 HTTP/1.1" 200 12687 "-" "Mozilla/5.0 (compatible; SemrushBot/7~bl; +http://www.semrush.com/bot.html)" "tekmedicgloves.com"
185.191.171.5 - - [12/Oct/2022:11:51:06 -0700] "GET /phpMyAdmin/setup/?token=fbf0471c87a32ded73e37a4510274b99&version_check=1 HTTP/1.1" 200 12687 "-" "Mozilla/5.0 (compatible; SemrushBot/7~bl; +http://www.semrush.com/bot.html)" "tekmedicgloves.com"
185.191.171.21 - - [12/Oct/2022:11:51:15 -0700] "GET /phpMyAdmin/setup/?token=fb8d970738011fc043e49b4b5e76eff1&version_check=1 HTTP/1.1" 200 12691 "-" "Mozilla/5.0 (compatible; SemrushBot/7~bl; +http://www.semrush.com/bot.html)" "www.tekmedicgloves.com"
185.191.171.18 - - [12/Oct/2022:11:51:17 -0700] "GET /phpMyAdmin/setup/?token=bd63ec9b37c71128b6815d89f8fa3bfb&version_check=1 HTTP/1.1" 200 12691 "-" "Mozilla/5.0 (compatible; SemrushBot/7~bl; +http://www.semrush.com/bot.html)" "www.tekmedicgloves.com"
185.191.171.42 - - [12/Oct/2022:11:51:29 -0700] "GET /phpMyAdmin/setup/?token=bf3485d5147c1ffad04489e6ec70b49d&version_check=1 HTTP/1.1" 200 12691 "-" "Mozilla/5.0 (compatible; SemrushBot/7~bl; +http://www.semrush.com/bot.html)" "www.tekmedicgloves.com"
185.191.171.35 - - [12/Oct/2022:11:51:40 -0700] "GET /phpMyAdmin/setup/?token=f812a3a908e197815acb63b05ce5a39e&version_check=1 HTTP/1.1" 200 12687 "-" "Mozilla/5.0 (compatible; SemrushBot/7~bl; +http://www.semrush.com/bot.html)" "tekmedicgloves.com"
185.191.171.22 - - [12/Oct/2022:11:51:46 -0700] "GET /phpMyAdmin/setup/?token=e69e1841c3e13b9c3319c1ebcabd12d6&version_check=1 HTTP/1.1" 200 12687 "-" "Mozilla/5.0 (compatible; SemrushBot/7~bl; +http://www.semrush.com/bot.html)" "tekmedicgloves.com"
185.191.171.8 - - [12/Oct/2022:11:51:49 -0700] "GET /phpMyAdmin/setup/?token=b851e20d6d608f39bb359c9a10c146d3&version_check=1 HTTP/1.1" 200 12691 "-" "Mozilla/5.0 (compatible; SemrushBot/7~bl; +http://www.semrush.com/bot.html)" "www.tekmedicgloves.com"
185.191.171.11 - - [12/Oct/2022:11:52:01 -0700] "GET /phpMyAdmin/setup/?token=d548d7c57087f79f1bda407710999692&version_check=1 HTTP/1.1" 200 12691 "-" "Mozilla/5.0 (compatible; SemrushBot/7~bl; +http://www.semrush.com/bot.html)" "www.tekmedicgloves.com"
185.191.171.7 - - [12/Oct/2022:11:52:16 -0700] "GET /phpMyAdmin/setup/?token=ee293a4579bb4938ecedf47613cc7df5&version_check=1 HTTP/1.1" 200 12691 "-" "Mozilla/5.0 (compatible; SemrushBot/7~bl; +http://www.semrush.com/bot.html)" "www.tekmedicgloves.com"
185.191.171.14 - - [12/Oct/2022:11:52:34 -0700] "GET /phpMyAdmin/setup/?token=e0d57e3a62a1178a103bf548583474cc&version_check=1 HTTP/1.1" 200 12687 "-" "Mozilla/5.0 (compatible; SemrushBot/7~bl; +http://www.semrush.com/bot.html)" "tekmedicgloves.com"
185.191.171.6 - - [12/Oct/2022:11:52:49 -0700] "GET /phpMyAdmin/setup/?token=ff0c09a2945d44339be9bbe9e577891d&version_check=1 HTTP/1.1" 200 12691 "-" "Mozilla/5.0 (compatible; SemrushBot/7~bl; +http://www.semrush.com/bot.html)" "www.tekmedicgloves.com"
185.191.171.22 - - [12/Oct/2022:11:53:02 -0700] "GET /phpMyAdmin/setup/?token=e270cfc7d0e11bb598486a298ee2ae0a&version_check=1 HTTP/1.1" 200 12687 "-" "Mozilla/5.0 (compatible; SemrushBot/7~bl; +http://www.semrush.com/bot.html)" "tekmedicgloves.com"
185.191.171.6 - - [12/Oct/2022:11:53:04 -0700] "GET /phpMyAdmin/setup/?token=e80ef5b66fbde96cff7d1d59db503638&version_check=1 HTTP/1.1" 200 12687 "-" "Mozilla/5.0 (compatible; SemrushBot/7~bl; +http://www.semrush.com/bot.html)" "tekmedicgloves.com"
185.191.171.37 - - [12/Oct/2022:11:53:09 -0700] "GET /phpMyAdmin/setup/?token=e27b240d50ab3bace5fdba01e65f95af&version_check=1 HTTP/1.1" 200 12687 "-" "Mozilla/5.0 (compatible; SemrushBot/7~bl; +http://www.semrush.com/bot.html)" "tekmedicgloves.com"
185.191.171.4 - - [12/Oct/2022:11:53:18 -0700] "GET /phpMyAdmin/setup/?token=b98b1d677fe6890a84c4bf0fabcac6b4&version_check=1 HTTP/1.1" 200 12691 "-" "Mozilla/5.0 (compatible; SemrushBot/7~bl; +http://www.semrush.com/bot.html)" "www.tekmedicgloves.com"
185.191.171.38 - - [12/Oct/2022:11:53:27 -0700] "GET /phpMyAdmin/setup/?token=e4176ed1a516eaf1e6dca60191e31268&version_check=1 HTTP/1.1" 200 12687 "-" "Mozilla/5.0 (compatible; SemrushBot/7~bl; +http://www.semrush.com/bot.html)" "tekmedicgloves.com"
185.191.171.36 - - [12/Oct/2022:11:53:29 -0700] "GET /phpMyAdmin/setup/?token=e31799a0d9207ab735e106375ce8e452&version_check=1 HTTP/1.1" 200 12687 "-" "Mozilla/5.0 (compatible; SemrushBot/7~bl; +http://www.semrush.com/bot.html)" "tekmedicgloves.com"
185.191.171.16 - - [12/Oct/2022:11:53:48 -0700] "GET /phpMyAdmin/setup/?token=fb265430ddac87317529cf5bf0c29442&version_check=1 HTTP/1.1" 200 12691 "-" "Mozilla/5.0 (compatible; SemrushBot/7~bl; +http://www.semrush.com/bot.html)" "www.tekmedicgloves.com"
185.191.171.12 - - [12/Oct/2022:11:54:01 -0700] "GET /phpMyAdmin/setup/?token=0a3abb711c98e26a0ec13ea05b5785f0&version_check=1 HTTP/1.1" 200 12691 "-" "Mozilla/5.0 (compatible; SemrushBot/7~bl; +http://www.semrush.com/bot.html)" "www.tekmedicgloves.com"
185.191.171.36 - - [12/Oct/2022:11:54:09 -0700] "GET /phpMyAdmin/setup/?token=1174c9882a3abdf0502f902767100984&version_check=1 HTTP/1.1" 200 12687 "-" "Mozilla/5.0 (compatible; SemrushBot/7~bl; +http://www.semrush.com/bot.html)" "tekmedicgloves.com"
185.191.171.15 - - [12/Oct/2022:11:54:23 -0700] "GET /phpMyAdmin/setup/?token=e0ef998f7688f1391f535c369aff5328&version_check=1 HTTP/1.1" 200 12687 "-" "Mozilla/5.0 (compatible; SemrushBot/7~bl; +http://www.semrush.com/bot.html)" "tekmedicgloves.com"
185.191.171.22 - - [12/Oct/2022:11:54:25 -0700] "GET /phpMyAdmin/setup/?token=eefb5dbc8999a2726316404845f03bc3&version_check=1 HTTP/1.1" 200 12687 "-" "Mozilla/5.0 (compatible; SemrushBot/7~bl; +http://www.semrush.com/bot.html)" "tekmedicgloves.com"
185.191.171.37 - - [12/Oct/2022:11:54:27 -0700] "GET /phpMyAdmin/setup/?token=f8534fd09621c3f599074f81178e3906&version_check=1 HTTP/1.1" 200 12687 "-" "Mozilla/5.0 (compatible; SemrushBot/7~bl; +http://www.semrush.com/bot.html)" "tekmedicgloves.com"
185.191.171.41 - - [12/Oct/2022:11:54:35 -0700] "GET /phpMyAdmin/setup/?token=d0e89982cf15ff8c9aeb866e5d71931e&version_check=1 HTTP/1.1" 200 12691 "-" "Mozilla/5.0 (compatible; SemrushBot/7~bl; +http://www.semrush.com/bot.html)" "www.tekmedicgloves.com"
185.191.171.25 - - [12/Oct/2022:11:54:43 -0700] "GET /phpMyAdmin/setup/?token=bc3066b9cd6497fbe56c20c61e4debe9&version_check=1 HTTP/1.1" 200 12691 "-" "Mozilla/5.0 (compatible; SemrushBot/7~bl; +http://www.semrush.com/bot.html)" "www.tekmedicgloves.com"
185.191.171.45 - - [12/Oct/2022:11:54:44 -0700] "GET /phpMyAdmin/setup/?token=be159567316045190d81df0ffa750f8a&version_check=1 HTTP/1.1" 200 12691 "-" "Mozilla/5.0 (compatible; SemrushBot/7~bl; +http://www.semrush.com/bot.html)" "www.tekmedicgloves.com"
185.191.171.16 - - [12/Oct/2022:11:54:53 -0700] "GET /phpMyAdmin/setup/?token=0f171d49e66d905c851f2f4c530140a4&version_check=1 HTTP/1.1" 200 12691 "-" "Mozilla/5.0 (compatible; SemrushBot/7~bl; +http://www.semrush.com/bot.html)" "www.tekmedicgloves.com"
185.191.171.42 - - [12/Oct/2022:11:55:01 -0700] "GET /phpMyAdmin/setup/?token=ecfbb35cc9df983179a7bd06f3163cab&version_check=1 HTTP/1.1" 200 12687 "-" "Mozilla/5.0 (compatible; SemrushBot/7~bl; +http://www.semrush.com/bot.html)" "tekmedicgloves.com"
185.191.171.42 - - [12/Oct/2022:11:55:13 -0700] "GET /phpMyAdmin/setup/?token=fd739a821c7737bf60a31b5116e6ecda&version_check=1 HTTP/1.1" 200 12691 "-" "Mozilla/5.0 (compatible; SemrushBot/7~bl; +http://www.semrush.com/bot.html)" "www.tekmedicgloves.com"
185.191.171.24 - - [12/Oct/2022:11:55:15 -0700] "GET /phpMyAdmin/setup/?token=df379201a3aefaab476ef479c80294fc&version_check=1 HTTP/1.1" 200 12687 "-" "Mozilla/5.0 (compatible; SemrushBot/7~bl; +http://www.semrush.com/bot.html)" "tekmedicgloves.com"
185.191.171.21 - - [12/Oct/2022:11:55:20 -0700] "GET /phpMyAdmin/setup/?token=e67dfff44a0b4f71fc1efc71cb4e451a&version_check=1 HTTP/1.1" 200 12687 "-" "Mozilla/5.0 (compatible; SemrushBot/7~bl; +http://www.semrush.com/bot.html)" "tekmedicgloves.com"
185.191.171.25 - - [12/Oct/2022:11:56:15 -0700] "GET /phpMyAdmin/setup/?token=b6766a24d8eec5e096ca50eca0d95415&version_check=1 HTTP/1.1" 200 12691 "-" "Mozilla/5.0 (compatible; SemrushBot/7~bl; +http://www.semrush.com/bot.html)" "www.tekmedicgloves.com"
185.191.171.35 - - [12/Oct/2022:11:56:32 -0700] "GET /phpMyAdmin/setup/?token=e050aa32b3f76ada043f0f2b9acd2991&version_check=1 HTTP/1.1" 200 12687 "-" "Mozilla/5.0 (compatible; SemrushBot/7~bl; +http://www.semrush.com/bot.html)" "tekmedicgloves.com"
185.191.171.34 - - [12/Oct/2022:11:56:44 -0700] "GET /phpMyAdmin/setup/?token=1016bc67c2cb92f24e20bb18740d72c8&version_check=1 HTTP/1.1" 200 12687 "-" "Mozilla/5.0 (compatible; SemrushBot/7~bl; +http://www.semrush.com/bot.html)" "tekmedicgloves.com"
185.191.171.45 - - [12/Oct/2022:11:56:51 -0700] "GET /phpMyAdmin/setup/?token=1583596cf19bba6e43f6edddfa83530f&version_check=1 HTTP/1.1" 200 12687 "-" "Mozilla/5.0 (compatible; SemrushBot/7~bl; +http://www.semrush.com/bot.html)" "tekmedicgloves.com"
185.191.171.6 - - [12/Oct/2022:11:56:54 -0700] "GET /phpMyAdmin/setup/?token=0431cd12203f8f1e76cc3a3e0082c372&version_check=1 HTTP/1.1" 200 12691 "-" "Mozilla/5.0 (compatible; SemrushBot/7~bl; +http://www.semrush.com/bot.html)" "www.tekmedicgloves.com"
185.191.171.35 - - [12/Oct/2022:11:57:08 -0700] "GET /phpMyAdmin/setup/?token=cc354a5ea57a7104a10df942e9ce57dd&version_check=1 HTTP/1.1" 200 12691 "-" "Mozilla/5.0 (compatible; SemrushBot/7~bl; +http://www.semrush.com/bot.html)" "www.tekmedicgloves.com"
185.191.171.19 - - [12/Oct/2022:11:57:10 -0700] "GET /phpMyAdmin/setup/?token=057dbe5cc21ec700d8bae5a97b5276ef&version_check=1 HTTP/1.1" 200 12691 "-" "Mozilla/5.0 (compatible; SemrushBot/7~bl; +http://www.semrush.com/bot.html)" "www.tekmedicgloves.com"
185.191.171.14 - - [12/Oct/2022:11:57:15 -0700] "GET /phpMyAdmin/setup/?token=0e904d0bece27a8d85743631444f6721&version_check=1 HTTP/1.1" 200 12687 "-" "Mozilla/5.0 (compatible; SemrushBot/7~bl; +http://www.semrush.com/bot.html)" "tekmedicgloves.com"
185.191.171.23 - - [12/Oct/2022:11:57:26 -0700] "GET /phpMyAdmin/setup/?token=f3eb53670ec4b8264b4ab4d972a1a9e8&version_check=1 HTTP/1.1" 200 12691 "-" "Mozilla/5.0 (compatible; SemrushBot/7~bl; +http://www.semrush.com/bot.html)" "www.tekmedicgloves.com"
185.191.171.5 - - [12/Oct/2022:11:57:28 -0700] "GET /phpMyAdmin/setup/?token=0c9abec9d47cbb9a02582d7272a3b947&version_check=1 HTTP/1.1" 200 12691 "-" "Mozilla/5.0 (compatible; SemrushBot/7~bl; +http://www.semrush.com/bot.html)" "www.tekmedicgloves.com"
185.191.171.7 - - [12/Oct/2022:11:57:55 -0700] "GET /phpMyAdmin/setup/?token=d7bdd3198e2ef78de08c29e34ce934e0&version_check=1 HTTP/1.1" 200 12691 "-" "Mozilla/5.0 (compatible; SemrushBot/7~bl; +http://www.semrush.com/bot.html)" "www.tekmedicgloves.com"
185.191.171.36 - - [12/Oct/2022:11:58:03 -0700] "GET /phpMyAdmin/setup/?token=09bd00f0f4f84084883397471580b15f&version_check=1 HTTP/1.1" 200 12687 "-" "Mozilla/5.0 (compatible; SemrushBot/7~bl; +http://www.semrush.com/bot.html)" "tekmedicgloves.com"
