185.191.171.42 - - [12/Oct/2022:04:40:19 -0700] "GET /phpMyAdmin/setup/?token=c0f5ca0d8571fed15bcebe873eda8127&version_check=1 HTTP/1.1" 200 12691 "-" "Mozilla/5.0 (compatible; SemrushBot/7~bl; +http://www.semrush.com/bot.html)" "www.tekmedicgloves.com"
185.191.171.25 - - [12/Oct/2022:04:40:21 -0700] "GET /phpMyAdmin/setup/?token=c37c0b588e9c612ef8209cca8a3abc93&version_check=1 HTTP/1.1" 200 12691 "-" "Mozilla/5.0 (compatible; SemrushBot/7~bl; +http://www.semrush.com/bot.html)" "www.tekmedicgloves.com"
185.191.171.41 - - [12/Oct/2022:04:40:28 -0700] "GET /phpMyAdmin/setup/?token=e55ec40a38d2a870db7f963f3ed0ae6a&version_check=1 HTTP/1.1" 200 12687 "-" "Mozilla/5.0 (compatible; SemrushBot/7~bl; +http://www.semrush.com/bot.html)" "tekmedicgloves.com"
114.119.139.220 - - [12/Oct/2022:04:40:29 -0700] "GET /beta/home.php HTTP/1.1" 200 35074 "-" "Mozilla/5.0 (Linux; Android 7.0;) AppleWebKit/537.36 (KHTML, like Gecko) Mobile Safari/537.36 (compatible; PetalBot;+https://webmaster.petalsearch.com/site/petalbot)" "www.tekmedicgloves.com"
185.191.171.11 - - [12/Oct/2022:04:40:29 -0700] "GET /phpMyAdmin/setup/?token=eba26a3e29e61a1cc6e960f28ae9a12f&version_check=1 HTTP/1.1" 200 12691 "-" "Mozilla/5.0 (compatible; SemrushBot/7~bl; +http://www.semrush.com/bot.html)" "www.tekmedicgloves.com"
114.119.139.220 - - [12/Oct/2022:04:40:30 -0700] "GET /beta/wp-content/themes/CherryFramework/css/camera.css HTTP/1.1" 200 3117 "http://www.tekmedicgloves.com/beta/home.php" "Mozilla/5.0 (Linux; Android 7.0;) AppleWebKit/537.36 (KHTML, like Gecko) Mobile Safari/537.36 (compatible; PetalBot;+https://webmaster.petalsearch.com/site/petalbot)" "www.tekmedicgloves.com"
114.119.139.220 - - [12/Oct/2022:04:40:30 -0700] "GET /beta/wp-content/themes/theme48838/bootstrap/css/responsive.css HTTP/1.1" 200 4226 "http://www.tekmedicgloves.com/beta/home.php" "Mozilla/5.0 (Linux; Android 7.0;) AppleWebKit/537.36 (KHTML, like Gecko) Mobile Safari/537.36 (compatible; PetalBot;+https://webmaster.petalsearch.com/site/petalbot)" "www.tekmedicgloves.com"
114.119.139.220 - - [12/Oct/2022:04:40:30 -0700] "GET /beta/wp-content/themes/theme48838/bootstrap/css/bootstrap.css HTTP/1.1" 200 15793 "http://www.tekmedicgloves.com/beta/home.php" "Mozilla/5.0 (Linux; Android 7.0;) AppleWebKit/537.36 (KHTML, like Gecko) Mobile Safari/537.36 (compatible; PetalBot;+https://webmaster.petalsearch.com/site/petalbot)" "www.tekmedicgloves.com"
114.119.139.220 - - [12/Oct/2022:04:40:30 -0700] "GET /beta/wp-content/plugins/cherry-plugin/lib/js/owl-carousel/owl.carousel.css HTTP/1.1" 200 1119 "http://www.tekmedicgloves.com/beta/home.php" "Mozilla/5.0 (Linux; Android 7.0;) AppleWebKit/537.36 (KHTML, like Gecko) Mobile Safari/537.36 (compatible; PetalBot;+https://webmaster.petalsearch.com/site/petalbot)" "www.tekmedicgloves.com"
114.119.139.220 - - [12/Oct/2022:04:40:30 -0700] "GET /beta/wp-content/plugins/cherry-plugin/lib/js/FlexSlider/flexslider.css HTTP/1.1" 200 1323 "http://www.tekmedicgloves.com/beta/home.php" "Mozilla/5.0 (Linux; Android 7.0;) AppleWebKit/537.36 (KHTML, like Gecko) Mobile Safari/537.36 (compatible; PetalBot;+https://webmaster.petalsearch.com/site/petalbot)" "www.tekmedicgloves.com"
114.119.139.220 - - [12/Oct/2022:04:40:30 -0700] "GET /beta/wp-content/plugins/cherry-plugin/lib/js/owl-carousel/owl.theme.css HTTP/1.1" 200 606 "http://www.tekmedicgloves.com/beta/home.php" "Mozilla/5.0 (Linux; Android 7.0;) AppleWebKit/537.36 (KHTML, like Gecko) Mobile Safari/537.36 (compatible; PetalBot;+https://webmaster.petalsearch.com/site/petalbot)" "www.tekmedicgloves.com"
114.119.139.220 - - [12/Oct/2022:04:40:30 -0700] "GET /beta/wp-content/themes/theme48838/style.css HTTP/1.1" 200 243 "http://www.tekmedicgloves.com/beta/home.php" "Mozilla/5.0 (Linux; Android 7.0;) AppleWebKit/537.36 (KHTML, like Gecko) Mobile Safari/537.36 (compatible; PetalBot;+https://webmaster.petalsearch.com/site/petalbot)" "www.tekmedicgloves.com"
114.119.139.220 - - [12/Oct/2022:04:40:30 -0700] "GET /beta/wp-content/plugins/cherry-plugin/includes/css/cherry-plugin.css HTTP/1.1" 200 4752 "http://www.tekmedicgloves.com/beta/home.php" "Mozilla/5.0 (Linux; Android 7.0;) AppleWebKit/537.36 (KHTML, like Gecko) Mobile Safari/537.36 (compatible; PetalBot;+https://webmaster.petalsearch.com/site/petalbot)" "www.tekmedicgloves.com"
114.119.139.220 - - [12/Oct/2022:04:40:30 -0700] "GET /beta/wp-content/plugins/contact-form-7/includes/css/styles.css HTTP/1.1" 200 392 "http://www.tekmedicgloves.com/beta/home.php" "Mozilla/5.0 (Linux; Android 7.0;) AppleWebKit/537.36 (KHTML, like Gecko) Mobile Safari/537.36 (compatible; PetalBot;+https://webmaster.petalsearch.com/site/petalbot)" "www.tekmedicgloves.com"
114.119.139.220 - - [12/Oct/2022:04:40:31 -0700] "GET /beta/wp-content/themes/theme48838/main-style.css HTTP/1.1" 200 4849 "http://www.tekmedicgloves.com/beta/home.php" "Mozilla/5.0 (Linux; Android 7.0;) AppleWebKit/537.36 (KHTML, like Gecko) Mobile Safari/537.36 (compatible; PetalBot;+https://webmaster.petalsearch.com/site/petalbot)" "www.tekmedicgloves.com"
114.119.139.220 - - [12/Oct/2022:04:40:31 -0700] "GET /beta/wp-content/themes/CherryFramework/css/magnific-popup.css HTTP/1.1" 200 2166 "http://www.tekmedicgloves.com/beta/home.php" "Mozilla/5.0 (Linux; Android 7.0;) AppleWebKit/537.36 (KHTML, like Gecko) Mobile Safari/537.36 (compatible; PetalBot;+https://webmaster.petalsearch.com/site/petalbot)" "www.tekmedicgloves.com"
114.119.139.220 - - [12/Oct/2022:04:40:31 -0700] "GET /beta/wp-includes/js/comment-reply.min.js HTTP/1.1" 404 88 "http://www.tekmedicgloves.com/beta/home.php" "Mozilla/5.0 (Linux; Android 7.0;) AppleWebKit/537.36 (KHTML, like Gecko) Mobile Safari/537.36 (compatible; PetalBot;+https://webmaster.petalsearch.com/site/petalbot)" "www.tekmedicgloves.com"
114.119.139.220 - - [12/Oct/2022:04:40:31 -0700] "GET /beta/wp-content/themes/CherryFramework/js/jquery-1.7.2.min.js HTTP/1.1" 200 33630 "http://www.tekmedicgloves.com/beta/home.php" "Mozilla/5.0 (Linux; Android 7.0;) AppleWebKit/537.36 (KHTML, like Gecko) Mobile Safari/537.36 (compatible; PetalBot;+https://webmaster.petalsearch.com/site/petalbot)" "www.tekmedicgloves.com"
114.119.139.220 - - [12/Oct/2022:04:40:31 -0700] "GET /beta/wp-includes/js/swfobject.js HTTP/1.1" 404 88 "http://www.tekmedicgloves.com/beta/home.php" "Mozilla/5.0 (Linux; Android 7.0;) AppleWebKit/537.36 (KHTML, like Gecko) Mobile Safari/537.36 (compatible; PetalBot;+https://webmaster.petalsearch.com/site/petalbot)" "www.tekmedicgloves.com"
114.119.139.220 - - [12/Oct/2022:04:40:31 -0700] "GET /beta/wp-content/themes/CherryFramework/js/modernizr.js HTTP/1.1" 200 5141 "http://www.tekmedicgloves.com/beta/home.php" "Mozilla/5.0 (Linux; Android 7.0;) AppleWebKit/537.36 (KHTML, like Gecko) Mobile Safari/537.36 (compatible; PetalBot;+https://webmaster.petalsearch.com/site/petalbot)" "www.tekmedicgloves.com"
114.119.139.220 - - [12/Oct/2022:04:40:31 -0700] "GET /beta/wp-content/themes/CherryFramework/js/jflickrfeed.js HTTP/1.1" 200 560 "http://www.tekmedicgloves.com/beta/home.php" "Mozilla/5.0 (Linux; Android 7.0;) AppleWebKit/537.36 (KHTML, like Gecko) Mobile Safari/537.36 (compatible; PetalBot;+https://webmaster.petalsearch.com/site/petalbot)" "www.tekmedicgloves.com"
114.119.139.220 - - [12/Oct/2022:04:40:31 -0700] "GET /beta/wp-content/themes/CherryFramework/js/custom.js HTTP/1.1" 200 2131 "http://www.tekmedicgloves.com/beta/home.php" "Mozilla/5.0 (Linux; Android 7.0;) AppleWebKit/537.36 (KHTML, like Gecko) Mobile Safari/537.36 (compatible; PetalBot;+https://webmaster.petalsearch.com/site/petalbot)" "www.tekmedicgloves.com"
114.119.139.220 - - [12/Oct/2022:04:40:31 -0700] "GET /beta/wp-content/themes/CherryFramework/bootstrap/js/bootstrap.min.js HTTP/1.1" 200 7654 "http://www.tekmedicgloves.com/beta/home.php" "Mozilla/5.0 (Linux; Android 7.0;) AppleWebKit/537.36 (KHTML, like Gecko) Mobile Safari/537.36 (compatible; PetalBot;+https://webmaster.petalsearch.com/site/petalbot)" "www.tekmedicgloves.com"
114.119.139.220 - - [12/Oct/2022:04:40:31 -0700] "GET /beta/wp-content/themes/CherryFramework/js/jquery.mobile.customized.min.js HTTP/1.1" 200 6409 "http://www.tekmedicgloves.com/beta/home.php" "Mozilla/5.0 (Linux; Android 7.0;) AppleWebKit/537.36 (KHTML, like Gecko) Mobile Safari/537.36 (compatible; PetalBot;+https://webmaster.petalsearch.com/site/petalbot)" "www.tekmedicgloves.com"
114.119.139.220 - - [12/Oct/2022:04:40:32 -0700] "GET /beta/wp-content/themes/CherryFramework/style.css HTTP/1.1" 200 331 "http://www.tekmedicgloves.com/beta/wp-content/themes/theme48838/main-style.css" "Mozilla/5.0 (Linux; Android 7.0;) AppleWebKit/537.36 (KHTML, like Gecko) Mobile Safari/537.36 (compatible; PetalBot;+https://webmaster.petalsearch.com/site/petalbot)" "www.tekmedicgloves.com"
114.119.139.220 - - [12/Oct/2022:04:40:34 -0700] "GET /beta/wp-content/plugins/contact-form-7/includes/js/jquery.form.min.js HTTP/1.1" 200 5878 "http://www.tekmedicgloves.com/beta/home.php" "Mozilla/5.0 (Linux; Android 7.0;) AppleWebKit/537.36 (KHTML, like Gecko) Mobile Safari/537.36 (compatible; PetalBot;+https://webmaster.petalsearch.com/site/petalbot)" "www.tekmedicgloves.com"
114.119.139.220 - - [12/Oct/2022:04:40:34 -0700] "GET /beta/wp-content/plugins/contact-form-7/includes/js/scripts.js HTTP/1.1" 200 1850 "http://www.tekmedicgloves.com/beta/home.php" "Mozilla/5.0 (Linux; Android 7.0;) AppleWebKit/537.36 (KHTML, like Gecko) Mobile Safari/537.36 (compatible; PetalBot;+https://webmaster.petalsearch.com/site/petalbot)" "www.tekmedicgloves.com"
114.119.139.220 - - [12/Oct/2022:04:40:34 -0700] "GET /beta/wp-content/themes/CherryFramework/css/style.css HTTP/1.1" 200 12245 "http://www.tekmedicgloves.com/beta/wp-content/themes/CherryFramework/style.css" "Mozilla/5.0 (Linux; Android 7.0;) AppleWebKit/537.36 (KHTML, like Gecko) Mobile Safari/537.36 (compatible; PetalBot;+https://webmaster.petalsearch.com/site/petalbot)" "www.tekmedicgloves.com"
114.119.139.220 - - [12/Oct/2022:04:40:35 -0700] "GET /beta/wp-content/themes/CherryFramework/js/jquery.mobilemenu.js HTTP/1.1" 200 908 "http://www.tekmedicgloves.com/beta/home.php" "Mozilla/5.0 (Linux; Android 7.0;) AppleWebKit/537.36 (KHTML, like Gecko) Mobile Safari/537.36 (compatible; PetalBot;+https://webmaster.petalsearch.com/site/petalbot)" "www.tekmedicgloves.com"
114.119.139.220 - - [12/Oct/2022:04:40:35 -0700] "GET /beta/wp-content/themes/CherryFramework/js/superfish.js HTTP/1.1" 200 1280 "http://www.tekmedicgloves.com/beta/home.php" "Mozilla/5.0 (Linux; Android 7.0;) AppleWebKit/537.36 (KHTML, like Gecko) Mobile Safari/537.36 (compatible; PetalBot;+https://webmaster.petalsearch.com/site/petalbot)" "www.tekmedicgloves.com"
114.119.139.220 - - [12/Oct/2022:04:40:35 -0700] "GET /beta/wp-includes/js/swfobject.js HTTP/1.1" 404 88 "http://www.tekmedicgloves.com/beta/home.php" "Mozilla/5.0 (Linux; Android 7.0;) AppleWebKit/537.36 (KHTML, like Gecko) Mobile Safari/537.36 (compatible; PetalBot;+https://webmaster.petalsearch.com/site/petalbot)" "www.tekmedicgloves.com"
114.119.139.220 - - [12/Oct/2022:04:40:36 -0700] "GET /beta/wp-content/plugins/cherry-plugin/lib/js/jquery.easing.1.3.js HTTP/1.1" 200 814 "http://www.tekmedicgloves.com/beta/home.php" "Mozilla/5.0 (Linux; Android 7.0;) AppleWebKit/537.36 (KHTML, like Gecko) Mobile Safari/537.36 (compatible; PetalBot;+https://webmaster.petalsearch.com/site/petalbot)" "www.tekmedicgloves.com"
114.119.139.220 - - [12/Oct/2022:04:40:37 -0700] "GET /beta/wp-content/themes/CherryFramework/js/jquery.magnific-popup.min.js HTTP/1.1" 200 7493 "http://www.tekmedicgloves.com/beta/home.php" "Mozilla/5.0 (Linux; Android 7.0;) AppleWebKit/537.36 (KHTML, like Gecko) Mobile Safari/537.36 (compatible; PetalBot;+https://webmaster.petalsearch.com/site/petalbot)" "www.tekmedicgloves.com"
114.119.139.220 - - [12/Oct/2022:04:40:37 -0700] "GET /beta/wp-content/plugins/cherry-plugin/lib/js/FlexSlider/jquery.flexslider-min.js HTTP/1.1" 200 5177 "http://www.tekmedicgloves.com/beta/home.php" "Mozilla/5.0 (Linux; Android 7.0;) AppleWebKit/537.36 (KHTML, like Gecko) Mobile Safari/537.36 (compatible; PetalBot;+https://webmaster.petalsearch.com/site/petalbot)" "www.tekmedicgloves.com"
114.119.139.220 - - [12/Oct/2022:04:40:37 -0700] "GET /beta/wp-content/themes/CherryFramework/js/jquery.jplayer.min.js HTTP/1.1" 200 11945 "http://www.tekmedicgloves.com/beta/home.php" "Mozilla/5.0 (Linux; Android 7.0;) AppleWebKit/537.36 (KHTML, like Gecko) Mobile Safari/537.36 (compatible; PetalBot;+https://webmaster.petalsearch.com/site/petalbot)" "www.tekmedicgloves.com"
114.119.139.220 - - [12/Oct/2022:04:40:37 -0700] "GET /beta/wp-content/themes/CherryFramework/js/jplayer.playlist.min.js HTTP/1.1" 200 2404 "http://www.tekmedicgloves.com/beta/home.php" "Mozilla/5.0 (Linux; Android 7.0;) AppleWebKit/537.36 (KHTML, like Gecko) Mobile Safari/537.36 (compatible; PetalBot;+https://webmaster.petalsearch.com/site/petalbot)" "www.tekmedicgloves.com"
114.119.139.220 - - [12/Oct/2022:04:40:37 -0700] "GET /beta/wp-content/themes/CherryFramework/js/camera.min.js HTTP/1.1" 200 8551 "http://www.tekmedicgloves.com/beta/home.php" "Mozilla/5.0 (Linux; Android 7.0;) AppleWebKit/537.36 (KHTML, like Gecko) Mobile Safari/537.36 (compatible; PetalBot;+https://webmaster.petalsearch.com/site/petalbot)" "www.tekmedicgloves.com"
114.119.139.220 - - [12/Oct/2022:04:40:37 -0700] "GET /beta/wp-content/themes/CherryFramework/js/jquery.debouncedresize.js HTTP/1.1" 200 226 "http://www.tekmedicgloves.com/beta/home.php" "Mozilla/5.0 (Linux; Android 7.0;) AppleWebKit/537.36 (KHTML, like Gecko) Mobile Safari/537.36 (compatible; PetalBot;+https://webmaster.petalsearch.com/site/petalbot)" "www.tekmedicgloves.com"
114.119.139.220 - - [12/Oct/2022:04:40:37 -0700] "GET /beta/wp-content/themes/CherryFramework/js/jquery.isotope.js HTTP/1.1" 200 4845 "http://www.tekmedicgloves.com/beta/home.php" "Mozilla/5.0 (Linux; Android 7.0;) AppleWebKit/537.36 (KHTML, like Gecko) Mobile Safari/537.36 (compatible; PetalBot;+https://webmaster.petalsearch.com/site/petalbot)" "www.tekmedicgloves.com"
114.119.139.220 - - [12/Oct/2022:04:40:37 -0700] "GET /beta/wp-content/themes/CherryFramework/js/jquery.ba-resize.min.js HTTP/1.1" 200 616 "http://www.tekmedicgloves.com/beta/home.php" "Mozilla/5.0 (Linux; Android 7.0;) AppleWebKit/537.36 (KHTML, like Gecko) Mobile Safari/537.36 (compatible; PetalBot;+https://webmaster.petalsearch.com/site/petalbot)" "www.tekmedicgloves.com"
114.119.139.220 - - [12/Oct/2022:04:40:37 -0700] "GET /beta/wp-content/plugins/cherry-plugin/includes/js/cherry-plugin.js HTTP/1.1" 200 438 "http://www.tekmedicgloves.com/beta/home.php" "Mozilla/5.0 (Linux; Android 7.0;) AppleWebKit/537.36 (KHTML, like Gecko) Mobile Safari/537.36 (compatible; PetalBot;+https://webmaster.petalsearch.com/site/petalbot)" "www.tekmedicgloves.com"
114.119.139.220 - - [12/Oct/2022:04:40:37 -0700] "GET /beta/wp-content/plugins/cherry-plugin/lib/js/elasti-carousel/jquery.elastislide.js HTTP/1.1" 200 1963 "http://www.tekmedicgloves.com/beta/home.php" "Mozilla/5.0 (Linux; Android 7.0;) AppleWebKit/537.36 (KHTML, like Gecko) Mobile Safari/537.36 (compatible; PetalBot;+https://webmaster.petalsearch.com/site/petalbot)" "www.tekmedicgloves.com"
185.191.171.24 - - [12/Oct/2022:04:40:55 -0700] "GET /phpMyAdmin/setup/?token=e69a8d3f3a15c16067f06b95c1d25cd6&version_check=1 HTTP/1.1" 200 12687 "-" "Mozilla/5.0 (compatible; SemrushBot/7~bl; +http://www.semrush.com/bot.html)" "tekmedicgloves.com"
185.191.171.26 - - [12/Oct/2022:04:40:59 -0700] "GET /phpMyAdmin/setup/?token=04fcb39f62a24291056f82d2d5468f8e&version_check=1 HTTP/1.1" 200 12687 "-" "Mozilla/5.0 (compatible; SemrushBot/7~bl; +http://www.semrush.com/bot.html)" "tekmedicgloves.com"
185.191.171.3 - - [12/Oct/2022:04:41:07 -0700] "GET /phpMyAdmin/setup/?token=e085471e81dc88d15ea6aca7cf78c896&version_check=1 HTTP/1.1" 200 12687 "-" "Mozilla/5.0 (compatible; SemrushBot/7~bl; +http://www.semrush.com/bot.html)" "tekmedicgloves.com"
185.191.171.24 - - [12/Oct/2022:04:41:10 -0700] "GET /phpMyAdmin/setup/?token=f599459a0b3eb2cb7ab6a68daaf31c62&version_check=1 HTTP/1.1" 200 12687 "-" "Mozilla/5.0 (compatible; SemrushBot/7~bl; +http://www.semrush.com/bot.html)" "tekmedicgloves.com"
185.191.171.43 - - [12/Oct/2022:04:41:18 -0700] "GET /phpMyAdmin/setup/?token=bbd46ba1d96a6c435a91c60ee61c28ed&version_check=1 HTTP/1.1" 200 12691 "-" "Mozilla/5.0 (compatible; SemrushBot/7~bl; +http://www.semrush.com/bot.html)" "www.tekmedicgloves.com"
185.191.171.4 - - [12/Oct/2022:04:41:48 -0700] "GET /phpMyAdmin/setup/?token=b8e290a2d3c26e68c46ce0ae59239825&version_check=1 HTTP/1.1" 200 12691 "-" "Mozilla/5.0 (compatible; SemrushBot/7~bl; +http://www.semrush.com/bot.html)" "www.tekmedicgloves.com"
185.191.171.25 - - [12/Oct/2022:04:41:57 -0700] "GET /phpMyAdmin/setup/?token=f1432f2bfed7cc5daed168c017fd4706&version_check=1 HTTP/1.1" 200 12691 "-" "Mozilla/5.0 (compatible; SemrushBot/7~bl; +http://www.semrush.com/bot.html)" "www.tekmedicgloves.com"
185.191.171.20 - - [12/Oct/2022:04:42:25 -0700] "GET /phpMyAdmin/setup/?token=ee5a3420ee0779a36145dc4cb7196176&version_check=1 HTTP/1.1" 200 12687 "-" "Mozilla/5.0 (compatible; SemrushBot/7~bl; +http://www.semrush.com/bot.html)" "tekmedicgloves.com"
185.191.171.25 - - [12/Oct/2022:04:42:46 -0700] "GET /phpMyAdmin/setup/?token=c5e516a9755b63a7989e9a6cc3511fe6&version_check=1 HTTP/1.1" 200 12691 "-" "Mozilla/5.0 (compatible; SemrushBot/7~bl; +http://www.semrush.com/bot.html)" "www.tekmedicgloves.com"
185.191.171.2 - - [12/Oct/2022:04:42:56 -0700] "GET /phpMyAdmin/setup/?token=f27c38ac726e14611367ddc882d37e64&version_check=1 HTTP/1.1" 200 12691 "-" "Mozilla/5.0 (compatible; SemrushBot/7~bl; +http://www.semrush.com/bot.html)" "www.tekmedicgloves.com"
185.191.171.6 - - [12/Oct/2022:04:42:58 -0700] "GET /phpMyAdmin/setup/?token=ea418e1cd409205a2a29a0deedfa6fce&version_check=1 HTTP/1.1" 200 12687 "-" "Mozilla/5.0 (compatible; SemrushBot/7~bl; +http://www.semrush.com/bot.html)" "tekmedicgloves.com"
185.191.171.26 - - [12/Oct/2022:04:43:10 -0700] "GET /phpMyAdmin/setup/?token=f1f5b93ed6e494c3d90c5670f828f5f5&version_check=1 HTTP/1.1" 200 12691 "-" "Mozilla/5.0 (compatible; SemrushBot/7~bl; +http://www.semrush.com/bot.html)" "www.tekmedicgloves.com"
185.191.171.16 - - [12/Oct/2022:04:43:20 -0700] "GET /phpMyAdmin/setup/?token=f2488c4c8ac3726e8d0423fb07ca440f&version_check=1 HTTP/1.1" 200 12691 "-" "Mozilla/5.0 (compatible; SemrushBot/7~bl; +http://www.semrush.com/bot.html)" "www.tekmedicgloves.com"
185.191.171.43 - - [12/Oct/2022:04:43:21 -0700] "GET /phpMyAdmin/setup/?token=f22831bbb986f811baf5cf4fffae0547&version_check=1 HTTP/1.1" 200 12687 "-" "Mozilla/5.0 (compatible; SemrushBot/7~bl; +http://www.semrush.com/bot.html)" "tekmedicgloves.com"
185.191.171.11 - - [12/Oct/2022:04:43:31 -0700] "GET /phpMyAdmin/setup/?token=ef064d3adb3d6859acedfbd79c60a938&version_check=1 HTTP/1.1" 200 12691 "-" "Mozilla/5.0 (compatible; SemrushBot/7~bl; +http://www.semrush.com/bot.html)" "www.tekmedicgloves.com"
185.191.171.7 - - [12/Oct/2022:04:43:46 -0700] "GET /phpMyAdmin/setup/?token=ecadb6732445c94edda7fd7b47fbf054&version_check=1 HTTP/1.1" 200 12691 "-" "Mozilla/5.0 (compatible; SemrushBot/7~bl; +http://www.semrush.com/bot.html)" "www.tekmedicgloves.com"
185.191.171.34 - - [12/Oct/2022:04:44:05 -0700] "GET /phpMyAdmin/setup/?token=f9a065ff8855253117edd037c004f509&version_check=1 HTTP/1.1" 200 12687 "-" "Mozilla/5.0 (compatible; SemrushBot/7~bl; +http://www.semrush.com/bot.html)" "tekmedicgloves.com"
185.191.171.23 - - [12/Oct/2022:04:44:11 -0700] "GET /phpMyAdmin/setup/?token=1256777c4560bde99d2f6693ece40104&version_check=1 HTTP/1.1" 200 12687 "-" "Mozilla/5.0 (compatible; SemrushBot/7~bl; +http://www.semrush.com/bot.html)" "tekmedicgloves.com"
185.191.171.45 - - [12/Oct/2022:04:44:12 -0700] "GET /phpMyAdmin/setup/?token=bff5fd0f8d08c85c2b081afb298acd3b&version_check=1 HTTP/1.1" 200 12691 "-" "Mozilla/5.0 (compatible; SemrushBot/7~bl; +http://www.semrush.com/bot.html)" "www.tekmedicgloves.com"
185.191.171.18 - - [12/Oct/2022:04:44:39 -0700] "GET /phpMyAdmin/setup/?token=09cfcee09a1d51a3259e5bceb1778ec5&version_check=1 HTTP/1.1" 200 12691 "-" "Mozilla/5.0 (compatible; SemrushBot/7~bl; +http://www.semrush.com/bot.html)" "www.tekmedicgloves.com"
185.191.171.22 - - [12/Oct/2022:04:44:39 -0700] "GET /phpMyAdmin/setup/?token=e115c1c4494bb52b664b38b3a260404a&version_check=1 HTTP/1.1" 200 12687 "-" "Mozilla/5.0 (compatible; SemrushBot/7~bl; +http://www.semrush.com/bot.html)" "tekmedicgloves.com"
185.191.171.20 - - [12/Oct/2022:04:44:42 -0700] "GET /phpMyAdmin/setup/?token=0e685acf95dcaa549ffea7ecb6fe8bca&version_check=1 HTTP/1.1" 200 12691 "-" "Mozilla/5.0 (compatible; SemrushBot/7~bl; +http://www.semrush.com/bot.html)" "www.tekmedicgloves.com"
185.191.171.13 - - [12/Oct/2022:04:44:50 -0700] "GET /phpMyAdmin/setup/?token=eb542a40e2b5827c426fa4bbcc6c68b2&version_check=1 HTTP/1.1" 200 12687 "-" "Mozilla/5.0 (compatible; SemrushBot/7~bl; +http://www.semrush.com/bot.html)" "tekmedicgloves.com"
185.191.171.45 - - [12/Oct/2022:04:44:51 -0700] "GET /phpMyAdmin/setup/?token=0b66a69e7424ee0122ebf2f34911b63d&version_check=1 HTTP/1.1" 200 12691 "-" "Mozilla/5.0 (compatible; SemrushBot/7~bl; +http://www.semrush.com/bot.html)" "www.tekmedicgloves.com"
185.191.171.7 - - [12/Oct/2022:04:45:09 -0700] "GET /phpMyAdmin/setup/?token=09b5b277e86b1a769941968bcbd52a48&version_check=1 HTTP/1.1" 200 12687 "-" "Mozilla/5.0 (compatible; SemrushBot/7~bl; +http://www.semrush.com/bot.html)" "tekmedicgloves.com"
185.191.171.26 - - [12/Oct/2022:04:45:13 -0700] "GET /phpMyAdmin/setup/?token=ebf3a6cbe0986be061026f744d40e722&version_check=1 HTTP/1.1" 200 12691 "-" "Mozilla/5.0 (compatible; SemrushBot/7~bl; +http://www.semrush.com/bot.html)" "www.tekmedicgloves.com"
185.191.171.4 - - [12/Oct/2022:04:45:18 -0700] "GET /phpMyAdmin/setup/?token=e10e611ac11183a9e1e066e22d999152&version_check=1 HTTP/1.1" 200 12687 "-" "Mozilla/5.0 (compatible; SemrushBot/7~bl; +http://www.semrush.com/bot.html)" "tekmedicgloves.com"
185.191.171.18 - - [12/Oct/2022:04:45:25 -0700] "GET /phpMyAdmin/setup/?token=0654eb96544ec082148d93c6083a36c7&version_check=1 HTTP/1.1" 200 12687 "-" "Mozilla/5.0 (compatible; SemrushBot/7~bl; +http://www.semrush.com/bot.html)" "tekmedicgloves.com"
185.191.171.20 - - [12/Oct/2022:04:45:30 -0700] "GET /phpMyAdmin/setup/?token=fc63ac5ae1d9d05bcdf01ad2468fe770&version_check=1 HTTP/1.1" 200 12687 "-" "Mozilla/5.0 (compatible; SemrushBot/7~bl; +http://www.semrush.com/bot.html)" "tekmedicgloves.com"
185.191.171.43 - - [12/Oct/2022:04:46:02 -0700] "GET /phpMyAdmin/setup/?token=e04e550b093c5c04885dda8766c60557&version_check=1 HTTP/1.1" 200 12687 "-" "Mozilla/5.0 (compatible; SemrushBot/7~bl; +http://www.semrush.com/bot.html)" "tekmedicgloves.com"
185.191.171.22 - - [12/Oct/2022:04:46:14 -0700] "GET /phpMyAdmin/setup/?token=fdc4c758533271d809038a5e3cc8c9e6&version_check=1 HTTP/1.1" 200 12691 "-" "Mozilla/5.0 (compatible; SemrushBot/7~bl; +http://www.semrush.com/bot.html)" "www.tekmedicgloves.com"
185.191.171.45 - - [12/Oct/2022:04:46:14 -0700] "GET /phpMyAdmin/setup/?token=e9060dd24fe8474f34e75c81d57d87c9&version_check=1 HTTP/1.1" 200 12687 "-" "Mozilla/5.0 (compatible; SemrushBot/7~bl; +http://www.semrush.com/bot.html)" "tekmedicgloves.com"
185.191.171.18 - - [12/Oct/2022:04:47:13 -0700] "GET /phpMyAdmin/setup/?token=0a47c2e1e41225e9b8e20f67ca458c3d&version_check=1 HTTP/1.1" 200 12691 "-" "Mozilla/5.0 (compatible; SemrushBot/7~bl; +http://www.semrush.com/bot.html)" "www.tekmedicgloves.com"
185.191.171.34 - - [12/Oct/2022:04:47:15 -0700] "GET /phpMyAdmin/setup/?token=106a70db6ccb70544ca146e31590160b&version_check=1 HTTP/1.1" 200 12691 "-" "Mozilla/5.0 (compatible; SemrushBot/7~bl; +http://www.semrush.com/bot.html)" "www.tekmedicgloves.com"
185.191.171.23 - - [12/Oct/2022:04:47:17 -0700] "GET /phpMyAdmin/setup/?token=df4f05cb7d14bd6cb5acfae4369344b2&version_check=1 HTTP/1.1" 200 12687 "-" "Mozilla/5.0 (compatible; SemrushBot/7~bl; +http://www.semrush.com/bot.html)" "tekmedicgloves.com"
185.191.171.26 - - [12/Oct/2022:04:47:38 -0700] "GET /phpMyAdmin/setup/?token=d18284deee471ded510aad1dc776806a&version_check=1 HTTP/1.1" 200 12691 "-" "Mozilla/5.0 (compatible; SemrushBot/7~bl; +http://www.semrush.com/bot.html)" "www.tekmedicgloves.com"
185.191.171.11 - - [12/Oct/2022:04:47:49 -0700] "GET /phpMyAdmin/setup/?token=06d90e5281ae0cb09cba31aadd03cd27&version_check=1 HTTP/1.1" 200 12691 "-" "Mozilla/5.0 (compatible; SemrushBot/7~bl; +http://www.semrush.com/bot.html)" "www.tekmedicgloves.com"
185.191.171.7 - - [12/Oct/2022:04:47:55 -0700] "GET /phpMyAdmin/setup/?token=e441914ff94d79e3c17ca520841f1ede&version_check=1 HTTP/1.1" 200 12687 "-" "Mozilla/5.0 (compatible; SemrushBot/7~bl; +http://www.semrush.com/bot.html)" "tekmedicgloves.com"
185.191.171.11 - - [12/Oct/2022:04:47:58 -0700] "GET /phpMyAdmin/setup/?token=ffc5c8c4111a11be71beb359ceb547df&version_check=1 HTTP/1.1" 200 12687 "-" "Mozilla/5.0 (compatible; SemrushBot/7~bl; +http://www.semrush.com/bot.html)" "tekmedicgloves.com"
185.191.171.8 - - [12/Oct/2022:04:48:13 -0700] "GET /phpMyAdmin/setup/?token=02502a5e088916677079c434611e140e&version_check=1 HTTP/1.1" 200 12691 "-" "Mozilla/5.0 (compatible; SemrushBot/7~bl; +http://www.semrush.com/bot.html)" "www.tekmedicgloves.com"
185.191.171.45 - - [12/Oct/2022:04:48:24 -0700] "GET /phpMyAdmin/setup/?token=109d850d22e46ab99cafc5830be6a0c7&version_check=1 HTTP/1.1" 200 12691 "-" "Mozilla/5.0 (compatible; SemrushBot/7~bl; +http://www.semrush.com/bot.html)" "www.tekmedicgloves.com"
185.191.171.7 - - [12/Oct/2022:04:48:27 -0700] "GET /phpMyAdmin/setup/?token=eb8008bf634dbe53cba5a1f9cf6c28a2&version_check=1 HTTP/1.1" 200 12687 "-" "Mozilla/5.0 (compatible; SemrushBot/7~bl; +http://www.semrush.com/bot.html)" "tekmedicgloves.com"
185.191.171.13 - - [12/Oct/2022:04:48:27 -0700] "GET /phpMyAdmin/setup/?token=c3c0cff24e6febffe3e8890090b56924&version_check=1 HTTP/1.1" 200 12691 "-" "Mozilla/5.0 (compatible; SemrushBot/7~bl; +http://www.semrush.com/bot.html)" "www.tekmedicgloves.com"
185.191.171.39 - - [12/Oct/2022:04:48:28 -0700] "GET /phpMyAdmin/setup/?token=0795591e19bcadd1c503c1b0668a07fe&version_check=1 HTTP/1.1" 200 12687 "-" "Mozilla/5.0 (compatible; SemrushBot/7~bl; +http://www.semrush.com/bot.html)" "tekmedicgloves.com"
185.191.171.34 - - [12/Oct/2022:04:48:33 -0700] "GET /phpMyAdmin/setup/?token=efa9e0e675f4a6b7463234704219feaf&version_check=1 HTTP/1.1" 200 12691 "-" "Mozilla/5.0 (compatible; SemrushBot/7~bl; +http://www.semrush.com/bot.html)" "www.tekmedicgloves.com"
185.191.171.7 - - [12/Oct/2022:04:48:46 -0700] "GET /phpMyAdmin/setup/?token=060369fc21fdd2f8dba12fa8db719633&version_check=1 HTTP/1.1" 200 12691 "-" "Mozilla/5.0 (compatible; SemrushBot/7~bl; +http://www.semrush.com/bot.html)" "www.tekmedicgloves.com"
185.191.171.13 - - [12/Oct/2022:04:48:47 -0700] "GET /phpMyAdmin/setup/?token=c7a9453c1a304b24d27a4d2b42bcd77b&version_check=1 HTTP/1.1" 200 12691 "-" "Mozilla/5.0 (compatible; SemrushBot/7~bl; +http://www.semrush.com/bot.html)" "www.tekmedicgloves.com"
185.191.171.8 - - [12/Oct/2022:04:48:55 -0700] "GET /phpMyAdmin/setup/?token=e37e476ed39684a7bc294cb8060f9024&version_check=1 HTTP/1.1" 200 12687 "-" "Mozilla/5.0 (compatible; SemrushBot/7~bl; +http://www.semrush.com/bot.html)" "tekmedicgloves.com"
185.191.171.6 - - [12/Oct/2022:04:49:18 -0700] "GET /phpMyAdmin/setup/?token=099e2e1190431c358171f80dcd18c579&version_check=1 HTTP/1.1" 200 12691 "-" "Mozilla/5.0 (compatible; SemrushBot/7~bl; +http://www.semrush.com/bot.html)" "www.tekmedicgloves.com"
185.191.171.24 - - [12/Oct/2022:04:49:35 -0700] "GET /phpMyAdmin/setup/?token=e9e996e1d68a2f1e150045f65754dc26&version_check=1 HTTP/1.1" 200 12687 "-" "Mozilla/5.0 (compatible; SemrushBot/7~bl; +http://www.semrush.com/bot.html)" "tekmedicgloves.com"
185.191.171.8 - - [12/Oct/2022:04:49:40 -0700] "GET /phpMyAdmin/setup/?token=eed543e64f6c452b166b1b0f867bacd3&version_check=1 HTTP/1.1" 200 12687 "-" "Mozilla/5.0 (compatible; SemrushBot/7~bl; +http://www.semrush.com/bot.html)" "tekmedicgloves.com"
185.191.171.6 - - [12/Oct/2022:04:49:47 -0700] "GET /phpMyAdmin/setup/?token=09c7f8d684a45f4cf7a04e55affa2df2&version_check=1 HTTP/1.1" 200 12687 "-" "Mozilla/5.0 (compatible; SemrushBot/7~bl; +http://www.semrush.com/bot.html)" "tekmedicgloves.com"
185.191.171.40 - - [12/Oct/2022:04:49:48 -0700] "GET /phpMyAdmin/setup/?token=078d97b50a75a336cddecd89605cdbaa&version_check=1 HTTP/1.1" 200 12691 "-" "Mozilla/5.0 (compatible; SemrushBot/7~bl; +http://www.semrush.com/bot.html)" "www.tekmedicgloves.com"
185.191.171.21 - - [12/Oct/2022:04:49:54 -0700] "GET /phpMyAdmin/setup/?token=df9f3b998987eedd63253aa140182c62&version_check=1 HTTP/1.1" 200 12687 "-" "Mozilla/5.0 (compatible; SemrushBot/7~bl; +http://www.semrush.com/bot.html)" "tekmedicgloves.com"
185.191.171.4 - - [12/Oct/2022:04:50:00 -0700] "GET /phpMyAdmin/setup/?token=0168cb75ef318beb98cba6c671f28ce8&version_check=1 HTTP/1.1" 200 12687 "-" "Mozilla/5.0 (compatible; SemrushBot/7~bl; +http://www.semrush.com/bot.html)" "tekmedicgloves.com"
185.191.171.8 - - [12/Oct/2022:04:50:39 -0700] "GET /phpMyAdmin/setup/?token=d04429a259a7c59e8074d31152cef52b&version_check=1 HTTP/1.1" 200 12691 "-" "Mozilla/5.0 (compatible; SemrushBot/7~bl; +http://www.semrush.com/bot.html)" "www.tekmedicgloves.com"
185.191.171.44 - - [12/Oct/2022:04:50:42 -0700] "GET /phpMyAdmin/setup/?token=ec8862ba6bc598b9a67fcac08a2cbbf2&version_check=1 HTTP/1.1" 200 12691 "-" "Mozilla/5.0 (compatible; SemrushBot/7~bl; +http://www.semrush.com/bot.html)" "www.tekmedicgloves.com"
185.191.171.37 - - [12/Oct/2022:04:51:03 -0700] "GET /phpMyAdmin/setup/?token=f55104d32dd2decf1bcdd4fb49a93d99&version_check=1 HTTP/1.1" 200 12691 "-" "Mozilla/5.0 (compatible; SemrushBot/7~bl; +http://www.semrush.com/bot.html)" "www.tekmedicgloves.com"
185.191.171.25 - - [12/Oct/2022:04:51:05 -0700] "GET /phpMyAdmin/setup/?token=d22883fff678f26bfe52cd8069730ca6&version_check=1 HTTP/1.1" 200 12691 "-" "Mozilla/5.0 (compatible; SemrushBot/7~bl; +http://www.semrush.com/bot.html)" "www.tekmedicgloves.com"
185.191.171.45 - - [12/Oct/2022:04:51:07 -0700] "GET /phpMyAdmin/setup/?token=d3256d97c3daff256107926c0627fbf9&version_check=1 HTTP/1.1" 200 12691 "-" "Mozilla/5.0 (compatible; SemrushBot/7~bl; +http://www.semrush.com/bot.html)" "www.tekmedicgloves.com"
185.191.171.10 - - [12/Oct/2022:04:51:08 -0700] "GET /phpMyAdmin/setup/?token=0a8f5499e8ed8e5fa5d1fb01f32b7bc4&version_check=1 HTTP/1.1" 200 12691 "-" "Mozilla/5.0 (compatible; SemrushBot/7~bl; +http://www.semrush.com/bot.html)" "www.tekmedicgloves.com"
185.191.171.39 - - [12/Oct/2022:04:51:22 -0700] "GET /phpMyAdmin/setup/?token=d79b28eaeea4fa9b50549d3418ed5b1b&version_check=1 HTTP/1.1" 200 12691 "-" "Mozilla/5.0 (compatible; SemrushBot/7~bl; +http://www.semrush.com/bot.html)" "www.tekmedicgloves.com"
185.191.171.12 - - [12/Oct/2022:04:51:28 -0700] "GET /phpMyAdmin/setup/?token=f12cfb0c6a7bcd3a8de627f8d0a5449e&version_check=1 HTTP/1.1" 200 12687 "-" "Mozilla/5.0 (compatible; SemrushBot/7~bl; +http://www.semrush.com/bot.html)" "tekmedicgloves.com"
185.191.171.4 - - [12/Oct/2022:04:51:35 -0700] "GET /phpMyAdmin/setup/?token=fa415dd21e773729323bbe1a6684dc30&version_check=1 HTTP/1.1" 200 12687 "-" "Mozilla/5.0 (compatible; SemrushBot/7~bl; +http://www.semrush.com/bot.html)" "tekmedicgloves.com"
185.191.171.45 - - [12/Oct/2022:04:52:07 -0700] "GET /phpMyAdmin/setup/?token=ff4191a460a024e6f78050eefc74354c&version_check=1 HTTP/1.1" 200 12691 "-" "Mozilla/5.0 (compatible; SemrushBot/7~bl; +http://www.semrush.com/bot.html)" "www.tekmedicgloves.com"
185.191.171.6 - - [12/Oct/2022:04:52:30 -0700] "GET /phpMyAdmin/setup/?token=f9d3760d8a16a89bb99ec68960e54a29&version_check=1 HTTP/1.1" 200 12687 "-" "Mozilla/5.0 (compatible; SemrushBot/7~bl; +http://www.semrush.com/bot.html)" "tekmedicgloves.com"
185.191.171.4 - - [12/Oct/2022:04:52:41 -0700] "GET /phpMyAdmin/setup/?token=13425403fe0fc9f81cc37c050ccd7a6f&version_check=1 HTTP/1.1" 200 12687 "-" "Mozilla/5.0 (compatible; SemrushBot/7~bl; +http://www.semrush.com/bot.html)" "tekmedicgloves.com"
185.191.171.44 - - [12/Oct/2022:04:52:44 -0700] "GET /phpMyAdmin/setup/?token=f51de5ca44399242389c11fde94bed9a&version_check=1 HTTP/1.1" 200 12691 "-" "Mozilla/5.0 (compatible; SemrushBot/7~bl; +http://www.semrush.com/bot.html)" "www.tekmedicgloves.com"
185.191.171.8 - - [12/Oct/2022:04:52:54 -0700] "GET /phpMyAdmin/setup/?token=bfbf3c93bdf8023502fb56a4de92514e&version_check=1 HTTP/1.1" 200 12691 "-" "Mozilla/5.0 (compatible; SemrushBot/7~bl; +http://www.semrush.com/bot.html)" "www.tekmedicgloves.com"
185.191.171.36 - - [12/Oct/2022:04:52:55 -0700] "GET /phpMyAdmin/setup/?token=e893023d7c42870e00a7fa28a9ef4493&version_check=1 HTTP/1.1" 200 12687 "-" "Mozilla/5.0 (compatible; SemrushBot/7~bl; +http://www.semrush.com/bot.html)" "tekmedicgloves.com"
185.191.171.25 - - [12/Oct/2022:04:53:04 -0700] "GET /phpMyAdmin/setup/?token=0573c0acf78fd88ecd4671ded42c7169&version_check=1 HTTP/1.1" 200 12687 "-" "Mozilla/5.0 (compatible; SemrushBot/7~bl; +http://www.semrush.com/bot.html)" "tekmedicgloves.com"
185.191.171.6 - - [12/Oct/2022:04:54:06 -0700] "GET /phpMyAdmin/setup/?token=1229d8b741e0df3954dee3ae3b929475&version_check=1 HTTP/1.1" 200 12687 "-" "Mozilla/5.0 (compatible; SemrushBot/7~bl; +http://www.semrush.com/bot.html)" "tekmedicgloves.com"
185.191.171.44 - - [12/Oct/2022:04:54:21 -0700] "GET /robots.txt HTTP/1.1" 404 88 "-" "Mozilla/5.0 (compatible; SemrushBot/7~bl; +http://www.semrush.com/bot.html)" "tekmedicgloves.com"
185.191.171.34 - - [12/Oct/2022:04:54:55 -0700] "GET /phpMyAdmin/setup/?token=015d3c89de9a8e046e5fa51321d7cc2a&version_check=1 HTTP/1.1" 200 12687 "-" "Mozilla/5.0 (compatible; SemrushBot/7~bl; +http://www.semrush.com/bot.html)" "tekmedicgloves.com"
185.191.171.12 - - [12/Oct/2022:04:55:08 -0700] "GET /phpMyAdmin/setup/?token=0780ca84e486b55bae6399be4fafcd6e&version_check=1 HTTP/1.1" 200 12687 "-" "Mozilla/5.0 (compatible; SemrushBot/7~bl; +http://www.semrush.com/bot.html)" "tekmedicgloves.com"
185.191.171.16 - - [12/Oct/2022:04:55:33 -0700] "GET /phpMyAdmin/setup/?token=027db098091900f5fcf34f7dfa0a1972&version_check=1 HTTP/1.1" 200 12691 "-" "Mozilla/5.0 (compatible; SemrushBot/7~bl; +http://www.semrush.com/bot.html)" "www.tekmedicgloves.com"
185.191.171.23 - - [12/Oct/2022:04:55:48 -0700] "GET /phpMyAdmin/setup/?token=eaec3af7aa334d63e2e7105e22085b44&version_check=1 HTTP/1.1" 200 12691 "-" "Mozilla/5.0 (compatible; SemrushBot/7~bl; +http://www.semrush.com/bot.html)" "www.tekmedicgloves.com"
185.191.171.13 - - [12/Oct/2022:04:56:52 -0700] "GET /phpMyAdmin/setup/?token=eb32785f6d7bea60a4c5507a47a820ec&version_check=1 HTTP/1.1" 200 12691 "-" "Mozilla/5.0 (compatible; SemrushBot/7~bl; +http://www.semrush.com/bot.html)" "www.tekmedicgloves.com"
185.191.171.8 - - [12/Oct/2022:04:57:25 -0700] "GET /phpMyAdmin/setup/?token=d9f23353e9a74dc5f1c291e920f0f768&version_check=1 HTTP/1.1" 200 12691 "-" "Mozilla/5.0 (compatible; SemrushBot/7~bl; +http://www.semrush.com/bot.html)" "www.tekmedicgloves.com"
185.191.171.37 - - [12/Oct/2022:04:58:08 -0700] "GET /phpMyAdmin/setup/?token=fdcb20c8dae6073c7e719add27e472ec&version_check=1 HTTP/1.1" 200 12691 "-" "Mozilla/5.0 (compatible; SemrushBot/7~bl; +http://www.semrush.com/bot.html)" "www.tekmedicgloves.com"
185.191.171.12 - - [12/Oct/2022:04:58:15 -0700] "GET /phpMyAdmin/setup/?token=fec0f195dd4000e16a21d28ab05515a5&version_check=1 HTTP/1.1" 200 12687 "-" "Mozilla/5.0 (compatible; SemrushBot/7~bl; +http://www.semrush.com/bot.html)" "tekmedicgloves.com"
185.191.171.33 - - [12/Oct/2022:04:58:20 -0700] "GET /phpMyAdmin/setup/?token=00294c91d398f5d4061cb9cafa9668c1&version_check=1 HTTP/1.1" 200 12687 "-" "Mozilla/5.0 (compatible; SemrushBot/7~bl; +http://www.semrush.com/bot.html)" "tekmedicgloves.com"
185.191.171.45 - - [12/Oct/2022:04:58:28 -0700] "GET /phpMyAdmin/setup/?token=02fb0ea99774eaf18cb4d829aaddfa6f&version_check=1 HTTP/1.1" 200 12687 "-" "Mozilla/5.0 (compatible; SemrushBot/7~bl; +http://www.semrush.com/bot.html)" "tekmedicgloves.com"
185.191.171.41 - - [12/Oct/2022:04:58:29 -0700] "GET /phpMyAdmin/setup/?token=0033084cc2577d11b8930c2bdb06e3c6&version_check=1 HTTP/1.1" 200 12691 "-" "Mozilla/5.0 (compatible; SemrushBot/7~bl; +http://www.semrush.com/bot.html)" "www.tekmedicgloves.com"
185.191.171.11 - - [12/Oct/2022:04:58:39 -0700] "GET /robots.txt HTTP/1.1" 404 88 "-" "Mozilla/5.0 (compatible; SemrushBot/7~bl; +http://www.semrush.com/bot.html)" "www.tekmedicgloves.com"
185.191.171.41 - - [12/Oct/2022:04:58:39 -0700] "GET /phpMyAdmin/setup/?token=d1372c1825f9f0a8f3c7ef5d84b0977a&version_check=1 HTTP/1.1" 200 12691 "-" "Mozilla/5.0 (compatible; SemrushBot/7~bl; +http://www.semrush.com/bot.html)" "www.tekmedicgloves.com"
185.191.171.38 - - [12/Oct/2022:04:59:26 -0700] "GET /phpMyAdmin/setup/?token=1663f3f66981937a0369d9fb240a497e&version_check=1 HTTP/1.1" 200 12687 "-" "Mozilla/5.0 (compatible; SemrushBot/7~bl; +http://www.semrush.com/bot.html)" "tekmedicgloves.com"
185.191.171.34 - - [12/Oct/2022:04:59:38 -0700] "GET /phpMyAdmin/setup/?token=134e075cc76bd76618041077c33b2844&version_check=1 HTTP/1.1" 200 12687 "-" "Mozilla/5.0 (compatible; SemrushBot/7~bl; +http://www.semrush.com/bot.html)" "tekmedicgloves.com"
185.191.171.44 - - [12/Oct/2022:05:00:02 -0700] "GET /phpMyAdmin/setup/?token=0664bd26c33d6c8c4c36d138422843d4&version_check=1 HTTP/1.1" 200 12691 "-" "Mozilla/5.0 (compatible; SemrushBot/7~bl; +http://www.semrush.com/bot.html)" "www.tekmedicgloves.com"
185.191.171.40 - - [12/Oct/2022:05:00:06 -0700] "GET /phpMyAdmin/setup/?token=c21814a1ab5ce515ca5096c19d677f42&version_check=1 HTTP/1.1" 200 12691 "-" "Mozilla/5.0 (compatible; SemrushBot/7~bl; +http://www.semrush.com/bot.html)" "www.tekmedicgloves.com"
185.191.171.36 - - [12/Oct/2022:05:00:11 -0700] "GET /phpMyAdmin/setup/?token=f4c843037884715b7892772ffbf83dfc&version_check=1 HTTP/1.1" 200 12687 "-" "Mozilla/5.0 (compatible; SemrushBot/7~bl; +http://www.semrush.com/bot.html)" "tekmedicgloves.com"
185.191.171.22 - - [12/Oct/2022:05:00:15 -0700] "GET /phpMyAdmin/setup/?token=10679341d3c2ce6e2b84440a0faf845e&version_check=1 HTTP/1.1" 200 12691 "-" "Mozilla/5.0 (compatible; SemrushBot/7~bl; +http://www.semrush.com/bot.html)" "www.tekmedicgloves.com"
185.191.171.26 - - [12/Oct/2022:05:00:38 -0700] "GET /phpMyAdmin/setup/?token=fb6b0d73700a0121c4b0821a09b4bb5e&version_check=1 HTTP/1.1" 200 12687 "-" "Mozilla/5.0 (compatible; SemrushBot/7~bl; +http://www.semrush.com/bot.html)" "tekmedicgloves.com"
185.191.171.20 - - [12/Oct/2022:05:00:57 -0700] "GET /phpMyAdmin/setup/?token=d50ddb553a469d5a5fd374b30b56364c&version_check=1 HTTP/1.1" 200 12691 "-" "Mozilla/5.0 (compatible; SemrushBot/7~bl; +http://www.semrush.com/bot.html)" "www.tekmedicgloves.com"
185.191.171.38 - - [12/Oct/2022:05:01:45 -0700] "GET /phpMyAdmin/setup/?token=0b7c1039550a000e1a7c8844279aed94&version_check=1 HTTP/1.1" 200 12691 "-" "Mozilla/5.0 (compatible; SemrushBot/7~bl; +http://www.semrush.com/bot.html)" "www.tekmedicgloves.com"
185.191.171.10 - - [12/Oct/2022:05:01:46 -0700] "GET /phpMyAdmin/setup/?token=072dcfd02f9c4b70a80a34b9015a57d6&version_check=1 HTTP/1.1" 200 12691 "-" "Mozilla/5.0 (compatible; SemrushBot/7~bl; +http://www.semrush.com/bot.html)" "www.tekmedicgloves.com"
185.191.171.43 - - [12/Oct/2022:05:01:49 -0700] "GET /phpMyAdmin/setup/?token=0ae8893d205f9afef002899e2c47add4&version_check=1 HTTP/1.1" 200 12691 "-" "Mozilla/5.0 (compatible; SemrushBot/7~bl; +http://www.semrush.com/bot.html)" "www.tekmedicgloves.com"
185.191.171.25 - - [12/Oct/2022:05:02:00 -0700] "GET /phpMyAdmin/setup/?token=049346ec01f26c9265674d44031807c8&version_check=1 HTTP/1.1" 200 12687 "-" "Mozilla/5.0 (compatible; SemrushBot/7~bl; +http://www.semrush.com/bot.html)" "tekmedicgloves.com"
17.121.114.68 - - [12/Oct/2022:05:02:05 -0700] "GET /beta/wsdindex.html HTTP/1.1" 404 88 "-" "Mozilla/5.0 (Macintosh; Intel Mac OS X 10_15_5) AppleWebKit/605.1.15 (KHTML, like Gecko) Version/13.1.1 Safari/605.1.15 (Applebot/0.1; +http://www.apple.com/go/applebot)" "www.tekmedicgloves.com"
185.191.171.13 - - [12/Oct/2022:05:02:06 -0700] "GET /phpMyAdmin/setup/?token=dc564d9c5dfa4e343dc82e0aeee43ef1&version_check=1 HTTP/1.1" 200 12687 "-" "Mozilla/5.0 (compatible; SemrushBot/7~bl; +http://www.semrush.com/bot.html)" "tekmedicgloves.com"
185.191.171.41 - - [12/Oct/2022:05:02:15 -0700] "GET /phpMyAdmin/setup/?token=c6723400113cc643d28f9da493341f34&version_check=1 HTTP/1.1" 200 12691 "-" "Mozilla/5.0 (compatible; SemrushBot/7~bl; +http://www.semrush.com/bot.html)" "www.tekmedicgloves.com"
185.191.171.26 - - [12/Oct/2022:05:02:23 -0700] "GET /phpMyAdmin/setup/?token=df1a1483305ff8f047aae505b69624c2&version_check=1 HTTP/1.1" 200 12687 "-" "Mozilla/5.0 (compatible; SemrushBot/7~bl; +http://www.semrush.com/bot.html)" "tekmedicgloves.com"
185.191.171.14 - - [12/Oct/2022:05:02:52 -0700] "GET /phpMyAdmin/setup/?token=fa5f001ed40675891b2a4639aa627d36&version_check=1 HTTP/1.1" 200 12691 "-" "Mozilla/5.0 (compatible; SemrushBot/7~bl; +http://www.semrush.com/bot.html)" "www.tekmedicgloves.com"
185.191.171.26 - - [12/Oct/2022:05:03:22 -0700] "GET /phpMyAdmin/setup/?token=044b4b5b5b7889c0933259c91278dec0&version_check=1 HTTP/1.1" 200 12691 "-" "Mozilla/5.0 (compatible; SemrushBot/7~bl; +http://www.semrush.com/bot.html)" "www.tekmedicgloves.com"
185.191.171.9 - - [12/Oct/2022:05:03:40 -0700] "GET /phpMyAdmin/setup/?token=f477c71e52f3e739bdc99d5d4bf7a178&version_check=1 HTTP/1.1" 200 12687 "-" "Mozilla/5.0 (compatible; SemrushBot/7~bl; +http://www.semrush.com/bot.html)" "tekmedicgloves.com"
185.191.171.38 - - [12/Oct/2022:05:04:31 -0700] "GET /phpMyAdmin/setup/?token=ff85215f3c3a2263177eb37d1a2ad1a5&version_check=1 HTTP/1.1" 200 12687 "-" "Mozilla/5.0 (compatible; SemrushBot/7~bl; +http://www.semrush.com/bot.html)" "tekmedicgloves.com"
185.191.171.11 - - [12/Oct/2022:05:04:37 -0700] "GET /phpMyAdmin/setup/?token=f1c65fca83a2a761e69915b2ad559821&version_check=1 HTTP/1.1" 200 12687 "-" "Mozilla/5.0 (compatible; SemrushBot/7~bl; +http://www.semrush.com/bot.html)" "tekmedicgloves.com"
185.191.171.23 - - [12/Oct/2022:05:04:44 -0700] "GET /phpMyAdmin/setup/?token=0af49f34427f5e9273ac6d33ba984d5f&version_check=1 HTTP/1.1" 200 12691 "-" "Mozilla/5.0 (compatible; SemrushBot/7~bl; +http://www.semrush.com/bot.html)" "www.tekmedicgloves.com"
185.191.171.9 - - [12/Oct/2022:05:05:01 -0700] "GET /phpMyAdmin/setup/?token=04ffc4ebbb38ba74c46f3503c534bc4e&version_check=1 HTTP/1.1" 200 12687 "-" "Mozilla/5.0 (compatible; SemrushBot/7~bl; +http://www.semrush.com/bot.html)" "tekmedicgloves.com"
185.191.171.37 - - [12/Oct/2022:05:05:22 -0700] "GET /phpMyAdmin/setup/?token=0d6c91f9f3cd8b51c876ad60f1829e65&version_check=1 HTTP/1.1" 200 12691 "-" "Mozilla/5.0 (compatible; SemrushBot/7~bl; +http://www.semrush.com/bot.html)" "www.tekmedicgloves.com"
185.191.171.22 - - [12/Oct/2022:05:05:30 -0700] "GET /phpMyAdmin/setup/?token=f40dec8a6290122ef5c4c56d547155f2&version_check=1 HTTP/1.1" 200 12691 "-" "Mozilla/5.0 (compatible; SemrushBot/7~bl; +http://www.semrush.com/bot.html)" "www.tekmedicgloves.com"
185.191.171.4 - - [12/Oct/2022:05:05:58 -0700] "GET /phpMyAdmin/setup/?token=c6d6816a33d0085a54807a260dd62418&version_check=1 HTTP/1.1" 200 12691 "-" "Mozilla/5.0 (compatible; SemrushBot/7~bl; +http://www.semrush.com/bot.html)" "www.tekmedicgloves.com"
185.191.171.12 - - [12/Oct/2022:05:06:16 -0700] "GET /phpMyAdmin/setup/?token=05b9096a4a26962fcd869149c6b2184c&version_check=1 HTTP/1.1" 200 12691 "-" "Mozilla/5.0 (compatible; SemrushBot/7~bl; +http://www.semrush.com/bot.html)" "www.tekmedicgloves.com"
185.191.171.24 - - [12/Oct/2022:05:06:23 -0700] "GET /phpMyAdmin/setup/?token=e2579ef1b10a61db6d138aa46d8f8c67&version_check=1 HTTP/1.1" 200 12687 "-" "Mozilla/5.0 (compatible; SemrushBot/7~bl; +http://www.semrush.com/bot.html)" "tekmedicgloves.com"
185.191.171.38 - - [12/Oct/2022:05:06:40 -0700] "GET /phpMyAdmin/setup/?token=f0d840a3bb66c7e4afa7e5f4662b016d&version_check=1 HTTP/1.1" 200 12691 "-" "Mozilla/5.0 (compatible; SemrushBot/7~bl; +http://www.semrush.com/bot.html)" "www.tekmedicgloves.com"
185.191.171.15 - - [12/Oct/2022:05:07:02 -0700] "GET /phpMyAdmin/setup/?token=e2a58307bf82513e05af45c3085d3bb5&version_check=1 HTTP/1.1" 200 12687 "-" "Mozilla/5.0 (compatible; SemrushBot/7~bl; +http://www.semrush.com/bot.html)" "tekmedicgloves.com"
185.191.171.35 - - [12/Oct/2022:05:08:03 -0700] "GET /phpMyAdmin/setup/?token=ff041638a0d1c8ebf7de8b2e1f88cf1b&version_check=1 HTTP/1.1" 200 12687 "-" "Mozilla/5.0 (compatible; SemrushBot/7~bl; +http://www.semrush.com/bot.html)" "tekmedicgloves.com"
185.191.171.18 - - [12/Oct/2022:05:08:11 -0700] "GET /phpMyAdmin/setup/?token=e1459f21691897881eab4a9d0c80f26e&version_check=1 HTTP/1.1" 200 12687 "-" "Mozilla/5.0 (compatible; SemrushBot/7~bl; +http://www.semrush.com/bot.html)" "tekmedicgloves.com"
185.191.171.16 - - [12/Oct/2022:05:08:16 -0700] "GET /phpMyAdmin/setup/?token=1003b813f54cdd32b4dc67088f576a00&version_check=1 HTTP/1.1" 200 12687 "-" "Mozilla/5.0 (compatible; SemrushBot/7~bl; +http://www.semrush.com/bot.html)" "tekmedicgloves.com"
185.191.171.26 - - [12/Oct/2022:05:08:23 -0700] "GET /phpMyAdmin/setup/?token=f89bda51990f17904a614785f06f5f5b&version_check=1 HTTP/1.1" 200 12687 "-" "Mozilla/5.0 (compatible; SemrushBot/7~bl; +http://www.semrush.com/bot.html)" "tekmedicgloves.com"
185.191.171.20 - - [12/Oct/2022:05:08:45 -0700] "GET /phpMyAdmin/setup/?token=14e5476d6fb3ba0f2930c3b965f24743&version_check=1 HTTP/1.1" 200 12687 "-" "Mozilla/5.0 (compatible; SemrushBot/7~bl; +http://www.semrush.com/bot.html)" "tekmedicgloves.com"
185.191.171.3 - - [12/Oct/2022:05:08:51 -0700] "GET /phpMyAdmin/setup/?token=f063cc8a892cb5bacd6b5a5ea8de76aa&version_check=1 HTTP/1.1" 200 12687 "-" "Mozilla/5.0 (compatible; SemrushBot/7~bl; +http://www.semrush.com/bot.html)" "tekmedicgloves.com"
185.191.171.15 - - [12/Oct/2022:05:08:53 -0700] "GET /phpMyAdmin/setup/?token=df688e1b55ce6278a3b7fee3e3d31945&version_check=1 HTTP/1.1" 200 12687 "-" "Mozilla/5.0 (compatible; SemrushBot/7~bl; +http://www.semrush.com/bot.html)" "tekmedicgloves.com"
185.191.171.13 - - [12/Oct/2022:05:08:55 -0700] "GET /phpMyAdmin/setup/?token=f9c292eb79af1183da287af21d058e16&version_check=1 HTTP/1.1" 200 12691 "-" "Mozilla/5.0 (compatible; SemrushBot/7~bl; +http://www.semrush.com/bot.html)" "www.tekmedicgloves.com"
185.191.171.19 - - [12/Oct/2022:05:09:11 -0700] "GET /phpMyAdmin/setup/?token=d433f1cee66652ebb7b631d67b96210d&version_check=1 HTTP/1.1" 200 12691 "-" "Mozilla/5.0 (compatible; SemrushBot/7~bl; +http://www.semrush.com/bot.html)" "www.tekmedicgloves.com"
185.191.171.8 - - [12/Oct/2022:05:09:16 -0700] "GET /phpMyAdmin/setup/?token=faf758649c4f925d7a4690c754eadf1e&version_check=1 HTTP/1.1" 200 12691 "-" "Mozilla/5.0 (compatible; SemrushBot/7~bl; +http://www.semrush.com/bot.html)" "www.tekmedicgloves.com"
185.191.171.25 - - [12/Oct/2022:05:09:19 -0700] "GET /phpMyAdmin/setup/?token=0ae551652dc44712deffee21d53b0b79&version_check=1 HTTP/1.1" 200 12691 "-" "Mozilla/5.0 (compatible; SemrushBot/7~bl; +http://www.semrush.com/bot.html)" "www.tekmedicgloves.com"
185.191.171.10 - - [12/Oct/2022:05:09:20 -0700] "GET /phpMyAdmin/setup/?token=0f6ec7cc924fdf015f451659f78f6f6c&version_check=1 HTTP/1.1" 200 12691 "-" "Mozilla/5.0 (compatible; SemrushBot/7~bl; +http://www.semrush.com/bot.html)" "www.tekmedicgloves.com"
185.191.171.8 - - [12/Oct/2022:05:09:37 -0700] "GET /phpMyAdmin/setup/?token=106710b5e4edff5f7e2e76a570f84149&version_check=1 HTTP/1.1" 200 12691 "-" "Mozilla/5.0 (compatible; SemrushBot/7~bl; +http://www.semrush.com/bot.html)" "www.tekmedicgloves.com"
185.191.171.24 - - [12/Oct/2022:05:09:39 -0700] "GET /phpMyAdmin/setup/?token=f3c593e87a37d612b36956922875493e&version_check=1 HTTP/1.1" 200 12691 "-" "Mozilla/5.0 (compatible; SemrushBot/7~bl; +http://www.semrush.com/bot.html)" "www.tekmedicgloves.com"
185.191.171.10 - - [12/Oct/2022:05:09:41 -0700] "GET /phpMyAdmin/setup/?token=e16f10b4ac341fd6144c672f2caca893&version_check=1 HTTP/1.1" 200 12687 "-" "Mozilla/5.0 (compatible; SemrushBot/7~bl; +http://www.semrush.com/bot.html)" "tekmedicgloves.com"
185.191.171.38 - - [12/Oct/2022:05:09:59 -0700] "GET /phpMyAdmin/setup/?token=f2fd673702ceb07e145e059c80b8b33a&version_check=1 HTTP/1.1" 200 12691 "-" "Mozilla/5.0 (compatible; SemrushBot/7~bl; +http://www.semrush.com/bot.html)" "www.tekmedicgloves.com"
185.191.171.20 - - [12/Oct/2022:05:10:00 -0700] "GET /phpMyAdmin/setup/?token=0c7994e2508619e118f7d8518cc5bbb5&version_check=1 HTTP/1.1" 200 12687 "-" "Mozilla/5.0 (compatible; SemrushBot/7~bl; +http://www.semrush.com/bot.html)" "tekmedicgloves.com"
185.191.171.44 - - [12/Oct/2022:05:10:03 -0700] "GET /phpMyAdmin/setup/?token=ed0e5c69b7841b98beb1981c70a6f218&version_check=1 HTTP/1.1" 200 12687 "-" "Mozilla/5.0 (compatible; SemrushBot/7~bl; +http://www.semrush.com/bot.html)" "tekmedicgloves.com"
185.191.171.10 - - [12/Oct/2022:05:10:45 -0700] "GET /phpMyAdmin/setup/?token=073363bc8b387368c19f4bdb6502bd8e&version_check=1 HTTP/1.1" 200 12691 "-" "Mozilla/5.0 (compatible; SemrushBot/7~bl; +http://www.semrush.com/bot.html)" "www.tekmedicgloves.com"
185.191.171.12 - - [12/Oct/2022:05:10:48 -0700] "GET /phpMyAdmin/setup/?token=acf5688bfb05b2d8eec7b3792e4e54cd&version_check=1 HTTP/1.1" 200 12691 "-" "Mozilla/5.0 (compatible; SemrushBot/7~bl; +http://www.semrush.com/bot.html)" "www.tekmedicgloves.com"
185.191.171.18 - - [12/Oct/2022:05:11:11 -0700] "GET /phpMyAdmin/setup/?token=c196c85d1438f929529bced313b4d29c&version_check=1 HTTP/1.1" 200 12691 "-" "Mozilla/5.0 (compatible; SemrushBot/7~bl; +http://www.semrush.com/bot.html)" "www.tekmedicgloves.com"
185.191.171.4 - - [12/Oct/2022:05:11:31 -0700] "GET /phpMyAdmin/setup/?token=e09176f8a302f62e4502134161467cd5&version_check=1 HTTP/1.1" 200 12687 "-" "Mozilla/5.0 (compatible; SemrushBot/7~bl; +http://www.semrush.com/bot.html)" "tekmedicgloves.com"
