185.191.171.18 - - [13/Oct/2022:14:13:51 -0700] "GET /phpMyAdmin/setup/?token=02df60a3daadebbdb089c9d668d2504e&version_check=1 HTTP/1.1" 200 12687 "-" "Mozilla/5.0 (compatible; SemrushBot/7~bl; +http://www.semrush.com/bot.html)" "tekmedicgloves.com"
185.191.171.26 - - [13/Oct/2022:14:13:55 -0700] "GET /phpMyAdmin/setup/?token=110d2b2027997de75da5e697e66f3561&version_check=1 HTTP/1.1" 200 12687 "-" "Mozilla/5.0 (compatible; SemrushBot/7~bl; +http://www.semrush.com/bot.html)" "tekmedicgloves.com"
185.191.171.40 - - [13/Oct/2022:14:14:14 -0700] "GET /phpMyAdmin/setup/?token=cd7fa4c28f247b2a066f4eb7fb2c7df7&version_check=1 HTTP/1.1" 200 12691 "-" "Mozilla/5.0 (compatible; SemrushBot/7~bl; +http://www.semrush.com/bot.html)" "www.tekmedicgloves.com"
185.191.171.22 - - [13/Oct/2022:14:14:29 -0700] "GET /phpMyAdmin/setup/?token=05c3ec6aa0d5593816fa201bf26fac66&version_check=1 HTTP/1.1" 200 12687 "-" "Mozilla/5.0 (compatible; SemrushBot/7~bl; +http://www.semrush.com/bot.html)" "tekmedicgloves.com"
185.191.171.23 - - [13/Oct/2022:14:14:33 -0700] "GET /phpMyAdmin/setup/?token=fff7339f95353e33349522e51b748496&version_check=1 HTTP/1.1" 200 12691 "-" "Mozilla/5.0 (compatible; SemrushBot/7~bl; +http://www.semrush.com/bot.html)" "www.tekmedicgloves.com"
185.191.171.43 - - [13/Oct/2022:14:14:53 -0700] "GET /phpMyAdmin/setup/?token=13fd1f6e0e4882264b8e2cf84a314748&version_check=1 HTTP/1.1" 200 12687 "-" "Mozilla/5.0 (compatible; SemrushBot/7~bl; +http://www.semrush.com/bot.html)" "tekmedicgloves.com"
185.191.171.3 - - [13/Oct/2022:14:15:20 -0700] "GET /phpMyAdmin/setup/?token=acf57a1c3d30e41933561b7d3b8b36ba&version_check=1 HTTP/1.1" 200 12691 "-" "Mozilla/5.0 (compatible; SemrushBot/7~bl; +http://www.semrush.com/bot.html)" "www.tekmedicgloves.com"
185.191.171.35 - - [13/Oct/2022:14:15:24 -0700] "GET /phpMyAdmin/setup/?token=ed862bf3d12c635872058969c021f878&version_check=1 HTTP/1.1" 200 12687 "-" "Mozilla/5.0 (compatible; SemrushBot/7~bl; +http://www.semrush.com/bot.html)" "tekmedicgloves.com"
185.191.171.5 - - [13/Oct/2022:14:15:35 -0700] "GET /phpMyAdmin/setup/?token=f25a1b6d9dc8b2b51f18b8a2cebfc91f&version_check=1 HTTP/1.1" 200 12691 "-" "Mozilla/5.0 (compatible; SemrushBot/7~bl; +http://www.semrush.com/bot.html)" "www.tekmedicgloves.com"
185.191.171.14 - - [13/Oct/2022:14:15:36 -0700] "GET /phpMyAdmin/setup/?token=0b75412eccb648edb468a3afaa3e6e91&version_check=1 HTTP/1.1" 200 12687 "-" "Mozilla/5.0 (compatible; SemrushBot/7~bl; +http://www.semrush.com/bot.html)" "tekmedicgloves.com"
185.191.171.10 - - [13/Oct/2022:14:15:37 -0700] "GET /phpMyAdmin/setup/?token=f6f1300bffdae0c294d3cdda13e4939e&version_check=1 HTTP/1.1" 200 12687 "-" "Mozilla/5.0 (compatible; SemrushBot/7~bl; +http://www.semrush.com/bot.html)" "tekmedicgloves.com"
185.191.171.33 - - [13/Oct/2022:14:16:37 -0700] "GET /phpMyAdmin/setup/?token=c9257cb249b894193b1270fe46874c2b&version_check=1 HTTP/1.1" 200 12691 "-" "Mozilla/5.0 (compatible; SemrushBot/7~bl; +http://www.semrush.com/bot.html)" "www.tekmedicgloves.com"
185.191.171.18 - - [13/Oct/2022:14:16:38 -0700] "GET /phpMyAdmin/setup/?token=fa65a79bd32d73a8bf793d5b49a8e768&version_check=1 HTTP/1.1" 200 12687 "-" "Mozilla/5.0 (compatible; SemrushBot/7~bl; +http://www.semrush.com/bot.html)" "tekmedicgloves.com"
185.191.171.26 - - [13/Oct/2022:14:16:42 -0700] "GET /phpMyAdmin/setup/?token=e3107c0a6af04fe1b5daa2b56ee9d79d&version_check=1 HTTP/1.1" 200 12687 "-" "Mozilla/5.0 (compatible; SemrushBot/7~bl; +http://www.semrush.com/bot.html)" "tekmedicgloves.com"
185.191.171.11 - - [13/Oct/2022:14:16:43 -0700] "GET /phpMyAdmin/setup/?token=f67f079afaa7ec540d7cfc9e3b6ae2f8&version_check=1 HTTP/1.1" 200 12691 "-" "Mozilla/5.0 (compatible; SemrushBot/7~bl; +http://www.semrush.com/bot.html)" "www.tekmedicgloves.com"
185.191.171.42 - - [13/Oct/2022:14:16:50 -0700] "GET /robots.txt HTTP/1.1" 404 88 "-" "Mozilla/5.0 (compatible; SemrushBot/7~bl; +http://www.semrush.com/bot.html)" "www.tekmedicgloves.com"
185.191.171.23 - - [13/Oct/2022:14:16:51 -0700] "GET /phpMyAdmin/setup/?token=1046bd77fb0a7f1a05e1ea18f28ac9b6&version_check=1 HTTP/1.1" 200 12691 "-" "Mozilla/5.0 (compatible; SemrushBot/7~bl; +http://www.semrush.com/bot.html)" "www.tekmedicgloves.com"
185.191.171.44 - - [13/Oct/2022:14:17:12 -0700] "GET /phpMyAdmin/setup/?token=1166a88d572038fc70dfbde6367aa4b4&version_check=1 HTTP/1.1" 200 12687 "-" "Mozilla/5.0 (compatible; SemrushBot/7~bl; +http://www.semrush.com/bot.html)" "tekmedicgloves.com"
185.191.171.14 - - [13/Oct/2022:14:17:24 -0700] "GET /phpMyAdmin/setup/?token=fb9e6e6995379088be07043e06ce8908&version_check=1 HTTP/1.1" 200 12691 "-" "Mozilla/5.0 (compatible; SemrushBot/7~bl; +http://www.semrush.com/bot.html)" "www.tekmedicgloves.com"
185.191.171.35 - - [13/Oct/2022:14:17:26 -0700] "GET /phpMyAdmin/setup/?token=aac65c107a782ebedf605079c381d3f9&version_check=1 HTTP/1.1" 200 12691 "-" "Mozilla/5.0 (compatible; SemrushBot/7~bl; +http://www.semrush.com/bot.html)" "www.tekmedicgloves.com"
185.191.171.34 - - [13/Oct/2022:14:17:28 -0700] "GET /phpMyAdmin/setup/?token=ef2818a4ec4e045f2849e4da273983e6&version_check=1 HTTP/1.1" 200 12691 "-" "Mozilla/5.0 (compatible; SemrushBot/7~bl; +http://www.semrush.com/bot.html)" "www.tekmedicgloves.com"
185.191.171.26 - - [13/Oct/2022:14:17:48 -0700] "GET /phpMyAdmin/setup/?token=c088c70ebd90d7ee72d3fd101d165ea0&version_check=1 HTTP/1.1" 200 12691 "-" "Mozilla/5.0 (compatible; SemrushBot/7~bl; +http://www.semrush.com/bot.html)" "www.tekmedicgloves.com"
51.222.253.2 - - [13/Oct/2022:14:17:48 -0700] "GET /beta/products.php?cat=21&id=14 HTTP/1.1" 200 55229 "-" "Mozilla/5.0 (compatible; AhrefsBot/7.0; +http://ahrefs.com/robot/)" "tekmedicgloves.com"
51.222.253.10 - - [13/Oct/2022:14:17:50 -0700] "GET /beta/wp-content/themes/CherryFramework/js/jquery.ba-resize.min.js HTTP/1.1" 200 616 "-" "Mozilla/5.0 (compatible; AhrefsBot/7.0; +http://ahrefs.com/robot/)" "tekmedicgloves.com"
51.222.253.18 - - [13/Oct/2022:14:17:50 -0700] "GET /beta/wp-content/themes/CherryFramework/js/jflickrfeed.js HTTP/1.1" 200 560 "-" "Mozilla/5.0 (compatible; AhrefsBot/7.0; +http://ahrefs.com/robot/)" "tekmedicgloves.com"
51.222.253.14 - - [13/Oct/2022:14:17:51 -0700] "GET /beta/wp-content/plugins/cherry-plugin/lib/js/FlexSlider/flexslider.css HTTP/1.1" 200 1323 "-" "Mozilla/5.0 (compatible; AhrefsBot/7.0; +http://ahrefs.com/robot/)" "tekmedicgloves.com"
51.222.253.20 - - [13/Oct/2022:14:17:51 -0700] "GET /beta/wp-content/themes/theme48838/bootstrap/css/responsive.css HTTP/1.1" 200 4226 "-" "Mozilla/5.0 (compatible; AhrefsBot/7.0; +http://ahrefs.com/robot/)" "tekmedicgloves.com"
51.222.253.1 - - [13/Oct/2022:14:17:51 -0700] "GET /beta/wp-content/themes/theme48838/images/social/facebook.png HTTP/1.1" 200 1671 "-" "Mozilla/5.0 (compatible; AhrefsBot/7.0; +http://ahrefs.com/robot/)" "tekmedicgloves.com"
51.222.253.6 - - [13/Oct/2022:14:17:51 -0700] "GET /beta/wp-content/themes/theme48838/images/logo.png HTTP/1.1" 200 27710 "-" "Mozilla/5.0 (compatible; AhrefsBot/7.0; +http://ahrefs.com/robot/)" "tekmedicgloves.com"
51.222.253.1 - - [13/Oct/2022:14:17:52 -0700] "GET /beta/wp-content/themes/theme48838/images/social/rss.png HTTP/1.1" 200 2128 "-" "Mozilla/5.0 (compatible; AhrefsBot/7.0; +http://ahrefs.com/robot/)" "tekmedicgloves.com"
51.222.253.4 - - [13/Oct/2022:14:17:52 -0700] "GET /beta/wp-content/themes/CherryFramework/js/jplayer.playlist.min.js HTTP/1.1" 200 2404 "-" "Mozilla/5.0 (compatible; AhrefsBot/7.0; +http://ahrefs.com/robot/)" "tekmedicgloves.com"
51.222.253.6 - - [13/Oct/2022:14:17:52 -0700] "GET /beta/wp-content/themes/CherryFramework/js/superfish.js HTTP/1.1" 200 1280 "-" "Mozilla/5.0 (compatible; AhrefsBot/7.0; +http://ahrefs.com/robot/)" "tekmedicgloves.com"
51.222.253.15 - - [13/Oct/2022:14:17:52 -0700] "GET /beta/wp-content/plugins/cherry-plugin/lib/js/owl-carousel/owl.theme.css HTTP/1.1" 200 606 "-" "Mozilla/5.0 (compatible; AhrefsBot/7.0; +http://ahrefs.com/robot/)" "tekmedicgloves.com"
51.222.253.7 - - [13/Oct/2022:14:17:53 -0700] "GET /beta/wp-content/themes/theme48838/images/social/google.png HTTP/1.1" 200 1611 "-" "Mozilla/5.0 (compatible; AhrefsBot/7.0; +http://ahrefs.com/robot/)" "tekmedicgloves.com"
51.222.253.12 - - [13/Oct/2022:14:17:53 -0700] "GET /beta/wp-content/themes/theme48838/main-style.css HTTP/1.1" 200 4849 "-" "Mozilla/5.0 (compatible; AhrefsBot/7.0; +http://ahrefs.com/robot/)" "tekmedicgloves.com"
51.222.253.15 - - [13/Oct/2022:14:17:53 -0700] "GET /beta/wp-content/themes/CherryFramework/js/jquery.debouncedresize.js HTTP/1.1" 200 226 "-" "Mozilla/5.0 (compatible; AhrefsBot/7.0; +http://ahrefs.com/robot/)" "tekmedicgloves.com"
51.222.253.2 - - [13/Oct/2022:14:17:54 -0700] "GET /beta/wp-content/themes/CherryFramework/bootstrap/js/bootstrap.min.js HTTP/1.1" 200 7654 "-" "Mozilla/5.0 (compatible; AhrefsBot/7.0; +http://ahrefs.com/robot/)" "tekmedicgloves.com"
51.222.253.9 - - [13/Oct/2022:14:17:54 -0700] "GET /beta/wp-content/plugins/contact-form-7/includes/js/scripts.js HTTP/1.1" 200 1850 "-" "Mozilla/5.0 (compatible; AhrefsBot/7.0; +http://ahrefs.com/robot/)" "tekmedicgloves.com"
51.222.253.14 - - [13/Oct/2022:14:17:55 -0700] "GET /beta/wp-content/plugins/cherry-plugin/lib/js/jquery.easing.1.3.js HTTP/1.1" 200 814 "-" "Mozilla/5.0 (compatible; AhrefsBot/7.0; +http://ahrefs.com/robot/)" "tekmedicgloves.com"
51.222.253.16 - - [13/Oct/2022:14:17:55 -0700] "GET /beta/wp-content/plugins/cherry-plugin/includes/css/cherry-plugin.css HTTP/1.1" 200 4752 "-" "Mozilla/5.0 (compatible; AhrefsBot/7.0; +http://ahrefs.com/robot/)" "tekmedicgloves.com"
51.222.253.2 - - [13/Oct/2022:14:17:55 -0700] "GET /beta/wp-content/themes/CherryFramework/js/jquery.jplayer.min.js HTTP/1.1" 200 11945 "-" "Mozilla/5.0 (compatible; AhrefsBot/7.0; +http://ahrefs.com/robot/)" "tekmedicgloves.com"
51.222.253.17 - - [13/Oct/2022:14:17:55 -0700] "GET /beta/wp-content/themes/CherryFramework/css/camera.css HTTP/1.1" 200 3117 "-" "Mozilla/5.0 (compatible; AhrefsBot/7.0; +http://ahrefs.com/robot/)" "tekmedicgloves.com"
51.222.253.2 - - [13/Oct/2022:14:17:56 -0700] "GET /beta/wp-content/plugins/cherry-plugin/lib/js/elasti-carousel/jquery.elastislide.js HTTP/1.1" 200 1963 "-" "Mozilla/5.0 (compatible; AhrefsBot/7.0; +http://ahrefs.com/robot/)" "tekmedicgloves.com"
51.222.253.16 - - [13/Oct/2022:14:17:56 -0700] "GET /beta/images/product/20141110111634_3734D-Tekmedic-InoSafe-A2-Poster-Outstanding-Concept.jpg HTTP/1.1" 200 1724750 "-" "Mozilla/5.0 (compatible; AhrefsBot/7.0; +http://ahrefs.com/robot/)" "tekmedicgloves.com"
51.222.253.12 - - [13/Oct/2022:14:17:58 -0700] "GET /beta/wp-content/themes/CherryFramework/js/jquery-1.7.2.min.js HTTP/1.1" 200 33630 "-" "Mozilla/5.0 (compatible; AhrefsBot/7.0; +http://ahrefs.com/robot/)" "tekmedicgloves.com"
51.222.253.5 - - [13/Oct/2022:14:17:58 -0700] "GET /beta/wp-content/themes/CherryFramework/css/magnific-popup.css HTTP/1.1" 200 2166 "-" "Mozilla/5.0 (compatible; AhrefsBot/7.0; +http://ahrefs.com/robot/)" "tekmedicgloves.com"
51.222.253.3 - - [13/Oct/2022:14:17:58 -0700] "GET /beta/wp-content/plugins/cherry-plugin/lib/js/FlexSlider/jquery.flexslider-min.js HTTP/1.1" 200 5177 "-" "Mozilla/5.0 (compatible; AhrefsBot/7.0; +http://ahrefs.com/robot/)" "tekmedicgloves.com"
51.222.253.3 - - [13/Oct/2022:14:17:58 -0700] "GET /beta/wp-content/themes/CherryFramework/js/jquery.magnific-popup.min.js HTTP/1.1" 200 7493 "-" "Mozilla/5.0 (compatible; AhrefsBot/7.0; +http://ahrefs.com/robot/)" "tekmedicgloves.com"
51.222.253.18 - - [13/Oct/2022:14:17:59 -0700] "GET /beta/wp-content/themes/theme48838/images/social/twitter.png HTTP/1.1" 200 1861 "-" "Mozilla/5.0 (compatible; AhrefsBot/7.0; +http://ahrefs.com/robot/)" "tekmedicgloves.com"
51.222.253.20 - - [13/Oct/2022:14:17:59 -0700] "GET /beta/wp-content/themes/theme48838/bootstrap/css/bootstrap.css HTTP/1.1" 200 15793 "-" "Mozilla/5.0 (compatible; AhrefsBot/7.0; +http://ahrefs.com/robot/)" "tekmedicgloves.com"
51.222.253.4 - - [13/Oct/2022:14:17:59 -0700] "GET /beta/wp-content/themes/CherryFramework/js/custom.js HTTP/1.1" 200 2131 "-" "Mozilla/5.0 (compatible; AhrefsBot/7.0; +http://ahrefs.com/robot/)" "tekmedicgloves.com"
51.222.253.7 - - [13/Oct/2022:14:17:59 -0700] "GET /beta/wp-content/themes/CherryFramework/js/jquery.mobilemenu.js HTTP/1.1" 200 908 "-" "Mozilla/5.0 (compatible; AhrefsBot/7.0; +http://ahrefs.com/robot/)" "tekmedicgloves.com"
51.222.253.6 - - [13/Oct/2022:14:18:00 -0700] "GET /beta/wp-content/themes/CherryFramework/js/camera.min.js HTTP/1.1" 200 8551 "-" "Mozilla/5.0 (compatible; AhrefsBot/7.0; +http://ahrefs.com/robot/)" "tekmedicgloves.com"
185.191.171.44 - - [13/Oct/2022:14:18:00 -0700] "GET /phpMyAdmin/setup/?token=cc6b6412302fac8ea465468e7aed3f36&version_check=1 HTTP/1.1" 200 12691 "-" "Mozilla/5.0 (compatible; SemrushBot/7~bl; +http://www.semrush.com/bot.html)" "www.tekmedicgloves.com"
51.222.253.7 - - [13/Oct/2022:14:18:00 -0700] "GET /beta/wp-content/themes/CherryFramework/js/modernizr.js HTTP/1.1" 200 5141 "-" "Mozilla/5.0 (compatible; AhrefsBot/7.0; +http://ahrefs.com/robot/)" "tekmedicgloves.com"
51.222.253.7 - - [13/Oct/2022:14:18:00 -0700] "GET /beta/wp-includes/js/swfobject.js HTTP/1.1" 404 88 "-" "Mozilla/5.0 (compatible; AhrefsBot/7.0; +http://ahrefs.com/robot/)" "tekmedicgloves.com"
51.222.253.12 - - [13/Oct/2022:14:18:00 -0700] "GET /beta/wp-content/themes/CherryFramework/js/jquery.mobile.customized.min.js HTTP/1.1" 200 6409 "-" "Mozilla/5.0 (compatible; AhrefsBot/7.0; +http://ahrefs.com/robot/)" "tekmedicgloves.com"
51.222.253.16 - - [13/Oct/2022:14:18:01 -0700] "GET /beta/wp-content/plugins/contact-form-7/includes/js/jquery.form.min.js HTTP/1.1" 200 5878 "-" "Mozilla/5.0 (compatible; AhrefsBot/7.0; +http://ahrefs.com/robot/)" "tekmedicgloves.com"
51.222.253.5 - - [13/Oct/2022:14:18:01 -0700] "GET /beta/wp-includes/js/comment-reply.min.js HTTP/1.1" 404 88 "-" "Mozilla/5.0 (compatible; AhrefsBot/7.0; +http://ahrefs.com/robot/)" "tekmedicgloves.com"
51.222.253.10 - - [13/Oct/2022:14:18:01 -0700] "GET /beta/wp-content/plugins/cherry-plugin/includes/js/cherry-plugin.js HTTP/1.1" 200 438 "-" "Mozilla/5.0 (compatible; AhrefsBot/7.0; +http://ahrefs.com/robot/)" "tekmedicgloves.com"
51.222.253.2 - - [13/Oct/2022:14:18:01 -0700] "GET /beta/wp-content/plugins/cherry-plugin/lib/js/owl-carousel/owl.carousel.css HTTP/1.1" 200 1119 "-" "Mozilla/5.0 (compatible; AhrefsBot/7.0; +http://ahrefs.com/robot/)" "tekmedicgloves.com"
51.222.253.6 - - [13/Oct/2022:14:18:01 -0700] "GET /beta/wp-content/plugins/contact-form-7/includes/css/styles.css HTTP/1.1" 200 392 "-" "Mozilla/5.0 (compatible; AhrefsBot/7.0; +http://ahrefs.com/robot/)" "tekmedicgloves.com"
51.222.253.2 - - [13/Oct/2022:14:18:02 -0700] "GET /beta/wp-content/themes/CherryFramework/js/jquery.isotope.js HTTP/1.1" 200 4845 "-" "Mozilla/5.0 (compatible; AhrefsBot/7.0; +http://ahrefs.com/robot/)" "tekmedicgloves.com"
185.191.171.10 - - [13/Oct/2022:14:18:04 -0700] "GET /phpMyAdmin/setup/?token=f71039c7477b1b3a6a08c333c73c337d&version_check=1 HTTP/1.1" 200 12687 "-" "Mozilla/5.0 (compatible; SemrushBot/7~bl; +http://www.semrush.com/bot.html)" "tekmedicgloves.com"
185.191.171.37 - - [13/Oct/2022:14:18:12 -0700] "GET /phpMyAdmin/setup/?token=0f6442966c67e248028df49252f23ae7&version_check=1 HTTP/1.1" 200 12691 "-" "Mozilla/5.0 (compatible; SemrushBot/7~bl; +http://www.semrush.com/bot.html)" "www.tekmedicgloves.com"
185.191.171.5 - - [13/Oct/2022:14:18:35 -0700] "GET /phpMyAdmin/setup/?token=e07741e63f8053d8b584fe2081d014e0&version_check=1 HTTP/1.1" 200 12687 "-" "Mozilla/5.0 (compatible; SemrushBot/7~bl; +http://www.semrush.com/bot.html)" "tekmedicgloves.com"
185.191.171.6 - - [13/Oct/2022:14:18:48 -0700] "GET /phpMyAdmin/setup/?token=e189c24e648da50cea07f42e754c4d3f&version_check=1 HTTP/1.1" 200 12687 "-" "Mozilla/5.0 (compatible; SemrushBot/7~bl; +http://www.semrush.com/bot.html)" "tekmedicgloves.com"
185.191.171.40 - - [13/Oct/2022:14:18:53 -0700] "GET /phpMyAdmin/setup/?token=ee19aa3709d92f265b376888230c5ba2&version_check=1 HTTP/1.1" 200 12691 "-" "Mozilla/5.0 (compatible; SemrushBot/7~bl; +http://www.semrush.com/bot.html)" "www.tekmedicgloves.com"
185.191.171.35 - - [13/Oct/2022:14:18:59 -0700] "GET /phpMyAdmin/setup/?token=025c29d8b6e669a385d9b602afb3dd76&version_check=1 HTTP/1.1" 200 12687 "-" "Mozilla/5.0 (compatible; SemrushBot/7~bl; +http://www.semrush.com/bot.html)" "tekmedicgloves.com"
185.191.171.23 - - [13/Oct/2022:14:19:04 -0700] "GET /phpMyAdmin/setup/?token=dcf09bcf03a82508df0475ce05c362dd&version_check=1 HTTP/1.1" 200 12691 "-" "Mozilla/5.0 (compatible; SemrushBot/7~bl; +http://www.semrush.com/bot.html)" "www.tekmedicgloves.com"
185.191.171.2 - - [13/Oct/2022:14:19:26 -0700] "GET /phpMyAdmin/setup/?token=beed6f6bb06540581f7a0979a7d90407&version_check=1 HTTP/1.1" 200 12691 "-" "Mozilla/5.0 (compatible; SemrushBot/7~bl; +http://www.semrush.com/bot.html)" "www.tekmedicgloves.com"
185.191.171.10 - - [13/Oct/2022:14:19:34 -0700] "GET /phpMyAdmin/setup/?token=10e31063b5ed771cc42a1aa49e67b4ef&version_check=1 HTTP/1.1" 200 12691 "-" "Mozilla/5.0 (compatible; SemrushBot/7~bl; +http://www.semrush.com/bot.html)" "www.tekmedicgloves.com"
185.191.171.37 - - [13/Oct/2022:14:20:58 -0700] "GET /phpMyAdmin/setup/?token=e2716e017d065a7eea31da9bc20365b6&version_check=1 HTTP/1.1" 200 12687 "-" "Mozilla/5.0 (compatible; SemrushBot/7~bl; +http://www.semrush.com/bot.html)" "tekmedicgloves.com"
185.191.171.15 - - [13/Oct/2022:14:21:06 -0700] "GET /phpMyAdmin/setup/?token=f52713d11bd3e68c6ee5f78952e15b2a&version_check=1 HTTP/1.1" 200 12691 "-" "Mozilla/5.0 (compatible; SemrushBot/7~bl; +http://www.semrush.com/bot.html)" "www.tekmedicgloves.com"
185.191.171.2 - - [13/Oct/2022:14:21:07 -0700] "GET /phpMyAdmin/setup/?token=edc333419365878ac56602b29fd42de3&version_check=1 HTTP/1.1" 200 12687 "-" "Mozilla/5.0 (compatible; SemrushBot/7~bl; +http://www.semrush.com/bot.html)" "tekmedicgloves.com"
185.191.171.1 - - [13/Oct/2022:14:21:08 -0700] "GET /phpMyAdmin/setup/?token=fdcfa343abd48c9c4d6bf47d89d6fea6&version_check=1 HTTP/1.1" 200 12687 "-" "Mozilla/5.0 (compatible; SemrushBot/7~bl; +http://www.semrush.com/bot.html)" "tekmedicgloves.com"
185.191.171.11 - - [13/Oct/2022:14:21:32 -0700] "GET /phpMyAdmin/setup/?token=e3f0537c5e40e813d655de433944895c&version_check=1 HTTP/1.1" 200 12687 "-" "Mozilla/5.0 (compatible; SemrushBot/7~bl; +http://www.semrush.com/bot.html)" "tekmedicgloves.com"
185.191.171.33 - - [13/Oct/2022:14:21:36 -0700] "GET /phpMyAdmin/setup/?token=d31667a605348a55d464c6cc3a03637f&version_check=1 HTTP/1.1" 200 12691 "-" "Mozilla/5.0 (compatible; SemrushBot/7~bl; +http://www.semrush.com/bot.html)" "www.tekmedicgloves.com"
185.191.171.3 - - [13/Oct/2022:14:21:46 -0700] "GET /phpMyAdmin/setup/?token=ed1d1e11ed560d771eb9c3eeaa4d72fe&version_check=1 HTTP/1.1" 200 12691 "-" "Mozilla/5.0 (compatible; SemrushBot/7~bl; +http://www.semrush.com/bot.html)" "www.tekmedicgloves.com"
20.124.23.204 - - [13/Oct/2022:14:22:36 -0700] "GET / HTTP/1.1" 200 696 "-" "Mozilla/5.0 (Windows NT 10.0; Win64; x64) AppleWebKit/537.36 (KHTML, like Gecko) Chrome/63.0.3239.132 Safari/537.36" "tekmedicgloves.com"
185.191.171.33 - - [13/Oct/2022:14:22:46 -0700] "GET /phpMyAdmin/setup/?token=f5b2c887ec2a0718a378896bbc57bb93&version_check=1 HTTP/1.1" 200 12691 "-" "Mozilla/5.0 (compatible; SemrushBot/7~bl; +http://www.semrush.com/bot.html)" "www.tekmedicgloves.com"
20.124.23.204 - - [13/Oct/2022:14:22:53 -0700] "GET /wp2/wp-includes/wlwmanifest.xml HTTP/1.1" 404 73 "-" "Mozilla/5.0 (Windows NT 10.0; Win64; x64) AppleWebKit/537.36 (KHTML, like Gecko) Chrome/63.0.3239.132 Safari/537.36" "tekmedicgloves.com"
20.124.23.204 - - [13/Oct/2022:14:22:55 -0700] "GET /cms/wp-includes/wlwmanifest.xml HTTP/1.1" 404 73 "-" "Mozilla/5.0 (Windows NT 10.0; Win64; x64) AppleWebKit/537.36 (KHTML, like Gecko) Chrome/63.0.3239.132 Safari/537.36" "tekmedicgloves.com"
185.191.171.21 - - [13/Oct/2022:14:23:01 -0700] "GET /phpMyAdmin/setup/?token=f0643c1c38b8df119433bae5f5c0b49a&version_check=1 HTTP/1.1" 200 12691 "-" "Mozilla/5.0 (compatible; SemrushBot/7~bl; +http://www.semrush.com/bot.html)" "www.tekmedicgloves.com"
185.191.171.4 - - [13/Oct/2022:14:23:25 -0700] "GET /phpMyAdmin/setup/?token=07b10b0071e65ff25181872fffe96da4&version_check=1 HTTP/1.1" 200 12687 "-" "Mozilla/5.0 (compatible; SemrushBot/7~bl; +http://www.semrush.com/bot.html)" "tekmedicgloves.com"
185.191.171.25 - - [13/Oct/2022:14:23:37 -0700] "GET /phpMyAdmin/setup/?token=fdbdb79731e66fdf7b0f447bbc372fcc&version_check=1 HTTP/1.1" 200 12687 "-" "Mozilla/5.0 (compatible; SemrushBot/7~bl; +http://www.semrush.com/bot.html)" "tekmedicgloves.com"
185.191.171.16 - - [13/Oct/2022:14:23:56 -0700] "GET /phpMyAdmin/setup/?token=bb60e37348fb0b6d4bb9e93fd6ffcd4f&version_check=1 HTTP/1.1" 200 12691 "-" "Mozilla/5.0 (compatible; SemrushBot/7~bl; +http://www.semrush.com/bot.html)" "www.tekmedicgloves.com"
185.191.171.1 - - [13/Oct/2022:14:24:00 -0700] "GET /phpMyAdmin/setup/?token=ef8bbb65c0a941eada4710777ad6a766&version_check=1 HTTP/1.1" 200 12687 "-" "Mozilla/5.0 (compatible; SemrushBot/7~bl; +http://www.semrush.com/bot.html)" "tekmedicgloves.com"
185.191.171.25 - - [13/Oct/2022:14:25:18 -0700] "GET /phpMyAdmin/setup/?token=f2362b214c648edaa4beb8613d8eaaca&version_check=1 HTTP/1.1" 200 12687 "-" "Mozilla/5.0 (compatible; SemrushBot/7~bl; +http://www.semrush.com/bot.html)" "tekmedicgloves.com"
185.191.171.8 - - [13/Oct/2022:14:25:39 -0700] "GET /robots.txt HTTP/1.1" 404 88 "-" "Mozilla/5.0 (compatible; SemrushBot/7~bl; +http://www.semrush.com/bot.html)" "tekmedicgloves.com"
185.191.171.41 - - [13/Oct/2022:14:25:40 -0700] "GET /phpMyAdmin/setup/?token=e07b894139f8203ea4283c2b8c2b84a0&version_check=1 HTTP/1.1" 200 12687 "-" "Mozilla/5.0 (compatible; SemrushBot/7~bl; +http://www.semrush.com/bot.html)" "tekmedicgloves.com"
185.191.171.1 - - [13/Oct/2022:14:25:43 -0700] "GET /phpMyAdmin/setup/?token=c4eea65d294a437489566b8372100032&version_check=1 HTTP/1.1" 200 12691 "-" "Mozilla/5.0 (compatible; SemrushBot/7~bl; +http://www.semrush.com/bot.html)" "www.tekmedicgloves.com"
185.191.171.24 - - [13/Oct/2022:14:26:16 -0700] "GET /phpMyAdmin/setup/?token=f8c4adad702c5973342ced841464ef9f&version_check=1 HTTP/1.1" 200 12687 "-" "Mozilla/5.0 (compatible; SemrushBot/7~bl; +http://www.semrush.com/bot.html)" "tekmedicgloves.com"
185.191.171.24 - - [13/Oct/2022:14:26:25 -0700] "GET /phpMyAdmin/setup/?token=134dc46b804469ae8626d6e444753730&version_check=1 HTTP/1.1" 200 12687 "-" "Mozilla/5.0 (compatible; SemrushBot/7~bl; +http://www.semrush.com/bot.html)" "tekmedicgloves.com"
185.191.171.2 - - [13/Oct/2022:14:26:30 -0700] "GET /phpMyAdmin/setup/?token=f810efbf70e21d812caa972fb5aef2e5&version_check=1 HTTP/1.1" 200 12691 "-" "Mozilla/5.0 (compatible; SemrushBot/7~bl; +http://www.semrush.com/bot.html)" "www.tekmedicgloves.com"
185.191.171.6 - - [13/Oct/2022:14:26:47 -0700] "GET /phpMyAdmin/setup/?token=03f12249ef8b6f45dc2afeeddbc7051f&version_check=1 HTTP/1.1" 200 12691 "-" "Mozilla/5.0 (compatible; SemrushBot/7~bl; +http://www.semrush.com/bot.html)" "www.tekmedicgloves.com"
185.191.171.15 - - [13/Oct/2022:14:26:49 -0700] "GET /phpMyAdmin/setup/?token=0bbe4c08fece25a7f2715d45311052ac&version_check=1 HTTP/1.1" 200 12691 "-" "Mozilla/5.0 (compatible; SemrushBot/7~bl; +http://www.semrush.com/bot.html)" "www.tekmedicgloves.com"
185.191.171.22 - - [13/Oct/2022:14:27:37 -0700] "GET /phpMyAdmin/setup/?token=0e35f0f6d116c46700a536e8aca0d112&version_check=1 HTTP/1.1" 200 12687 "-" "Mozilla/5.0 (compatible; SemrushBot/7~bl; +http://www.semrush.com/bot.html)" "tekmedicgloves.com"
185.191.171.23 - - [13/Oct/2022:14:27:41 -0700] "GET /phpMyAdmin/setup/?token=fd9d1b7d60b55cc710c459cca894db39&version_check=1 HTTP/1.1" 200 12691 "-" "Mozilla/5.0 (compatible; SemrushBot/7~bl; +http://www.semrush.com/bot.html)" "www.tekmedicgloves.com"
185.191.171.24 - - [13/Oct/2022:14:27:59 -0700] "GET /phpMyAdmin/setup/?token=08c6e1def876e28a4a2f3676082f77b2&version_check=1 HTTP/1.1" 200 12687 "-" "Mozilla/5.0 (compatible; SemrushBot/7~bl; +http://www.semrush.com/bot.html)" "tekmedicgloves.com"
185.191.171.36 - - [13/Oct/2022:14:28:12 -0700] "GET /phpMyAdmin/setup/?token=0d3f997db09412028e7dd61a13899260&version_check=1 HTTP/1.1" 200 12691 "-" "Mozilla/5.0 (compatible; SemrushBot/7~bl; +http://www.semrush.com/bot.html)" "www.tekmedicgloves.com"
185.191.171.15 - - [13/Oct/2022:14:28:31 -0700] "GET /phpMyAdmin/setup/?token=024c6cbbc341fc0e30136732c6ee59e7&version_check=1 HTTP/1.1" 200 12687 "-" "Mozilla/5.0 (compatible; SemrushBot/7~bl; +http://www.semrush.com/bot.html)" "tekmedicgloves.com"
183.199.0.138 - - [13/Oct/2022:14:28:49 -0700] "GET /beta/products.php?cat=24&amp;subcat=42&amp;id=16 HTTP/1.1" 200 43240 "-" "Mozilla/5.0 (Windows NT 10.0; WOW64; Rv:50.0) Gecko/20100101 Firefox/50.0" "tekmedicgloves.com"
185.191.171.8 - - [13/Oct/2022:14:28:58 -0700] "GET /phpMyAdmin/setup/?token=f27a918aeca4b53a5b718683614d3820&version_check=1 HTTP/1.1" 200 12691 "-" "Mozilla/5.0 (compatible; SemrushBot/7~bl; +http://www.semrush.com/bot.html)" "www.tekmedicgloves.com"
185.191.171.25 - - [13/Oct/2022:14:29:01 -0700] "GET /phpMyAdmin/setup/?token=0b1eb03719cb980cc3dd89eace2be157&version_check=1 HTTP/1.1" 200 12687 "-" "Mozilla/5.0 (compatible; SemrushBot/7~bl; +http://www.semrush.com/bot.html)" "tekmedicgloves.com"
185.191.171.4 - - [13/Oct/2022:14:29:18 -0700] "GET /phpMyAdmin/setup/?token=a2614938a303326cd2b3eb7eabc3098a&version_check=1 HTTP/1.1" 200 12687 "-" "Mozilla/5.0 (compatible; SemrushBot/7~bl; +http://www.semrush.com/bot.html)" "tekmedicgloves.com"
185.191.171.7 - - [13/Oct/2022:14:29:54 -0700] "GET /phpMyAdmin/setup/?token=c1beabe5d1797bac14a2aa865a6d9942&version_check=1 HTTP/1.1" 200 12691 "-" "Mozilla/5.0 (compatible; SemrushBot/7~bl; +http://www.semrush.com/bot.html)" "www.tekmedicgloves.com"
185.191.171.23 - - [13/Oct/2022:14:29:59 -0700] "GET /phpMyAdmin/setup/?token=014fd34c4187025373f55a5641477311&version_check=1 HTTP/1.1" 200 12691 "-" "Mozilla/5.0 (compatible; SemrushBot/7~bl; +http://www.semrush.com/bot.html)" "www.tekmedicgloves.com"
185.191.171.10 - - [13/Oct/2022:14:30:02 -0700] "GET /phpMyAdmin/setup/?token=c9cee1dc0f3954feed6816a51ab9c328&version_check=1 HTTP/1.1" 200 12691 "-" "Mozilla/5.0 (compatible; SemrushBot/7~bl; +http://www.semrush.com/bot.html)" "www.tekmedicgloves.com"
185.191.171.15 - - [13/Oct/2022:14:30:41 -0700] "GET /phpMyAdmin/setup/?token=ec43def30506913e6aca02fe5c8565db&version_check=1 HTTP/1.1" 200 12687 "-" "Mozilla/5.0 (compatible; SemrushBot/7~bl; +http://www.semrush.com/bot.html)" "tekmedicgloves.com"
185.191.171.11 - - [13/Oct/2022:14:30:48 -0700] "GET /phpMyAdmin/setup/?token=c042a1a410c96791b9ae49f7bf113dc2&version_check=1 HTTP/1.1" 200 12691 "-" "Mozilla/5.0 (compatible; SemrushBot/7~bl; +http://www.semrush.com/bot.html)" "www.tekmedicgloves.com"
185.191.171.16 - - [13/Oct/2022:14:31:44 -0700] "GET /phpMyAdmin/setup/?token=cabbc2f5e1faf5733310cbf18a0b2031&version_check=1 HTTP/1.1" 200 12691 "-" "Mozilla/5.0 (compatible; SemrushBot/7~bl; +http://www.semrush.com/bot.html)" "www.tekmedicgloves.com"
185.191.171.9 - - [13/Oct/2022:14:32:07 -0700] "GET /phpMyAdmin/setup/?token=0f0b0f354a3705b1a1e256c6c3fb7a5a&version_check=1 HTTP/1.1" 200 12691 "-" "Mozilla/5.0 (compatible; SemrushBot/7~bl; +http://www.semrush.com/bot.html)" "www.tekmedicgloves.com"
185.191.171.24 - - [13/Oct/2022:14:32:13 -0700] "GET /phpMyAdmin/setup/?token=f4698fb4ac7ba41b401b57dedcf16798&version_check=1 HTTP/1.1" 200 12691 "-" "Mozilla/5.0 (compatible; SemrushBot/7~bl; +http://www.semrush.com/bot.html)" "www.tekmedicgloves.com"
185.191.171.38 - - [13/Oct/2022:14:32:46 -0700] "GET /phpMyAdmin/setup/?token=fe7f23ad33f5e8f9ed2b6ab98939f98a&version_check=1 HTTP/1.1" 200 12687 "-" "Mozilla/5.0 (compatible; SemrushBot/7~bl; +http://www.semrush.com/bot.html)" "tekmedicgloves.com"
185.191.171.4 - - [13/Oct/2022:14:33:10 -0700] "GET /phpMyAdmin/setup/?token=ddd6e45fa29043ad7c3ddf2a986c5a85&version_check=1 HTTP/1.1" 200 12687 "-" "Mozilla/5.0 (compatible; SemrushBot/7~bl; +http://www.semrush.com/bot.html)" "tekmedicgloves.com"
185.191.171.6 - - [13/Oct/2022:14:33:20 -0700] "GET /phpMyAdmin/setup/?token=03a4b0f3418b9ae1dea33b2b5ceb8cc1&version_check=1 HTTP/1.1" 200 12687 "-" "Mozilla/5.0 (compatible; SemrushBot/7~bl; +http://www.semrush.com/bot.html)" "tekmedicgloves.com"
185.191.171.38 - - [13/Oct/2022:14:34:07 -0700] "GET /phpMyAdmin/setup/?token=f8e9042e275e5272e5bc2e2b0aae4a46&version_check=1 HTTP/1.1" 200 12687 "-" "Mozilla/5.0 (compatible; SemrushBot/7~bl; +http://www.semrush.com/bot.html)" "tekmedicgloves.com"
185.191.171.33 - - [13/Oct/2022:14:34:40 -0700] "GET /phpMyAdmin/setup/?token=03e61898d87e346c0ea2924e7ac799b5&version_check=1 HTTP/1.1" 200 12691 "-" "Mozilla/5.0 (compatible; SemrushBot/7~bl; +http://www.semrush.com/bot.html)" "www.tekmedicgloves.com"
185.191.171.3 - - [13/Oct/2022:14:34:48 -0700] "GET /phpMyAdmin/setup/?token=e92d94f748cc5a3104859b208188788b&version_check=1 HTTP/1.1" 200 12687 "-" "Mozilla/5.0 (compatible; SemrushBot/7~bl; +http://www.semrush.com/bot.html)" "tekmedicgloves.com"
185.191.171.35 - - [13/Oct/2022:14:34:51 -0700] "GET /phpMyAdmin/setup/?token=e9a83ee827eb2b92812e8b0ce614a31f&version_check=1 HTTP/1.1" 200 12687 "-" "Mozilla/5.0 (compatible; SemrushBot/7~bl; +http://www.semrush.com/bot.html)" "tekmedicgloves.com"
185.191.171.24 - - [13/Oct/2022:14:34:53 -0700] "GET /phpMyAdmin/setup/?token=df086db079b9fc00a9bd12b8c16241d4&version_check=1 HTTP/1.1" 200 12687 "-" "Mozilla/5.0 (compatible; SemrushBot/7~bl; +http://www.semrush.com/bot.html)" "tekmedicgloves.com"
185.191.171.3 - - [13/Oct/2022:14:35:15 -0700] "GET /phpMyAdmin/setup/?token=f2e812245a4d89d4e82ed471cc4c7319&version_check=1 HTTP/1.1" 200 12691 "-" "Mozilla/5.0 (compatible; SemrushBot/7~bl; +http://www.semrush.com/bot.html)" "www.tekmedicgloves.com"
185.191.171.2 - - [13/Oct/2022:14:35:25 -0700] "GET /phpMyAdmin/setup/?token=edcce583df3492fac29d4c15d2acd4a2&version_check=1 HTTP/1.1" 200 12691 "-" "Mozilla/5.0 (compatible; SemrushBot/7~bl; +http://www.semrush.com/bot.html)" "www.tekmedicgloves.com"
185.191.171.2 - - [13/Oct/2022:14:35:51 -0700] "GET /phpMyAdmin/setup/?token=fb1cd3e6fe6b382abf3fdc3265cd877f&version_check=1 HTTP/1.1" 200 12687 "-" "Mozilla/5.0 (compatible; SemrushBot/7~bl; +http://www.semrush.com/bot.html)" "tekmedicgloves.com"
185.191.171.6 - - [13/Oct/2022:14:35:57 -0700] "GET /phpMyAdmin/setup/?token=fc00e822770513267d073947f61e60d7&version_check=1 HTTP/1.1" 200 12691 "-" "Mozilla/5.0 (compatible; SemrushBot/7~bl; +http://www.semrush.com/bot.html)" "www.tekmedicgloves.com"
185.191.171.12 - - [13/Oct/2022:14:36:10 -0700] "GET /phpMyAdmin/setup/?token=e9bdd05689f76fb4fb67525aa7ef9fce&version_check=1 HTTP/1.1" 200 12687 "-" "Mozilla/5.0 (compatible; SemrushBot/7~bl; +http://www.semrush.com/bot.html)" "tekmedicgloves.com"
185.191.171.23 - - [13/Oct/2022:14:36:25 -0700] "GET /phpMyAdmin/setup/?token=df9691bfeb7ab814979729e11de45c8d&version_check=1 HTTP/1.1" 200 12687 "-" "Mozilla/5.0 (compatible; SemrushBot/7~bl; +http://www.semrush.com/bot.html)" "tekmedicgloves.com"
185.191.171.41 - - [13/Oct/2022:14:36:28 -0700] "GET /phpMyAdmin/setup/?token=0f3bde42a0fd562acd92bdc2f6147f99&version_check=1 HTTP/1.1" 200 12687 "-" "Mozilla/5.0 (compatible; SemrushBot/7~bl; +http://www.semrush.com/bot.html)" "tekmedicgloves.com"
185.191.171.37 - - [13/Oct/2022:14:36:40 -0700] "GET /phpMyAdmin/setup/?token=fd6e1f7beb17ee4f4718451849a2c4a6&version_check=1 HTTP/1.1" 200 12687 "-" "Mozilla/5.0 (compatible; SemrushBot/7~bl; +http://www.semrush.com/bot.html)" "tekmedicgloves.com"
185.191.171.40 - - [13/Oct/2022:14:36:50 -0700] "GET /phpMyAdmin/setup/?token=cec3a829bd74dcc40bf69df599e5c6b4&version_check=1 HTTP/1.1" 200 12691 "-" "Mozilla/5.0 (compatible; SemrushBot/7~bl; +http://www.semrush.com/bot.html)" "www.tekmedicgloves.com"
185.191.171.10 - - [13/Oct/2022:14:36:51 -0700] "GET /phpMyAdmin/setup/?token=f8f0a2beac06190c4e1c1b37a256f840&version_check=1 HTTP/1.1" 200 12691 "-" "Mozilla/5.0 (compatible; SemrushBot/7~bl; +http://www.semrush.com/bot.html)" "www.tekmedicgloves.com"
185.191.171.41 - - [13/Oct/2022:14:37:03 -0700] "GET /phpMyAdmin/setup/?token=e08a2bc046bff7fcb1dc0d993e0406e2&version_check=1 HTTP/1.1" 200 12687 "-" "Mozilla/5.0 (compatible; SemrushBot/7~bl; +http://www.semrush.com/bot.html)" "tekmedicgloves.com"
185.191.171.11 - - [13/Oct/2022:14:37:26 -0700] "GET /phpMyAdmin/setup/?token=0da2b7c4ebbdac74caf3f5eba0ff8ae2&version_check=1 HTTP/1.1" 200 12687 "-" "Mozilla/5.0 (compatible; SemrushBot/7~bl; +http://www.semrush.com/bot.html)" "tekmedicgloves.com"
185.191.171.40 - - [13/Oct/2022:14:37:34 -0700] "GET /phpMyAdmin/setup/?token=f33742497d2d90b89c72b2da88bc5ce4&version_check=1 HTTP/1.1" 200 12691 "-" "Mozilla/5.0 (compatible; SemrushBot/7~bl; +http://www.semrush.com/bot.html)" "www.tekmedicgloves.com"
185.191.171.20 - - [13/Oct/2022:14:37:39 -0700] "GET /phpMyAdmin/setup/?token=e9f49e52ad9cdd55612dc67bbf229b59&version_check=1 HTTP/1.1" 200 12691 "-" "Mozilla/5.0 (compatible; SemrushBot/7~bl; +http://www.semrush.com/bot.html)" "www.tekmedicgloves.com"
185.191.171.41 - - [13/Oct/2022:14:37:40 -0700] "GET /phpMyAdmin/setup/?token=e0cd530ef676fb1418f7413200764084&version_check=1 HTTP/1.1" 200 12687 "-" "Mozilla/5.0 (compatible; SemrushBot/7~bl; +http://www.semrush.com/bot.html)" "tekmedicgloves.com"
185.191.171.6 - - [13/Oct/2022:14:37:58 -0700] "GET /phpMyAdmin/setup/?token=de739545726de7cb605dc3345516ad59&version_check=1 HTTP/1.1" 200 12687 "-" "Mozilla/5.0 (compatible; SemrushBot/7~bl; +http://www.semrush.com/bot.html)" "tekmedicgloves.com"
185.191.171.11 - - [13/Oct/2022:14:38:09 -0700] "GET /phpMyAdmin/setup/?token=d1c891e04fd280d9a1eda17a6e0d68f3&version_check=1 HTTP/1.1" 200 12691 "-" "Mozilla/5.0 (compatible; SemrushBot/7~bl; +http://www.semrush.com/bot.html)" "www.tekmedicgloves.com"
185.191.171.15 - - [13/Oct/2022:14:38:21 -0700] "GET /phpMyAdmin/setup/?token=08ee6946f3c465e012f23324d1bdc6b8&version_check=1 HTTP/1.1" 200 12691 "-" "Mozilla/5.0 (compatible; SemrushBot/7~bl; +http://www.semrush.com/bot.html)" "www.tekmedicgloves.com"
185.191.171.9 - - [13/Oct/2022:14:38:24 -0700] "GET /phpMyAdmin/setup/?token=bd60537d3041e46e285897deed813f24&version_check=1 HTTP/1.1" 200 12691 "-" "Mozilla/5.0 (compatible; SemrushBot/7~bl; +http://www.semrush.com/bot.html)" "www.tekmedicgloves.com"
185.191.171.41 - - [13/Oct/2022:14:38:32 -0700] "GET /phpMyAdmin/setup/?token=f377c95c681fa91804cc10bfd2a04286&version_check=1 HTTP/1.1" 200 12691 "-" "Mozilla/5.0 (compatible; SemrushBot/7~bl; +http://www.semrush.com/bot.html)" "www.tekmedicgloves.com"
185.191.171.3 - - [13/Oct/2022:14:38:46 -0700] "GET /phpMyAdmin/setup/?token=cd7a934876cf2e707c4a229b069a9167&version_check=1 HTTP/1.1" 200 12691 "-" "Mozilla/5.0 (compatible; SemrushBot/7~bl; +http://www.semrush.com/bot.html)" "www.tekmedicgloves.com"
185.191.171.6 - - [13/Oct/2022:14:38:49 -0700] "GET /phpMyAdmin/setup/?token=e9064a12748efd8732868fc182fab79c&version_check=1 HTTP/1.1" 200 12687 "-" "Mozilla/5.0 (compatible; SemrushBot/7~bl; +http://www.semrush.com/bot.html)" "tekmedicgloves.com"
185.191.171.10 - - [13/Oct/2022:14:38:51 -0700] "GET /phpMyAdmin/setup/?token=f323fd193e12588bad360c9884556e93&version_check=1 HTTP/1.1" 200 12691 "-" "Mozilla/5.0 (compatible; SemrushBot/7~bl; +http://www.semrush.com/bot.html)" "www.tekmedicgloves.com"
185.191.171.34 - - [13/Oct/2022:14:38:55 -0700] "GET /phpMyAdmin/setup/?token=0ae3684f1a8939119eeb934101c06ffe&version_check=1 HTTP/1.1" 200 12691 "-" "Mozilla/5.0 (compatible; SemrushBot/7~bl; +http://www.semrush.com/bot.html)" "www.tekmedicgloves.com"
185.191.171.36 - - [13/Oct/2022:14:38:55 -0700] "GET /phpMyAdmin/setup/?token=dc6d2644da0abcf2aebcf8cb37189be5&version_check=1 HTTP/1.1" 200 12687 "-" "Mozilla/5.0 (compatible; SemrushBot/7~bl; +http://www.semrush.com/bot.html)" "tekmedicgloves.com"
185.191.171.40 - - [13/Oct/2022:14:39:06 -0700] "GET /phpMyAdmin/setup/?token=e950603346068c50cf771e1e16fcc6d9&version_check=1 HTTP/1.1" 200 12691 "-" "Mozilla/5.0 (compatible; SemrushBot/7~bl; +http://www.semrush.com/bot.html)" "www.tekmedicgloves.com"
185.191.171.6 - - [13/Oct/2022:14:39:14 -0700] "GET /phpMyAdmin/setup/?token=ee8cfdf865dee28ed9100ecc4f3f527b&version_check=1 HTTP/1.1" 200 12687 "-" "Mozilla/5.0 (compatible; SemrushBot/7~bl; +http://www.semrush.com/bot.html)" "tekmedicgloves.com"
185.191.171.35 - - [13/Oct/2022:14:39:40 -0700] "GET /phpMyAdmin/setup/?token=05af01e105dbb4ac1cc3b52ba5c6a477&version_check=1 HTTP/1.1" 200 12687 "-" "Mozilla/5.0 (compatible; SemrushBot/7~bl; +http://www.semrush.com/bot.html)" "tekmedicgloves.com"
185.191.171.22 - - [13/Oct/2022:14:39:46 -0700] "GET /phpMyAdmin/setup/?token=0fe0186daaacbf4578384faba48b81a9&version_check=1 HTTP/1.1" 200 12691 "-" "Mozilla/5.0 (compatible; SemrushBot/7~bl; +http://www.semrush.com/bot.html)" "www.tekmedicgloves.com"
185.191.171.11 - - [13/Oct/2022:14:39:54 -0700] "GET /phpMyAdmin/setup/?token=c285e741b3c25a5639e375f59a83ab53&version_check=1 HTTP/1.1" 200 12691 "-" "Mozilla/5.0 (compatible; SemrushBot/7~bl; +http://www.semrush.com/bot.html)" "www.tekmedicgloves.com"
185.191.171.26 - - [13/Oct/2022:14:40:22 -0700] "GET /phpMyAdmin/setup/?token=e92c2048e6a05859fe7743ecaa7cce1e&version_check=1 HTTP/1.1" 200 12691 "-" "Mozilla/5.0 (compatible; SemrushBot/7~bl; +http://www.semrush.com/bot.html)" "www.tekmedicgloves.com"
185.191.171.21 - - [13/Oct/2022:14:40:24 -0700] "GET /phpMyAdmin/setup/?token=f837f5e17d00ee1e25ec49ea811c9b71&version_check=1 HTTP/1.1" 200 12687 "-" "Mozilla/5.0 (compatible; SemrushBot/7~bl; +http://www.semrush.com/bot.html)" "tekmedicgloves.com"
185.191.171.3 - - [13/Oct/2022:14:40:49 -0700] "GET /phpMyAdmin/setup/?token=fe6a7449160eac23061eac19039461da&version_check=1 HTTP/1.1" 200 12691 "-" "Mozilla/5.0 (compatible; SemrushBot/7~bl; +http://www.semrush.com/bot.html)" "www.tekmedicgloves.com"
185.191.171.34 - - [13/Oct/2022:14:40:55 -0700] "GET /phpMyAdmin/setup/?token=0b7d5815035214f41bc02cbe99b498f1&version_check=1 HTTP/1.1" 200 12687 "-" "Mozilla/5.0 (compatible; SemrushBot/7~bl; +http://www.semrush.com/bot.html)" "tekmedicgloves.com"
54.36.149.98 - - [13/Oct/2022:14:40:56 -0700] "GET /robots.txt HTTP/1.1" 404 88 "-" "Mozilla/5.0 (compatible; AhrefsBot/7.0; +http://ahrefs.com/robot/)" "tekmedicgloves.com"
51.222.253.7 - - [13/Oct/2022:14:40:57 -0700] "GET /beta/products.php?cat=24&subcat=43&id=17 HTTP/1.1" 200 56921 "-" "Mozilla/5.0 (compatible; AhrefsBot/7.0; +http://ahrefs.com/robot/)" "tekmedicgloves.com"
185.191.171.6 - - [13/Oct/2022:14:41:02 -0700] "GET /phpMyAdmin/setup/?token=fa1c6e5f084ec60da1d96b93241a9c7b&version_check=1 HTTP/1.1" 200 12691 "-" "Mozilla/5.0 (compatible; SemrushBot/7~bl; +http://www.semrush.com/bot.html)" "www.tekmedicgloves.com"
185.191.171.2 - - [13/Oct/2022:14:41:08 -0700] "GET /phpMyAdmin/setup/?token=bd7d9b9415c13b5f60c3d083422d7057&version_check=1 HTTP/1.1" 200 12691 "-" "Mozilla/5.0 (compatible; SemrushBot/7~bl; +http://www.semrush.com/bot.html)" "www.tekmedicgloves.com"
185.191.171.36 - - [13/Oct/2022:14:41:23 -0700] "GET /phpMyAdmin/setup/?token=ed3884202df027287e48ecbe4a201dc1&version_check=1 HTTP/1.1" 200 12687 "-" "Mozilla/5.0 (compatible; SemrushBot/7~bl; +http://www.semrush.com/bot.html)" "tekmedicgloves.com"
185.191.171.2 - - [13/Oct/2022:14:41:27 -0700] "GET /phpMyAdmin/setup/?token=09e3ab992751dfeb1529cfcea5e66b81&version_check=1 HTTP/1.1" 200 12687 "-" "Mozilla/5.0 (compatible; SemrushBot/7~bl; +http://www.semrush.com/bot.html)" "tekmedicgloves.com"
185.191.171.23 - - [13/Oct/2022:14:41:35 -0700] "GET /phpMyAdmin/setup/?token=e62a0b7e16bfb02a1752f1c165114185&version_check=1 HTTP/1.1" 200 12687 "-" "Mozilla/5.0 (compatible; SemrushBot/7~bl; +http://www.semrush.com/bot.html)" "tekmedicgloves.com"
185.191.171.22 - - [13/Oct/2022:14:41:38 -0700] "GET /phpMyAdmin/setup/?token=0798350889ae54477b678bee6bf76e39&version_check=1 HTTP/1.1" 200 12691 "-" "Mozilla/5.0 (compatible; SemrushBot/7~bl; +http://www.semrush.com/bot.html)" "www.tekmedicgloves.com"
185.191.171.41 - - [13/Oct/2022:14:41:57 -0700] "GET /phpMyAdmin/setup/?token=f6ee08a729e05e0b9fac53d944e41c15&version_check=1 HTTP/1.1" 200 12687 "-" "Mozilla/5.0 (compatible; SemrushBot/7~bl; +http://www.semrush.com/bot.html)" "tekmedicgloves.com"
185.191.171.21 - - [13/Oct/2022:14:42:14 -0700] "GET /phpMyAdmin/setup/?token=b949d4a6f053377779b404647c3ab491&version_check=1 HTTP/1.1" 200 12691 "-" "Mozilla/5.0 (compatible; SemrushBot/7~bl; +http://www.semrush.com/bot.html)" "www.tekmedicgloves.com"
185.191.171.21 - - [13/Oct/2022:14:42:17 -0700] "GET /phpMyAdmin/setup/?token=de54ced1781d054acf2bac444b83e9a1&version_check=1 HTTP/1.1" 200 12687 "-" "Mozilla/5.0 (compatible; SemrushBot/7~bl; +http://www.semrush.com/bot.html)" "tekmedicgloves.com"
185.191.171.13 - - [13/Oct/2022:14:42:49 -0700] "GET /phpMyAdmin/setup/?token=c904f363971f55cdc383668cfba09be9&version_check=1 HTTP/1.1" 200 12691 "-" "Mozilla/5.0 (compatible; SemrushBot/7~bl; +http://www.semrush.com/bot.html)" "www.tekmedicgloves.com"
185.191.171.36 - - [13/Oct/2022:14:43:20 -0700] "GET /phpMyAdmin/setup/?token=defa06568b0a59d3b2bde8eeacf61d3b&version_check=1 HTTP/1.1" 200 12687 "-" "Mozilla/5.0 (compatible; SemrushBot/7~bl; +http://www.semrush.com/bot.html)" "tekmedicgloves.com"
185.191.171.1 - - [13/Oct/2022:14:43:23 -0700] "GET /phpMyAdmin/setup/?token=0dc9d391bec6b7974baa5b5f4dae2b8d&version_check=1 HTTP/1.1" 200 12687 "-" "Mozilla/5.0 (compatible; SemrushBot/7~bl; +http://www.semrush.com/bot.html)" "tekmedicgloves.com"
185.191.171.26 - - [13/Oct/2022:14:43:25 -0700] "GET /phpMyAdmin/setup/?token=0f0bc1c703a1c934d759e993aa4eebfb&version_check=1 HTTP/1.1" 200 12687 "-" "Mozilla/5.0 (compatible; SemrushBot/7~bl; +http://www.semrush.com/bot.html)" "tekmedicgloves.com"
185.191.171.15 - - [13/Oct/2022:14:43:26 -0700] "GET /phpMyAdmin/setup/?token=c31a54c97698834660fe75268eb0cae6&version_check=1 HTTP/1.1" 200 12691 "-" "Mozilla/5.0 (compatible; SemrushBot/7~bl; +http://www.semrush.com/bot.html)" "www.tekmedicgloves.com"
185.191.171.2 - - [13/Oct/2022:14:43:28 -0700] "GET /phpMyAdmin/setup/?token=dc455f9c335db73d86345c103dc8f93b&version_check=1 HTTP/1.1" 200 12687 "-" "Mozilla/5.0 (compatible; SemrushBot/7~bl; +http://www.semrush.com/bot.html)" "tekmedicgloves.com"
185.191.171.4 - - [13/Oct/2022:14:43:39 -0700] "GET /phpMyAdmin/setup/?token=ee5ae2ff620caa381a9b4eb93660d7fa&version_check=1 HTTP/1.1" 200 12687 "-" "Mozilla/5.0 (compatible; SemrushBot/7~bl; +http://www.semrush.com/bot.html)" "tekmedicgloves.com"
185.191.171.2 - - [13/Oct/2022:14:43:43 -0700] "GET /phpMyAdmin/setup/?token=dc5cf661f89a28d4a33a8cb0e89c87b3&version_check=1 HTTP/1.1" 200 12687 "-" "Mozilla/5.0 (compatible; SemrushBot/7~bl; +http://www.semrush.com/bot.html)" "tekmedicgloves.com"
185.191.171.14 - - [13/Oct/2022:14:44:01 -0700] "GET /phpMyAdmin/setup/?token=fd9da06bcd135ef7f2ab03bc2ee63ce9&version_check=1 HTTP/1.1" 200 12691 "-" "Mozilla/5.0 (compatible; SemrushBot/7~bl; +http://www.semrush.com/bot.html)" "www.tekmedicgloves.com"
185.191.171.3 - - [13/Oct/2022:14:44:07 -0700] "GET /phpMyAdmin/setup/?token=050879601b4c381a91dc5842aa3f326f&version_check=1 HTTP/1.1" 200 12691 "-" "Mozilla/5.0 (compatible; SemrushBot/7~bl; +http://www.semrush.com/bot.html)" "www.tekmedicgloves.com"
185.191.171.8 - - [13/Oct/2022:14:44:12 -0700] "GET /phpMyAdmin/setup/?token=1306dd60345909cba01e8233e2fa6b8f&version_check=1 HTTP/1.1" 200 12687 "-" "Mozilla/5.0 (compatible; SemrushBot/7~bl; +http://www.semrush.com/bot.html)" "tekmedicgloves.com"
185.191.171.9 - - [13/Oct/2022:14:44:25 -0700] "GET /phpMyAdmin/setup/?token=de242f676d1a80be4b328d188243b2b0&version_check=1 HTTP/1.1" 200 12687 "-" "Mozilla/5.0 (compatible; SemrushBot/7~bl; +http://www.semrush.com/bot.html)" "tekmedicgloves.com"
185.191.171.2 - - [13/Oct/2022:14:44:28 -0700] "GET /phpMyAdmin/setup/?token=b727dab822b3f49ee90f328023a8fedc&version_check=1 HTTP/1.1" 200 12691 "-" "Mozilla/5.0 (compatible; SemrushBot/7~bl; +http://www.semrush.com/bot.html)" "www.tekmedicgloves.com"
51.222.253.7 - - [13/Oct/2022:14:44:36 -0700] "GET /beta/products.php?cat=22&subcat=36&id=11 HTTP/1.1" 200 56575 "-" "Mozilla/5.0 (compatible; AhrefsBot/7.0; +http://ahrefs.com/robot/)" "tekmedicgloves.com"
185.191.171.38 - - [13/Oct/2022:14:44:46 -0700] "GET /phpMyAdmin/setup/?token=d4d81cd2586e6e50f8ab08075bcc0734&version_check=1 HTTP/1.1" 200 12691 "-" "Mozilla/5.0 (compatible; SemrushBot/7~bl; +http://www.semrush.com/bot.html)" "www.tekmedicgloves.com"
185.191.171.9 - - [13/Oct/2022:14:45:04 -0700] "GET /phpMyAdmin/setup/?token=a4062b8ee208715a1fd2f242e8728240&version_check=1 HTTP/1.1" 200 12687 "-" "Mozilla/5.0 (compatible; SemrushBot/7~bl; +http://www.semrush.com/bot.html)" "tekmedicgloves.com"
185.191.171.21 - - [13/Oct/2022:14:45:11 -0700] "GET /phpMyAdmin/setup/?token=ff596779866f9c72f1e0fcb32f0a92d6&version_check=1 HTTP/1.1" 200 12691 "-" "Mozilla/5.0 (compatible; SemrushBot/7~bl; +http://www.semrush.com/bot.html)" "www.tekmedicgloves.com"
185.191.171.14 - - [13/Oct/2022:14:45:14 -0700] "GET /phpMyAdmin/setup/?token=ef716cd0fdf04263ca1430faa0f13ccf&version_check=1 HTTP/1.1" 200 12691 "-" "Mozilla/5.0 (compatible; SemrushBot/7~bl; +http://www.semrush.com/bot.html)" "www.tekmedicgloves.com"
185.191.171.45 - - [13/Oct/2022:14:45:40 -0700] "GET /phpMyAdmin/setup/?token=d4143fcf3b1db6f292ebde32d15a45dd&version_check=1 HTTP/1.1" 200 12691 "-" "Mozilla/5.0 (compatible; SemrushBot/7~bl; +http://www.semrush.com/bot.html)" "www.tekmedicgloves.com"
185.191.171.43 - - [13/Oct/2022:14:45:57 -0700] "GET /phpMyAdmin/setup/?token=e7eb879d164c8a2cf6dd902e54324f87&version_check=1 HTTP/1.1" 200 12687 "-" "Mozilla/5.0 (compatible; SemrushBot/7~bl; +http://www.semrush.com/bot.html)" "tekmedicgloves.com"
185.191.171.4 - - [13/Oct/2022:14:46:02 -0700] "GET /phpMyAdmin/setup/?token=f3ea428bb1e7f2d5022e49c2c3f92229&version_check=1 HTTP/1.1" 200 12691 "-" "Mozilla/5.0 (compatible; SemrushBot/7~bl; +http://www.semrush.com/bot.html)" "www.tekmedicgloves.com"
185.191.171.25 - - [13/Oct/2022:14:46:11 -0700] "GET /phpMyAdmin/setup/?token=f4eb1fcfe1770d8b9ec2486e4855b4eb&version_check=1 HTTP/1.1" 200 12691 "-" "Mozilla/5.0 (compatible; SemrushBot/7~bl; +http://www.semrush.com/bot.html)" "www.tekmedicgloves.com"
185.191.171.37 - - [13/Oct/2022:14:46:14 -0700] "GET /phpMyAdmin/setup/?token=ec080158096a6464cd59ebb571abcf60&version_check=1 HTTP/1.1" 200 12691 "-" "Mozilla/5.0 (compatible; SemrushBot/7~bl; +http://www.semrush.com/bot.html)" "www.tekmedicgloves.com"
185.191.171.12 - - [13/Oct/2022:14:46:21 -0700] "GET /phpMyAdmin/setup/?token=f35477347d18641be8d445d320a80c41&version_check=1 HTTP/1.1" 200 12687 "-" "Mozilla/5.0 (compatible; SemrushBot/7~bl; +http://www.semrush.com/bot.html)" "tekmedicgloves.com"
185.191.171.10 - - [13/Oct/2022:14:46:39 -0700] "GET /phpMyAdmin/setup/?token=d8d7b10779e624a3406fa1cce076ebef&version_check=1 HTTP/1.1" 200 12691 "-" "Mozilla/5.0 (compatible; SemrushBot/7~bl; +http://www.semrush.com/bot.html)" "www.tekmedicgloves.com"
185.191.171.7 - - [13/Oct/2022:14:47:19 -0700] "GET /phpMyAdmin/setup/?token=010ec85f35cd7fe6dfe7ac29e3d3ce33&version_check=1 HTTP/1.1" 200 12687 "-" "Mozilla/5.0 (compatible; SemrushBot/7~bl; +http://www.semrush.com/bot.html)" "tekmedicgloves.com"
185.191.171.5 - - [13/Oct/2022:14:47:29 -0700] "GET /phpMyAdmin/setup/?token=0a48be8d886c1928c657d2e4b2567453&version_check=1 HTTP/1.1" 200 12687 "-" "Mozilla/5.0 (compatible; SemrushBot/7~bl; +http://www.semrush.com/bot.html)" "tekmedicgloves.com"
185.191.171.4 - - [13/Oct/2022:14:47:42 -0700] "GET /phpMyAdmin/setup/?token=f26e70e0be2ac7d943ab8d1904191161&version_check=1 HTTP/1.1" 200 12687 "-" "Mozilla/5.0 (compatible; SemrushBot/7~bl; +http://www.semrush.com/bot.html)" "tekmedicgloves.com"
185.191.171.33 - - [13/Oct/2022:14:47:45 -0700] "GET /phpMyAdmin/setup/?token=016561ee5ac303734eb3ae2261153693&version_check=1 HTTP/1.1" 200 12691 "-" "Mozilla/5.0 (compatible; SemrushBot/7~bl; +http://www.semrush.com/bot.html)" "www.tekmedicgloves.com"
185.191.171.22 - - [13/Oct/2022:14:47:46 -0700] "GET /phpMyAdmin/setup/?token=e9e0603e887f546585a388cd9e03f1c5&version_check=1 HTTP/1.1" 200 12687 "-" "Mozilla/5.0 (compatible; SemrushBot/7~bl; +http://www.semrush.com/bot.html)" "tekmedicgloves.com"
185.191.171.5 - - [13/Oct/2022:14:47:55 -0700] "GET /phpMyAdmin/setup/?token=fe5448bc7653f86b05c44371047aa0ed&version_check=1 HTTP/1.1" 200 12691 "-" "Mozilla/5.0 (compatible; SemrushBot/7~bl; +http://www.semrush.com/bot.html)" "www.tekmedicgloves.com"
185.191.171.42 - - [13/Oct/2022:14:48:05 -0700] "GET /phpMyAdmin/setup/?token=fa18cc779c3edc841df3509de8beb9c2&version_check=1 HTTP/1.1" 200 12691 "-" "Mozilla/5.0 (compatible; SemrushBot/7~bl; +http://www.semrush.com/bot.html)" "www.tekmedicgloves.com"
185.191.171.39 - - [13/Oct/2022:14:48:06 -0700] "GET /phpMyAdmin/setup/?token=f2a15539d69ecbd8bfeedcee53844f88&version_check=1 HTTP/1.1" 200 12691 "-" "Mozilla/5.0 (compatible; SemrushBot/7~bl; +http://www.semrush.com/bot.html)" "www.tekmedicgloves.com"
185.191.171.35 - - [13/Oct/2022:14:48:13 -0700] "GET /phpMyAdmin/setup/?token=f6661b39bf31ba00828db038a258757c&version_check=1 HTTP/1.1" 200 12691 "-" "Mozilla/5.0 (compatible; SemrushBot/7~bl; +http://www.semrush.com/bot.html)" "www.tekmedicgloves.com"
185.191.171.26 - - [13/Oct/2022:14:48:15 -0700] "GET /phpMyAdmin/setup/?token=e3df0202c5ef8056062b0cb25b15e351&version_check=1 HTTP/1.1" 200 12687 "-" "Mozilla/5.0 (compatible; SemrushBot/7~bl; +http://www.semrush.com/bot.html)" "tekmedicgloves.com"
51.222.253.15 - - [13/Oct/2022:14:48:36 -0700] "GET /beta/products.php?cat=20&subcat=27 HTTP/1.1" 200 35564 "-" "Mozilla/5.0 (compatible; AhrefsBot/7.0; +http://ahrefs.com/robot/)" "tekmedicgloves.com"
51.222.253.9 - - [13/Oct/2022:14:48:38 -0700] "GET /beta/wp-content/themes/theme48838/style.css HTTP/1.1" 200 243 "-" "Mozilla/5.0 (compatible; AhrefsBot/7.0; +http://ahrefs.com/robot/)" "tekmedicgloves.com"
