185.191.171.7 - - [13/Oct/2022:02:10:35 -0700] "GET /phpMyAdmin/setup/?token=e136a3fa2291f0d3fc596f6a8fbab8b8&version_check=1 HTTP/1.1" 200 12687 "-" "Mozilla/5.0 (compatible; SemrushBot/7~bl; +http://www.semrush.com/bot.html)" "tekmedicgloves.com"
185.191.171.15 - - [13/Oct/2022:02:10:40 -0700] "GET /phpMyAdmin/setup/?token=cf606d7ca3a5dcf706bde63811d5e08c&version_check=1 HTTP/1.1" 200 12691 "-" "Mozilla/5.0 (compatible; SemrushBot/7~bl; +http://www.semrush.com/bot.html)" "www.tekmedicgloves.com"
185.191.171.10 - - [13/Oct/2022:02:11:19 -0700] "GET /phpMyAdmin/setup/?token=c92bd3fb4f5f334830841bff9e215dd8&version_check=1 HTTP/1.1" 200 12691 "-" "Mozilla/5.0 (compatible; SemrushBot/7~bl; +http://www.semrush.com/bot.html)" "www.tekmedicgloves.com"
185.191.171.13 - - [13/Oct/2022:02:11:20 -0700] "GET /phpMyAdmin/setup/?token=0d9d1e5c311f16a561aa0d91f8fe6bf1&version_check=1 HTTP/1.1" 200 12687 "-" "Mozilla/5.0 (compatible; SemrushBot/7~bl; +http://www.semrush.com/bot.html)" "tekmedicgloves.com"
185.191.171.44 - - [13/Oct/2022:02:11:23 -0700] "GET /phpMyAdmin/setup/?token=ebfe5de1dc7015f2ecc597596f7e484a&version_check=1 HTTP/1.1" 200 12687 "-" "Mozilla/5.0 (compatible; SemrushBot/7~bl; +http://www.semrush.com/bot.html)" "tekmedicgloves.com"
185.191.171.33 - - [13/Oct/2022:02:11:54 -0700] "GET /phpMyAdmin/setup/?token=da6f0b9230903b6a5440a605d9cf9e80&version_check=1 HTTP/1.1" 200 12691 "-" "Mozilla/5.0 (compatible; SemrushBot/7~bl; +http://www.semrush.com/bot.html)" "www.tekmedicgloves.com"
185.191.171.3 - - [13/Oct/2022:02:11:55 -0700] "GET /phpMyAdmin/setup/?token=e0c2120a21bb288f61d21b706ca42192&version_check=1 HTTP/1.1" 200 12687 "-" "Mozilla/5.0 (compatible; SemrushBot/7~bl; +http://www.semrush.com/bot.html)" "tekmedicgloves.com"
185.191.171.33 - - [13/Oct/2022:02:11:57 -0700] "GET /phpMyAdmin/setup/?token=0cc1c1cc24e4013305d27d02cfb645de&version_check=1 HTTP/1.1" 200 12691 "-" "Mozilla/5.0 (compatible; SemrushBot/7~bl; +http://www.semrush.com/bot.html)" "www.tekmedicgloves.com"
185.191.171.7 - - [13/Oct/2022:02:12:07 -0700] "GET /phpMyAdmin/setup/?token=ec2d44ca41c8e8e0a00b54ff8801a20f&version_check=1 HTTP/1.1" 200 12691 "-" "Mozilla/5.0 (compatible; SemrushBot/7~bl; +http://www.semrush.com/bot.html)" "www.tekmedicgloves.com"
185.191.171.9 - - [13/Oct/2022:02:12:27 -0700] "GET /phpMyAdmin/setup/?token=0d2ef4bfc93599d4e8fb2321c2b795d9&version_check=1 HTTP/1.1" 200 12691 "-" "Mozilla/5.0 (compatible; SemrushBot/7~bl; +http://www.semrush.com/bot.html)" "www.tekmedicgloves.com"
185.191.171.43 - - [13/Oct/2022:02:12:58 -0700] "GET /phpMyAdmin/setup/?token=de9743149e51e5b0227df8b2ac870d22&version_check=1 HTTP/1.1" 200 12687 "-" "Mozilla/5.0 (compatible; SemrushBot/7~bl; +http://www.semrush.com/bot.html)" "tekmedicgloves.com"
185.191.171.25 - - [13/Oct/2022:02:13:06 -0700] "GET /phpMyAdmin/setup/?token=e07addbe55b81b0f31be5003b5f1bf84&version_check=1 HTTP/1.1" 200 12687 "-" "Mozilla/5.0 (compatible; SemrushBot/7~bl; +http://www.semrush.com/bot.html)" "tekmedicgloves.com"
185.191.171.43 - - [13/Oct/2022:02:13:11 -0700] "GET /phpMyAdmin/setup/?token=049d79b46405964adff157f1712544c6&version_check=1 HTTP/1.1" 200 12691 "-" "Mozilla/5.0 (compatible; SemrushBot/7~bl; +http://www.semrush.com/bot.html)" "www.tekmedicgloves.com"
185.191.171.38 - - [13/Oct/2022:02:13:32 -0700] "GET /phpMyAdmin/setup/?token=09009ec59701b29dbc91e83fcada07f9&version_check=1 HTTP/1.1" 200 12691 "-" "Mozilla/5.0 (compatible; SemrushBot/7~bl; +http://www.semrush.com/bot.html)" "www.tekmedicgloves.com"
185.191.171.20 - - [13/Oct/2022:02:13:34 -0700] "GET /phpMyAdmin/setup/?token=f0df59e0743cd257b4a3f1a44c773f14&version_check=1 HTTP/1.1" 200 12691 "-" "Mozilla/5.0 (compatible; SemrushBot/7~bl; +http://www.semrush.com/bot.html)" "www.tekmedicgloves.com"
185.191.171.38 - - [13/Oct/2022:02:13:35 -0700] "GET /phpMyAdmin/setup/?token=0a2a60e6ada3cacceb8584a21a28d57b&version_check=1 HTTP/1.1" 200 12691 "-" "Mozilla/5.0 (compatible; SemrushBot/7~bl; +http://www.semrush.com/bot.html)" "www.tekmedicgloves.com"
185.191.171.23 - - [13/Oct/2022:02:13:45 -0700] "GET /phpMyAdmin/setup/?token=f8596ad367a91d83ba315bbba09ca6b2&version_check=1 HTTP/1.1" 200 12687 "-" "Mozilla/5.0 (compatible; SemrushBot/7~bl; +http://www.semrush.com/bot.html)" "tekmedicgloves.com"
185.191.171.26 - - [13/Oct/2022:02:14:08 -0700] "GET /phpMyAdmin/setup/?token=e49979940eb52789fdc65f410358780a&version_check=1 HTTP/1.1" 200 12687 "-" "Mozilla/5.0 (compatible; SemrushBot/7~bl; +http://www.semrush.com/bot.html)" "tekmedicgloves.com"
185.191.171.43 - - [13/Oct/2022:02:14:27 -0700] "GET /phpMyAdmin/setup/?token=ea1b75b0aa7709d9eefd52876804831d&version_check=1 HTTP/1.1" 200 12687 "-" "Mozilla/5.0 (compatible; SemrushBot/7~bl; +http://www.semrush.com/bot.html)" "tekmedicgloves.com"
185.191.171.2 - - [13/Oct/2022:02:14:33 -0700] "GET /phpMyAdmin/setup/?token=0c2b153532513a4cd7a106a51920112d&version_check=1 HTTP/1.1" 200 12691 "-" "Mozilla/5.0 (compatible; SemrushBot/7~bl; +http://www.semrush.com/bot.html)" "www.tekmedicgloves.com"
185.191.171.25 - - [13/Oct/2022:02:14:49 -0700] "GET /phpMyAdmin/setup/?token=e8cc7a942f83e36f214fb70dd80a20b6&version_check=1 HTTP/1.1" 200 12687 "-" "Mozilla/5.0 (compatible; SemrushBot/7~bl; +http://www.semrush.com/bot.html)" "tekmedicgloves.com"
185.191.171.43 - - [13/Oct/2022:02:15:08 -0700] "GET /phpMyAdmin/setup/?token=a28aea79b1cee6330debf2d309e1a2d3&version_check=1 HTTP/1.1" 200 12687 "-" "Mozilla/5.0 (compatible; SemrushBot/7~bl; +http://www.semrush.com/bot.html)" "tekmedicgloves.com"
185.191.171.16 - - [13/Oct/2022:02:15:08 -0700] "GET /phpMyAdmin/setup/?token=0e104bace5a5723fba6b50d62c14450f&version_check=1 HTTP/1.1" 200 12691 "-" "Mozilla/5.0 (compatible; SemrushBot/7~bl; +http://www.semrush.com/bot.html)" "www.tekmedicgloves.com"
185.191.171.26 - - [13/Oct/2022:02:15:15 -0700] "GET /phpMyAdmin/setup/?token=fd05513c06b8805fe767f3cf553547af&version_check=1 HTTP/1.1" 200 12687 "-" "Mozilla/5.0 (compatible; SemrushBot/7~bl; +http://www.semrush.com/bot.html)" "tekmedicgloves.com"
114.119.139.220 - - [13/Oct/2022:02:15:19 -0700] "GET /beta/ HTTP/1.1" 200 161 "-" "Mozilla/5.0 (Linux; Android 7.0;) AppleWebKit/537.36 (KHTML, like Gecko) Mobile Safari/537.36 (compatible; PetalBot;+https://webmaster.petalsearch.com/site/petalbot)" "tekmedicgloves.com"
114.119.139.220 - - [13/Oct/2022:02:15:22 -0700] "GET /beta/home.php HTTP/1.1" 200 35074 "https://tekmedicgloves.com/beta/" "Mozilla/5.0 (Linux; Android 7.0;) AppleWebKit/537.36 (KHTML, like Gecko) Mobile Safari/537.36 (compatible; PetalBot;+https://webmaster.petalsearch.com/site/petalbot)" "tekmedicgloves.com"
185.191.171.35 - - [13/Oct/2022:02:15:24 -0700] "GET /phpMyAdmin/setup/?token=04e9ef69e6339694e019bd8543c883c4&version_check=1 HTTP/1.1" 200 12687 "-" "Mozilla/5.0 (compatible; SemrushBot/7~bl; +http://www.semrush.com/bot.html)" "tekmedicgloves.com"
114.119.139.220 - - [13/Oct/2022:02:15:25 -0700] "GET /beta/wp-content/themes/theme48838/bootstrap/css/responsive.css HTTP/1.1" 200 4226 "https://tekmedicgloves.com/beta/home.php" "Mozilla/5.0 (Linux; Android 7.0;) AppleWebKit/537.36 (KHTML, like Gecko) Mobile Safari/537.36 (compatible; PetalBot;+https://webmaster.petalsearch.com/site/petalbot)" "tekmedicgloves.com"
114.119.139.220 - - [13/Oct/2022:02:15:25 -0700] "GET /beta/wp-content/themes/theme48838/bootstrap/css/bootstrap.css HTTP/1.1" 200 15793 "https://tekmedicgloves.com/beta/home.php" "Mozilla/5.0 (Linux; Android 7.0;) AppleWebKit/537.36 (KHTML, like Gecko) Mobile Safari/537.36 (compatible; PetalBot;+https://webmaster.petalsearch.com/site/petalbot)" "tekmedicgloves.com"
114.119.139.220 - - [13/Oct/2022:02:15:25 -0700] "GET /beta/wp-content/themes/theme48838/style.css HTTP/1.1" 200 243 "https://tekmedicgloves.com/beta/home.php" "Mozilla/5.0 (Linux; Android 7.0;) AppleWebKit/537.36 (KHTML, like Gecko) Mobile Safari/537.36 (compatible; PetalBot;+https://webmaster.petalsearch.com/site/petalbot)" "tekmedicgloves.com"
114.119.139.220 - - [13/Oct/2022:02:15:25 -0700] "GET /beta/wp-content/themes/CherryFramework/css/camera.css HTTP/1.1" 200 3117 "https://tekmedicgloves.com/beta/home.php" "Mozilla/5.0 (Linux; Android 7.0;) AppleWebKit/537.36 (KHTML, like Gecko) Mobile Safari/537.36 (compatible; PetalBot;+https://webmaster.petalsearch.com/site/petalbot)" "tekmedicgloves.com"
114.119.139.220 - - [13/Oct/2022:02:15:25 -0700] "GET /beta/wp-content/plugins/cherry-plugin/lib/js/FlexSlider/flexslider.css HTTP/1.1" 200 1323 "https://tekmedicgloves.com/beta/home.php" "Mozilla/5.0 (Linux; Android 7.0;) AppleWebKit/537.36 (KHTML, like Gecko) Mobile Safari/537.36 (compatible; PetalBot;+https://webmaster.petalsearch.com/site/petalbot)" "tekmedicgloves.com"
114.119.139.220 - - [13/Oct/2022:02:15:25 -0700] "GET /beta/wp-content/plugins/cherry-plugin/lib/js/owl-carousel/owl.carousel.css HTTP/1.1" 200 1119 "https://tekmedicgloves.com/beta/home.php" "Mozilla/5.0 (Linux; Android 7.0;) AppleWebKit/537.36 (KHTML, like Gecko) Mobile Safari/537.36 (compatible; PetalBot;+https://webmaster.petalsearch.com/site/petalbot)" "tekmedicgloves.com"
114.119.139.220 - - [13/Oct/2022:02:15:25 -0700] "GET /beta/wp-content/plugins/cherry-plugin/lib/js/owl-carousel/owl.theme.css HTTP/1.1" 200 606 "https://tekmedicgloves.com/beta/home.php" "Mozilla/5.0 (Linux; Android 7.0;) AppleWebKit/537.36 (KHTML, like Gecko) Mobile Safari/537.36 (compatible; PetalBot;+https://webmaster.petalsearch.com/site/petalbot)" "tekmedicgloves.com"
114.119.139.220 - - [13/Oct/2022:02:15:25 -0700] "GET /beta/wp-content/plugins/cherry-plugin/includes/css/cherry-plugin.css HTTP/1.1" 200 4752 "https://tekmedicgloves.com/beta/home.php" "Mozilla/5.0 (Linux; Android 7.0;) AppleWebKit/537.36 (KHTML, like Gecko) Mobile Safari/537.36 (compatible; PetalBot;+https://webmaster.petalsearch.com/site/petalbot)" "tekmedicgloves.com"
114.119.139.220 - - [13/Oct/2022:02:15:25 -0700] "GET /beta/wp-content/themes/CherryFramework/css/magnific-popup.css HTTP/1.1" 200 2166 "https://tekmedicgloves.com/beta/home.php" "Mozilla/5.0 (Linux; Android 7.0;) AppleWebKit/537.36 (KHTML, like Gecko) Mobile Safari/537.36 (compatible; PetalBot;+https://webmaster.petalsearch.com/site/petalbot)" "tekmedicgloves.com"
114.119.139.220 - - [13/Oct/2022:02:15:25 -0700] "GET /beta/wp-content/plugins/contact-form-7/includes/css/styles.css HTTP/1.1" 200 392 "https://tekmedicgloves.com/beta/home.php" "Mozilla/5.0 (Linux; Android 7.0;) AppleWebKit/537.36 (KHTML, like Gecko) Mobile Safari/537.36 (compatible; PetalBot;+https://webmaster.petalsearch.com/site/petalbot)" "tekmedicgloves.com"
114.119.139.220 - - [13/Oct/2022:02:15:25 -0700] "GET /beta/wp-includes/js/comment-reply.min.js HTTP/1.1" 404 88 "https://tekmedicgloves.com/beta/home.php" "Mozilla/5.0 (Linux; Android 7.0;) AppleWebKit/537.36 (KHTML, like Gecko) Mobile Safari/537.36 (compatible; PetalBot;+https://webmaster.petalsearch.com/site/petalbot)" "tekmedicgloves.com"
114.119.139.220 - - [13/Oct/2022:02:15:25 -0700] "GET /beta/wp-content/themes/theme48838/main-style.css HTTP/1.1" 200 4849 "https://tekmedicgloves.com/beta/home.php" "Mozilla/5.0 (Linux; Android 7.0;) AppleWebKit/537.36 (KHTML, like Gecko) Mobile Safari/537.36 (compatible; PetalBot;+https://webmaster.petalsearch.com/site/petalbot)" "tekmedicgloves.com"
114.119.139.220 - - [13/Oct/2022:02:15:25 -0700] "GET /beta/wp-includes/js/swfobject.js HTTP/1.1" 404 88 "https://tekmedicgloves.com/beta/home.php" "Mozilla/5.0 (Linux; Android 7.0;) AppleWebKit/537.36 (KHTML, like Gecko) Mobile Safari/537.36 (compatible; PetalBot;+https://webmaster.petalsearch.com/site/petalbot)" "tekmedicgloves.com"
114.119.139.220 - - [13/Oct/2022:02:15:25 -0700] "GET /beta/wp-content/themes/CherryFramework/js/jquery.mobile.customized.min.js HTTP/1.1" 200 6409 "https://tekmedicgloves.com/beta/home.php" "Mozilla/5.0 (Linux; Android 7.0;) AppleWebKit/537.36 (KHTML, like Gecko) Mobile Safari/537.36 (compatible; PetalBot;+https://webmaster.petalsearch.com/site/petalbot)" "tekmedicgloves.com"
114.119.139.220 - - [13/Oct/2022:02:15:25 -0700] "GET /beta/wp-content/themes/CherryFramework/js/modernizr.js HTTP/1.1" 200 5141 "https://tekmedicgloves.com/beta/home.php" "Mozilla/5.0 (Linux; Android 7.0;) AppleWebKit/537.36 (KHTML, like Gecko) Mobile Safari/537.36 (compatible; PetalBot;+https://webmaster.petalsearch.com/site/petalbot)" "tekmedicgloves.com"
114.119.139.220 - - [13/Oct/2022:02:15:25 -0700] "GET /beta/wp-content/themes/CherryFramework/js/jflickrfeed.js HTTP/1.1" 200 560 "https://tekmedicgloves.com/beta/home.php" "Mozilla/5.0 (Linux; Android 7.0;) AppleWebKit/537.36 (KHTML, like Gecko) Mobile Safari/537.36 (compatible; PetalBot;+https://webmaster.petalsearch.com/site/petalbot)" "tekmedicgloves.com"
114.119.139.220 - - [13/Oct/2022:02:15:25 -0700] "GET /beta/wp-content/themes/CherryFramework/bootstrap/js/bootstrap.min.js HTTP/1.1" 200 7654 "https://tekmedicgloves.com/beta/home.php" "Mozilla/5.0 (Linux; Android 7.0;) AppleWebKit/537.36 (KHTML, like Gecko) Mobile Safari/537.36 (compatible; PetalBot;+https://webmaster.petalsearch.com/site/petalbot)" "tekmedicgloves.com"
114.119.139.220 - - [13/Oct/2022:02:15:25 -0700] "GET /beta/wp-content/themes/CherryFramework/js/jquery-1.7.2.min.js HTTP/1.1" 200 33630 "https://tekmedicgloves.com/beta/home.php" "Mozilla/5.0 (Linux; Android 7.0;) AppleWebKit/537.36 (KHTML, like Gecko) Mobile Safari/537.36 (compatible; PetalBot;+https://webmaster.petalsearch.com/site/petalbot)" "tekmedicgloves.com"
114.119.139.220 - - [13/Oct/2022:02:15:25 -0700] "GET /beta/wp-content/themes/CherryFramework/js/custom.js HTTP/1.1" 200 2131 "https://tekmedicgloves.com/beta/home.php" "Mozilla/5.0 (Linux; Android 7.0;) AppleWebKit/537.36 (KHTML, like Gecko) Mobile Safari/537.36 (compatible; PetalBot;+https://webmaster.petalsearch.com/site/petalbot)" "tekmedicgloves.com"
114.119.139.220 - - [13/Oct/2022:02:15:30 -0700] "GET /beta/wp-content/themes/CherryFramework/style.css HTTP/1.1" 200 331 "https://tekmedicgloves.com/beta/wp-content/themes/theme48838/main-style.css" "Mozilla/5.0 (Linux; Android 7.0;) AppleWebKit/537.36 (KHTML, like Gecko) Mobile Safari/537.36 (compatible; PetalBot;+https://webmaster.petalsearch.com/site/petalbot)" "tekmedicgloves.com"
114.119.139.220 - - [13/Oct/2022:02:15:30 -0700] "GET /beta/wp-content/plugins/contact-form-7/includes/js/jquery.form.min.js HTTP/1.1" 200 5878 "https://tekmedicgloves.com/beta/home.php" "Mozilla/5.0 (Linux; Android 7.0;) AppleWebKit/537.36 (KHTML, like Gecko) Mobile Safari/537.36 (compatible; PetalBot;+https://webmaster.petalsearch.com/site/petalbot)" "tekmedicgloves.com"
114.119.139.220 - - [13/Oct/2022:02:15:31 -0700] "GET /beta/wp-content/plugins/contact-form-7/includes/js/scripts.js HTTP/1.1" 200 1850 "https://tekmedicgloves.com/beta/home.php" "Mozilla/5.0 (Linux; Android 7.0;) AppleWebKit/537.36 (KHTML, like Gecko) Mobile Safari/537.36 (compatible; PetalBot;+https://webmaster.petalsearch.com/site/petalbot)" "tekmedicgloves.com"
114.119.139.220 - - [13/Oct/2022:02:15:31 -0700] "GET /beta/wp-content/themes/CherryFramework/css/style.css HTTP/1.1" 200 12245 "https://tekmedicgloves.com/beta/wp-content/themes/CherryFramework/style.css" "Mozilla/5.0 (Linux; Android 7.0;) AppleWebKit/537.36 (KHTML, like Gecko) Mobile Safari/537.36 (compatible; PetalBot;+https://webmaster.petalsearch.com/site/petalbot)" "tekmedicgloves.com"
114.119.139.220 - - [13/Oct/2022:02:15:32 -0700] "GET /beta/wp-content/themes/CherryFramework/js/superfish.js HTTP/1.1" 200 1280 "https://tekmedicgloves.com/beta/home.php" "Mozilla/5.0 (Linux; Android 7.0;) AppleWebKit/537.36 (KHTML, like Gecko) Mobile Safari/537.36 (compatible; PetalBot;+https://webmaster.petalsearch.com/site/petalbot)" "tekmedicgloves.com"
114.119.139.220 - - [13/Oct/2022:02:15:32 -0700] "GET /beta/wp-includes/js/swfobject.js HTTP/1.1" 404 88 "https://tekmedicgloves.com/beta/home.php" "Mozilla/5.0 (Linux; Android 7.0;) AppleWebKit/537.36 (KHTML, like Gecko) Mobile Safari/537.36 (compatible; PetalBot;+https://webmaster.petalsearch.com/site/petalbot)" "tekmedicgloves.com"
114.119.139.220 - - [13/Oct/2022:02:15:32 -0700] "GET /beta/wp-content/themes/CherryFramework/js/jquery.mobilemenu.js HTTP/1.1" 200 908 "https://tekmedicgloves.com/beta/home.php" "Mozilla/5.0 (Linux; Android 7.0;) AppleWebKit/537.36 (KHTML, like Gecko) Mobile Safari/537.36 (compatible; PetalBot;+https://webmaster.petalsearch.com/site/petalbot)" "tekmedicgloves.com"
114.119.139.220 - - [13/Oct/2022:02:15:33 -0700] "GET /beta/wp-content/plugins/cherry-plugin/lib/js/jquery.easing.1.3.js HTTP/1.1" 200 814 "https://tekmedicgloves.com/beta/home.php" "Mozilla/5.0 (Linux; Android 7.0;) AppleWebKit/537.36 (KHTML, like Gecko) Mobile Safari/537.36 (compatible; PetalBot;+https://webmaster.petalsearch.com/site/petalbot)" "tekmedicgloves.com"
114.119.139.220 - - [13/Oct/2022:02:15:33 -0700] "GET /beta/wp-content/plugins/cherry-plugin/lib/js/FlexSlider/jquery.flexslider-min.js HTTP/1.1" 200 5177 "https://tekmedicgloves.com/beta/home.php" "Mozilla/5.0 (Linux; Android 7.0;) AppleWebKit/537.36 (KHTML, like Gecko) Mobile Safari/537.36 (compatible; PetalBot;+https://webmaster.petalsearch.com/site/petalbot)" "tekmedicgloves.com"
114.119.139.220 - - [13/Oct/2022:02:15:33 -0700] "GET /beta/wp-content/themes/CherryFramework/js/jquery.magnific-popup.min.js HTTP/1.1" 200 7493 "https://tekmedicgloves.com/beta/home.php" "Mozilla/5.0 (Linux; Android 7.0;) AppleWebKit/537.36 (KHTML, like Gecko) Mobile Safari/537.36 (compatible; PetalBot;+https://webmaster.petalsearch.com/site/petalbot)" "tekmedicgloves.com"
114.119.139.220 - - [13/Oct/2022:02:15:33 -0700] "GET /beta/wp-content/themes/CherryFramework/js/jquery.jplayer.min.js HTTP/1.1" 200 11945 "https://tekmedicgloves.com/beta/home.php" "Mozilla/5.0 (Linux; Android 7.0;) AppleWebKit/537.36 (KHTML, like Gecko) Mobile Safari/537.36 (compatible; PetalBot;+https://webmaster.petalsearch.com/site/petalbot)" "tekmedicgloves.com"
114.119.139.220 - - [13/Oct/2022:02:15:33 -0700] "GET /beta/wp-content/themes/CherryFramework/js/jplayer.playlist.min.js HTTP/1.1" 200 2404 "https://tekmedicgloves.com/beta/home.php" "Mozilla/5.0 (Linux; Android 7.0;) AppleWebKit/537.36 (KHTML, like Gecko) Mobile Safari/537.36 (compatible; PetalBot;+https://webmaster.petalsearch.com/site/petalbot)" "tekmedicgloves.com"
114.119.139.220 - - [13/Oct/2022:02:15:33 -0700] "GET /beta/wp-content/themes/CherryFramework/js/camera.min.js HTTP/1.1" 200 8551 "https://tekmedicgloves.com/beta/home.php" "Mozilla/5.0 (Linux; Android 7.0;) AppleWebKit/537.36 (KHTML, like Gecko) Mobile Safari/537.36 (compatible; PetalBot;+https://webmaster.petalsearch.com/site/petalbot)" "tekmedicgloves.com"
114.119.139.220 - - [13/Oct/2022:02:15:33 -0700] "GET /beta/wp-content/themes/CherryFramework/js/jquery.debouncedresize.js HTTP/1.1" 200 226 "https://tekmedicgloves.com/beta/home.php" "Mozilla/5.0 (Linux; Android 7.0;) AppleWebKit/537.36 (KHTML, like Gecko) Mobile Safari/537.36 (compatible; PetalBot;+https://webmaster.petalsearch.com/site/petalbot)" "tekmedicgloves.com"
114.119.139.220 - - [13/Oct/2022:02:15:33 -0700] "GET /beta/wp-content/themes/CherryFramework/js/jquery.ba-resize.min.js HTTP/1.1" 200 616 "https://tekmedicgloves.com/beta/home.php" "Mozilla/5.0 (Linux; Android 7.0;) AppleWebKit/537.36 (KHTML, like Gecko) Mobile Safari/537.36 (compatible; PetalBot;+https://webmaster.petalsearch.com/site/petalbot)" "tekmedicgloves.com"
114.119.139.220 - - [13/Oct/2022:02:15:33 -0700] "GET /beta/wp-content/themes/CherryFramework/js/jquery.isotope.js HTTP/1.1" 200 4845 "https://tekmedicgloves.com/beta/home.php" "Mozilla/5.0 (Linux; Android 7.0;) AppleWebKit/537.36 (KHTML, like Gecko) Mobile Safari/537.36 (compatible; PetalBot;+https://webmaster.petalsearch.com/site/petalbot)" "tekmedicgloves.com"
114.119.139.220 - - [13/Oct/2022:02:15:34 -0700] "GET /beta/wp-content/plugins/cherry-plugin/includes/js/cherry-plugin.js HTTP/1.1" 200 438 "https://tekmedicgloves.com/beta/home.php" "Mozilla/5.0 (Linux; Android 7.0;) AppleWebKit/537.36 (KHTML, like Gecko) Mobile Safari/537.36 (compatible; PetalBot;+https://webmaster.petalsearch.com/site/petalbot)" "tekmedicgloves.com"
114.119.139.220 - - [13/Oct/2022:02:15:34 -0700] "GET /beta/wp-content/plugins/cherry-plugin/lib/js/elasti-carousel/jquery.elastislide.js HTTP/1.1" 200 1963 "https://tekmedicgloves.com/beta/home.php" "Mozilla/5.0 (Linux; Android 7.0;) AppleWebKit/537.36 (KHTML, like Gecko) Mobile Safari/537.36 (compatible; PetalBot;+https://webmaster.petalsearch.com/site/petalbot)" "tekmedicgloves.com"
185.191.171.22 - - [13/Oct/2022:02:15:49 -0700] "GET /phpMyAdmin/setup/?token=f9299d043f84f2ff69382683cad587f9&version_check=1 HTTP/1.1" 200 12687 "-" "Mozilla/5.0 (compatible; SemrushBot/7~bl; +http://www.semrush.com/bot.html)" "tekmedicgloves.com"
185.191.171.36 - - [13/Oct/2022:02:15:51 -0700] "GET /phpMyAdmin/setup/?token=e80a358e765fecf697f93dd58f2afd22&version_check=1 HTTP/1.1" 200 12687 "-" "Mozilla/5.0 (compatible; SemrushBot/7~bl; +http://www.semrush.com/bot.html)" "tekmedicgloves.com"
185.191.171.44 - - [13/Oct/2022:02:15:54 -0700] "GET /phpMyAdmin/setup/?token=076431d9f14b86f9041007ac7500bee9&version_check=1 HTTP/1.1" 200 12687 "-" "Mozilla/5.0 (compatible; SemrushBot/7~bl; +http://www.semrush.com/bot.html)" "tekmedicgloves.com"
185.191.171.36 - - [13/Oct/2022:02:15:58 -0700] "GET /phpMyAdmin/setup/?token=f3992cebb1dfbcafbea20a0eb4fd6c73&version_check=1 HTTP/1.1" 200 12691 "-" "Mozilla/5.0 (compatible; SemrushBot/7~bl; +http://www.semrush.com/bot.html)" "www.tekmedicgloves.com"
185.191.171.21 - - [13/Oct/2022:02:16:00 -0700] "GET /phpMyAdmin/setup/?token=be82541105ce9878f2a302d69a0cdd9f&version_check=1 HTTP/1.1" 200 12691 "-" "Mozilla/5.0 (compatible; SemrushBot/7~bl; +http://www.semrush.com/bot.html)" "www.tekmedicgloves.com"
185.191.171.44 - - [13/Oct/2022:02:16:02 -0700] "GET /phpMyAdmin/setup/?token=cb26fcdcc60ebd35989a48f3b4ecae1e&version_check=1 HTTP/1.1" 200 12691 "-" "Mozilla/5.0 (compatible; SemrushBot/7~bl; +http://www.semrush.com/bot.html)" "www.tekmedicgloves.com"
185.191.171.1 - - [13/Oct/2022:02:16:07 -0700] "GET /phpMyAdmin/setup/?token=e452d6985a7e596945f2454d505a28f1&version_check=1 HTTP/1.1" 200 12687 "-" "Mozilla/5.0 (compatible; SemrushBot/7~bl; +http://www.semrush.com/bot.html)" "tekmedicgloves.com"
185.191.171.43 - - [13/Oct/2022:02:16:31 -0700] "GET /phpMyAdmin/setup/?token=d4765127b8fbbd049555a966dbe6f0e7&version_check=1 HTTP/1.1" 200 12691 "-" "Mozilla/5.0 (compatible; SemrushBot/7~bl; +http://www.semrush.com/bot.html)" "www.tekmedicgloves.com"
185.191.171.22 - - [13/Oct/2022:02:16:33 -0700] "GET /phpMyAdmin/setup/?token=ea116dce577f1f3468e80179b8646279&version_check=1 HTTP/1.1" 200 12691 "-" "Mozilla/5.0 (compatible; SemrushBot/7~bl; +http://www.semrush.com/bot.html)" "www.tekmedicgloves.com"
185.191.171.22 - - [13/Oct/2022:02:16:40 -0700] "GET /phpMyAdmin/setup/?token=c7f3f4fcd8184a30ac26f429cbd065e2&version_check=1 HTTP/1.1" 200 12691 "-" "Mozilla/5.0 (compatible; SemrushBot/7~bl; +http://www.semrush.com/bot.html)" "www.tekmedicgloves.com"
185.191.171.6 - - [13/Oct/2022:02:16:45 -0700] "GET /phpMyAdmin/setup/?token=e4cf3b5e4079add035ae28f11aec1ddf&version_check=1 HTTP/1.1" 200 12687 "-" "Mozilla/5.0 (compatible; SemrushBot/7~bl; +http://www.semrush.com/bot.html)" "tekmedicgloves.com"
185.191.171.7 - - [13/Oct/2022:02:16:57 -0700] "GET /phpMyAdmin/setup/?token=080f5dd46435931ba2354e8eded0db88&version_check=1 HTTP/1.1" 200 12687 "-" "Mozilla/5.0 (compatible; SemrushBot/7~bl; +http://www.semrush.com/bot.html)" "tekmedicgloves.com"
185.191.171.9 - - [13/Oct/2022:02:17:10 -0700] "GET /phpMyAdmin/setup/?token=cf86c90150f1d1bbd57fa943971adad8&version_check=1 HTTP/1.1" 200 12691 "-" "Mozilla/5.0 (compatible; SemrushBot/7~bl; +http://www.semrush.com/bot.html)" "www.tekmedicgloves.com"
185.191.171.36 - - [13/Oct/2022:02:17:14 -0700] "GET /phpMyAdmin/setup/?token=e829136364a05d69a97fa27501a9aa06&version_check=1 HTTP/1.1" 200 12687 "-" "Mozilla/5.0 (compatible; SemrushBot/7~bl; +http://www.semrush.com/bot.html)" "tekmedicgloves.com"
185.191.171.38 - - [13/Oct/2022:02:17:15 -0700] "GET /phpMyAdmin/setup/?token=e47360e8672346c6187a4fd62e74fb23&version_check=1 HTTP/1.1" 200 12687 "-" "Mozilla/5.0 (compatible; SemrushBot/7~bl; +http://www.semrush.com/bot.html)" "tekmedicgloves.com"
185.191.171.43 - - [13/Oct/2022:02:17:23 -0700] "GET /phpMyAdmin/setup/?token=0279a727883f9af023784201942618fb&version_check=1 HTTP/1.1" 200 12687 "-" "Mozilla/5.0 (compatible; SemrushBot/7~bl; +http://www.semrush.com/bot.html)" "tekmedicgloves.com"
185.191.171.43 - - [13/Oct/2022:02:17:25 -0700] "GET /phpMyAdmin/setup/?token=16ad3c01f423e8e7117e12f89ca44705&version_check=1 HTTP/1.1" 200 12687 "-" "Mozilla/5.0 (compatible; SemrushBot/7~bl; +http://www.semrush.com/bot.html)" "tekmedicgloves.com"
185.191.171.18 - - [13/Oct/2022:02:17:28 -0700] "GET /phpMyAdmin/setup/?token=dd7d9cd9bdbd95d14826161a4517945e&version_check=1 HTTP/1.1" 200 12691 "-" "Mozilla/5.0 (compatible; SemrushBot/7~bl; +http://www.semrush.com/bot.html)" "www.tekmedicgloves.com"
185.191.171.10 - - [13/Oct/2022:02:17:30 -0700] "GET /phpMyAdmin/setup/?token=106936089eabccbf73f8b25aedd61fcb&version_check=1 HTTP/1.1" 200 12691 "-" "Mozilla/5.0 (compatible; SemrushBot/7~bl; +http://www.semrush.com/bot.html)" "www.tekmedicgloves.com"
185.191.171.1 - - [13/Oct/2022:02:18:05 -0700] "GET /phpMyAdmin/setup/?token=fb71afa4157135ed10f695d22940b2b0&version_check=1 HTTP/1.1" 200 12691 "-" "Mozilla/5.0 (compatible; SemrushBot/7~bl; +http://www.semrush.com/bot.html)" "www.tekmedicgloves.com"
185.191.171.6 - - [13/Oct/2022:02:18:17 -0700] "GET /phpMyAdmin/setup/?token=fdbea0b8b64cc47a700c0e8a4ef0056f&version_check=1 HTTP/1.1" 200 12691 "-" "Mozilla/5.0 (compatible; SemrushBot/7~bl; +http://www.semrush.com/bot.html)" "www.tekmedicgloves.com"
185.191.171.15 - - [13/Oct/2022:02:18:36 -0700] "GET /phpMyAdmin/setup/?token=027f12ce0169efad0f7139bc523b7778&version_check=1 HTTP/1.1" 200 12687 "-" "Mozilla/5.0 (compatible; SemrushBot/7~bl; +http://www.semrush.com/bot.html)" "tekmedicgloves.com"
185.191.171.25 - - [13/Oct/2022:02:18:43 -0700] "GET /phpMyAdmin/setup/?token=f8a13453bf6c50bb69e8196f9619b1aa&version_check=1 HTTP/1.1" 200 12691 "-" "Mozilla/5.0 (compatible; SemrushBot/7~bl; +http://www.semrush.com/bot.html)" "www.tekmedicgloves.com"
185.191.171.7 - - [13/Oct/2022:02:18:45 -0700] "GET /phpMyAdmin/setup/?token=02c2986d5f24084b0ad5d7aa476e29ff&version_check=1 HTTP/1.1" 200 12687 "-" "Mozilla/5.0 (compatible; SemrushBot/7~bl; +http://www.semrush.com/bot.html)" "tekmedicgloves.com"
185.191.171.38 - - [13/Oct/2022:02:18:48 -0700] "GET /phpMyAdmin/setup/?token=e152fcb4325499ab635de6f1ef81d48f&version_check=1 HTTP/1.1" 200 12687 "-" "Mozilla/5.0 (compatible; SemrushBot/7~bl; +http://www.semrush.com/bot.html)" "tekmedicgloves.com"
185.191.171.20 - - [13/Oct/2022:02:18:58 -0700] "GET /phpMyAdmin/setup/?token=0a4808c7e6ac524e9883ddc7a699e975&version_check=1 HTTP/1.1" 200 12691 "-" "Mozilla/5.0 (compatible; SemrushBot/7~bl; +http://www.semrush.com/bot.html)" "www.tekmedicgloves.com"
185.191.171.24 - - [13/Oct/2022:02:19:31 -0700] "GET /phpMyAdmin/setup/?token=fc133201ab96024a036831f636a80310&version_check=1 HTTP/1.1" 200 12691 "-" "Mozilla/5.0 (compatible; SemrushBot/7~bl; +http://www.semrush.com/bot.html)" "www.tekmedicgloves.com"
185.191.171.20 - - [13/Oct/2022:02:19:38 -0700] "GET /phpMyAdmin/setup/?token=ef8c6ddc790691b997913fd8f0e93d2f&version_check=1 HTTP/1.1" 200 12691 "-" "Mozilla/5.0 (compatible; SemrushBot/7~bl; +http://www.semrush.com/bot.html)" "www.tekmedicgloves.com"
185.191.171.16 - - [13/Oct/2022:02:20:18 -0700] "GET /phpMyAdmin/setup/?token=ceaa3953fe04cc0fa2ca91d98fab296b&version_check=1 HTTP/1.1" 200 12691 "-" "Mozilla/5.0 (compatible; SemrushBot/7~bl; +http://www.semrush.com/bot.html)" "www.tekmedicgloves.com"
185.191.171.38 - - [13/Oct/2022:02:20:49 -0700] "GET /phpMyAdmin/setup/?token=fb87ba453d2cd1bb06c4fa038e8155bf&version_check=1 HTTP/1.1" 200 12691 "-" "Mozilla/5.0 (compatible; SemrushBot/7~bl; +http://www.semrush.com/bot.html)" "www.tekmedicgloves.com"
185.191.171.13 - - [13/Oct/2022:02:20:51 -0700] "GET /phpMyAdmin/setup/?token=ddf54966f87ac4d9e411fdd5896c59ab&version_check=1 HTTP/1.1" 200 12687 "-" "Mozilla/5.0 (compatible; SemrushBot/7~bl; +http://www.semrush.com/bot.html)" "tekmedicgloves.com"
185.191.171.12 - - [13/Oct/2022:02:20:54 -0700] "GET /phpMyAdmin/setup/?token=0a0f5f949e4f3abba4fe7c1442d57936&version_check=1 HTTP/1.1" 200 12687 "-" "Mozilla/5.0 (compatible; SemrushBot/7~bl; +http://www.semrush.com/bot.html)" "tekmedicgloves.com"
185.191.171.24 - - [13/Oct/2022:02:21:01 -0700] "GET /phpMyAdmin/setup/?token=061069dacbbab3ab44a8df2a59d3e358&version_check=1 HTTP/1.1" 200 12691 "-" "Mozilla/5.0 (compatible; SemrushBot/7~bl; +http://www.semrush.com/bot.html)" "www.tekmedicgloves.com"
185.191.171.11 - - [13/Oct/2022:02:21:24 -0700] "GET /phpMyAdmin/setup/?token=e995a50c47cb95f3acbd085af099123d&version_check=1 HTTP/1.1" 200 12691 "-" "Mozilla/5.0 (compatible; SemrushBot/7~bl; +http://www.semrush.com/bot.html)" "www.tekmedicgloves.com"
185.191.171.26 - - [13/Oct/2022:02:21:27 -0700] "GET /phpMyAdmin/setup/?token=e08c41a5e8b160859bfa269d61fc6371&version_check=1 HTTP/1.1" 200 12687 "-" "Mozilla/5.0 (compatible; SemrushBot/7~bl; +http://www.semrush.com/bot.html)" "tekmedicgloves.com"
185.191.171.15 - - [13/Oct/2022:02:21:46 -0700] "GET /phpMyAdmin/setup/?token=c37465075d13072775f617aba8553012&version_check=1 HTTP/1.1" 200 12691 "-" "Mozilla/5.0 (compatible; SemrushBot/7~bl; +http://www.semrush.com/bot.html)" "www.tekmedicgloves.com"
185.191.171.7 - - [13/Oct/2022:02:21:58 -0700] "GET /phpMyAdmin/setup/?token=e69e57d35ce383e8a36b7c59eb20ad9d&version_check=1 HTTP/1.1" 200 12687 "-" "Mozilla/5.0 (compatible; SemrushBot/7~bl; +http://www.semrush.com/bot.html)" "tekmedicgloves.com"
185.191.171.1 - - [13/Oct/2022:02:22:19 -0700] "GET /phpMyAdmin/setup/?token=de98bf86842b2f7c4ff084669db046ce&version_check=1 HTTP/1.1" 200 12687 "-" "Mozilla/5.0 (compatible; SemrushBot/7~bl; +http://www.semrush.com/bot.html)" "tekmedicgloves.com"
185.191.171.33 - - [13/Oct/2022:02:22:21 -0700] "GET /phpMyAdmin/setup/?token=13cc93fd7b7d788b259b709df0991f9a&version_check=1 HTTP/1.1" 200 12687 "-" "Mozilla/5.0 (compatible; SemrushBot/7~bl; +http://www.semrush.com/bot.html)" "tekmedicgloves.com"
185.191.171.42 - - [13/Oct/2022:02:22:24 -0700] "GET /phpMyAdmin/setup/?token=0bb24e6e19c0f362446ab5dd23995a9f&version_check=1 HTTP/1.1" 200 12691 "-" "Mozilla/5.0 (compatible; SemrushBot/7~bl; +http://www.semrush.com/bot.html)" "www.tekmedicgloves.com"
185.191.171.9 - - [13/Oct/2022:02:22:43 -0700] "GET /phpMyAdmin/setup/?token=0d606e01330947b76aa09dccb916b281&version_check=1 HTTP/1.1" 200 12687 "-" "Mozilla/5.0 (compatible; SemrushBot/7~bl; +http://www.semrush.com/bot.html)" "tekmedicgloves.com"
185.191.171.41 - - [13/Oct/2022:02:22:49 -0700] "GET /phpMyAdmin/setup/?token=153c60f2900084f4d23f74b4d5082c87&version_check=1 HTTP/1.1" 200 12687 "-" "Mozilla/5.0 (compatible; SemrushBot/7~bl; +http://www.semrush.com/bot.html)" "tekmedicgloves.com"
185.191.171.20 - - [13/Oct/2022:02:22:58 -0700] "GET /phpMyAdmin/setup/?token=f88628a0ca68361f2aa51e91d54abf27&version_check=1 HTTP/1.1" 200 12687 "-" "Mozilla/5.0 (compatible; SemrushBot/7~bl; +http://www.semrush.com/bot.html)" "tekmedicgloves.com"
185.191.171.12 - - [13/Oct/2022:02:23:02 -0700] "GET /phpMyAdmin/setup/?token=e980f70ff843794e0d46c77de9da5072&version_check=1 HTTP/1.1" 200 12687 "-" "Mozilla/5.0 (compatible; SemrushBot/7~bl; +http://www.semrush.com/bot.html)" "tekmedicgloves.com"
185.191.171.42 - - [13/Oct/2022:02:23:16 -0700] "GET /phpMyAdmin/setup/?token=bcde9cbcc777134b39e7ae36aeb95083&version_check=1 HTTP/1.1" 200 12691 "-" "Mozilla/5.0 (compatible; SemrushBot/7~bl; +http://www.semrush.com/bot.html)" "www.tekmedicgloves.com"
185.191.171.21 - - [13/Oct/2022:02:23:18 -0700] "GET /phpMyAdmin/setup/?token=c5f8213058b7506dac44b0574fb2c73c&version_check=1 HTTP/1.1" 200 12691 "-" "Mozilla/5.0 (compatible; SemrushBot/7~bl; +http://www.semrush.com/bot.html)" "www.tekmedicgloves.com"
185.191.171.38 - - [13/Oct/2022:02:23:35 -0700] "GET /phpMyAdmin/setup/?token=05b5e2f9e7ea3c179ee567c6e740e3ac&version_check=1 HTTP/1.1" 200 12691 "-" "Mozilla/5.0 (compatible; SemrushBot/7~bl; +http://www.semrush.com/bot.html)" "www.tekmedicgloves.com"
185.191.171.42 - - [13/Oct/2022:02:23:43 -0700] "GET /phpMyAdmin/setup/?token=d52b7ab1f160468c7099a1dbda8b9b3b&version_check=1 HTTP/1.1" 200 12691 "-" "Mozilla/5.0 (compatible; SemrushBot/7~bl; +http://www.semrush.com/bot.html)" "www.tekmedicgloves.com"
185.191.171.37 - - [13/Oct/2022:02:23:45 -0700] "GET /phpMyAdmin/setup/?token=133436798879a1fca13db51f9f2bfa79&version_check=1 HTTP/1.1" 200 12687 "-" "Mozilla/5.0 (compatible; SemrushBot/7~bl; +http://www.semrush.com/bot.html)" "tekmedicgloves.com"
185.191.171.12 - - [13/Oct/2022:02:24:01 -0700] "GET /phpMyAdmin/setup/?token=144794df6948667c60c9b7ef686caf1f&version_check=1 HTTP/1.1" 200 12687 "-" "Mozilla/5.0 (compatible; SemrushBot/7~bl; +http://www.semrush.com/bot.html)" "tekmedicgloves.com"
185.191.171.23 - - [13/Oct/2022:02:24:23 -0700] "GET /phpMyAdmin/setup/?token=0051aa7f15e53332ce8ac4cfd9a084b5&version_check=1 HTTP/1.1" 200 12691 "-" "Mozilla/5.0 (compatible; SemrushBot/7~bl; +http://www.semrush.com/bot.html)" "www.tekmedicgloves.com"
185.191.171.22 - - [13/Oct/2022:02:24:37 -0700] "GET /phpMyAdmin/setup/?token=136e231715403145c053ee69d8c6fbcd&version_check=1 HTTP/1.1" 200 12687 "-" "Mozilla/5.0 (compatible; SemrushBot/7~bl; +http://www.semrush.com/bot.html)" "tekmedicgloves.com"
185.191.171.42 - - [13/Oct/2022:02:24:37 -0700] "GET /phpMyAdmin/setup/?token=f6c732d44dcd4b92e2bcfb64ffa2296f&version_check=1 HTTP/1.1" 200 12691 "-" "Mozilla/5.0 (compatible; SemrushBot/7~bl; +http://www.semrush.com/bot.html)" "www.tekmedicgloves.com"
185.191.171.42 - - [13/Oct/2022:02:24:41 -0700] "GET /phpMyAdmin/setup/?token=f2ba9616d60b45430e1a6d297852e87b&version_check=1 HTTP/1.1" 200 12687 "-" "Mozilla/5.0 (compatible; SemrushBot/7~bl; +http://www.semrush.com/bot.html)" "tekmedicgloves.com"
185.191.171.43 - - [13/Oct/2022:02:25:02 -0700] "GET /phpMyAdmin/setup/?token=db71510f4b594782da24b4e3f1d2b4bc&version_check=1 HTTP/1.1" 200 12691 "-" "Mozilla/5.0 (compatible; SemrushBot/7~bl; +http://www.semrush.com/bot.html)" "www.tekmedicgloves.com"
185.191.171.44 - - [13/Oct/2022:02:25:29 -0700] "GET /phpMyAdmin/setup/?token=e1197f496abf8bc02e181010133e515d&version_check=1 HTTP/1.1" 200 12687 "-" "Mozilla/5.0 (compatible; SemrushBot/7~bl; +http://www.semrush.com/bot.html)" "tekmedicgloves.com"
185.191.171.14 - - [13/Oct/2022:02:25:33 -0700] "GET /phpMyAdmin/setup/?token=06b001f7fbcef1c060213eb3b19aae42&version_check=1 HTTP/1.1" 200 12691 "-" "Mozilla/5.0 (compatible; SemrushBot/7~bl; +http://www.semrush.com/bot.html)" "www.tekmedicgloves.com"
185.191.171.8 - - [13/Oct/2022:02:25:33 -0700] "GET /phpMyAdmin/setup/?token=0358006c2af8f396d01ddf6fceccc69c&version_check=1 HTTP/1.1" 200 12687 "-" "Mozilla/5.0 (compatible; SemrushBot/7~bl; +http://www.semrush.com/bot.html)" "tekmedicgloves.com"
185.191.171.16 - - [13/Oct/2022:02:25:39 -0700] "GET /phpMyAdmin/setup/?token=f199127cfb7eb891676744fe78a12eb1&version_check=1 HTTP/1.1" 200 12687 "-" "Mozilla/5.0 (compatible; SemrushBot/7~bl; +http://www.semrush.com/bot.html)" "tekmedicgloves.com"
185.191.171.13 - - [13/Oct/2022:02:25:46 -0700] "GET /phpMyAdmin/setup/?token=b99c283a7e5a93c81ac7ce3256f60d63&version_check=1 HTTP/1.1" 200 12691 "-" "Mozilla/5.0 (compatible; SemrushBot/7~bl; +http://www.semrush.com/bot.html)" "www.tekmedicgloves.com"
185.191.171.7 - - [13/Oct/2022:02:25:48 -0700] "GET /phpMyAdmin/setup/?token=0058b22460151db7cca34ed066d6c59b&version_check=1 HTTP/1.1" 200 12691 "-" "Mozilla/5.0 (compatible; SemrushBot/7~bl; +http://www.semrush.com/bot.html)" "www.tekmedicgloves.com"
185.191.171.22 - - [13/Oct/2022:02:25:50 -0700] "GET /phpMyAdmin/setup/?token=06f11d45361c38f1320d4174fb47c728&version_check=1 HTTP/1.1" 200 12691 "-" "Mozilla/5.0 (compatible; SemrushBot/7~bl; +http://www.semrush.com/bot.html)" "www.tekmedicgloves.com"
185.191.171.26 - - [13/Oct/2022:02:25:52 -0700] "GET /phpMyAdmin/setup/?token=0f84dd06d7499645fbf4288e082881de&version_check=1 HTTP/1.1" 200 12691 "-" "Mozilla/5.0 (compatible; SemrushBot/7~bl; +http://www.semrush.com/bot.html)" "www.tekmedicgloves.com"
185.191.171.14 - - [13/Oct/2022:02:25:55 -0700] "GET /phpMyAdmin/setup/?token=d7fc733203311da896d7579210b6704b&version_check=1 HTTP/1.1" 200 12691 "-" "Mozilla/5.0 (compatible; SemrushBot/7~bl; +http://www.semrush.com/bot.html)" "www.tekmedicgloves.com"
114.119.139.220 - - [13/Oct/2022:02:26:26 -0700] "GET /beta/products.php?cat=23&subcat=39&id=16 HTTP/1.1" 200 56862 "http://tekmedicgloves.com/beta/products.php?cat=23&subcat=39" "Mozilla/5.0 (Linux; Android 7.0;) AppleWebKit/537.36 (KHTML, like Gecko) Mobile Safari/537.36 (compatible; PetalBot;+https://webmaster.petalsearch.com/site/petalbot)" "tekmedicgloves.com"
185.191.171.14 - - [13/Oct/2022:02:26:26 -0700] "GET /phpMyAdmin/setup/?token=0a092c953c8d05cbf1bfaad4f0016d5f&version_check=1 HTTP/1.1" 200 12691 "-" "Mozilla/5.0 (compatible; SemrushBot/7~bl; +http://www.semrush.com/bot.html)" "www.tekmedicgloves.com"
51.222.253.8 - - [13/Oct/2022:02:26:31 -0700] "GET /robots.txt HTTP/1.1" 404 88 "-" "Mozilla/5.0 (compatible; AhrefsBot/7.0; +http://ahrefs.com/robot/)" "tekmedicgloves.com"
51.222.253.8 - - [13/Oct/2022:02:26:33 -0700] "GET /beta/products.php?cat=21&id=6 HTTP/1.1" 200 56596 "-" "Mozilla/5.0 (compatible; AhrefsBot/7.0; +http://ahrefs.com/robot/)" "tekmedicgloves.com"
185.191.171.17 - - [13/Oct/2022:02:26:45 -0700] "GET /phpMyAdmin/setup/?token=024b4344b687f96d30aa320396d914d4&version_check=1 HTTP/1.1" 200 12687 "-" "Mozilla/5.0 (compatible; SemrushBot/7~bl; +http://www.semrush.com/bot.html)" "tekmedicgloves.com"
185.191.171.17 - - [13/Oct/2022:02:26:58 -0700] "GET /phpMyAdmin/setup/?token=ed34d3463e38c6c8f3b94fda564fd22f&version_check=1 HTTP/1.1" 200 12687 "-" "Mozilla/5.0 (compatible; SemrushBot/7~bl; +http://www.semrush.com/bot.html)" "tekmedicgloves.com"
185.191.171.14 - - [13/Oct/2022:02:27:11 -0700] "GET /phpMyAdmin/setup/?token=ea98974529c194fdaa7b4d15577285a4&version_check=1 HTTP/1.1" 200 12687 "-" "Mozilla/5.0 (compatible; SemrushBot/7~bl; +http://www.semrush.com/bot.html)" "tekmedicgloves.com"
185.191.171.43 - - [13/Oct/2022:02:27:21 -0700] "GET /phpMyAdmin/setup/?token=f343a48faafecc809b64eaef4809de4d&version_check=1 HTTP/1.1" 200 12691 "-" "Mozilla/5.0 (compatible; SemrushBot/7~bl; +http://www.semrush.com/bot.html)" "www.tekmedicgloves.com"
185.191.171.10 - - [13/Oct/2022:02:27:26 -0700] "GET /phpMyAdmin/setup/?token=065e97568d4ab96f37fea7cb883da4fe&version_check=1 HTTP/1.1" 200 12691 "-" "Mozilla/5.0 (compatible; SemrushBot/7~bl; +http://www.semrush.com/bot.html)" "www.tekmedicgloves.com"
185.191.171.4 - - [13/Oct/2022:02:27:33 -0700] "GET /phpMyAdmin/setup/?token=f7fefda193c48ee52a0ae869aaacd5ba&version_check=1 HTTP/1.1" 200 12687 "-" "Mozilla/5.0 (compatible; SemrushBot/7~bl; +http://www.semrush.com/bot.html)" "tekmedicgloves.com"
185.191.171.26 - - [13/Oct/2022:02:27:53 -0700] "GET /phpMyAdmin/setup/?token=a188d42737430db743ce2ba5f140ce41&version_check=1 HTTP/1.1" 200 12687 "-" "Mozilla/5.0 (compatible; SemrushBot/7~bl; +http://www.semrush.com/bot.html)" "tekmedicgloves.com"
185.191.171.41 - - [13/Oct/2022:02:28:16 -0700] "GET /phpMyAdmin/setup/?token=0e14ad3fd0426ed604677d8ac4537f2d&version_check=1 HTTP/1.1" 200 12691 "-" "Mozilla/5.0 (compatible; SemrushBot/7~bl; +http://www.semrush.com/bot.html)" "www.tekmedicgloves.com"
185.191.171.7 - - [13/Oct/2022:02:28:21 -0700] "GET /phpMyAdmin/setup/?token=038e40d9b0e6e6c8d120ad3e7328104d&version_check=1 HTTP/1.1" 200 12691 "-" "Mozilla/5.0 (compatible; SemrushBot/7~bl; +http://www.semrush.com/bot.html)" "www.tekmedicgloves.com"
185.191.171.11 - - [13/Oct/2022:02:28:29 -0700] "GET /phpMyAdmin/setup/?token=cfc786020f5fc818f7d6473bad343955&version_check=1 HTTP/1.1" 200 12691 "-" "Mozilla/5.0 (compatible; SemrushBot/7~bl; +http://www.semrush.com/bot.html)" "www.tekmedicgloves.com"
185.191.171.37 - - [13/Oct/2022:02:28:31 -0700] "GET /phpMyAdmin/setup/?token=03699e9ee51cc037682aae29d2b5b1fa&version_check=1 HTTP/1.1" 200 12687 "-" "Mozilla/5.0 (compatible; SemrushBot/7~bl; +http://www.semrush.com/bot.html)" "tekmedicgloves.com"
185.191.171.44 - - [13/Oct/2022:02:28:32 -0700] "GET /phpMyAdmin/setup/?token=e447716b967ac4a7cdd6521d67885748&version_check=1 HTTP/1.1" 200 12687 "-" "Mozilla/5.0 (compatible; SemrushBot/7~bl; +http://www.semrush.com/bot.html)" "tekmedicgloves.com"
185.191.171.11 - - [13/Oct/2022:02:28:56 -0700] "GET /phpMyAdmin/setup/?token=fe0349b88d8987dee54544ae50a2e26d&version_check=1 HTTP/1.1" 200 12687 "-" "Mozilla/5.0 (compatible; SemrushBot/7~bl; +http://www.semrush.com/bot.html)" "tekmedicgloves.com"
185.191.171.37 - - [13/Oct/2022:02:28:59 -0700] "GET /phpMyAdmin/setup/?token=d163697923120415ec88c6e007b38831&version_check=1 HTTP/1.1" 200 12691 "-" "Mozilla/5.0 (compatible; SemrushBot/7~bl; +http://www.semrush.com/bot.html)" "www.tekmedicgloves.com"
185.191.171.21 - - [13/Oct/2022:02:29:01 -0700] "GET /phpMyAdmin/setup/?token=e8f698ba3c8d6e8cd8af97ea1453aaf6&version_check=1 HTTP/1.1" 200 12691 "-" "Mozilla/5.0 (compatible; SemrushBot/7~bl; +http://www.semrush.com/bot.html)" "www.tekmedicgloves.com"
185.191.171.9 - - [13/Oct/2022:02:29:07 -0700] "GET /phpMyAdmin/setup/?token=e011c659fbad14d9ddd85de02e8ddedd&version_check=1 HTTP/1.1" 200 12687 "-" "Mozilla/5.0 (compatible; SemrushBot/7~bl; +http://www.semrush.com/bot.html)" "tekmedicgloves.com"
185.191.171.44 - - [13/Oct/2022:02:29:15 -0700] "GET /robots.txt HTTP/1.1" 404 88 "-" "Mozilla/5.0 (compatible; SemrushBot/7~bl; +http://www.semrush.com/bot.html)" "tekmedicgloves.com"
185.191.171.45 - - [13/Oct/2022:02:29:15 -0700] "GET /phpMyAdmin/setup/?token=e37d21ed0eccb0f7d1cdeaad818ac9dc&version_check=1 HTTP/1.1" 200 12687 "-" "Mozilla/5.0 (compatible; SemrushBot/7~bl; +http://www.semrush.com/bot.html)" "tekmedicgloves.com"
185.191.171.42 - - [13/Oct/2022:02:29:18 -0700] "GET /phpMyAdmin/setup/?token=f9df46132ecbfc32f49dd80711e38313&version_check=1 HTTP/1.1" 200 12691 "-" "Mozilla/5.0 (compatible; SemrushBot/7~bl; +http://www.semrush.com/bot.html)" "www.tekmedicgloves.com"
185.191.171.26 - - [13/Oct/2022:02:29:28 -0700] "GET /phpMyAdmin/setup/?token=1045aa1a2876c3f0015a5b9dd0b7b006&version_check=1 HTTP/1.1" 200 12687 "-" "Mozilla/5.0 (compatible; SemrushBot/7~bl; +http://www.semrush.com/bot.html)" "tekmedicgloves.com"
185.191.171.41 - - [13/Oct/2022:02:30:08 -0700] "GET /phpMyAdmin/setup/?token=f5c0cd70a6c532988f2973b5cccd6f4c&version_check=1 HTTP/1.1" 200 12687 "-" "Mozilla/5.0 (compatible; SemrushBot/7~bl; +http://www.semrush.com/bot.html)" "tekmedicgloves.com"
185.191.171.7 - - [13/Oct/2022:02:30:40 -0700] "GET /phpMyAdmin/setup/?token=fe0ec05d3992f554dc431bfba52ec65b&version_check=1 HTTP/1.1" 200 12687 "-" "Mozilla/5.0 (compatible; SemrushBot/7~bl; +http://www.semrush.com/bot.html)" "tekmedicgloves.com"
185.191.171.21 - - [13/Oct/2022:02:30:42 -0700] "GET /phpMyAdmin/setup/?token=e4c21866281b978b92028d0012093c02&version_check=1 HTTP/1.1" 200 12687 "-" "Mozilla/5.0 (compatible; SemrushBot/7~bl; +http://www.semrush.com/bot.html)" "tekmedicgloves.com"
185.191.171.12 - - [13/Oct/2022:02:30:48 -0700] "GET /phpMyAdmin/setup/?token=c3429b32f8efe532c6a10d7dabc2d569&version_check=1 HTTP/1.1" 200 12691 "-" "Mozilla/5.0 (compatible; SemrushBot/7~bl; +http://www.semrush.com/bot.html)" "www.tekmedicgloves.com"
185.191.171.33 - - [13/Oct/2022:02:31:21 -0700] "GET /phpMyAdmin/setup/?token=05bdd6150c1146b76fe901d1f90c6161&version_check=1 HTTP/1.1" 200 12691 "-" "Mozilla/5.0 (compatible; SemrushBot/7~bl; +http://www.semrush.com/bot.html)" "www.tekmedicgloves.com"
185.191.171.16 - - [13/Oct/2022:02:32:18 -0700] "GET /phpMyAdmin/setup/?token=0cb9de9ea30ffd99e36ef633560d945b&version_check=1 HTTP/1.1" 200 12687 "-" "Mozilla/5.0 (compatible; SemrushBot/7~bl; +http://www.semrush.com/bot.html)" "tekmedicgloves.com"
185.191.171.43 - - [13/Oct/2022:02:32:18 -0700] "GET /phpMyAdmin/setup/?token=efac1492c494310055baa6d270898661&version_check=1 HTTP/1.1" 200 12691 "-" "Mozilla/5.0 (compatible; SemrushBot/7~bl; +http://www.semrush.com/bot.html)" "www.tekmedicgloves.com"
185.191.171.11 - - [13/Oct/2022:02:32:20 -0700] "GET /phpMyAdmin/setup/?token=b8532d5dc10b465a99bd91178356f8c7&version_check=1 HTTP/1.1" 200 12691 "-" "Mozilla/5.0 (compatible; SemrushBot/7~bl; +http://www.semrush.com/bot.html)" "www.tekmedicgloves.com"
185.191.171.7 - - [13/Oct/2022:02:32:26 -0700] "GET /phpMyAdmin/setup/?token=0e0c7e4880a3043b33d187ee2d93338a&version_check=1 HTTP/1.1" 200 12691 "-" "Mozilla/5.0 (compatible; SemrushBot/7~bl; +http://www.semrush.com/bot.html)" "www.tekmedicgloves.com"
185.191.171.14 - - [13/Oct/2022:02:32:34 -0700] "GET /phpMyAdmin/setup/?token=eac4c59e341131a0a938b7e8aae7d505&version_check=1 HTTP/1.1" 200 12691 "-" "Mozilla/5.0 (compatible; SemrushBot/7~bl; +http://www.semrush.com/bot.html)" "www.tekmedicgloves.com"
185.191.171.6 - - [13/Oct/2022:02:32:34 -0700] "GET /phpMyAdmin/setup/?token=f3d2474b5cdef29e97704181e45dfc3d&version_check=1 HTTP/1.1" 200 12687 "-" "Mozilla/5.0 (compatible; SemrushBot/7~bl; +http://www.semrush.com/bot.html)" "tekmedicgloves.com"
185.191.171.39 - - [13/Oct/2022:02:32:42 -0700] "GET /phpMyAdmin/setup/?token=fe9dfa1fea4f93212478ef8375543d61&version_check=1 HTTP/1.1" 200 12691 "-" "Mozilla/5.0 (compatible; SemrushBot/7~bl; +http://www.semrush.com/bot.html)" "www.tekmedicgloves.com"
185.191.171.4 - - [13/Oct/2022:02:32:42 -0700] "GET /phpMyAdmin/setup/?token=f153e44d432dce8cf397e2722641f7b4&version_check=1 HTTP/1.1" 200 12687 "-" "Mozilla/5.0 (compatible; SemrushBot/7~bl; +http://www.semrush.com/bot.html)" "tekmedicgloves.com"
185.191.171.33 - - [13/Oct/2022:02:32:43 -0700] "GET /phpMyAdmin/setup/?token=d0595192ef216351918de35d40fcdeee&version_check=1 HTTP/1.1" 200 12691 "-" "Mozilla/5.0 (compatible; SemrushBot/7~bl; +http://www.semrush.com/bot.html)" "www.tekmedicgloves.com"
185.191.171.13 - - [13/Oct/2022:02:32:50 -0700] "GET /phpMyAdmin/setup/?token=0211aea904a84f3952a3ae1fc6df999f&version_check=1 HTTP/1.1" 200 12691 "-" "Mozilla/5.0 (compatible; SemrushBot/7~bl; +http://www.semrush.com/bot.html)" "www.tekmedicgloves.com"
185.191.171.24 - - [13/Oct/2022:02:33:02 -0700] "GET /phpMyAdmin/setup/?token=cf870bf644614745d246f81ab93acdd2&version_check=1 HTTP/1.1" 200 12691 "-" "Mozilla/5.0 (compatible; SemrushBot/7~bl; +http://www.semrush.com/bot.html)" "www.tekmedicgloves.com"
185.191.171.6 - - [13/Oct/2022:02:33:05 -0700] "GET /phpMyAdmin/setup/?token=e04a0f57aa7646306cd3b268d5f2eff4&version_check=1 HTTP/1.1" 200 12687 "-" "Mozilla/5.0 (compatible; SemrushBot/7~bl; +http://www.semrush.com/bot.html)" "tekmedicgloves.com"
185.191.171.14 - - [13/Oct/2022:02:33:12 -0700] "GET /phpMyAdmin/setup/?token=f0cd97bcb48b218aad38ae5f67acd2bc&version_check=1 HTTP/1.1" 200 12687 "-" "Mozilla/5.0 (compatible; SemrushBot/7~bl; +http://www.semrush.com/bot.html)" "tekmedicgloves.com"
185.191.171.1 - - [13/Oct/2022:02:33:24 -0700] "GET /phpMyAdmin/setup/?token=05ec62c38087027dd46bdba639019042&version_check=1 HTTP/1.1" 200 12687 "-" "Mozilla/5.0 (compatible; SemrushBot/7~bl; +http://www.semrush.com/bot.html)" "tekmedicgloves.com"
185.191.171.43 - - [13/Oct/2022:02:33:31 -0700] "GET /phpMyAdmin/setup/?token=ed0fc3a630d842ceebc3837a18bd647c&version_check=1 HTTP/1.1" 200 12687 "-" "Mozilla/5.0 (compatible; SemrushBot/7~bl; +http://www.semrush.com/bot.html)" "tekmedicgloves.com"
185.191.171.44 - - [13/Oct/2022:02:33:36 -0700] "GET /phpMyAdmin/setup/?token=0cfc0509bbadebf82869625ca021a4f7&version_check=1 HTTP/1.1" 200 12687 "-" "Mozilla/5.0 (compatible; SemrushBot/7~bl; +http://www.semrush.com/bot.html)" "tekmedicgloves.com"
185.191.171.26 - - [13/Oct/2022:02:33:38 -0700] "GET /phpMyAdmin/setup/?token=0f6bbe88f87909deddde4d5b101e8e46&version_check=1 HTTP/1.1" 200 12691 "-" "Mozilla/5.0 (compatible; SemrushBot/7~bl; +http://www.semrush.com/bot.html)" "www.tekmedicgloves.com"
185.191.171.39 - - [13/Oct/2022:02:33:50 -0700] "GET /phpMyAdmin/setup/?token=d425bc4abdc9d033c5fc33b9d4ad079c&version_check=1 HTTP/1.1" 200 12691 "-" "Mozilla/5.0 (compatible; SemrushBot/7~bl; +http://www.semrush.com/bot.html)" "www.tekmedicgloves.com"
185.191.171.44 - - [13/Oct/2022:02:34:10 -0700] "GET /phpMyAdmin/setup/?token=f4994430f542653a96f799f822490125&version_check=1 HTTP/1.1" 200 12691 "-" "Mozilla/5.0 (compatible; SemrushBot/7~bl; +http://www.semrush.com/bot.html)" "www.tekmedicgloves.com"
185.191.171.20 - - [13/Oct/2022:02:34:17 -0700] "GET /phpMyAdmin/setup/?token=e658a2e8eae2de008871ab69d0cd7091&version_check=1 HTTP/1.1" 200 12687 "-" "Mozilla/5.0 (compatible; SemrushBot/7~bl; +http://www.semrush.com/bot.html)" "tekmedicgloves.com"
185.191.171.11 - - [13/Oct/2022:02:34:22 -0700] "GET /phpMyAdmin/setup/?token=019ee3f353ac8cce5ea08dca508b2bed&version_check=1 HTTP/1.1" 200 12691 "-" "Mozilla/5.0 (compatible; SemrushBot/7~bl; +http://www.semrush.com/bot.html)" "www.tekmedicgloves.com"
185.191.171.35 - - [13/Oct/2022:02:34:26 -0700] "GET /phpMyAdmin/setup/?token=dd640febc4e8dc850c0d33130c4bb88a&version_check=1 HTTP/1.1" 200 12687 "-" "Mozilla/5.0 (compatible; SemrushBot/7~bl; +http://www.semrush.com/bot.html)" "tekmedicgloves.com"
185.191.171.20 - - [13/Oct/2022:02:34:36 -0700] "GET /phpMyAdmin/setup/?token=e885eaf58afc9385d6ea10aead1c370f&version_check=1 HTTP/1.1" 200 12687 "-" "Mozilla/5.0 (compatible; SemrushBot/7~bl; +http://www.semrush.com/bot.html)" "tekmedicgloves.com"
185.191.171.2 - - [13/Oct/2022:02:34:47 -0700] "GET /phpMyAdmin/setup/?token=e290565759e18b5d9ff3a298a4eda119&version_check=1 HTTP/1.1" 200 12687 "-" "Mozilla/5.0 (compatible; SemrushBot/7~bl; +http://www.semrush.com/bot.html)" "tekmedicgloves.com"
