185.191.171.25 - - [13/Oct/2022:06:58:22 -0700] "GET /phpMyAdmin/setup/?token=ea6ae413bc53f863ecf11eef86a2ea76&version_check=1 HTTP/1.1" 200 12687 "-" "Mozilla/5.0 (compatible; SemrushBot/7~bl; +http://www.semrush.com/bot.html)" "tekmedicgloves.com"
157.90.181.207 - - [13/Oct/2022:06:58:25 -0700] "GET /beta/products.php?cat=20&subcat=26 HTTP/1.1" 200 36681 "-" "Mozilla/5.0 (compatible; BLEXBot/1.0; +http://webmeup-crawler.com/)" "tekmedicgloves.com"
157.90.181.207 - - [13/Oct/2022:06:58:27 -0700] "GET /beta/products.php?cat=20&subcat=27 HTTP/1.1" 200 35564 "-" "Mozilla/5.0 (compatible; BLEXBot/1.0; +http://webmeup-crawler.com/)" "tekmedicgloves.com"
157.90.181.207 - - [13/Oct/2022:06:58:30 -0700] "GET /beta/products.php?cat=20&subcat=33 HTTP/1.1" 200 34372 "-" "Mozilla/5.0 (compatible; BLEXBot/1.0; +http://webmeup-crawler.com/)" "tekmedicgloves.com"
185.191.171.40 - - [13/Oct/2022:06:58:33 -0700] "GET /phpMyAdmin/setup/?token=c852cb315a89aa6aa237b79ce6dd4b8f&version_check=1 HTTP/1.1" 200 12691 "-" "Mozilla/5.0 (compatible; SemrushBot/7~bl; +http://www.semrush.com/bot.html)" "www.tekmedicgloves.com"
157.90.181.207 - - [13/Oct/2022:06:58:34 -0700] "GET /beta/products.php?cat=21&id=11 HTTP/1.1" 200 56560 "-" "Mozilla/5.0 (compatible; BLEXBot/1.0; +http://webmeup-crawler.com/)" "tekmedicgloves.com"
185.191.171.12 - - [13/Oct/2022:06:58:38 -0700] "GET /phpMyAdmin/setup/?token=f397ad703a8bb0fa581a409cab3bd8c6&version_check=1 HTTP/1.1" 200 12691 "-" "Mozilla/5.0 (compatible; SemrushBot/7~bl; +http://www.semrush.com/bot.html)" "www.tekmedicgloves.com"
157.90.181.207 - - [13/Oct/2022:06:58:38 -0700] "GET /beta/products.php?cat=21&id=13 HTTP/1.1" 200 53988 "-" "Mozilla/5.0 (compatible; BLEXBot/1.0; +http://webmeup-crawler.com/)" "tekmedicgloves.com"
185.191.171.16 - - [13/Oct/2022:06:58:41 -0700] "GET /phpMyAdmin/setup/?token=f6683f1f1c93e69fc43a02ab65b2c76c&version_check=1 HTTP/1.1" 200 12691 "-" "Mozilla/5.0 (compatible; SemrushBot/7~bl; +http://www.semrush.com/bot.html)" "www.tekmedicgloves.com"
157.90.181.207 - - [13/Oct/2022:06:58:45 -0700] "GET /beta/products.php?cat=21&id=14 HTTP/1.1" 200 55229 "-" "Mozilla/5.0 (compatible; BLEXBot/1.0; +http://webmeup-crawler.com/)" "tekmedicgloves.com"
157.90.181.207 - - [13/Oct/2022:06:58:48 -0700] "GET /beta/products.php?cat=21&id=6 HTTP/1.1" 200 56596 "-" "Mozilla/5.0 (compatible; BLEXBot/1.0; +http://webmeup-crawler.com/)" "tekmedicgloves.com"
157.90.181.207 - - [13/Oct/2022:06:58:50 -0700] "GET /beta/products.php?cat=21&subcat=28 HTTP/1.1" 200 35493 "-" "Mozilla/5.0 (compatible; BLEXBot/1.0; +http://webmeup-crawler.com/)" "tekmedicgloves.com"
157.90.181.207 - - [13/Oct/2022:06:58:52 -0700] "GET /beta/products.php?cat=21&subcat=34 HTTP/1.1" 200 35556 "-" "Mozilla/5.0 (compatible; BLEXBot/1.0; +http://webmeup-crawler.com/)" "tekmedicgloves.com"
157.90.181.207 - - [13/Oct/2022:06:58:55 -0700] "GET /beta/products.php?cat=21&subcat=47 HTTP/1.1" 200 35541 "-" "Mozilla/5.0 (compatible; BLEXBot/1.0; +http://webmeup-crawler.com/)" "tekmedicgloves.com"
185.191.171.4 - - [13/Oct/2022:06:58:56 -0700] "GET /phpMyAdmin/setup/?token=d0e281670f7536013b16d774468a4e16&version_check=1 HTTP/1.1" 200 12691 "-" "Mozilla/5.0 (compatible; SemrushBot/7~bl; +http://www.semrush.com/bot.html)" "www.tekmedicgloves.com"
157.90.181.207 - - [13/Oct/2022:06:58:57 -0700] "GET /beta/products.php?cat=21&subcat=48 HTTP/1.1" 200 35559 "-" "Mozilla/5.0 (compatible; BLEXBot/1.0; +http://webmeup-crawler.com/)" "tekmedicgloves.com"
157.90.181.207 - - [13/Oct/2022:06:59:00 -0700] "GET /beta/products.php?cat=22&id=11 HTTP/1.1" 200 56560 "-" "Mozilla/5.0 (compatible; BLEXBot/1.0; +http://webmeup-crawler.com/)" "tekmedicgloves.com"
157.90.181.207 - - [13/Oct/2022:06:59:04 -0700] "GET /beta/products.php?cat=22&id=14 HTTP/1.1" 200 55229 "-" "Mozilla/5.0 (compatible; BLEXBot/1.0; +http://webmeup-crawler.com/)" "tekmedicgloves.com"
157.90.181.207 - - [13/Oct/2022:06:59:06 -0700] "GET /beta/products.php?cat=22&id=6 HTTP/1.1" 200 56596 "-" "Mozilla/5.0 (compatible; BLEXBot/1.0; +http://webmeup-crawler.com/)" "tekmedicgloves.com"
157.90.181.207 - - [13/Oct/2022:06:59:08 -0700] "GET /beta/products.php?cat=22&id=7 HTTP/1.1" 200 56560 "-" "Mozilla/5.0 (compatible; BLEXBot/1.0; +http://webmeup-crawler.com/)" "tekmedicgloves.com"
185.191.171.19 - - [13/Oct/2022:06:59:09 -0700] "GET /phpMyAdmin/setup/?token=e74d545e7bb39db4646c1233679c5a25&version_check=1 HTTP/1.1" 200 12687 "-" "Mozilla/5.0 (compatible; SemrushBot/7~bl; +http://www.semrush.com/bot.html)" "tekmedicgloves.com"
157.90.181.207 - - [13/Oct/2022:06:59:11 -0700] "GET /beta/products.php?cat=22&subcat=30 HTTP/1.1" 200 35539 "-" "Mozilla/5.0 (compatible; BLEXBot/1.0; +http://webmeup-crawler.com/)" "tekmedicgloves.com"
157.90.181.207 - - [13/Oct/2022:06:59:13 -0700] "GET /beta/products.php?cat=22&subcat=36 HTTP/1.1" 200 35440 "-" "Mozilla/5.0 (compatible; BLEXBot/1.0; +http://webmeup-crawler.com/)" "tekmedicgloves.com"
157.90.181.207 - - [13/Oct/2022:06:59:16 -0700] "GET /beta/products.php?cat=22&subcat=37 HTTP/1.1" 200 35691 "-" "Mozilla/5.0 (compatible; BLEXBot/1.0; +http://webmeup-crawler.com/)" "tekmedicgloves.com"
157.90.181.207 - - [13/Oct/2022:06:59:19 -0700] "GET /beta/products.php?cat=22&subcat=38 HTTP/1.1" 200 35743 "-" "Mozilla/5.0 (compatible; BLEXBot/1.0; +http://webmeup-crawler.com/)" "tekmedicgloves.com"
157.90.181.207 - - [13/Oct/2022:06:59:22 -0700] "GET /beta/products.php?cat=23&id=15 HTTP/1.1" 200 56783 "-" "Mozilla/5.0 (compatible; BLEXBot/1.0; +http://webmeup-crawler.com/)" "tekmedicgloves.com"
157.90.181.207 - - [13/Oct/2022:06:59:24 -0700] "GET /beta/products.php?cat=23&id=16 HTTP/1.1" 200 56845 "-" "Mozilla/5.0 (compatible; BLEXBot/1.0; +http://webmeup-crawler.com/)" "tekmedicgloves.com"
157.90.181.207 - - [13/Oct/2022:06:59:27 -0700] "GET /beta/products.php?cat=23&id=17 HTTP/1.1" 200 56896 "-" "Mozilla/5.0 (compatible; BLEXBot/1.0; +http://webmeup-crawler.com/)" "tekmedicgloves.com"
185.191.171.40 - - [13/Oct/2022:06:59:27 -0700] "GET /phpMyAdmin/setup/?token=fec18947501c48fc0cea8d084b341cfe&version_check=1 HTTP/1.1" 200 12691 "-" "Mozilla/5.0 (compatible; SemrushBot/7~bl; +http://www.semrush.com/bot.html)" "www.tekmedicgloves.com"
185.191.171.19 - - [13/Oct/2022:06:59:28 -0700] "GET /phpMyAdmin/setup/?token=deaa6ef5a78cb1c4e284a1832e8e9a4e&version_check=1 HTTP/1.1" 200 12687 "-" "Mozilla/5.0 (compatible; SemrushBot/7~bl; +http://www.semrush.com/bot.html)" "tekmedicgloves.com"
157.90.181.207 - - [13/Oct/2022:06:59:29 -0700] "GET /beta/products.php?cat=23&id=8 HTTP/1.1" 200 55736 "-" "Mozilla/5.0 (compatible; BLEXBot/1.0; +http://webmeup-crawler.com/)" "tekmedicgloves.com"
157.90.181.207 - - [13/Oct/2022:06:59:31 -0700] "GET /beta/products.php?cat=23&subcat=31 HTTP/1.1" 200 35474 "-" "Mozilla/5.0 (compatible; BLEXBot/1.0; +http://webmeup-crawler.com/)" "tekmedicgloves.com"
157.90.181.207 - - [13/Oct/2022:06:59:33 -0700] "GET /beta/products.php?cat=23&subcat=35 HTTP/1.1" 200 35549 "-" "Mozilla/5.0 (compatible; BLEXBot/1.0; +http://webmeup-crawler.com/)" "tekmedicgloves.com"
157.90.181.207 - - [13/Oct/2022:06:59:35 -0700] "GET /beta/products.php?cat=23&subcat=39 HTTP/1.1" 200 35435 "-" "Mozilla/5.0 (compatible; BLEXBot/1.0; +http://webmeup-crawler.com/)" "tekmedicgloves.com"
157.90.181.207 - - [13/Oct/2022:06:59:37 -0700] "GET /beta/products.php?cat=23&subcat=40 HTTP/1.1" 200 35448 "-" "Mozilla/5.0 (compatible; BLEXBot/1.0; +http://webmeup-crawler.com/)" "tekmedicgloves.com"
157.90.181.207 - - [13/Oct/2022:06:59:39 -0700] "GET /beta/products.php?cat=24&id=13 HTTP/1.1" 200 53984 "-" "Mozilla/5.0 (compatible; BLEXBot/1.0; +http://webmeup-crawler.com/)" "tekmedicgloves.com"
157.90.181.207 - - [13/Oct/2022:06:59:41 -0700] "GET /beta/products.php?cat=24&id=16 HTTP/1.1" 200 56853 "-" "Mozilla/5.0 (compatible; BLEXBot/1.0; +http://webmeup-crawler.com/)" "tekmedicgloves.com"
157.90.181.207 - - [13/Oct/2022:06:59:44 -0700] "GET /beta/products.php?cat=24&id=17 HTTP/1.1" 200 56904 "-" "Mozilla/5.0 (compatible; BLEXBot/1.0; +http://webmeup-crawler.com/)" "tekmedicgloves.com"
157.90.181.207 - - [13/Oct/2022:06:59:46 -0700] "GET /beta/products.php?cat=24&id=18 HTTP/1.1" 200 56676 "-" "Mozilla/5.0 (compatible; BLEXBot/1.0; +http://webmeup-crawler.com/)" "tekmedicgloves.com"
157.90.181.207 - - [13/Oct/2022:06:59:48 -0700] "GET /beta/products.php?cat=24&id=19 HTTP/1.1" 200 56900 "-" "Mozilla/5.0 (compatible; BLEXBot/1.0; +http://webmeup-crawler.com/)" "tekmedicgloves.com"
185.191.171.20 - - [13/Oct/2022:06:59:48 -0700] "GET /phpMyAdmin/setup/?token=0685f1240526850e54a88a66b7728fc0&version_check=1 HTTP/1.1" 200 12691 "-" "Mozilla/5.0 (compatible; SemrushBot/7~bl; +http://www.semrush.com/bot.html)" "www.tekmedicgloves.com"
157.90.181.207 - - [13/Oct/2022:06:59:50 -0700] "GET /beta/products.php?cat=24&id=20 HTTP/1.1" 200 53954 "-" "Mozilla/5.0 (compatible; BLEXBot/1.0; +http://webmeup-crawler.com/)" "tekmedicgloves.com"
157.90.181.207 - - [13/Oct/2022:06:59:52 -0700] "GET /beta/products.php?cat=24&id=21 HTTP/1.1" 200 54757 "-" "Mozilla/5.0 (compatible; BLEXBot/1.0; +http://webmeup-crawler.com/)" "tekmedicgloves.com"
157.90.181.207 - - [13/Oct/2022:06:59:55 -0700] "GET /beta/products.php?cat=24&subcat=29 HTTP/1.1" 200 35763 "-" "Mozilla/5.0 (compatible; BLEXBot/1.0; +http://webmeup-crawler.com/)" "tekmedicgloves.com"
157.90.181.207 - - [13/Oct/2022:06:59:57 -0700] "GET /beta/products.php?cat=24&subcat=41 HTTP/1.1" 200 35844 "-" "Mozilla/5.0 (compatible; BLEXBot/1.0; +http://webmeup-crawler.com/)" "tekmedicgloves.com"
157.90.181.207 - - [13/Oct/2022:07:00:00 -0700] "GET /beta/products.php?cat=24&subcat=42 HTTP/1.1" 200 35871 "-" "Mozilla/5.0 (compatible; BLEXBot/1.0; +http://webmeup-crawler.com/)" "tekmedicgloves.com"
157.90.181.207 - - [13/Oct/2022:07:00:02 -0700] "GET /beta/products.php?cat=24&subcat=43 HTTP/1.1" 200 35883 "-" "Mozilla/5.0 (compatible; BLEXBot/1.0; +http://webmeup-crawler.com/)" "tekmedicgloves.com"
157.90.181.207 - - [13/Oct/2022:07:00:04 -0700] "GET /beta/products.php?cat=24&subcat=44 HTTP/1.1" 200 35874 "-" "Mozilla/5.0 (compatible; BLEXBot/1.0; +http://webmeup-crawler.com/)" "tekmedicgloves.com"
157.90.181.207 - - [13/Oct/2022:07:00:07 -0700] "GET /beta/products.php?cat=24&subcat=45 HTTP/1.1" 200 35865 "-" "Mozilla/5.0 (compatible; BLEXBot/1.0; +http://webmeup-crawler.com/)" "tekmedicgloves.com"
157.90.181.207 - - [13/Oct/2022:07:00:10 -0700] "GET /beta/products.php?cat=24&subcat=46 HTTP/1.1" 200 35920 "-" "Mozilla/5.0 (compatible; BLEXBot/1.0; +http://webmeup-crawler.com/)" "tekmedicgloves.com"
157.90.181.207 - - [13/Oct/2022:07:00:12 -0700] "GET /beta/team-view/bradley-grosh/wsdindex.html HTTP/1.1" 404 88 "-" "Mozilla/5.0 (compatible; BLEXBot/1.0; +http://webmeup-crawler.com/)" "tekmedicgloves.com"
185.191.171.38 - - [13/Oct/2022:07:00:14 -0700] "GET /phpMyAdmin/setup/?token=e2dd7433878138c7270379cd9ac2b019&version_check=1 HTTP/1.1" 200 12687 "-" "Mozilla/5.0 (compatible; SemrushBot/7~bl; +http://www.semrush.com/bot.html)" "tekmedicgloves.com"
157.90.181.207 - - [13/Oct/2022:07:00:18 -0700] "GET /beta/team-view/jessica-priston/wsdindex.html HTTP/1.1" 404 88 "-" "Mozilla/5.0 (compatible; BLEXBot/1.0; +http://webmeup-crawler.com/)" "tekmedicgloves.com"
157.90.181.207 - - [13/Oct/2022:07:00:21 -0700] "GET /beta/team-view/linda-smith/wsdindex.html HTTP/1.1" 404 88 "-" "Mozilla/5.0 (compatible; BLEXBot/1.0; +http://webmeup-crawler.com/)" "tekmedicgloves.com"
157.90.181.207 - - [13/Oct/2022:07:00:23 -0700] "GET /beta/team-view/mark-johnson/wsdindex.html HTTP/1.1" 404 88 "-" "Mozilla/5.0 (compatible; BLEXBot/1.0; +http://webmeup-crawler.com/)" "tekmedicgloves.com"
157.90.181.207 - - [13/Oct/2022:07:00:26 -0700] "GET /beta/team-view/olivia-pool/wsdindex.html HTTP/1.1" 404 88 "-" "Mozilla/5.0 (compatible; BLEXBot/1.0; +http://webmeup-crawler.com/)" "tekmedicgloves.com"
157.90.181.207 - - [13/Oct/2022:07:00:28 -0700] "GET /beta/team-view/sam-kromstain/wsdindex.html HTTP/1.1" 404 88 "-" "Mozilla/5.0 (compatible; BLEXBot/1.0; +http://webmeup-crawler.com/)" "tekmedicgloves.com"
157.90.181.207 - - [13/Oct/2022:07:00:31 -0700] "GET /beta/wsdindex.html HTTP/1.1" 404 88 "-" "Mozilla/5.0 (compatible; BLEXBot/1.0; +http://webmeup-crawler.com/)" "tekmedicgloves.com"
185.191.171.33 - - [13/Oct/2022:07:00:36 -0700] "GET /phpMyAdmin/setup/?token=e093135e53cfef9cd59f2b5d62b4bc16&version_check=1 HTTP/1.1" 200 12687 "-" "Mozilla/5.0 (compatible; SemrushBot/7~bl; +http://www.semrush.com/bot.html)" "tekmedicgloves.com"
185.191.171.24 - - [13/Oct/2022:07:00:55 -0700] "GET /phpMyAdmin/setup/?token=f42b3c866cda20be90b8746527188dd6&version_check=1 HTTP/1.1" 200 12687 "-" "Mozilla/5.0 (compatible; SemrushBot/7~bl; +http://www.semrush.com/bot.html)" "tekmedicgloves.com"
185.191.171.34 - - [13/Oct/2022:07:01:00 -0700] "GET /phpMyAdmin/setup/?token=0717d0ce17b0f846afd7a3a703039c18&version_check=1 HTTP/1.1" 200 12687 "-" "Mozilla/5.0 (compatible; SemrushBot/7~bl; +http://www.semrush.com/bot.html)" "tekmedicgloves.com"
185.191.171.22 - - [13/Oct/2022:07:01:05 -0700] "GET /phpMyAdmin/setup/?token=f4a9620116284c53078fa26e5eb1de7e&version_check=1 HTTP/1.1" 200 12687 "-" "Mozilla/5.0 (compatible; SemrushBot/7~bl; +http://www.semrush.com/bot.html)" "tekmedicgloves.com"
185.191.171.9 - - [13/Oct/2022:07:01:10 -0700] "GET /phpMyAdmin/setup/?token=05abad3d2a729dcb7dd6d6b873cbace6&version_check=1 HTTP/1.1" 200 12691 "-" "Mozilla/5.0 (compatible; SemrushBot/7~bl; +http://www.semrush.com/bot.html)" "www.tekmedicgloves.com"
185.191.171.8 - - [13/Oct/2022:07:01:24 -0700] "GET /phpMyAdmin/setup/?token=f87b0502d89a6493f6290c2ad03f8a25&version_check=1 HTTP/1.1" 200 12687 "-" "Mozilla/5.0 (compatible; SemrushBot/7~bl; +http://www.semrush.com/bot.html)" "tekmedicgloves.com"
185.191.171.7 - - [13/Oct/2022:07:01:26 -0700] "GET /phpMyAdmin/setup/?token=2c96f539a925b495d5ca0d4ad558543c&version_check=1 HTTP/1.1" 200 12691 "-" "Mozilla/5.0 (compatible; SemrushBot/7~bl; +http://www.semrush.com/bot.html)" "www.tekmedicgloves.com"
185.191.171.25 - - [13/Oct/2022:07:01:30 -0700] "GET /phpMyAdmin/setup/?token=0d2f063599577ffd2ba301dce5a8dd7d&version_check=1 HTTP/1.1" 200 12691 "-" "Mozilla/5.0 (compatible; SemrushBot/7~bl; +http://www.semrush.com/bot.html)" "www.tekmedicgloves.com"
185.191.171.9 - - [13/Oct/2022:07:01:32 -0700] "GET /phpMyAdmin/setup/?token=f882409d712dcf486f8fec6d2525d41e&version_check=1 HTTP/1.1" 200 12691 "-" "Mozilla/5.0 (compatible; SemrushBot/7~bl; +http://www.semrush.com/bot.html)" "www.tekmedicgloves.com"
185.191.171.25 - - [13/Oct/2022:07:01:32 -0700] "GET /phpMyAdmin/setup/?token=e785c8cdf199794d38ce0e7297380194&version_check=1 HTTP/1.1" 200 12687 "-" "Mozilla/5.0 (compatible; SemrushBot/7~bl; +http://www.semrush.com/bot.html)" "tekmedicgloves.com"
185.191.171.2 - - [13/Oct/2022:07:01:33 -0700] "GET /phpMyAdmin/setup/?token=ba80266f33b052ab48454557ec0544f6&version_check=1 HTTP/1.1" 200 12691 "-" "Mozilla/5.0 (compatible; SemrushBot/7~bl; +http://www.semrush.com/bot.html)" "www.tekmedicgloves.com"
185.191.171.43 - - [13/Oct/2022:07:01:41 -0700] "GET /phpMyAdmin/setup/?token=d21d24664557ba091a4bf2aa0ab72f4e&version_check=1 HTTP/1.1" 200 12691 "-" "Mozilla/5.0 (compatible; SemrushBot/7~bl; +http://www.semrush.com/bot.html)" "www.tekmedicgloves.com"
185.191.171.2 - - [13/Oct/2022:07:01:46 -0700] "GET /phpMyAdmin/setup/?token=b22c65e34dd723582fef177deb1dcf01&version_check=1 HTTP/1.1" 200 12687 "-" "Mozilla/5.0 (compatible; SemrushBot/7~bl; +http://www.semrush.com/bot.html)" "tekmedicgloves.com"
185.191.171.26 - - [13/Oct/2022:07:01:47 -0700] "GET /phpMyAdmin/setup/?token=e217d4d87722d96270a514ed5d05bc23&version_check=1 HTTP/1.1" 200 12687 "-" "Mozilla/5.0 (compatible; SemrushBot/7~bl; +http://www.semrush.com/bot.html)" "tekmedicgloves.com"
185.191.171.2 - - [13/Oct/2022:07:01:59 -0700] "GET /phpMyAdmin/setup/?token=01efd2968da58207db5d582612d8198c&version_check=1 HTTP/1.1" 200 12687 "-" "Mozilla/5.0 (compatible; SemrushBot/7~bl; +http://www.semrush.com/bot.html)" "tekmedicgloves.com"
185.191.171.1 - - [13/Oct/2022:07:01:59 -0700] "GET /phpMyAdmin/setup/?token=cef50c45b579c64976e4c80a189f4da6&version_check=1 HTTP/1.1" 200 12691 "-" "Mozilla/5.0 (compatible; SemrushBot/7~bl; +http://www.semrush.com/bot.html)" "www.tekmedicgloves.com"
185.191.171.40 - - [13/Oct/2022:07:02:35 -0700] "GET /phpMyAdmin/setup/?token=d0a0d31bcc8b252be2ee466831f0fe34&version_check=1 HTTP/1.1" 200 12691 "-" "Mozilla/5.0 (compatible; SemrushBot/7~bl; +http://www.semrush.com/bot.html)" "www.tekmedicgloves.com"
185.191.171.25 - - [13/Oct/2022:07:02:42 -0700] "GET /phpMyAdmin/setup/?token=e90a9eae1ad1ba6825a145710cc819c4&version_check=1 HTTP/1.1" 200 12691 "-" "Mozilla/5.0 (compatible; SemrushBot/7~bl; +http://www.semrush.com/bot.html)" "www.tekmedicgloves.com"
185.191.171.18 - - [13/Oct/2022:07:02:47 -0700] "GET /phpMyAdmin/setup/?token=05448bdb6db1ac861bc9a43f81466fb2&version_check=1 HTTP/1.1" 200 12687 "-" "Mozilla/5.0 (compatible; SemrushBot/7~bl; +http://www.semrush.com/bot.html)" "tekmedicgloves.com"
185.191.171.35 - - [13/Oct/2022:07:03:36 -0700] "GET /phpMyAdmin/setup/?token=01a66e1e5185b59c96106a81a4643627&version_check=1 HTTP/1.1" 200 12691 "-" "Mozilla/5.0 (compatible; SemrushBot/7~bl; +http://www.semrush.com/bot.html)" "www.tekmedicgloves.com"
185.191.171.43 - - [13/Oct/2022:07:03:37 -0700] "GET /phpMyAdmin/setup/?token=e80876290741db4cec2fc922922d1a19&version_check=1 HTTP/1.1" 200 12687 "-" "Mozilla/5.0 (compatible; SemrushBot/7~bl; +http://www.semrush.com/bot.html)" "tekmedicgloves.com"
185.191.171.2 - - [13/Oct/2022:07:03:44 -0700] "GET /phpMyAdmin/setup/?token=eea4876f3270920975c6a9be8636b741&version_check=1 HTTP/1.1" 200 12691 "-" "Mozilla/5.0 (compatible; SemrushBot/7~bl; +http://www.semrush.com/bot.html)" "www.tekmedicgloves.com"
185.191.171.26 - - [13/Oct/2022:07:04:06 -0700] "GET /phpMyAdmin/setup/?token=f05a02c28915d97f6dc4d8822176c008&version_check=1 HTTP/1.1" 200 12691 "-" "Mozilla/5.0 (compatible; SemrushBot/7~bl; +http://www.semrush.com/bot.html)" "www.tekmedicgloves.com"
185.191.171.9 - - [13/Oct/2022:07:04:10 -0700] "GET /phpMyAdmin/setup/?token=f4ef6f9ae1b987ef52eec76e500ce15b&version_check=1 HTTP/1.1" 200 12687 "-" "Mozilla/5.0 (compatible; SemrushBot/7~bl; +http://www.semrush.com/bot.html)" "tekmedicgloves.com"
185.191.171.21 - - [13/Oct/2022:07:04:12 -0700] "GET /phpMyAdmin/setup/?token=0209493517be79193e5122451664aca5&version_check=1 HTTP/1.1" 200 12687 "-" "Mozilla/5.0 (compatible; SemrushBot/7~bl; +http://www.semrush.com/bot.html)" "tekmedicgloves.com"
185.191.171.7 - - [13/Oct/2022:07:04:14 -0700] "GET /phpMyAdmin/setup/?token=be466078744ae0fd9bd3a5fe0eb68b05&version_check=1 HTTP/1.1" 200 12691 "-" "Mozilla/5.0 (compatible; SemrushBot/7~bl; +http://www.semrush.com/bot.html)" "www.tekmedicgloves.com"
185.191.171.36 - - [13/Oct/2022:07:04:27 -0700] "GET /phpMyAdmin/setup/?token=0e18567974ea5d55344842fbd72cc02b&version_check=1 HTTP/1.1" 200 12691 "-" "Mozilla/5.0 (compatible; SemrushBot/7~bl; +http://www.semrush.com/bot.html)" "www.tekmedicgloves.com"
185.191.171.22 - - [13/Oct/2022:07:04:38 -0700] "GET /phpMyAdmin/setup/?token=eb65955770a2711ba970fa5769cccd57&version_check=1 HTTP/1.1" 200 12687 "-" "Mozilla/5.0 (compatible; SemrushBot/7~bl; +http://www.semrush.com/bot.html)" "tekmedicgloves.com"
185.191.171.35 - - [13/Oct/2022:07:05:06 -0700] "GET /phpMyAdmin/setup/?token=f47db9465b77c41b730cd4cc3872560a&version_check=1 HTTP/1.1" 200 12687 "-" "Mozilla/5.0 (compatible; SemrushBot/7~bl; +http://www.semrush.com/bot.html)" "tekmedicgloves.com"
185.191.171.43 - - [13/Oct/2022:07:05:13 -0700] "GET /phpMyAdmin/setup/?token=04cf39066e1efb70e5f97475dbde6379&version_check=1 HTTP/1.1" 200 12691 "-" "Mozilla/5.0 (compatible; SemrushBot/7~bl; +http://www.semrush.com/bot.html)" "www.tekmedicgloves.com"
185.191.171.44 - - [13/Oct/2022:07:05:20 -0700] "GET /phpMyAdmin/setup/?token=f22b1afaee22c8ec510c12e50fa72955&version_check=1 HTTP/1.1" 200 12687 "-" "Mozilla/5.0 (compatible; SemrushBot/7~bl; +http://www.semrush.com/bot.html)" "tekmedicgloves.com"
185.191.171.11 - - [13/Oct/2022:07:05:25 -0700] "GET /phpMyAdmin/setup/?token=c4eb48e930d0e547c9b3b08d88a0a984&version_check=1 HTTP/1.1" 200 12691 "-" "Mozilla/5.0 (compatible; SemrushBot/7~bl; +http://www.semrush.com/bot.html)" "www.tekmedicgloves.com"
185.191.171.21 - - [13/Oct/2022:07:05:28 -0700] "GET /phpMyAdmin/setup/?token=dd1d5e1fbec574eb6d783ce446a4cf12&version_check=1 HTTP/1.1" 200 12687 "-" "Mozilla/5.0 (compatible; SemrushBot/7~bl; +http://www.semrush.com/bot.html)" "tekmedicgloves.com"
185.191.171.1 - - [13/Oct/2022:07:05:41 -0700] "GET /phpMyAdmin/setup/?token=f3c76be2910fab14ca5a727733c8ed47&version_check=1 HTTP/1.1" 200 12691 "-" "Mozilla/5.0 (compatible; SemrushBot/7~bl; +http://www.semrush.com/bot.html)" "www.tekmedicgloves.com"
185.191.171.36 - - [13/Oct/2022:07:05:44 -0700] "GET /phpMyAdmin/setup/?token=dd1edd1d0eeb632de47abbdcf4f13cf3&version_check=1 HTTP/1.1" 200 12687 "-" "Mozilla/5.0 (compatible; SemrushBot/7~bl; +http://www.semrush.com/bot.html)" "tekmedicgloves.com"
185.191.171.18 - - [13/Oct/2022:07:05:45 -0700] "GET /phpMyAdmin/setup/?token=dd26deaaefb8f98a681fb92523412c86&version_check=1 HTTP/1.1" 200 12691 "-" "Mozilla/5.0 (compatible; SemrushBot/7~bl; +http://www.semrush.com/bot.html)" "www.tekmedicgloves.com"
185.191.171.1 - - [13/Oct/2022:07:05:49 -0700] "GET /phpMyAdmin/setup/?token=df976a6b9d5201f5593b147a9e96623d&version_check=1 HTTP/1.1" 200 12687 "-" "Mozilla/5.0 (compatible; SemrushBot/7~bl; +http://www.semrush.com/bot.html)" "tekmedicgloves.com"
185.191.171.7 - - [13/Oct/2022:07:05:57 -0700] "GET /phpMyAdmin/setup/?token=0b81778c4def77ffc3d5593900b4a3ec&version_check=1 HTTP/1.1" 200 12691 "-" "Mozilla/5.0 (compatible; SemrushBot/7~bl; +http://www.semrush.com/bot.html)" "www.tekmedicgloves.com"
185.191.171.24 - - [13/Oct/2022:07:06:00 -0700] "GET /phpMyAdmin/setup/?token=f8bd8385f79564d03b04bc971ff593d6&version_check=1 HTTP/1.1" 200 12687 "-" "Mozilla/5.0 (compatible; SemrushBot/7~bl; +http://www.semrush.com/bot.html)" "tekmedicgloves.com"
185.191.171.24 - - [13/Oct/2022:07:06:18 -0700] "GET /phpMyAdmin/setup/?token=f5ceb765b8c9cf7a8bc8029a4c36c896&version_check=1 HTTP/1.1" 200 12687 "-" "Mozilla/5.0 (compatible; SemrushBot/7~bl; +http://www.semrush.com/bot.html)" "tekmedicgloves.com"
185.191.171.38 - - [13/Oct/2022:07:06:42 -0700] "GET /phpMyAdmin/setup/?token=f63ad5d7115c1f587099b8407710a00c&version_check=1 HTTP/1.1" 200 12691 "-" "Mozilla/5.0 (compatible; SemrushBot/7~bl; +http://www.semrush.com/bot.html)" "www.tekmedicgloves.com"
185.191.171.19 - - [13/Oct/2022:07:06:44 -0700] "GET /phpMyAdmin/setup/?token=dfd5a4b41bdf539935fa61fbd572bf0d&version_check=1 HTTP/1.1" 200 12687 "-" "Mozilla/5.0 (compatible; SemrushBot/7~bl; +http://www.semrush.com/bot.html)" "tekmedicgloves.com"
185.191.171.44 - - [13/Oct/2022:07:07:01 -0700] "GET /phpMyAdmin/setup/?token=f5f883fd592db2695202318b942c7d6b&version_check=1 HTTP/1.1" 200 12691 "-" "Mozilla/5.0 (compatible; SemrushBot/7~bl; +http://www.semrush.com/bot.html)" "www.tekmedicgloves.com"
185.191.171.8 - - [13/Oct/2022:07:07:34 -0700] "GET /phpMyAdmin/setup/?token=f0abfc2a807598a34e3d49907a6ad3d4&version_check=1 HTTP/1.1" 200 12687 "-" "Mozilla/5.0 (compatible; SemrushBot/7~bl; +http://www.semrush.com/bot.html)" "tekmedicgloves.com"
185.191.171.9 - - [13/Oct/2022:07:07:39 -0700] "GET /phpMyAdmin/setup/?token=bf624966e74a2737efbc4a5f8bf641ce&version_check=1 HTTP/1.1" 200 12691 "-" "Mozilla/5.0 (compatible; SemrushBot/7~bl; +http://www.semrush.com/bot.html)" "www.tekmedicgloves.com"
185.191.171.24 - - [13/Oct/2022:07:08:10 -0700] "GET /phpMyAdmin/setup/?token=ed1a5672419419d7f9b8041fe936a475&version_check=1 HTTP/1.1" 200 12687 "-" "Mozilla/5.0 (compatible; SemrushBot/7~bl; +http://www.semrush.com/bot.html)" "tekmedicgloves.com"
185.191.171.24 - - [13/Oct/2022:07:08:16 -0700] "GET /phpMyAdmin/setup/?token=ee842b7582a42faa1b2fd4289a07f87c&version_check=1 HTTP/1.1" 200 12691 "-" "Mozilla/5.0 (compatible; SemrushBot/7~bl; +http://www.semrush.com/bot.html)" "www.tekmedicgloves.com"
185.191.171.17 - - [13/Oct/2022:07:08:25 -0700] "GET /phpMyAdmin/setup/?token=023ed6142f29f2247a9e986237e835b9&version_check=1 HTTP/1.1" 200 12687 "-" "Mozilla/5.0 (compatible; SemrushBot/7~bl; +http://www.semrush.com/bot.html)" "tekmedicgloves.com"
185.191.171.42 - - [13/Oct/2022:07:08:29 -0700] "GET /phpMyAdmin/setup/?token=0a65f20cb9001d3b2dab04b72fe2a5d1&version_check=1 HTTP/1.1" 200 12687 "-" "Mozilla/5.0 (compatible; SemrushBot/7~bl; +http://www.semrush.com/bot.html)" "tekmedicgloves.com"
185.191.171.16 - - [13/Oct/2022:07:08:48 -0700] "GET /phpMyAdmin/setup/?token=0bbb094677b30ea692f126881483662d&version_check=1 HTTP/1.1" 200 12691 "-" "Mozilla/5.0 (compatible; SemrushBot/7~bl; +http://www.semrush.com/bot.html)" "www.tekmedicgloves.com"
185.191.171.22 - - [13/Oct/2022:07:09:24 -0700] "GET /phpMyAdmin/setup/?token=0c8f7af2964ed71a694618ffba761ef9&version_check=1 HTTP/1.1" 200 12691 "-" "Mozilla/5.0 (compatible; SemrushBot/7~bl; +http://www.semrush.com/bot.html)" "www.tekmedicgloves.com"
185.191.171.4 - - [13/Oct/2022:07:09:35 -0700] "GET /phpMyAdmin/setup/?token=e83a2dce376431e1236fa5bc678ee0e1&version_check=1 HTTP/1.1" 200 12687 "-" "Mozilla/5.0 (compatible; SemrushBot/7~bl; +http://www.semrush.com/bot.html)" "tekmedicgloves.com"
185.191.171.35 - - [13/Oct/2022:07:09:36 -0700] "GET /phpMyAdmin/setup/?token=ee2f75e670c5ebbcda40a52e3b7440b5&version_check=1 HTTP/1.1" 200 12691 "-" "Mozilla/5.0 (compatible; SemrushBot/7~bl; +http://www.semrush.com/bot.html)" "www.tekmedicgloves.com"
185.191.171.43 - - [13/Oct/2022:07:09:47 -0700] "GET /phpMyAdmin/setup/?token=e9bf7605a4473e3efdd69cb3fc706028&version_check=1 HTTP/1.1" 200 12691 "-" "Mozilla/5.0 (compatible; SemrushBot/7~bl; +http://www.semrush.com/bot.html)" "www.tekmedicgloves.com"
185.191.171.26 - - [13/Oct/2022:07:09:58 -0700] "GET /phpMyAdmin/setup/?token=0491dbf0d06f7093a0d72cdfb610ccc8&version_check=1 HTTP/1.1" 200 12691 "-" "Mozilla/5.0 (compatible; SemrushBot/7~bl; +http://www.semrush.com/bot.html)" "www.tekmedicgloves.com"
185.191.171.1 - - [13/Oct/2022:07:10:01 -0700] "GET /phpMyAdmin/setup/?token=ffd06cedba178c731c28447212362a92&version_check=1 HTTP/1.1" 200 12687 "-" "Mozilla/5.0 (compatible; SemrushBot/7~bl; +http://www.semrush.com/bot.html)" "tekmedicgloves.com"
185.191.171.33 - - [13/Oct/2022:07:10:08 -0700] "GET /phpMyAdmin/setup/?token=f42c258ea026279c61094bce8c2370f7&version_check=1 HTTP/1.1" 200 12687 "-" "Mozilla/5.0 (compatible; SemrushBot/7~bl; +http://www.semrush.com/bot.html)" "tekmedicgloves.com"
185.191.171.18 - - [13/Oct/2022:07:10:11 -0700] "GET /phpMyAdmin/setup/?token=fbe478c1ce8520f94f6ee9fa9e748b39&version_check=1 HTTP/1.1" 200 12691 "-" "Mozilla/5.0 (compatible; SemrushBot/7~bl; +http://www.semrush.com/bot.html)" "www.tekmedicgloves.com"
185.191.171.24 - - [13/Oct/2022:07:10:29 -0700] "GET /phpMyAdmin/setup/?token=e9a444b6d818e0e40115b77f7f8d41a6&version_check=1 HTTP/1.1" 200 12687 "-" "Mozilla/5.0 (compatible; SemrushBot/7~bl; +http://www.semrush.com/bot.html)" "tekmedicgloves.com"
185.191.171.24 - - [13/Oct/2022:07:10:59 -0700] "GET /phpMyAdmin/setup/?token=fe8a75a7167a1857e1c714245b0491aa&version_check=1 HTTP/1.1" 200 12691 "-" "Mozilla/5.0 (compatible; SemrushBot/7~bl; +http://www.semrush.com/bot.html)" "www.tekmedicgloves.com"
185.191.171.6 - - [13/Oct/2022:07:11:29 -0700] "GET /phpMyAdmin/setup/?token=1030fa52750071035ada38889eaed121&version_check=1 HTTP/1.1" 200 12691 "-" "Mozilla/5.0 (compatible; SemrushBot/7~bl; +http://www.semrush.com/bot.html)" "www.tekmedicgloves.com"
185.191.171.15 - - [13/Oct/2022:07:11:46 -0700] "GET /phpMyAdmin/setup/?token=dda6bfca9b257eafe3d673f057a6b214&version_check=1 HTTP/1.1" 200 12687 "-" "Mozilla/5.0 (compatible; SemrushBot/7~bl; +http://www.semrush.com/bot.html)" "tekmedicgloves.com"
185.191.171.33 - - [13/Oct/2022:07:12:05 -0700] "GET /phpMyAdmin/setup/?token=fccfa257920ea42044560765f1bc2596&version_check=1 HTTP/1.1" 200 12691 "-" "Mozilla/5.0 (compatible; SemrushBot/7~bl; +http://www.semrush.com/bot.html)" "www.tekmedicgloves.com"
185.191.171.33 - - [13/Oct/2022:07:12:14 -0700] "GET /phpMyAdmin/setup/?token=f9bb1677b9091e83d9e7c0e64cd18f8b&version_check=1 HTTP/1.1" 200 12687 "-" "Mozilla/5.0 (compatible; SemrushBot/7~bl; +http://www.semrush.com/bot.html)" "tekmedicgloves.com"
185.191.171.17 - - [13/Oct/2022:07:12:25 -0700] "GET /phpMyAdmin/setup/?token=ec1821948f70045620ff926c9064ffde&version_check=1 HTTP/1.1" 200 12687 "-" "Mozilla/5.0 (compatible; SemrushBot/7~bl; +http://www.semrush.com/bot.html)" "tekmedicgloves.com"
185.191.171.2 - - [13/Oct/2022:07:12:27 -0700] "GET /phpMyAdmin/setup/?token=ef5dd9bde725d2534ccfe2a7dfe6e526&version_check=1 HTTP/1.1" 200 12691 "-" "Mozilla/5.0 (compatible; SemrushBot/7~bl; +http://www.semrush.com/bot.html)" "www.tekmedicgloves.com"
185.191.171.11 - - [13/Oct/2022:07:12:34 -0700] "GET /robots.txt HTTP/1.1" 404 88 "-" "Mozilla/5.0 (compatible; SemrushBot/7~bl; +http://www.semrush.com/bot.html)" "tekmedicgloves.com"
185.191.171.12 - - [13/Oct/2022:07:12:35 -0700] "GET /phpMyAdmin/setup/?token=de466442b45f6ef822aa2ba9fe1808da&version_check=1 HTTP/1.1" 200 12687 "-" "Mozilla/5.0 (compatible; SemrushBot/7~bl; +http://www.semrush.com/bot.html)" "tekmedicgloves.com"
185.191.171.22 - - [13/Oct/2022:07:12:36 -0700] "GET /robots.txt HTTP/1.1" 404 88 "-" "Mozilla/5.0 (compatible; SemrushBot/7~bl; +http://www.semrush.com/bot.html)" "www.tekmedicgloves.com"
185.191.171.22 - - [13/Oct/2022:07:12:39 -0700] "GET /phpMyAdmin/setup/?token=bd0359f9f23ab13db03fea4aa8d1d2d2&version_check=1 HTTP/1.1" 200 12691 "-" "Mozilla/5.0 (compatible; SemrushBot/7~bl; +http://www.semrush.com/bot.html)" "www.tekmedicgloves.com"
185.191.171.37 - - [13/Oct/2022:07:12:47 -0700] "GET /phpMyAdmin/setup/?token=00435293a72b2032126e232d64ba6929&version_check=1 HTTP/1.1" 200 12687 "-" "Mozilla/5.0 (compatible; SemrushBot/7~bl; +http://www.semrush.com/bot.html)" "tekmedicgloves.com"
185.191.171.5 - - [13/Oct/2022:07:12:52 -0700] "GET /phpMyAdmin/setup/?token=e77ac6508bd829f660ee99dae66dff69&version_check=1 HTTP/1.1" 200 12687 "-" "Mozilla/5.0 (compatible; SemrushBot/7~bl; +http://www.semrush.com/bot.html)" "tekmedicgloves.com"
185.191.171.12 - - [13/Oct/2022:07:12:54 -0700] "GET /phpMyAdmin/setup/?token=165efb85798368fbddd0377009a12500&version_check=1 HTTP/1.1" 200 12687 "-" "Mozilla/5.0 (compatible; SemrushBot/7~bl; +http://www.semrush.com/bot.html)" "tekmedicgloves.com"
185.191.171.12 - - [13/Oct/2022:07:13:15 -0700] "GET /phpMyAdmin/setup/?token=03f10ba9bffa379bbf3409b416d53009&version_check=1 HTTP/1.1" 200 12687 "-" "Mozilla/5.0 (compatible; SemrushBot/7~bl; +http://www.semrush.com/bot.html)" "tekmedicgloves.com"
185.191.171.19 - - [13/Oct/2022:07:13:23 -0700] "GET /phpMyAdmin/setup/?token=13ac2ed3db4fd66b86421fd4b05183a1&version_check=1 HTTP/1.1" 200 12687 "-" "Mozilla/5.0 (compatible; SemrushBot/7~bl; +http://www.semrush.com/bot.html)" "tekmedicgloves.com"
185.191.171.43 - - [13/Oct/2022:07:13:46 -0700] "GET /phpMyAdmin/setup/?token=d0ca9720d5860d00dc1b909da87c47c4&version_check=1 HTTP/1.1" 200 12691 "-" "Mozilla/5.0 (compatible; SemrushBot/7~bl; +http://www.semrush.com/bot.html)" "www.tekmedicgloves.com"
185.191.171.44 - - [13/Oct/2022:07:13:51 -0700] "GET /phpMyAdmin/setup/?token=fd0e7242b632d84ae960562a7a7136a9&version_check=1 HTTP/1.1" 200 12687 "-" "Mozilla/5.0 (compatible; SemrushBot/7~bl; +http://www.semrush.com/bot.html)" "tekmedicgloves.com"
185.191.171.44 - - [13/Oct/2022:07:13:52 -0700] "GET /phpMyAdmin/setup/?token=0b742bf7ee0b455fb2d5d00a58c0b11b&version_check=1 HTTP/1.1" 200 12691 "-" "Mozilla/5.0 (compatible; SemrushBot/7~bl; +http://www.semrush.com/bot.html)" "www.tekmedicgloves.com"
185.191.171.43 - - [13/Oct/2022:07:13:54 -0700] "GET /phpMyAdmin/setup/?token=cc0e21b6db124e38891dd7a5db361c08&version_check=1 HTTP/1.1" 200 12691 "-" "Mozilla/5.0 (compatible; SemrushBot/7~bl; +http://www.semrush.com/bot.html)" "www.tekmedicgloves.com"
185.191.171.16 - - [13/Oct/2022:07:14:07 -0700] "GET /phpMyAdmin/setup/?token=eec7d3603667864ae7820191faf2fdfb&version_check=1 HTTP/1.1" 200 12687 "-" "Mozilla/5.0 (compatible; SemrushBot/7~bl; +http://www.semrush.com/bot.html)" "tekmedicgloves.com"
185.191.171.22 - - [13/Oct/2022:07:14:10 -0700] "GET /phpMyAdmin/setup/?token=c6b76a6eb86755e3c69e48101dd0e4c0&version_check=1 HTTP/1.1" 200 12691 "-" "Mozilla/5.0 (compatible; SemrushBot/7~bl; +http://www.semrush.com/bot.html)" "www.tekmedicgloves.com"
185.191.171.5 - - [13/Oct/2022:07:14:11 -0700] "GET /phpMyAdmin/setup/?token=e0a864fbf215fdbb47b6b90997333486&version_check=1 HTTP/1.1" 200 12687 "-" "Mozilla/5.0 (compatible; SemrushBot/7~bl; +http://www.semrush.com/bot.html)" "tekmedicgloves.com"
185.191.171.6 - - [13/Oct/2022:07:14:12 -0700] "GET /phpMyAdmin/setup/?token=cc0276526180f5f50645768bceaaea58&version_check=1 HTTP/1.1" 200 12691 "-" "Mozilla/5.0 (compatible; SemrushBot/7~bl; +http://www.semrush.com/bot.html)" "www.tekmedicgloves.com"
114.119.147.248 - - [13/Oct/2022:07:14:17 -0700] "GET /robots.txt HTTP/1.1" 404 88 "-" "Mozilla/5.0 (compatible;PetalBot;+https://webmaster.petalsearch.com/site/petalbot)" "tekmedicgloves.com"
185.191.171.4 - - [13/Oct/2022:07:14:18 -0700] "GET /phpMyAdmin/setup/?token=f31490282f3c0e8d6ea82adb2a4f057d&version_check=1 HTTP/1.1" 200 12687 "-" "Mozilla/5.0 (compatible; SemrushBot/7~bl; +http://www.semrush.com/bot.html)" "tekmedicgloves.com"
185.191.171.33 - - [13/Oct/2022:07:14:21 -0700] "GET /phpMyAdmin/setup/?token=fb305d84979423064c18efe243660580&version_check=1 HTTP/1.1" 200 12691 "-" "Mozilla/5.0 (compatible; SemrushBot/7~bl; +http://www.semrush.com/bot.html)" "www.tekmedicgloves.com"
185.191.171.18 - - [13/Oct/2022:07:14:42 -0700] "GET /phpMyAdmin/setup/?token=e26580b0b681c9bef79f0294838e4516&version_check=1 HTTP/1.1" 200 12691 "-" "Mozilla/5.0 (compatible; SemrushBot/7~bl; +http://www.semrush.com/bot.html)" "www.tekmedicgloves.com"
185.191.171.21 - - [13/Oct/2022:07:14:50 -0700] "GET /phpMyAdmin/setup/?token=fa888ce77c38deb9217d6f5036c7f6c4&version_check=1 HTTP/1.1" 200 12691 "-" "Mozilla/5.0 (compatible; SemrushBot/7~bl; +http://www.semrush.com/bot.html)" "www.tekmedicgloves.com"
185.191.171.39 - - [13/Oct/2022:07:15:01 -0700] "GET /phpMyAdmin/setup/?token=eb821038e422ec6a0506ecc8b236ae18&version_check=1 HTTP/1.1" 200 12691 "-" "Mozilla/5.0 (compatible; SemrushBot/7~bl; +http://www.semrush.com/bot.html)" "www.tekmedicgloves.com"
185.191.171.8 - - [13/Oct/2022:07:15:23 -0700] "GET /phpMyAdmin/setup/?token=ec1336d78ffae4652c6e7129bb4071ae&version_check=1 HTTP/1.1" 200 12687 "-" "Mozilla/5.0 (compatible; SemrushBot/7~bl; +http://www.semrush.com/bot.html)" "tekmedicgloves.com"
185.191.171.37 - - [13/Oct/2022:07:15:37 -0700] "GET /phpMyAdmin/setup/?token=d96219a7958daab4107f529584177551&version_check=1 HTTP/1.1" 200 12691 "-" "Mozilla/5.0 (compatible; SemrushBot/7~bl; +http://www.semrush.com/bot.html)" "www.tekmedicgloves.com"
185.191.171.8 - - [13/Oct/2022:07:15:43 -0700] "GET /phpMyAdmin/setup/?token=ec05652a02ab151508d2ca69289dcefe&version_check=1 HTTP/1.1" 200 12687 "-" "Mozilla/5.0 (compatible; SemrushBot/7~bl; +http://www.semrush.com/bot.html)" "tekmedicgloves.com"
185.191.171.9 - - [13/Oct/2022:07:15:47 -0700] "GET /phpMyAdmin/setup/?token=f66f636a9829cf8b1eb1f29fb464dbab&version_check=1 HTTP/1.1" 200 12691 "-" "Mozilla/5.0 (compatible; SemrushBot/7~bl; +http://www.semrush.com/bot.html)" "www.tekmedicgloves.com"
185.191.171.10 - - [13/Oct/2022:07:15:55 -0700] "GET /phpMyAdmin/setup/?token=e560fc1b6861741066a73498b17f19fb&version_check=1 HTTP/1.1" 200 12687 "-" "Mozilla/5.0 (compatible; SemrushBot/7~bl; +http://www.semrush.com/bot.html)" "tekmedicgloves.com"
185.191.171.15 - - [13/Oct/2022:07:16:03 -0700] "GET /phpMyAdmin/setup/?token=ec31955b34c18e737068847a16cb7141&version_check=1 HTTP/1.1" 200 12691 "-" "Mozilla/5.0 (compatible; SemrushBot/7~bl; +http://www.semrush.com/bot.html)" "www.tekmedicgloves.com"
185.191.171.4 - - [13/Oct/2022:07:16:07 -0700] "GET /phpMyAdmin/setup/?token=000bf393b03a754de712aaa2544dffcc&version_check=1 HTTP/1.1" 200 12691 "-" "Mozilla/5.0 (compatible; SemrushBot/7~bl; +http://www.semrush.com/bot.html)" "www.tekmedicgloves.com"
185.191.171.33 - - [13/Oct/2022:07:16:10 -0700] "GET /phpMyAdmin/setup/?token=0ea0bf1d5a0d04c6890c998dadc686c9&version_check=1 HTTP/1.1" 200 12687 "-" "Mozilla/5.0 (compatible; SemrushBot/7~bl; +http://www.semrush.com/bot.html)" "tekmedicgloves.com"
185.191.171.13 - - [13/Oct/2022:07:16:23 -0700] "GET /phpMyAdmin/setup/?token=03973259a36ff401192848e57898b508&version_check=1 HTTP/1.1" 200 12687 "-" "Mozilla/5.0 (compatible; SemrushBot/7~bl; +http://www.semrush.com/bot.html)" "tekmedicgloves.com"
185.191.171.10 - - [13/Oct/2022:07:16:39 -0700] "GET /phpMyAdmin/setup/?token=fa1acc0e05ad1cc3af4176d5f21ee8dd&version_check=1 HTTP/1.1" 200 12691 "-" "Mozilla/5.0 (compatible; SemrushBot/7~bl; +http://www.semrush.com/bot.html)" "www.tekmedicgloves.com"
185.191.171.33 - - [13/Oct/2022:07:16:42 -0700] "GET /phpMyAdmin/setup/?token=fc1b3a18b3531bb381254c540842a79a&version_check=1 HTTP/1.1" 200 12687 "-" "Mozilla/5.0 (compatible; SemrushBot/7~bl; +http://www.semrush.com/bot.html)" "tekmedicgloves.com"
185.191.171.4 - - [13/Oct/2022:07:16:57 -0700] "GET /phpMyAdmin/setup/?token=07d378036d31a60cef6bfbe67729caad&version_check=1 HTTP/1.1" 200 12691 "-" "Mozilla/5.0 (compatible; SemrushBot/7~bl; +http://www.semrush.com/bot.html)" "www.tekmedicgloves.com"
185.191.171.8 - - [13/Oct/2022:07:17:16 -0700] "GET /phpMyAdmin/setup/?token=ec252b167f5bca65f14b0c7746e5fda4&version_check=1 HTTP/1.1" 200 12691 "-" "Mozilla/5.0 (compatible; SemrushBot/7~bl; +http://www.semrush.com/bot.html)" "www.tekmedicgloves.com"
185.191.171.12 - - [13/Oct/2022:07:17:30 -0700] "GET /phpMyAdmin/setup/?token=148f61e0f0f563acc1c4892f04bd7b88&version_check=1 HTTP/1.1" 200 12687 "-" "Mozilla/5.0 (compatible; SemrushBot/7~bl; +http://www.semrush.com/bot.html)" "tekmedicgloves.com"
185.191.171.42 - - [13/Oct/2022:07:18:08 -0700] "GET /phpMyAdmin/setup/?token=c854c2b6f91c698f9d126b5d333350ef&version_check=1 HTTP/1.1" 200 12691 "-" "Mozilla/5.0 (compatible; SemrushBot/7~bl; +http://www.semrush.com/bot.html)" "www.tekmedicgloves.com"
185.191.171.22 - - [13/Oct/2022:07:18:18 -0700] "GET /phpMyAdmin/setup/?token=ca2288ba2c2bbc3fa91f7e5421fef5aa&version_check=1 HTTP/1.1" 200 12691 "-" "Mozilla/5.0 (compatible; SemrushBot/7~bl; +http://www.semrush.com/bot.html)" "www.tekmedicgloves.com"
185.191.171.8 - - [13/Oct/2022:07:18:26 -0700] "GET /phpMyAdmin/setup/?token=dd9cd4fb26ce7f54834d9c8c72076770&version_check=1 HTTP/1.1" 200 12687 "-" "Mozilla/5.0 (compatible; SemrushBot/7~bl; +http://www.semrush.com/bot.html)" "tekmedicgloves.com"
185.191.171.40 - - [13/Oct/2022:07:18:29 -0700] "GET /phpMyAdmin/setup/?token=02df661af3bd5c333a32497c8756b1a4&version_check=1 HTTP/1.1" 200 12691 "-" "Mozilla/5.0 (compatible; SemrushBot/7~bl; +http://www.semrush.com/bot.html)" "www.tekmedicgloves.com"
51.222.253.9 - - [13/Oct/2022:07:18:40 -0700] "GET /robots.txt HTTP/1.1" 404 88 "-" "Mozilla/5.0 (compatible; AhrefsBot/7.0; +http://ahrefs.com/robot/)" "tekmedicgloves.com"
51.222.253.8 - - [13/Oct/2022:07:18:41 -0700] "GET /beta/products.php?cat=23&subcat=39&id=16 HTTP/1.1" 200 56862 "-" "Mozilla/5.0 (compatible; AhrefsBot/7.0; +http://ahrefs.com/robot/)" "tekmedicgloves.com"
185.191.171.12 - - [13/Oct/2022:07:18:44 -0700] "GET /phpMyAdmin/setup/?token=e9e96ea3d33dc658d604b6bc7cf17446&version_check=1 HTTP/1.1" 200 12687 "-" "Mozilla/5.0 (compatible; SemrushBot/7~bl; +http://www.semrush.com/bot.html)" "tekmedicgloves.com"
185.191.171.2 - - [13/Oct/2022:07:18:46 -0700] "GET /phpMyAdmin/setup/?token=e5692d4506f228c330353f602b531e97&version_check=1 HTTP/1.1" 200 12687 "-" "Mozilla/5.0 (compatible; SemrushBot/7~bl; +http://www.semrush.com/bot.html)" "tekmedicgloves.com"
185.191.171.26 - - [13/Oct/2022:07:19:52 -0700] "GET /phpMyAdmin/setup/?token=e667b1103302991141dcda8b7ecdc322&version_check=1 HTTP/1.1" 200 12687 "-" "Mozilla/5.0 (compatible; SemrushBot/7~bl; +http://www.semrush.com/bot.html)" "tekmedicgloves.com"
185.191.171.34 - - [13/Oct/2022:07:19:53 -0700] "GET /phpMyAdmin/setup/?token=0d57bb6065bd7d065811fd592b6bd7dc&version_check=1 HTTP/1.1" 200 12687 "-" "Mozilla/5.0 (compatible; SemrushBot/7~bl; +http://www.semrush.com/bot.html)" "tekmedicgloves.com"
185.191.171.44 - - [13/Oct/2022:07:19:58 -0700] "GET /phpMyAdmin/setup/?token=d34516bdfce72f95a9469ff0bbef13bd&version_check=1 HTTP/1.1" 200 12691 "-" "Mozilla/5.0 (compatible; SemrushBot/7~bl; +http://www.semrush.com/bot.html)" "www.tekmedicgloves.com"
185.191.171.12 - - [13/Oct/2022:07:20:28 -0700] "GET /phpMyAdmin/setup/?token=edaf99d88a1a434865ea37898b226ba1&version_check=1 HTTP/1.1" 200 12687 "-" "Mozilla/5.0 (compatible; SemrushBot/7~bl; +http://www.semrush.com/bot.html)" "tekmedicgloves.com"
185.191.171.18 - - [13/Oct/2022:07:20:30 -0700] "GET /phpMyAdmin/setup/?token=d9bcb7b7cdc276f23dd9312f6d3c33ca&version_check=1 HTTP/1.1" 200 12691 "-" "Mozilla/5.0 (compatible; SemrushBot/7~bl; +http://www.semrush.com/bot.html)" "www.tekmedicgloves.com"
185.191.171.11 - - [13/Oct/2022:07:20:30 -0700] "GET /phpMyAdmin/setup/?token=e0b9fa543f15050073e9e20caee619b9&version_check=1 HTTP/1.1" 200 12687 "-" "Mozilla/5.0 (compatible; SemrushBot/7~bl; +http://www.semrush.com/bot.html)" "tekmedicgloves.com"
185.191.171.42 - - [13/Oct/2022:07:20:41 -0700] "GET /phpMyAdmin/setup/?token=d9b9c44830c0e9817befdf175ec362e6&version_check=1 HTTP/1.1" 200 12691 "-" "Mozilla/5.0 (compatible; SemrushBot/7~bl; +http://www.semrush.com/bot.html)" "www.tekmedicgloves.com"
185.191.171.33 - - [13/Oct/2022:07:20:55 -0700] "GET /phpMyAdmin/setup/?token=0ddecd6649e6427b4d9020956c6a111d&version_check=1 HTTP/1.1" 200 12687 "-" "Mozilla/5.0 (compatible; SemrushBot/7~bl; +http://www.semrush.com/bot.html)" "tekmedicgloves.com"
185.191.171.37 - - [13/Oct/2022:07:20:55 -0700] "GET /phpMyAdmin/setup/?token=0d441e03721ff3016f5d3cf502f94ebe&version_check=1 HTTP/1.1" 200 12691 "-" "Mozilla/5.0 (compatible; SemrushBot/7~bl; +http://www.semrush.com/bot.html)" "www.tekmedicgloves.com"
185.191.171.9 - - [13/Oct/2022:07:20:57 -0700] "GET /phpMyAdmin/setup/?token=df7faf0c2c765671fdb200e63b72d68f&version_check=1 HTTP/1.1" 200 12687 "-" "Mozilla/5.0 (compatible; SemrushBot/7~bl; +http://www.semrush.com/bot.html)" "tekmedicgloves.com"
185.191.171.37 - - [13/Oct/2022:07:20:58 -0700] "GET /phpMyAdmin/setup/?token=f194b4a242e72403983a42e10dc812ce&version_check=1 HTTP/1.1" 200 12691 "-" "Mozilla/5.0 (compatible; SemrushBot/7~bl; +http://www.semrush.com/bot.html)" "www.tekmedicgloves.com"
185.191.171.42 - - [13/Oct/2022:07:21:21 -0700] "GET /phpMyAdmin/setup/?token=daeb11bbc41f440177355daeb5cfe1b0&version_check=1 HTTP/1.1" 200 12691 "-" "Mozilla/5.0 (compatible; SemrushBot/7~bl; +http://www.semrush.com/bot.html)" "www.tekmedicgloves.com"
185.191.171.2 - - [13/Oct/2022:07:21:50 -0700] "GET /phpMyAdmin/setup/?token=0ca9fa08bfd826c96ff78e3720467ff8&version_check=1 HTTP/1.1" 200 12687 "-" "Mozilla/5.0 (compatible; SemrushBot/7~bl; +http://www.semrush.com/bot.html)" "tekmedicgloves.com"
185.191.171.18 - - [13/Oct/2022:07:22:24 -0700] "GET /phpMyAdmin/setup/?token=e794927a6637ab310d49e46cc37584f3&version_check=1 HTTP/1.1" 200 12687 "-" "Mozilla/5.0 (compatible; SemrushBot/7~bl; +http://www.semrush.com/bot.html)" "tekmedicgloves.com"
185.191.171.12 - - [13/Oct/2022:07:22:30 -0700] "GET /phpMyAdmin/setup/?token=f296f784f67a225ac1ae35982ed15e87&version_check=1 HTTP/1.1" 200 12691 "-" "Mozilla/5.0 (compatible; SemrushBot/7~bl; +http://www.semrush.com/bot.html)" "www.tekmedicgloves.com"
185.191.171.39 - - [13/Oct/2022:07:22:34 -0700] "GET /phpMyAdmin/setup/?token=f2b811ec1b6d99863f80d4073fc45ee5&version_check=1 HTTP/1.1" 200 12687 "-" "Mozilla/5.0 (compatible; SemrushBot/7~bl; +http://www.semrush.com/bot.html)" "tekmedicgloves.com"
185.191.171.22 - - [13/Oct/2022:07:22:36 -0700] "GET /phpMyAdmin/setup/?token=f7d2c9b4b2c0dc1d53f3425ace31d174&version_check=1 HTTP/1.1" 200 12691 "-" "Mozilla/5.0 (compatible; SemrushBot/7~bl; +http://www.semrush.com/bot.html)" "www.tekmedicgloves.com"
185.191.171.22 - - [13/Oct/2022:07:22:38 -0700] "GET /phpMyAdmin/setup/?token=bb1557b64f1f27abe837089bae4184f3&version_check=1 HTTP/1.1" 200 12691 "-" "Mozilla/5.0 (compatible; SemrushBot/7~bl; +http://www.semrush.com/bot.html)" "www.tekmedicgloves.com"
185.191.171.38 - - [13/Oct/2022:07:22:45 -0700] "GET /phpMyAdmin/setup/?token=159052df9b6c8a0a2e881bfb2b15081e&version_check=1 HTTP/1.1" 200 12687 "-" "Mozilla/5.0 (compatible; SemrushBot/7~bl; +http://www.semrush.com/bot.html)" "tekmedicgloves.com"
185.191.171.10 - - [13/Oct/2022:07:22:47 -0700] "GET /phpMyAdmin/setup/?token=fd4459ba3ca9abfa88bbd345a2b6afd6&version_check=1 HTTP/1.1" 200 12687 "-" "Mozilla/5.0 (compatible; SemrushBot/7~bl; +http://www.semrush.com/bot.html)" "tekmedicgloves.com"
185.191.171.23 - - [13/Oct/2022:07:23:07 -0700] "GET /phpMyAdmin/setup/?token=e9f541c86094614c1d6337ed38188224&version_check=1 HTTP/1.1" 200 12687 "-" "Mozilla/5.0 (compatible; SemrushBot/7~bl; +http://www.semrush.com/bot.html)" "tekmedicgloves.com"
185.191.171.2 - - [13/Oct/2022:07:23:09 -0700] "GET /phpMyAdmin/setup/?token=e7bb71acd5ea9cee4744201a87d78094&version_check=1 HTTP/1.1" 200 12687 "-" "Mozilla/5.0 (compatible; SemrushBot/7~bl; +http://www.semrush.com/bot.html)" "tekmedicgloves.com"
185.191.171.1 - - [13/Oct/2022:07:23:12 -0700] "GET /phpMyAdmin/setup/?token=ea2e33718ed8776262f0f1d2cefca384&version_check=1 HTTP/1.1" 200 12687 "-" "Mozilla/5.0 (compatible; SemrushBot/7~bl; +http://www.semrush.com/bot.html)" "tekmedicgloves.com"
185.191.171.23 - - [13/Oct/2022:07:23:52 -0700] "GET /phpMyAdmin/setup/?token=009b20f16d811d784014f74c5018ce4d&version_check=1 HTTP/1.1" 200 12687 "-" "Mozilla/5.0 (compatible; SemrushBot/7~bl; +http://www.semrush.com/bot.html)" "tekmedicgloves.com"
185.191.171.2 - - [13/Oct/2022:07:23:53 -0700] "GET /phpMyAdmin/setup/?token=f9ed3b832c4639c98249253e6b1e6fbf&version_check=1 HTTP/1.1" 200 12691 "-" "Mozilla/5.0 (compatible; SemrushBot/7~bl; +http://www.semrush.com/bot.html)" "www.tekmedicgloves.com"
185.191.171.26 - - [13/Oct/2022:07:23:57 -0700] "GET /phpMyAdmin/setup/?token=c32ea1ee7133a6e148c1c875218a4de0&version_check=1 HTTP/1.1" 200 12691 "-" "Mozilla/5.0 (compatible; SemrushBot/7~bl; +http://www.semrush.com/bot.html)" "www.tekmedicgloves.com"
185.191.171.11 - - [13/Oct/2022:07:24:11 -0700] "GET /phpMyAdmin/setup/?token=d2b62ecf499bc05c5ecb79f0b2273899&version_check=1 HTTP/1.1" 200 12691 "-" "Mozilla/5.0 (compatible; SemrushBot/7~bl; +http://www.semrush.com/bot.html)" "www.tekmedicgloves.com"
185.191.171.9 - - [13/Oct/2022:07:24:11 -0700] "GET /phpMyAdmin/setup/?token=eeac54c85e1c179cd14bf65c046c67de&version_check=1 HTTP/1.1" 200 12687 "-" "Mozilla/5.0 (compatible; SemrushBot/7~bl; +http://www.semrush.com/bot.html)" "tekmedicgloves.com"
185.191.171.5 - - [13/Oct/2022:07:24:20 -0700] "GET /phpMyAdmin/setup/?token=0f4cc7729156c0eaa75ddff4e65079f0&version_check=1 HTTP/1.1" 200 12691 "-" "Mozilla/5.0 (compatible; SemrushBot/7~bl; +http://www.semrush.com/bot.html)" "www.tekmedicgloves.com"
185.191.171.42 - - [13/Oct/2022:07:24:32 -0700] "GET /phpMyAdmin/setup/?token=f7b331a99ac011ec548a0d7d71e8235e&version_check=1 HTTP/1.1" 200 12687 "-" "Mozilla/5.0 (compatible; SemrushBot/7~bl; +http://www.semrush.com/bot.html)" "tekmedicgloves.com"
185.191.171.5 - - [13/Oct/2022:07:24:46 -0700] "GET /phpMyAdmin/setup/?token=0d24e388f39ebb0ade05c5d63f922fbb&version_check=1 HTTP/1.1" 200 12691 "-" "Mozilla/5.0 (compatible; SemrushBot/7~bl; +http://www.semrush.com/bot.html)" "www.tekmedicgloves.com"
185.191.171.7 - - [13/Oct/2022:07:24:57 -0700] "GET /phpMyAdmin/setup/?token=d9debdb4243bc2fa9afc0211e5c33c12&version_check=1 HTTP/1.1" 200 12691 "-" "Mozilla/5.0 (compatible; SemrushBot/7~bl; +http://www.semrush.com/bot.html)" "www.tekmedicgloves.com"
185.191.171.14 - - [13/Oct/2022:07:24:58 -0700] "GET /phpMyAdmin/setup/?token=0da5449cee70a5ff730eac3471aac739&version_check=1 HTTP/1.1" 200 12687 "-" "Mozilla/5.0 (compatible; SemrushBot/7~bl; +http://www.semrush.com/bot.html)" "tekmedicgloves.com"
185.191.171.15 - - [13/Oct/2022:07:25:01 -0700] "GET /phpMyAdmin/setup/?token=c0565c0f29a551a0090046d88e6dace5&version_check=1 HTTP/1.1" 200 12691 "-" "Mozilla/5.0 (compatible; SemrushBot/7~bl; +http://www.semrush.com/bot.html)" "www.tekmedicgloves.com"
185.191.171.36 - - [13/Oct/2022:07:25:29 -0700] "GET /phpMyAdmin/setup/?token=f859317799bc5703eba7bf3b886af58d&version_check=1 HTTP/1.1" 200 12691 "-" "Mozilla/5.0 (compatible; SemrushBot/7~bl; +http://www.semrush.com/bot.html)" "www.tekmedicgloves.com"
185.191.171.7 - - [13/Oct/2022:07:25:35 -0700] "GET /phpMyAdmin/setup/?token=ec3736cc7c2a6b259835b46353363552&version_check=1 HTTP/1.1" 200 12691 "-" "Mozilla/5.0 (compatible; SemrushBot/7~bl; +http://www.semrush.com/bot.html)" "www.tekmedicgloves.com"
185.191.171.4 - - [13/Oct/2022:07:25:43 -0700] "GET /phpMyAdmin/setup/?token=f85b8101355c210641d6b8e05a9b7992&version_check=1 HTTP/1.1" 200 12691 "-" "Mozilla/5.0 (compatible; SemrushBot/7~bl; +http://www.semrush.com/bot.html)" "www.tekmedicgloves.com"
185.191.171.8 - - [13/Oct/2022:07:25:53 -0700] "GET /phpMyAdmin/setup/?token=fa25bb9f36457794e6baa7cd85a6da20&version_check=1 HTTP/1.1" 200 12691 "-" "Mozilla/5.0 (compatible; SemrushBot/7~bl; +http://www.semrush.com/bot.html)" "www.tekmedicgloves.com"
185.191.171.15 - - [13/Oct/2022:07:26:23 -0700] "GET /phpMyAdmin/setup/?token=08cf3c149df1285e2bba085cb360987f&version_check=1 HTTP/1.1" 200 12687 "-" "Mozilla/5.0 (compatible; SemrushBot/7~bl; +http://www.semrush.com/bot.html)" "tekmedicgloves.com"
185.191.171.43 - - [13/Oct/2022:07:26:24 -0700] "GET /phpMyAdmin/setup/?token=f29d18947859d481aab912e1e6d106c8&version_check=1 HTTP/1.1" 200 12691 "-" "Mozilla/5.0 (compatible; SemrushBot/7~bl; +http://www.semrush.com/bot.html)" "www.tekmedicgloves.com"
