185.191.171.39 - - [12/Oct/2022:17:48:35 -0700] "GET /phpMyAdmin/setup/?token=bf19652e876a6b42e116aaabd8808aa3&version_check=1 HTTP/1.1" 200 12691 "-" "Mozilla/5.0 (compatible; SemrushBot/7~bl; +http://www.semrush.com/bot.html)" "www.tekmedicgloves.com"
185.191.171.16 - - [12/Oct/2022:17:48:55 -0700] "GET /phpMyAdmin/setup/?token=01cded95facc9e32b7f881579b03abd1&version_check=1 HTTP/1.1" 200 12691 "-" "Mozilla/5.0 (compatible; SemrushBot/7~bl; +http://www.semrush.com/bot.html)" "www.tekmedicgloves.com"
185.191.171.22 - - [12/Oct/2022:17:49:03 -0700] "GET /phpMyAdmin/setup/?token=e31853b3a918b473edb6e1df47d09264&version_check=1 HTTP/1.1" 200 12687 "-" "Mozilla/5.0 (compatible; SemrushBot/7~bl; +http://www.semrush.com/bot.html)" "tekmedicgloves.com"
185.191.171.36 - - [12/Oct/2022:17:49:04 -0700] "GET /phpMyAdmin/setup/?token=e6b056ea0bde8a29f2ee5356d2c24e8b&version_check=1 HTTP/1.1" 200 12687 "-" "Mozilla/5.0 (compatible; SemrushBot/7~bl; +http://www.semrush.com/bot.html)" "tekmedicgloves.com"
185.191.171.35 - - [12/Oct/2022:17:49:18 -0700] "GET /phpMyAdmin/setup/?token=ec8635a33e40684ca39c1baa3af84928&version_check=1 HTTP/1.1" 200 12691 "-" "Mozilla/5.0 (compatible; SemrushBot/7~bl; +http://www.semrush.com/bot.html)" "www.tekmedicgloves.com"
185.191.171.1 - - [12/Oct/2022:17:49:53 -0700] "GET /phpMyAdmin/setup/?token=007ccee8e8aab1e20f1b19a208ff6e21&version_check=1 HTTP/1.1" 200 12687 "-" "Mozilla/5.0 (compatible; SemrushBot/7~bl; +http://www.semrush.com/bot.html)" "tekmedicgloves.com"
114.119.139.25 - - [12/Oct/2022:17:50:19 -0700] "GET /beta/products.php?cat=22&subcat=36 HTTP/1.1" 200 35440 "http://www.tekmedicgloves.com/beta/products.php?cat=24&id=13" "Mozilla/5.0 (Linux; Android 7.0;) AppleWebKit/537.36 (KHTML, like Gecko) Mobile Safari/537.36 (compatible; PetalBot;+https://webmaster.petalsearch.com/site/petalbot)" "www.tekmedicgloves.com"
185.191.171.39 - - [12/Oct/2022:17:50:28 -0700] "GET /robots.txt HTTP/1.1" 404 88 "-" "Mozilla/5.0 (compatible; SemrushBot/7~bl; +http://www.semrush.com/bot.html)" "tekmedicgloves.com"
185.191.171.26 - - [12/Oct/2022:17:50:29 -0700] "GET /phpMyAdmin/setup/?token=16446dfb118265e12930d5d99f5c73ed&version_check=1 HTTP/1.1" 200 12687 "-" "Mozilla/5.0 (compatible; SemrushBot/7~bl; +http://www.semrush.com/bot.html)" "tekmedicgloves.com"
185.191.171.40 - - [12/Oct/2022:17:50:34 -0700] "GET /phpMyAdmin/setup/?token=c506ec841dd086d65dacb3d76d44d015&version_check=1 HTTP/1.1" 200 12691 "-" "Mozilla/5.0 (compatible; SemrushBot/7~bl; +http://www.semrush.com/bot.html)" "www.tekmedicgloves.com"
185.191.171.6 - - [12/Oct/2022:17:50:39 -0700] "GET /phpMyAdmin/setup/?token=bc27558310c0316d4be5ac48907f1a0c&version_check=1 HTTP/1.1" 200 12691 "-" "Mozilla/5.0 (compatible; SemrushBot/7~bl; +http://www.semrush.com/bot.html)" "www.tekmedicgloves.com"
185.191.171.44 - - [12/Oct/2022:17:50:46 -0700] "GET /phpMyAdmin/setup/?token=04554733ccbbb85bf60e301f67eda741&version_check=1 HTTP/1.1" 200 12691 "-" "Mozilla/5.0 (compatible; SemrushBot/7~bl; +http://www.semrush.com/bot.html)" "www.tekmedicgloves.com"
185.191.171.40 - - [12/Oct/2022:17:50:49 -0700] "GET /phpMyAdmin/setup/?token=f83794c0d5667244e958e36d3191e0cc&version_check=1 HTTP/1.1" 200 12691 "-" "Mozilla/5.0 (compatible; SemrushBot/7~bl; +http://www.semrush.com/bot.html)" "www.tekmedicgloves.com"
185.191.171.9 - - [12/Oct/2022:17:50:52 -0700] "GET /phpMyAdmin/setup/?token=d840306da29fa525575930021bff9802&version_check=1 HTTP/1.1" 200 12691 "-" "Mozilla/5.0 (compatible; SemrushBot/7~bl; +http://www.semrush.com/bot.html)" "www.tekmedicgloves.com"
185.191.171.21 - - [12/Oct/2022:17:51:01 -0700] "GET /phpMyAdmin/setup/?token=ba958ee3c09bdecb7ef14f1020db9638&version_check=1 HTTP/1.1" 200 12691 "-" "Mozilla/5.0 (compatible; SemrushBot/7~bl; +http://www.semrush.com/bot.html)" "www.tekmedicgloves.com"
185.191.171.7 - - [12/Oct/2022:17:51:02 -0700] "GET /phpMyAdmin/setup/?token=df20401af57903f95d46a36ce7d3bb77&version_check=1 HTTP/1.1" 200 12687 "-" "Mozilla/5.0 (compatible; SemrushBot/7~bl; +http://www.semrush.com/bot.html)" "tekmedicgloves.com"
185.191.171.4 - - [12/Oct/2022:17:51:12 -0700] "GET /phpMyAdmin/setup/?token=e23c23d7093cc424e95c53edef4db3f8&version_check=1 HTTP/1.1" 200 12687 "-" "Mozilla/5.0 (compatible; SemrushBot/7~bl; +http://www.semrush.com/bot.html)" "tekmedicgloves.com"
185.191.171.8 - - [12/Oct/2022:17:51:13 -0700] "GET /phpMyAdmin/setup/?token=eabb1bbf166b2b402449070cb5549775&version_check=1 HTTP/1.1" 200 12687 "-" "Mozilla/5.0 (compatible; SemrushBot/7~bl; +http://www.semrush.com/bot.html)" "tekmedicgloves.com"
88.214.43.118 - - [12/Oct/2022:17:51:23 -0700] "GET /phpinfo HTTP/1.1" 404 88 "-" "Mozilla/5.0 (X11; Linux x86_64) AppleWebKit/537.36 (KHTML, like Gecko) Chrome/81.0.4044.129 Safari/537.36" "tekmedicgloves.com"
88.214.43.118 - - [12/Oct/2022:17:51:23 -0700] "GET /phpinfo HTTP/1.1" 404 88 "-" "Mozilla/5.0 (X11; Linux x86_64) AppleWebKit/537.36 (KHTML, like Gecko) Chrome/81.0.4044.129 Safari/537.36" "tekmedicgloves.com"
185.191.171.1 - - [12/Oct/2022:17:51:42 -0700] "GET /phpMyAdmin/setup/?token=c93a61a15b5b47be48be9be877585092&version_check=1 HTTP/1.1" 200 12691 "-" "Mozilla/5.0 (compatible; SemrushBot/7~bl; +http://www.semrush.com/bot.html)" "www.tekmedicgloves.com"
185.191.171.13 - - [12/Oct/2022:17:51:59 -0700] "GET /phpMyAdmin/setup/?token=fdcff875e715075cf17c3e746e22f251&version_check=1 HTTP/1.1" 200 12691 "-" "Mozilla/5.0 (compatible; SemrushBot/7~bl; +http://www.semrush.com/bot.html)" "www.tekmedicgloves.com"
185.191.171.9 - - [12/Oct/2022:17:52:39 -0700] "GET /phpMyAdmin/setup/?token=0df6ac0cc9387d34babbfdf201f2ea07&version_check=1 HTTP/1.1" 200 12691 "-" "Mozilla/5.0 (compatible; SemrushBot/7~bl; +http://www.semrush.com/bot.html)" "www.tekmedicgloves.com"
185.191.171.22 - - [12/Oct/2022:17:52:48 -0700] "GET /phpMyAdmin/setup/?token=cd56d0f2cee110a32291774522b87336&version_check=1 HTTP/1.1" 200 12691 "-" "Mozilla/5.0 (compatible; SemrushBot/7~bl; +http://www.semrush.com/bot.html)" "www.tekmedicgloves.com"
185.191.171.4 - - [12/Oct/2022:17:52:50 -0700] "GET /phpMyAdmin/setup/?token=fc936aab37e254206d0557f435b37924&version_check=1 HTTP/1.1" 200 12687 "-" "Mozilla/5.0 (compatible; SemrushBot/7~bl; +http://www.semrush.com/bot.html)" "tekmedicgloves.com"
185.191.171.11 - - [12/Oct/2022:17:52:52 -0700] "GET /phpMyAdmin/setup/?token=0f465f7aff44dff106d8d153a6ea6299&version_check=1 HTTP/1.1" 200 12687 "-" "Mozilla/5.0 (compatible; SemrushBot/7~bl; +http://www.semrush.com/bot.html)" "tekmedicgloves.com"
185.191.171.10 - - [12/Oct/2022:17:53:14 -0700] "GET /phpMyAdmin/setup/?token=0a764e0fbd26f00b417e35bc6d7a7656&version_check=1 HTTP/1.1" 200 12687 "-" "Mozilla/5.0 (compatible; SemrushBot/7~bl; +http://www.semrush.com/bot.html)" "tekmedicgloves.com"
185.191.171.10 - - [12/Oct/2022:17:53:16 -0700] "GET /phpMyAdmin/setup/?token=ea84d14ad7e997d1ad2eb784118f3d72&version_check=1 HTTP/1.1" 200 12687 "-" "Mozilla/5.0 (compatible; SemrushBot/7~bl; +http://www.semrush.com/bot.html)" "tekmedicgloves.com"
185.191.171.4 - - [12/Oct/2022:17:53:31 -0700] "GET /phpMyAdmin/setup/?token=d9b39b0d1e0142856cb890ec2a5a3d00&version_check=1 HTTP/1.1" 200 12691 "-" "Mozilla/5.0 (compatible; SemrushBot/7~bl; +http://www.semrush.com/bot.html)" "www.tekmedicgloves.com"
185.191.171.44 - - [12/Oct/2022:17:53:32 -0700] "GET /phpMyAdmin/setup/?token=f77c0f4855a83f5e277a2c397e7f8d83&version_check=1 HTTP/1.1" 200 12691 "-" "Mozilla/5.0 (compatible; SemrushBot/7~bl; +http://www.semrush.com/bot.html)" "www.tekmedicgloves.com"
185.191.171.10 - - [12/Oct/2022:17:53:46 -0700] "GET /phpMyAdmin/setup/?token=e047c77c3d6d2d8e94c540c47ea2ead1&version_check=1 HTTP/1.1" 200 12687 "-" "Mozilla/5.0 (compatible; SemrushBot/7~bl; +http://www.semrush.com/bot.html)" "tekmedicgloves.com"
185.191.171.25 - - [12/Oct/2022:17:54:19 -0700] "GET /phpMyAdmin/setup/?token=011cd780d102b9d3cbd0354baa9ecceb&version_check=1 HTTP/1.1" 200 12687 "-" "Mozilla/5.0 (compatible; SemrushBot/7~bl; +http://www.semrush.com/bot.html)" "tekmedicgloves.com"
185.191.171.25 - - [12/Oct/2022:17:54:32 -0700] "GET /phpMyAdmin/setup/?token=12dacdd0684e8d46cfd054694289acaf&version_check=1 HTTP/1.1" 200 12687 "-" "Mozilla/5.0 (compatible; SemrushBot/7~bl; +http://www.semrush.com/bot.html)" "tekmedicgloves.com"
185.191.171.22 - - [12/Oct/2022:17:55:01 -0700] "GET /phpMyAdmin/setup/?token=efb68965b077642d5fceb4e4b075235a&version_check=1 HTTP/1.1" 200 12691 "-" "Mozilla/5.0 (compatible; SemrushBot/7~bl; +http://www.semrush.com/bot.html)" "www.tekmedicgloves.com"
185.191.171.43 - - [12/Oct/2022:17:55:04 -0700] "GET /phpMyAdmin/setup/?token=006412cc7d546cc87b8f132e9591242b&version_check=1 HTTP/1.1" 200 12687 "-" "Mozilla/5.0 (compatible; SemrushBot/7~bl; +http://www.semrush.com/bot.html)" "tekmedicgloves.com"
185.191.171.1 - - [12/Oct/2022:17:55:19 -0700] "GET /phpMyAdmin/setup/?token=be4ad7ab036cc36cd337da937c809a8b&version_check=1 HTTP/1.1" 200 12691 "-" "Mozilla/5.0 (compatible; SemrushBot/7~bl; +http://www.semrush.com/bot.html)" "www.tekmedicgloves.com"
185.191.171.18 - - [12/Oct/2022:17:55:23 -0700] "GET /phpMyAdmin/setup/?token=ceda0f85a8b5f9ff3fb6bf61f978af6d&version_check=1 HTTP/1.1" 200 12691 "-" "Mozilla/5.0 (compatible; SemrushBot/7~bl; +http://www.semrush.com/bot.html)" "www.tekmedicgloves.com"
185.191.171.35 - - [12/Oct/2022:17:55:25 -0700] "GET /phpMyAdmin/setup/?token=0f6fdec7ed85acbf4838fb8af70d1464&version_check=1 HTTP/1.1" 200 12691 "-" "Mozilla/5.0 (compatible; SemrushBot/7~bl; +http://www.semrush.com/bot.html)" "www.tekmedicgloves.com"
185.191.171.18 - - [12/Oct/2022:17:55:26 -0700] "GET /phpMyAdmin/setup/?token=0b35c62bfd87d237a1fc1a29b1ac845b&version_check=1 HTTP/1.1" 200 12691 "-" "Mozilla/5.0 (compatible; SemrushBot/7~bl; +http://www.semrush.com/bot.html)" "www.tekmedicgloves.com"
185.191.171.17 - - [12/Oct/2022:17:55:45 -0700] "GET /phpMyAdmin/setup/?token=0ce9c1ca47b8a2f5ac5e23282947caf3&version_check=1 HTTP/1.1" 200 12691 "-" "Mozilla/5.0 (compatible; SemrushBot/7~bl; +http://www.semrush.com/bot.html)" "www.tekmedicgloves.com"
185.191.171.8 - - [12/Oct/2022:17:55:58 -0700] "GET /phpMyAdmin/setup/?token=ef94883b79eeab8aa57bdac3a49cdd45&version_check=1 HTTP/1.1" 200 12691 "-" "Mozilla/5.0 (compatible; SemrushBot/7~bl; +http://www.semrush.com/bot.html)" "www.tekmedicgloves.com"
185.191.171.35 - - [12/Oct/2022:17:56:08 -0700] "GET /phpMyAdmin/setup/?token=01e2bb1d7c4b1d6853d6fddea6ff8448&version_check=1 HTTP/1.1" 200 12687 "-" "Mozilla/5.0 (compatible; SemrushBot/7~bl; +http://www.semrush.com/bot.html)" "tekmedicgloves.com"
185.191.171.12 - - [12/Oct/2022:17:56:09 -0700] "GET /phpMyAdmin/setup/?token=fe0378ad7910e534187b1ff154800f91&version_check=1 HTTP/1.1" 200 12691 "-" "Mozilla/5.0 (compatible; SemrushBot/7~bl; +http://www.semrush.com/bot.html)" "www.tekmedicgloves.com"
185.191.171.22 - - [12/Oct/2022:17:56:17 -0700] "GET /phpMyAdmin/setup/?token=1139febf60e46023eb48cde94fa0e4d5&version_check=1 HTTP/1.1" 200 12687 "-" "Mozilla/5.0 (compatible; SemrushBot/7~bl; +http://www.semrush.com/bot.html)" "tekmedicgloves.com"
185.191.171.8 - - [12/Oct/2022:17:56:19 -0700] "GET /phpMyAdmin/setup/?token=eabae20149aef1914f3b345703d28450&version_check=1 HTTP/1.1" 200 12687 "-" "Mozilla/5.0 (compatible; SemrushBot/7~bl; +http://www.semrush.com/bot.html)" "tekmedicgloves.com"
185.191.171.6 - - [12/Oct/2022:17:56:27 -0700] "GET /phpMyAdmin/setup/?token=e1cb4c5a12ee419a7b995ad4ea80bcf5&version_check=1 HTTP/1.1" 200 12687 "-" "Mozilla/5.0 (compatible; SemrushBot/7~bl; +http://www.semrush.com/bot.html)" "tekmedicgloves.com"
185.191.171.22 - - [12/Oct/2022:17:56:48 -0700] "GET /phpMyAdmin/setup/?token=e37e1b8a751afe9a32768b38e7cb5fc8&version_check=1 HTTP/1.1" 200 12687 "-" "Mozilla/5.0 (compatible; SemrushBot/7~bl; +http://www.semrush.com/bot.html)" "tekmedicgloves.com"
157.55.39.138 - - [12/Oct/2022:17:56:49 -0700] "GET /beta/home.php HTTP/1.1" 200 35074 "-" "Mozilla/5.0 (compatible; bingbot/2.0; +http://www.bing.com/bingbot.htm)" "tekmedicgloves.com"
185.191.171.6 - - [12/Oct/2022:17:56:54 -0700] "GET /phpMyAdmin/setup/?token=02cb35969b72164403cf80bcd3875f20&version_check=1 HTTP/1.1" 200 12691 "-" "Mozilla/5.0 (compatible; SemrushBot/7~bl; +http://www.semrush.com/bot.html)" "www.tekmedicgloves.com"
185.191.171.6 - - [12/Oct/2022:17:57:00 -0700] "GET /phpMyAdmin/setup/?token=f6047faea60b265fa21cb8d997dc4da0&version_check=1 HTTP/1.1" 200 12691 "-" "Mozilla/5.0 (compatible; SemrushBot/7~bl; +http://www.semrush.com/bot.html)" "www.tekmedicgloves.com"
207.46.13.161 - - [12/Oct/2022:17:57:10 -0700] "GET /beta/wp-content/plugins/cherry-plugin/lib/js/jquery.easing.1.3.js HTTP/1.1" 200 814 "-" "Mozilla/5.0 (compatible; bingbot/2.0; +http://www.bing.com/bingbot.htm)" "tekmedicgloves.com"
207.46.13.161 - - [12/Oct/2022:17:57:10 -0700] "GET /beta/wp-content/plugins/cherry-plugin/lib/js/owl-carousel/owl.carousel.css HTTP/1.1" 200 1119 "-" "Mozilla/5.0 (compatible; bingbot/2.0; +http://www.bing.com/bingbot.htm)" "tekmedicgloves.com"
207.46.13.161 - - [12/Oct/2022:17:57:10 -0700] "GET /beta/wp-content/themes/theme48838/bootstrap/css/bootstrap.css HTTP/1.1" 200 15793 "-" "Mozilla/5.0 (compatible; bingbot/2.0; +http://www.bing.com/bingbot.htm)" "tekmedicgloves.com"
157.55.39.207 - - [12/Oct/2022:17:57:13 -0700] "GET /beta/wp-content/plugins/cherry-plugin/lib/js/elasti-carousel/jquery.elastislide.js HTTP/1.1" 200 1963 "-" "Mozilla/5.0 AppleWebKit/537.36 (KHTML, like Gecko; compatible; bingbot/2.0; +http://www.bing.com/bingbot.htm) Chrome/103.0.5060.134 Safari/537.36" "tekmedicgloves.com"
207.46.13.88 - - [12/Oct/2022:17:57:14 -0700] "GET /beta/wp-content/plugins/contact-form-7/includes/css/styles.css HTTP/1.1" 200 392 "-" "Mozilla/5.0 (compatible; bingbot/2.0; +http://www.bing.com/bingbot.htm)" "tekmedicgloves.com"
207.46.13.88 - - [12/Oct/2022:17:57:14 -0700] "GET /beta/wp-content/themes/CherryFramework/js/jquery.jplayer.min.js HTTP/1.1" 200 11945 "-" "Mozilla/5.0 (compatible; bingbot/2.0; +http://www.bing.com/bingbot.htm)" "tekmedicgloves.com"
185.191.171.15 - - [12/Oct/2022:17:57:17 -0700] "GET /phpMyAdmin/setup/?token=f28e1fa08832300bab7681a13dbb6dd4&version_check=1 HTTP/1.1" 200 12687 "-" "Mozilla/5.0 (compatible; SemrushBot/7~bl; +http://www.semrush.com/bot.html)" "tekmedicgloves.com"
157.55.39.138 - - [12/Oct/2022:17:57:20 -0700] "GET /beta/wp-content/themes/theme48838/main-style.css HTTP/1.1" 200 4849 "-" "Mozilla/5.0 (compatible; bingbot/2.0; +http://www.bing.com/bingbot.htm)" "tekmedicgloves.com"
157.55.39.20 - - [12/Oct/2022:17:57:24 -0700] "GET /beta/wp-content/plugins/cherry-plugin/includes/js/cherry-plugin.js HTTP/1.1" 200 438 "-" "Mozilla/5.0 (compatible; bingbot/2.0; +http://www.bing.com/bingbot.htm)" "tekmedicgloves.com"
157.55.39.20 - - [12/Oct/2022:17:57:25 -0700] "GET /beta/wp-content/plugins/cherry-plugin/lib/js/FlexSlider/flexslider.css HTTP/1.1" 200 1323 "-" "Mozilla/5.0 AppleWebKit/537.36 (KHTML, like Gecko; compatible; bingbot/2.0; +http://www.bing.com/bingbot.htm) Chrome/103.0.5060.134 Safari/537.36" "tekmedicgloves.com"
157.55.39.20 - - [12/Oct/2022:17:57:25 -0700] "GET /beta/wp-content/themes/CherryFramework/css/magnific-popup.css HTTP/1.1" 200 2166 "-" "Mozilla/5.0 (compatible; bingbot/2.0; +http://www.bing.com/bingbot.htm)" "tekmedicgloves.com"
157.55.39.20 - - [12/Oct/2022:17:57:25 -0700] "GET /beta/wp-content/themes/CherryFramework/js/jquery-1.7.2.min.js HTTP/1.1" 200 33630 "-" "Mozilla/5.0 AppleWebKit/537.36 (KHTML, like Gecko; compatible; bingbot/2.0; +http://www.bing.com/bingbot.htm) Chrome/103.0.5060.134 Safari/537.36" "tekmedicgloves.com"
157.55.39.20 - - [12/Oct/2022:17:57:25 -0700] "GET /beta/wp-content/themes/CherryFramework/js/jquery.magnific-popup.min.js HTTP/1.1" 200 7493 "-" "Mozilla/5.0 (compatible; bingbot/2.0; +http://www.bing.com/bingbot.htm)" "tekmedicgloves.com"
185.191.171.12 - - [12/Oct/2022:17:57:25 -0700] "GET /phpMyAdmin/setup/?token=094d82ed2e70bed692e61768e9d624dd&version_check=1 HTTP/1.1" 200 12691 "-" "Mozilla/5.0 (compatible; SemrushBot/7~bl; +http://www.semrush.com/bot.html)" "www.tekmedicgloves.com"
157.55.39.25 - - [12/Oct/2022:17:57:31 -0700] "GET /beta/wp-content/plugins/cherry-plugin/lib/js/owl-carousel/owl.theme.css HTTP/1.1" 200 606 "-" "Mozilla/5.0 (compatible; bingbot/2.0; +http://www.bing.com/bingbot.htm)" "tekmedicgloves.com"
157.55.39.25 - - [12/Oct/2022:17:57:31 -0700] "GET /beta/wp-content/themes/CherryFramework/js/jquery.debouncedresize.js HTTP/1.1" 200 226 "-" "Mozilla/5.0 (compatible; bingbot/2.0; +http://www.bing.com/bingbot.htm)" "tekmedicgloves.com"
157.55.39.25 - - [12/Oct/2022:17:57:31 -0700] "GET /beta/wp-content/themes/CherryFramework/js/jquery.mobile.customized.min.js HTTP/1.1" 200 6409 "-" "Mozilla/5.0 (compatible; bingbot/2.0; +http://www.bing.com/bingbot.htm)" "tekmedicgloves.com"
157.55.39.25 - - [12/Oct/2022:17:57:31 -0700] "GET /beta/wp-content/themes/theme48838/style.css HTTP/1.1" 200 243 "-" "Mozilla/5.0 (compatible; bingbot/2.0; +http://www.bing.com/bingbot.htm)" "tekmedicgloves.com"
157.55.39.207 - - [12/Oct/2022:17:57:37 -0700] "GET /beta/wp-content/plugins/contact-form-7/includes/js/jquery.form.min.js HTTP/1.1" 200 5878 "-" "Mozilla/5.0 AppleWebKit/537.36 (KHTML, like Gecko; compatible; bingbot/2.0; +http://www.bing.com/bingbot.htm) Chrome/103.0.5060.134 Safari/537.36" "tekmedicgloves.com"
157.55.39.207 - - [12/Oct/2022:17:57:37 -0700] "GET /beta/wp-content/themes/CherryFramework/js/camera.min.js HTTP/1.1" 200 8551 "-" "Mozilla/5.0 (compatible; bingbot/2.0; +http://www.bing.com/bingbot.htm)" "tekmedicgloves.com"
157.55.39.207 - - [12/Oct/2022:17:57:37 -0700] "GET /beta/wp-content/themes/CherryFramework/js/jflickrfeed.js HTTP/1.1" 200 560 "-" "Mozilla/5.0 (compatible; bingbot/2.0; +http://www.bing.com/bingbot.htm)" "tekmedicgloves.com"
185.191.171.2 - - [12/Oct/2022:17:57:45 -0700] "GET /phpMyAdmin/setup/?token=e06fa478b26779dbdb19eefb441a29ba&version_check=1 HTTP/1.1" 200 12687 "-" "Mozilla/5.0 (compatible; SemrushBot/7~bl; +http://www.semrush.com/bot.html)" "tekmedicgloves.com"
185.191.171.26 - - [12/Oct/2022:17:57:58 -0700] "GET /phpMyAdmin/setup/?token=e7b4413ee35149d9c4588ad3846cad6e&version_check=1 HTTP/1.1" 200 12687 "-" "Mozilla/5.0 (compatible; SemrushBot/7~bl; +http://www.semrush.com/bot.html)" "tekmedicgloves.com"
185.191.171.9 - - [12/Oct/2022:17:58:24 -0700] "GET /phpMyAdmin/setup/?token=e0bebfdcc2acd641289d9e7443e59eeb&version_check=1 HTTP/1.1" 200 12687 "-" "Mozilla/5.0 (compatible; SemrushBot/7~bl; +http://www.semrush.com/bot.html)" "tekmedicgloves.com"
185.191.171.38 - - [12/Oct/2022:17:58:25 -0700] "GET /phpMyAdmin/setup/?token=f2666756f9749d48b926d3d6ba249401&version_check=1 HTTP/1.1" 200 12691 "-" "Mozilla/5.0 (compatible; SemrushBot/7~bl; +http://www.semrush.com/bot.html)" "www.tekmedicgloves.com"
185.191.171.14 - - [12/Oct/2022:17:58:48 -0700] "GET /phpMyAdmin/setup/?token=f9bc7ece837534c89cbe1ddb444cbd7e&version_check=1 HTTP/1.1" 200 12687 "-" "Mozilla/5.0 (compatible; SemrushBot/7~bl; +http://www.semrush.com/bot.html)" "tekmedicgloves.com"
185.191.171.36 - - [12/Oct/2022:17:58:51 -0700] "GET /phpMyAdmin/setup/?token=e31e063afc0b542b40666d8d76a9190d&version_check=1 HTTP/1.1" 200 12687 "-" "Mozilla/5.0 (compatible; SemrushBot/7~bl; +http://www.semrush.com/bot.html)" "tekmedicgloves.com"
185.191.171.43 - - [12/Oct/2022:17:58:52 -0700] "GET /phpMyAdmin/setup/?token=0ebfb59cad7ea09774b790d22a2637f3&version_check=1 HTTP/1.1" 200 12691 "-" "Mozilla/5.0 (compatible; SemrushBot/7~bl; +http://www.semrush.com/bot.html)" "www.tekmedicgloves.com"
185.191.171.15 - - [12/Oct/2022:17:58:58 -0700] "GET /phpMyAdmin/setup/?token=e4283d1e1a1760c3bf410f2faa448f1d&version_check=1 HTTP/1.1" 200 12687 "-" "Mozilla/5.0 (compatible; SemrushBot/7~bl; +http://www.semrush.com/bot.html)" "tekmedicgloves.com"
185.191.171.35 - - [12/Oct/2022:17:59:14 -0700] "GET /phpMyAdmin/setup/?token=f9da320e1463ab293eeb6a7c5e5a9b8d&version_check=1 HTTP/1.1" 200 12687 "-" "Mozilla/5.0 (compatible; SemrushBot/7~bl; +http://www.semrush.com/bot.html)" "tekmedicgloves.com"
185.191.171.25 - - [12/Oct/2022:17:59:31 -0700] "GET /phpMyAdmin/setup/?token=ea043db35866ce8c5972cf1eee1acee8&version_check=1 HTTP/1.1" 200 12687 "-" "Mozilla/5.0 (compatible; SemrushBot/7~bl; +http://www.semrush.com/bot.html)" "tekmedicgloves.com"
185.191.171.12 - - [12/Oct/2022:17:59:45 -0700] "GET /phpMyAdmin/setup/?token=cb03417f84e90e445a31d298a4ca2289&version_check=1 HTTP/1.1" 200 12691 "-" "Mozilla/5.0 (compatible; SemrushBot/7~bl; +http://www.semrush.com/bot.html)" "www.tekmedicgloves.com"
185.191.171.18 - - [12/Oct/2022:17:59:50 -0700] "GET /phpMyAdmin/setup/?token=080e99d873500563bb3c388f5efc1267&version_check=1 HTTP/1.1" 200 12691 "-" "Mozilla/5.0 (compatible; SemrushBot/7~bl; +http://www.semrush.com/bot.html)" "www.tekmedicgloves.com"
185.191.171.14 - - [12/Oct/2022:17:59:51 -0700] "GET /phpMyAdmin/setup/?token=b7965c5c17e8cf91212d42cc83b37560&version_check=1 HTTP/1.1" 200 12691 "-" "Mozilla/5.0 (compatible; SemrushBot/7~bl; +http://www.semrush.com/bot.html)" "www.tekmedicgloves.com"
185.191.171.6 - - [12/Oct/2022:18:00:19 -0700] "GET /phpMyAdmin/setup/?token=cf568faf9e8887e6560bad5db0840c12&version_check=1 HTTP/1.1" 200 12691 "-" "Mozilla/5.0 (compatible; SemrushBot/7~bl; +http://www.semrush.com/bot.html)" "www.tekmedicgloves.com"
185.191.171.21 - - [12/Oct/2022:18:00:19 -0700] "GET /phpMyAdmin/setup/?token=0aa02f03c7752e9ee76dec3ac144cca9&version_check=1 HTTP/1.1" 200 12687 "-" "Mozilla/5.0 (compatible; SemrushBot/7~bl; +http://www.semrush.com/bot.html)" "tekmedicgloves.com"
185.191.171.16 - - [12/Oct/2022:18:00:21 -0700] "GET /phpMyAdmin/setup/?token=0e48275ca9ef5d9bb79d3985d235410b&version_check=1 HTTP/1.1" 200 12691 "-" "Mozilla/5.0 (compatible; SemrushBot/7~bl; +http://www.semrush.com/bot.html)" "www.tekmedicgloves.com"
185.191.171.23 - - [12/Oct/2022:18:00:24 -0700] "GET /phpMyAdmin/setup/?token=03646f7a5e07857da7769b01e577dec8&version_check=1 HTTP/1.1" 200 12691 "-" "Mozilla/5.0 (compatible; SemrushBot/7~bl; +http://www.semrush.com/bot.html)" "www.tekmedicgloves.com"
185.191.171.8 - - [12/Oct/2022:18:00:25 -0700] "GET /phpMyAdmin/setup/?token=d3d8aa9e4f7b1387f05db4360a7a5ca9&version_check=1 HTTP/1.1" 200 12691 "-" "Mozilla/5.0 (compatible; SemrushBot/7~bl; +http://www.semrush.com/bot.html)" "www.tekmedicgloves.com"
185.191.171.15 - - [12/Oct/2022:18:00:27 -0700] "GET /phpMyAdmin/setup/?token=e13b62e8e6eca7766e32655d4daf18cf&version_check=1 HTTP/1.1" 200 12687 "-" "Mozilla/5.0 (compatible; SemrushBot/7~bl; +http://www.semrush.com/bot.html)" "tekmedicgloves.com"
185.191.171.18 - - [12/Oct/2022:18:00:28 -0700] "GET /phpMyAdmin/setup/?token=f215e50b04ea726481953d8e95d3853b&version_check=1 HTTP/1.1" 200 12691 "-" "Mozilla/5.0 (compatible; SemrushBot/7~bl; +http://www.semrush.com/bot.html)" "www.tekmedicgloves.com"
185.191.171.36 - - [12/Oct/2022:18:00:54 -0700] "GET /phpMyAdmin/setup/?token=07679fe972322266e87360a8072424ab&version_check=1 HTTP/1.1" 200 12687 "-" "Mozilla/5.0 (compatible; SemrushBot/7~bl; +http://www.semrush.com/bot.html)" "tekmedicgloves.com"
185.191.171.36 - - [12/Oct/2022:18:00:55 -0700] "GET /phpMyAdmin/setup/?token=f37fc2db306677567d84fb0faa633126&version_check=1 HTTP/1.1" 200 12687 "-" "Mozilla/5.0 (compatible; SemrushBot/7~bl; +http://www.semrush.com/bot.html)" "tekmedicgloves.com"
185.191.171.42 - - [12/Oct/2022:18:00:57 -0700] "GET /phpMyAdmin/setup/?token=e3b63e6452d205f2e7b4af88ee8756b3&version_check=1 HTTP/1.1" 200 12687 "-" "Mozilla/5.0 (compatible; SemrushBot/7~bl; +http://www.semrush.com/bot.html)" "tekmedicgloves.com"
185.191.171.41 - - [12/Oct/2022:18:01:44 -0700] "GET /phpMyAdmin/setup/?token=eb1370bf424ee45d9341f01fe32bcef0&version_check=1 HTTP/1.1" 200 12687 "-" "Mozilla/5.0 (compatible; SemrushBot/7~bl; +http://www.semrush.com/bot.html)" "tekmedicgloves.com"
185.191.171.26 - - [12/Oct/2022:18:01:46 -0700] "GET /phpMyAdmin/setup/?token=f866ea0c2a17513a0f6f6e585eb742f8&version_check=1 HTTP/1.1" 200 12687 "-" "Mozilla/5.0 (compatible; SemrushBot/7~bl; +http://www.semrush.com/bot.html)" "tekmedicgloves.com"
185.191.171.15 - - [12/Oct/2022:18:02:20 -0700] "GET /phpMyAdmin/setup/?token=fb0664c22f90751e8199b46d1289fa62&version_check=1 HTTP/1.1" 200 12687 "-" "Mozilla/5.0 (compatible; SemrushBot/7~bl; +http://www.semrush.com/bot.html)" "tekmedicgloves.com"
185.191.171.14 - - [12/Oct/2022:18:02:59 -0700] "GET /phpMyAdmin/setup/?token=dafff0efebec5e57282df4bf19668d37&version_check=1 HTTP/1.1" 200 12691 "-" "Mozilla/5.0 (compatible; SemrushBot/7~bl; +http://www.semrush.com/bot.html)" "www.tekmedicgloves.com"
185.191.171.7 - - [12/Oct/2022:18:03:05 -0700] "GET /phpMyAdmin/setup/?token=05919b061d3c6224d739ad4c2efcd00c&version_check=1 HTTP/1.1" 200 12691 "-" "Mozilla/5.0 (compatible; SemrushBot/7~bl; +http://www.semrush.com/bot.html)" "www.tekmedicgloves.com"
185.191.171.36 - - [12/Oct/2022:18:03:09 -0700] "GET /phpMyAdmin/setup/?token=ed2c89d324fcf5722bf00c007403309d&version_check=1 HTTP/1.1" 200 12691 "-" "Mozilla/5.0 (compatible; SemrushBot/7~bl; +http://www.semrush.com/bot.html)" "www.tekmedicgloves.com"
185.191.171.12 - - [12/Oct/2022:18:03:15 -0700] "GET /phpMyAdmin/setup/?token=f6cbc54adaa198a5f5c29825a5e453a0&version_check=1 HTTP/1.1" 200 12691 "-" "Mozilla/5.0 (compatible; SemrushBot/7~bl; +http://www.semrush.com/bot.html)" "www.tekmedicgloves.com"
185.191.171.36 - - [12/Oct/2022:18:03:23 -0700] "GET /phpMyAdmin/setup/?token=0a53c65f099a4faf238e7fe34dcca4a5&version_check=1 HTTP/1.1" 200 12687 "-" "Mozilla/5.0 (compatible; SemrushBot/7~bl; +http://www.semrush.com/bot.html)" "tekmedicgloves.com"
185.191.171.16 - - [12/Oct/2022:18:03:25 -0700] "GET /phpMyAdmin/setup/?token=c147343c4dd667573008e2871ba40330&version_check=1 HTTP/1.1" 200 12691 "-" "Mozilla/5.0 (compatible; SemrushBot/7~bl; +http://www.semrush.com/bot.html)" "www.tekmedicgloves.com"
185.191.171.6 - - [12/Oct/2022:18:03:26 -0700] "GET /phpMyAdmin/setup/?token=ea6d62ceae5aa07697b1f3ddc23a5552&version_check=1 HTTP/1.1" 200 12687 "-" "Mozilla/5.0 (compatible; SemrushBot/7~bl; +http://www.semrush.com/bot.html)" "tekmedicgloves.com"
185.191.171.10 - - [12/Oct/2022:18:03:38 -0700] "GET /phpMyAdmin/setup/?token=dff9d573c42218ba3bc7b36f2a56e919&version_check=1 HTTP/1.1" 200 12687 "-" "Mozilla/5.0 (compatible; SemrushBot/7~bl; +http://www.semrush.com/bot.html)" "tekmedicgloves.com"
185.191.171.18 - - [12/Oct/2022:18:03:50 -0700] "GET /phpMyAdmin/setup/?token=ba6f8c2f059397904a95e80a16c4bf6e&version_check=1 HTTP/1.1" 200 12691 "-" "Mozilla/5.0 (compatible; SemrushBot/7~bl; +http://www.semrush.com/bot.html)" "www.tekmedicgloves.com"
185.191.171.5 - - [12/Oct/2022:18:04:02 -0700] "GET /phpMyAdmin/setup/?token=f969dac9f683ebdc549c1f0ecb8292c5&version_check=1 HTTP/1.1" 200 12691 "-" "Mozilla/5.0 (compatible; SemrushBot/7~bl; +http://www.semrush.com/bot.html)" "www.tekmedicgloves.com"
185.191.171.9 - - [12/Oct/2022:18:04:07 -0700] "GET /phpMyAdmin/setup/?token=f2af62dfbbc14c2469c9d1c39e596766&version_check=1 HTTP/1.1" 200 12687 "-" "Mozilla/5.0 (compatible; SemrushBot/7~bl; +http://www.semrush.com/bot.html)" "tekmedicgloves.com"
185.191.171.45 - - [12/Oct/2022:18:04:08 -0700] "GET /phpMyAdmin/setup/?token=be507af29f1690b65c62f7a7fc6386de&version_check=1 HTTP/1.1" 200 12691 "-" "Mozilla/5.0 (compatible; SemrushBot/7~bl; +http://www.semrush.com/bot.html)" "www.tekmedicgloves.com"
185.191.171.15 - - [12/Oct/2022:18:04:42 -0700] "GET /phpMyAdmin/setup/?token=f8c41ff628006b6595d913b1158071a3&version_check=1 HTTP/1.1" 200 12691 "-" "Mozilla/5.0 (compatible; SemrushBot/7~bl; +http://www.semrush.com/bot.html)" "www.tekmedicgloves.com"
185.191.171.17 - - [12/Oct/2022:18:04:44 -0700] "GET /phpMyAdmin/setup/?token=15412b219d2e5e23f8dda8d376bcb0f7&version_check=1 HTTP/1.1" 200 12687 "-" "Mozilla/5.0 (compatible; SemrushBot/7~bl; +http://www.semrush.com/bot.html)" "tekmedicgloves.com"
185.191.171.12 - - [12/Oct/2022:18:05:19 -0700] "GET /phpMyAdmin/setup/?token=ca0498b9acd802ed4792ae79c691bbd8&version_check=1 HTTP/1.1" 200 12691 "-" "Mozilla/5.0 (compatible; SemrushBot/7~bl; +http://www.semrush.com/bot.html)" "www.tekmedicgloves.com"
185.191.171.7 - - [12/Oct/2022:18:05:26 -0700] "GET /phpMyAdmin/setup/?token=02b1cda6482e31f45f062061254f9134&version_check=1 HTTP/1.1" 200 12687 "-" "Mozilla/5.0 (compatible; SemrushBot/7~bl; +http://www.semrush.com/bot.html)" "tekmedicgloves.com"
185.191.171.26 - - [12/Oct/2022:18:05:42 -0700] "GET /phpMyAdmin/setup/?token=c080dcc6910ddc71319c10d1ed615499&version_check=1 HTTP/1.1" 200 12691 "-" "Mozilla/5.0 (compatible; SemrushBot/7~bl; +http://www.semrush.com/bot.html)" "www.tekmedicgloves.com"
185.191.171.7 - - [12/Oct/2022:18:05:51 -0700] "GET /phpMyAdmin/setup/?token=e4cf41567dbe5ef8dd5c7d42e9a15c5d&version_check=1 HTTP/1.1" 200 12687 "-" "Mozilla/5.0 (compatible; SemrushBot/7~bl; +http://www.semrush.com/bot.html)" "tekmedicgloves.com"
185.191.171.23 - - [12/Oct/2022:18:05:53 -0700] "GET /phpMyAdmin/setup/?token=f4653ce7af1036bdfee5b3d8e1879583&version_check=1 HTTP/1.1" 200 12687 "-" "Mozilla/5.0 (compatible; SemrushBot/7~bl; +http://www.semrush.com/bot.html)" "tekmedicgloves.com"
185.191.171.7 - - [12/Oct/2022:18:06:13 -0700] "GET /phpMyAdmin/setup/?token=df147f4586b1f35d6d5844e9f1018681&version_check=1 HTTP/1.1" 200 12687 "-" "Mozilla/5.0 (compatible; SemrushBot/7~bl; +http://www.semrush.com/bot.html)" "tekmedicgloves.com"
185.191.171.3 - - [12/Oct/2022:18:06:15 -0700] "GET /phpMyAdmin/setup/?token=f33809f243cb4ecf643a9008e1550e5e&version_check=1 HTTP/1.1" 200 12687 "-" "Mozilla/5.0 (compatible; SemrushBot/7~bl; +http://www.semrush.com/bot.html)" "tekmedicgloves.com"
185.191.171.10 - - [12/Oct/2022:18:06:54 -0700] "GET /phpMyAdmin/setup/?token=d662404317c40a32f1fef5f0177bc91a&version_check=1 HTTP/1.1" 200 12691 "-" "Mozilla/5.0 (compatible; SemrushBot/7~bl; +http://www.semrush.com/bot.html)" "www.tekmedicgloves.com"
185.191.171.13 - - [12/Oct/2022:18:07:02 -0700] "GET /phpMyAdmin/setup/?token=e4951e3e3c984f4468b7c201222dcce8&version_check=1 HTTP/1.1" 200 12687 "-" "Mozilla/5.0 (compatible; SemrushBot/7~bl; +http://www.semrush.com/bot.html)" "tekmedicgloves.com"
185.191.171.41 - - [12/Oct/2022:18:07:41 -0700] "GET /phpMyAdmin/setup/?token=c3be77ec356f6db20dfbbf9eb061a1b4&version_check=1 HTTP/1.1" 200 12691 "-" "Mozilla/5.0 (compatible; SemrushBot/7~bl; +http://www.semrush.com/bot.html)" "www.tekmedicgloves.com"
185.191.171.39 - - [12/Oct/2022:18:07:43 -0700] "GET /phpMyAdmin/setup/?token=c88ed9e3736c8520f882539c7ea278a8&version_check=1 HTTP/1.1" 200 12691 "-" "Mozilla/5.0 (compatible; SemrushBot/7~bl; +http://www.semrush.com/bot.html)" "www.tekmedicgloves.com"
185.191.171.26 - - [12/Oct/2022:18:07:45 -0700] "GET /phpMyAdmin/setup/?token=09517e7e421e1fe722ff377f3a2d2868&version_check=1 HTTP/1.1" 200 12691 "-" "Mozilla/5.0 (compatible; SemrushBot/7~bl; +http://www.semrush.com/bot.html)" "www.tekmedicgloves.com"
185.191.171.39 - - [12/Oct/2022:18:07:48 -0700] "GET /phpMyAdmin/setup/?token=e2cfad3268e148b134b3c9cbc5cc0a6c&version_check=1 HTTP/1.1" 200 12687 "-" "Mozilla/5.0 (compatible; SemrushBot/7~bl; +http://www.semrush.com/bot.html)" "tekmedicgloves.com"
185.191.171.41 - - [12/Oct/2022:18:07:49 -0700] "GET /phpMyAdmin/setup/?token=fe9c626db03e28759763de57dd27c527&version_check=1 HTTP/1.1" 200 12691 "-" "Mozilla/5.0 (compatible; SemrushBot/7~bl; +http://www.semrush.com/bot.html)" "www.tekmedicgloves.com"
185.191.171.24 - - [12/Oct/2022:18:07:52 -0700] "GET /phpMyAdmin/setup/?token=bb47bf4e86b29b71ac31801b6ec5dbbb&version_check=1 HTTP/1.1" 200 12691 "-" "Mozilla/5.0 (compatible; SemrushBot/7~bl; +http://www.semrush.com/bot.html)" "www.tekmedicgloves.com"
185.191.171.7 - - [12/Oct/2022:18:07:56 -0700] "GET /phpMyAdmin/setup/?token=0a0571b1609749f76494e783436f151d&version_check=1 HTTP/1.1" 200 12687 "-" "Mozilla/5.0 (compatible; SemrushBot/7~bl; +http://www.semrush.com/bot.html)" "tekmedicgloves.com"
185.191.171.25 - - [12/Oct/2022:18:08:08 -0700] "GET /phpMyAdmin/setup/?token=04cf5f4631a1262148a59b8805c6fda4&version_check=1 HTTP/1.1" 200 12691 "-" "Mozilla/5.0 (compatible; SemrushBot/7~bl; +http://www.semrush.com/bot.html)" "www.tekmedicgloves.com"
185.191.171.38 - - [12/Oct/2022:18:08:12 -0700] "GET /phpMyAdmin/setup/?token=fc895d1bb5ffd7eccea81bec945d4c7b&version_check=1 HTTP/1.1" 200 12687 "-" "Mozilla/5.0 (compatible; SemrushBot/7~bl; +http://www.semrush.com/bot.html)" "tekmedicgloves.com"
185.191.171.38 - - [12/Oct/2022:18:08:17 -0700] "GET /phpMyAdmin/setup/?token=e5763d0a21d8245bf0ae4b7a403fa7b6&version_check=1 HTTP/1.1" 200 12687 "-" "Mozilla/5.0 (compatible; SemrushBot/7~bl; +http://www.semrush.com/bot.html)" "tekmedicgloves.com"
185.191.171.23 - - [12/Oct/2022:18:08:25 -0700] "GET /phpMyAdmin/setup/?token=b8b938ef8e673462be28600a75994684&version_check=1 HTTP/1.1" 200 12691 "-" "Mozilla/5.0 (compatible; SemrushBot/7~bl; +http://www.semrush.com/bot.html)" "www.tekmedicgloves.com"
185.191.171.38 - - [12/Oct/2022:18:08:27 -0700] "GET /phpMyAdmin/setup/?token=f8d023aed1d789c4f3b0cb2bf83b61d3&version_check=1 HTTP/1.1" 200 12687 "-" "Mozilla/5.0 (compatible; SemrushBot/7~bl; +http://www.semrush.com/bot.html)" "tekmedicgloves.com"
185.191.171.40 - - [12/Oct/2022:18:08:31 -0700] "GET /phpMyAdmin/setup/?token=0b40115fe0792080b9651209e771c941&version_check=1 HTTP/1.1" 200 12691 "-" "Mozilla/5.0 (compatible; SemrushBot/7~bl; +http://www.semrush.com/bot.html)" "www.tekmedicgloves.com"
185.191.171.36 - - [12/Oct/2022:18:08:48 -0700] "GET /phpMyAdmin/setup/?token=cbd972ec4fead3fcafa76880f06e4ed0&version_check=1 HTTP/1.1" 200 12691 "-" "Mozilla/5.0 (compatible; SemrushBot/7~bl; +http://www.semrush.com/bot.html)" "www.tekmedicgloves.com"
185.191.171.1 - - [12/Oct/2022:18:08:56 -0700] "GET /phpMyAdmin/setup/?token=f77913803cd7626a174654346035c639&version_check=1 HTTP/1.1" 200 12687 "-" "Mozilla/5.0 (compatible; SemrushBot/7~bl; +http://www.semrush.com/bot.html)" "tekmedicgloves.com"
185.191.171.11 - - [12/Oct/2022:18:09:09 -0700] "GET /phpMyAdmin/setup/?token=ea6e0ee120876d22752b86590e2fe1e1&version_check=1 HTTP/1.1" 200 12687 "-" "Mozilla/5.0 (compatible; SemrushBot/7~bl; +http://www.semrush.com/bot.html)" "tekmedicgloves.com"
185.191.171.22 - - [12/Oct/2022:18:09:16 -0700] "GET /phpMyAdmin/setup/?token=03d485bec6db1606ae0e32aff3f38691&version_check=1 HTTP/1.1" 200 12687 "-" "Mozilla/5.0 (compatible; SemrushBot/7~bl; +http://www.semrush.com/bot.html)" "tekmedicgloves.com"
185.191.171.38 - - [12/Oct/2022:18:09:21 -0700] "GET /phpMyAdmin/setup/?token=01d3f17e203f6d039a74a62420f3489f&version_check=1 HTTP/1.1" 200 12691 "-" "Mozilla/5.0 (compatible; SemrushBot/7~bl; +http://www.semrush.com/bot.html)" "www.tekmedicgloves.com"
185.191.171.1 - - [12/Oct/2022:18:09:24 -0700] "GET /phpMyAdmin/setup/?token=055c48a158a8ec845cab0d3d3343683c&version_check=1 HTTP/1.1" 200 12691 "-" "Mozilla/5.0 (compatible; SemrushBot/7~bl; +http://www.semrush.com/bot.html)" "www.tekmedicgloves.com"
185.191.171.40 - - [12/Oct/2022:18:09:29 -0700] "GET /phpMyAdmin/setup/?token=eaaac23c9cb0ce7d06cd852b9e14a21e&version_check=1 HTTP/1.1" 200 12687 "-" "Mozilla/5.0 (compatible; SemrushBot/7~bl; +http://www.semrush.com/bot.html)" "tekmedicgloves.com"
185.191.171.34 - - [12/Oct/2022:18:09:46 -0700] "GET /phpMyAdmin/setup/?token=e399ac44fd51aea2a50490f5df3a3d52&version_check=1 HTTP/1.1" 200 12687 "-" "Mozilla/5.0 (compatible; SemrushBot/7~bl; +http://www.semrush.com/bot.html)" "tekmedicgloves.com"
185.191.171.10 - - [12/Oct/2022:18:09:50 -0700] "GET /phpMyAdmin/setup/?token=b76c3dabe565f9a5cb997cebdeffa27d&version_check=1 HTTP/1.1" 200 12691 "-" "Mozilla/5.0 (compatible; SemrushBot/7~bl; +http://www.semrush.com/bot.html)" "www.tekmedicgloves.com"
185.191.171.39 - - [12/Oct/2022:18:10:03 -0700] "GET /phpMyAdmin/setup/?token=070ab41d2652db1199df4c0d6394edc4&version_check=1 HTTP/1.1" 200 12691 "-" "Mozilla/5.0 (compatible; SemrushBot/7~bl; +http://www.semrush.com/bot.html)" "www.tekmedicgloves.com"
185.191.171.9 - - [12/Oct/2022:18:10:09 -0700] "GET /phpMyAdmin/setup/?token=0c84f9b5c09c17baa9da0afca70f1064&version_check=1 HTTP/1.1" 200 12691 "-" "Mozilla/5.0 (compatible; SemrushBot/7~bl; +http://www.semrush.com/bot.html)" "www.tekmedicgloves.com"
185.191.171.38 - - [12/Oct/2022:18:10:10 -0700] "GET /phpMyAdmin/setup/?token=e5266f86bd8a5d5530fc359e03d4c7f2&version_check=1 HTTP/1.1" 200 12687 "-" "Mozilla/5.0 (compatible; SemrushBot/7~bl; +http://www.semrush.com/bot.html)" "tekmedicgloves.com"
185.191.171.40 - - [12/Oct/2022:18:10:14 -0700] "GET /phpMyAdmin/setup/?token=0c906fe9f56b08d3eb70d1c461b274b1&version_check=1 HTTP/1.1" 200 12687 "-" "Mozilla/5.0 (compatible; SemrushBot/7~bl; +http://www.semrush.com/bot.html)" "tekmedicgloves.com"
185.191.171.34 - - [12/Oct/2022:18:10:36 -0700] "GET /phpMyAdmin/setup/?token=f3b041c8eb23b6c5a897fa9dbcc0be7b&version_check=1 HTTP/1.1" 200 12687 "-" "Mozilla/5.0 (compatible; SemrushBot/7~bl; +http://www.semrush.com/bot.html)" "tekmedicgloves.com"
185.191.171.6 - - [12/Oct/2022:18:10:49 -0700] "GET /phpMyAdmin/setup/?token=f2c694aacfda0e981c871fd57eec0ccd&version_check=1 HTTP/1.1" 200 12687 "-" "Mozilla/5.0 (compatible; SemrushBot/7~bl; +http://www.semrush.com/bot.html)" "tekmedicgloves.com"
185.191.171.6 - - [12/Oct/2022:18:10:51 -0700] "GET /phpMyAdmin/setup/?token=df5b669464691b14ea53bddf3341bb05&version_check=1 HTTP/1.1" 200 12687 "-" "Mozilla/5.0 (compatible; SemrushBot/7~bl; +http://www.semrush.com/bot.html)" "tekmedicgloves.com"
185.191.171.39 - - [12/Oct/2022:18:11:09 -0700] "GET /phpMyAdmin/setup/?token=01b67cb95e863f9ee1429922d0d8b581&version_check=1 HTTP/1.1" 200 12691 "-" "Mozilla/5.0 (compatible; SemrushBot/7~bl; +http://www.semrush.com/bot.html)" "www.tekmedicgloves.com"
185.191.171.2 - - [12/Oct/2022:18:11:31 -0700] "GET /phpMyAdmin/setup/?token=e44411214242e1edef1c7e3e2d272760&version_check=1 HTTP/1.1" 200 12687 "-" "Mozilla/5.0 (compatible; SemrushBot/7~bl; +http://www.semrush.com/bot.html)" "tekmedicgloves.com"
185.191.171.7 - - [12/Oct/2022:18:11:34 -0700] "GET /phpMyAdmin/setup/?token=e1bb7fcbc742b13bc82f656a5b548d81&version_check=1 HTTP/1.1" 200 12687 "-" "Mozilla/5.0 (compatible; SemrushBot/7~bl; +http://www.semrush.com/bot.html)" "tekmedicgloves.com"
185.191.171.18 - - [12/Oct/2022:18:12:02 -0700] "GET /phpMyAdmin/setup/?token=e20845b0dca09be52ff82c3b8565a401&version_check=1 HTTP/1.1" 200 12687 "-" "Mozilla/5.0 (compatible; SemrushBot/7~bl; +http://www.semrush.com/bot.html)" "tekmedicgloves.com"
185.191.171.44 - - [12/Oct/2022:18:12:03 -0700] "GET /phpMyAdmin/setup/?token=f51f768c63d702918868e2e2123539ea&version_check=1 HTTP/1.1" 200 12691 "-" "Mozilla/5.0 (compatible; SemrushBot/7~bl; +http://www.semrush.com/bot.html)" "www.tekmedicgloves.com"
114.119.139.224 - - [12/Oct/2022:18:12:06 -0700] "GET /beta/products.php?cat=23 HTTP/1.1" 200 38758 "https://tekmedicgloves.com/beta/products.php?cat=24&subcat=29" "Mozilla/5.0 (Linux; Android 7.0;) AppleWebKit/537.36 (KHTML, like Gecko) Mobile Safari/537.36 (compatible; PetalBot;+https://webmaster.petalsearch.com/site/petalbot)" "tekmedicgloves.com"
185.191.171.12 - - [12/Oct/2022:18:12:16 -0700] "GET /phpMyAdmin/setup/?token=e07bd2acbf422e684e21dfbbb13b4c88&version_check=1 HTTP/1.1" 200 12687 "-" "Mozilla/5.0 (compatible; SemrushBot/7~bl; +http://www.semrush.com/bot.html)" "tekmedicgloves.com"
185.191.171.24 - - [12/Oct/2022:18:12:18 -0700] "GET /phpMyAdmin/setup/?token=be2a36e2e6176af7213e4c52377e9893&version_check=1 HTTP/1.1" 200 12691 "-" "Mozilla/5.0 (compatible; SemrushBot/7~bl; +http://www.semrush.com/bot.html)" "www.tekmedicgloves.com"
185.191.171.36 - - [12/Oct/2022:18:12:19 -0700] "GET /phpMyAdmin/setup/?token=f15c2b08622aa5f7e9ca6e7237ecdbcf&version_check=1 HTTP/1.1" 200 12687 "-" "Mozilla/5.0 (compatible; SemrushBot/7~bl; +http://www.semrush.com/bot.html)" "tekmedicgloves.com"
185.191.171.26 - - [12/Oct/2022:18:12:22 -0700] "GET /phpMyAdmin/setup/?token=eb771bf1e3f23aef017675c614827696&version_check=1 HTTP/1.1" 200 12687 "-" "Mozilla/5.0 (compatible; SemrushBot/7~bl; +http://www.semrush.com/bot.html)" "tekmedicgloves.com"
185.191.171.3 - - [12/Oct/2022:18:12:24 -0700] "GET /phpMyAdmin/setup/?token=010bf3fd63d25ab47cf039f3e36758fd&version_check=1 HTTP/1.1" 200 12691 "-" "Mozilla/5.0 (compatible; SemrushBot/7~bl; +http://www.semrush.com/bot.html)" "www.tekmedicgloves.com"
185.191.171.18 - - [12/Oct/2022:18:12:32 -0700] "GET /phpMyAdmin/setup/?token=bd0d5ffe236ac48308362ceaa9cd1f26&version_check=1 HTTP/1.1" 200 12691 "-" "Mozilla/5.0 (compatible; SemrushBot/7~bl; +http://www.semrush.com/bot.html)" "www.tekmedicgloves.com"
185.191.171.25 - - [12/Oct/2022:18:12:38 -0700] "GET /phpMyAdmin/setup/?token=e6d13e7b3be7fd360a7cdf9b7d89b129&version_check=1 HTTP/1.1" 200 12687 "-" "Mozilla/5.0 (compatible; SemrushBot/7~bl; +http://www.semrush.com/bot.html)" "tekmedicgloves.com"
40.77.190.130 - - [12/Oct/2022:18:13:12 -0700] "GET /beta/wp-content/themes/CherryFramework/style.css HTTP/1.1" 200 528 "-" "Mozilla/5.0 (Windows NT 6.1; WOW64) AppleWebKit/534+ (KHTML, like Gecko) BingPreview/1.0b" "tekmedicgloves.com"
40.77.190.130 - - [12/Oct/2022:18:13:12 -0700] "GET /beta/wp-content/themes/CherryFramework/css/style.css HTTP/1.1" 200 66507 "-" "Mozilla/5.0 (Windows NT 6.1; WOW64) AppleWebKit/534+ (KHTML, like Gecko) BingPreview/1.0b" "tekmedicgloves.com"
185.191.171.24 - - [12/Oct/2022:18:13:27 -0700] "GET /phpMyAdmin/setup/?token=030fb037921108bdecef4b4c0ba41516&version_check=1 HTTP/1.1" 200 12691 "-" "Mozilla/5.0 (compatible; SemrushBot/7~bl; +http://www.semrush.com/bot.html)" "www.tekmedicgloves.com"
185.191.171.44 - - [12/Oct/2022:18:13:38 -0700] "GET /phpMyAdmin/setup/?token=0cdcabf5923c7ea0a0f4411459f107c0&version_check=1 HTTP/1.1" 200 12691 "-" "Mozilla/5.0 (compatible; SemrushBot/7~bl; +http://www.semrush.com/bot.html)" "www.tekmedicgloves.com"
185.191.171.41 - - [12/Oct/2022:18:13:42 -0700] "GET /phpMyAdmin/setup/?token=dfb636d2a729377a7726bcbb0beaa34d&version_check=1 HTTP/1.1" 200 12687 "-" "Mozilla/5.0 (compatible; SemrushBot/7~bl; +http://www.semrush.com/bot.html)" "tekmedicgloves.com"
185.191.171.38 - - [12/Oct/2022:18:13:43 -0700] "GET /phpMyAdmin/setup/?token=fb763766ef2039618ac5b5bc8da14461&version_check=1 HTTP/1.1" 200 12691 "-" "Mozilla/5.0 (compatible; SemrushBot/7~bl; +http://www.semrush.com/bot.html)" "www.tekmedicgloves.com"
185.191.171.19 - - [12/Oct/2022:18:13:47 -0700] "GET /phpMyAdmin/setup/?token=fc6fc1a240e38b5a818dfb10f3560020&version_check=1 HTTP/1.1" 200 12687 "-" "Mozilla/5.0 (compatible; SemrushBot/7~bl; +http://www.semrush.com/bot.html)" "tekmedicgloves.com"
185.191.171.13 - - [12/Oct/2022:18:14:06 -0700] "GET /phpMyAdmin/setup/?token=00462ca9488cd0767c283915c874522c&version_check=1 HTTP/1.1" 200 12687 "-" "Mozilla/5.0 (compatible; SemrushBot/7~bl; +http://www.semrush.com/bot.html)" "tekmedicgloves.com"
185.191.171.13 - - [12/Oct/2022:18:14:30 -0700] "GET /phpMyAdmin/setup/?token=be4cb889cd7a1090093e6c621784eaaf&version_check=1 HTTP/1.1" 200 12691 "-" "Mozilla/5.0 (compatible; SemrushBot/7~bl; +http://www.semrush.com/bot.html)" "www.tekmedicgloves.com"
185.191.171.3 - - [12/Oct/2022:18:14:44 -0700] "GET /phpMyAdmin/setup/?token=ee1ab7c8a1564b64ead517d81cedf0ca&version_check=1 HTTP/1.1" 200 12691 "-" "Mozilla/5.0 (compatible; SemrushBot/7~bl; +http://www.semrush.com/bot.html)" "www.tekmedicgloves.com"
185.191.171.22 - - [12/Oct/2022:18:14:53 -0700] "GET /phpMyAdmin/setup/?token=f8bfa16cf5bbf86c7aedd9a534e68e2b&version_check=1 HTTP/1.1" 200 12687 "-" "Mozilla/5.0 (compatible; SemrushBot/7~bl; +http://www.semrush.com/bot.html)" "tekmedicgloves.com"
185.191.171.45 - - [12/Oct/2022:18:14:54 -0700] "GET /phpMyAdmin/setup/?token=090be89b4cb421358607761d8a6d234c&version_check=1 HTTP/1.1" 200 12687 "-" "Mozilla/5.0 (compatible; SemrushBot/7~bl; +http://www.semrush.com/bot.html)" "tekmedicgloves.com"
185.191.171.12 - - [12/Oct/2022:18:15:01 -0700] "GET /phpMyAdmin/setup/?token=bf1b7c7a065365caef51000eb6212f97&version_check=1 HTTP/1.1" 200 12691 "-" "Mozilla/5.0 (compatible; SemrushBot/7~bl; +http://www.semrush.com/bot.html)" "www.tekmedicgloves.com"
185.191.171.4 - - [12/Oct/2022:18:15:05 -0700] "GET /phpMyAdmin/setup/?token=e4be0be6088174b82bcfdc34030094a7&version_check=1 HTTP/1.1" 200 12687 "-" "Mozilla/5.0 (compatible; SemrushBot/7~bl; +http://www.semrush.com/bot.html)" "tekmedicgloves.com"
185.191.171.26 - - [12/Oct/2022:18:15:06 -0700] "GET /phpMyAdmin/setup/?token=bad52d29c58668b9d2cbb4fbdd3837be&version_check=1 HTTP/1.1" 200 12691 "-" "Mozilla/5.0 (compatible; SemrushBot/7~bl; +http://www.semrush.com/bot.html)" "www.tekmedicgloves.com"
185.191.171.36 - - [12/Oct/2022:18:15:07 -0700] "GET /phpMyAdmin/setup/?token=cde1486f6fa577b550309c67e0670be3&version_check=1 HTTP/1.1" 200 12691 "-" "Mozilla/5.0 (compatible; SemrushBot/7~bl; +http://www.semrush.com/bot.html)" "www.tekmedicgloves.com"
185.191.171.5 - - [12/Oct/2022:18:15:10 -0700] "GET /phpMyAdmin/setup/?token=0628ad7da8e6386cf8ae5d08df586efe&version_check=1 HTTP/1.1" 200 12691 "-" "Mozilla/5.0 (compatible; SemrushBot/7~bl; +http://www.semrush.com/bot.html)" "www.tekmedicgloves.com"
185.191.171.7 - - [12/Oct/2022:18:15:17 -0700] "GET /phpMyAdmin/setup/?token=06251a406b0a12c70d35b12065ef1ac8&version_check=1 HTTP/1.1" 200 12687 "-" "Mozilla/5.0 (compatible; SemrushBot/7~bl; +http://www.semrush.com/bot.html)" "tekmedicgloves.com"
185.191.171.11 - - [12/Oct/2022:18:15:26 -0700] "GET /phpMyAdmin/setup/?token=d23179b954dad17e1ee0c6b346c13b49&version_check=1 HTTP/1.1" 200 12691 "-" "Mozilla/5.0 (compatible; SemrushBot/7~bl; +http://www.semrush.com/bot.html)" "www.tekmedicgloves.com"
185.191.171.22 - - [12/Oct/2022:18:15:33 -0700] "GET /phpMyAdmin/setup/?token=f44c8d20481cf7a64b914391259c046c&version_check=1 HTTP/1.1" 200 12691 "-" "Mozilla/5.0 (compatible; SemrushBot/7~bl; +http://www.semrush.com/bot.html)" "www.tekmedicgloves.com"
185.191.171.25 - - [12/Oct/2022:18:15:50 -0700] "GET /phpMyAdmin/setup/?token=00285acd96da7b58d3cede88d1e084d2&version_check=1 HTTP/1.1" 200 12691 "-" "Mozilla/5.0 (compatible; SemrushBot/7~bl; +http://www.semrush.com/bot.html)" "www.tekmedicgloves.com"
185.191.171.40 - - [12/Oct/2022:18:16:50 -0700] "GET /phpMyAdmin/setup/?token=09c14d9e6ab52e54856d2ffe53f5ce40&version_check=1 HTTP/1.1" 200 12691 "-" "Mozilla/5.0 (compatible; SemrushBot/7~bl; +http://www.semrush.com/bot.html)" "www.tekmedicgloves.com"
185.191.171.23 - - [12/Oct/2022:18:17:20 -0700] "GET /phpMyAdmin/setup/?token=ec476745f9bdbf7e1882feba8ca20595&version_check=1 HTTP/1.1" 200 12691 "-" "Mozilla/5.0 (compatible; SemrushBot/7~bl; +http://www.semrush.com/bot.html)" "www.tekmedicgloves.com"
185.191.171.11 - - [12/Oct/2022:18:17:30 -0700] "GET /phpMyAdmin/setup/?token=dd8f6306fcd42b48db4d5a5996b214a8&version_check=1 HTTP/1.1" 200 12687 "-" "Mozilla/5.0 (compatible; SemrushBot/7~bl; +http://www.semrush.com/bot.html)" "tekmedicgloves.com"
185.191.171.5 - - [12/Oct/2022:18:17:37 -0700] "GET /robots.txt HTTP/1.1" 404 88 "-" "Mozilla/5.0 (compatible; SemrushBot/7~bl; +http://www.semrush.com/bot.html)" "www.tekmedicgloves.com"
185.191.171.11 - - [12/Oct/2022:18:17:37 -0700] "GET /phpMyAdmin/setup/?token=fb167b408c5664fe0772ad7f8da4479d&version_check=1 HTTP/1.1" 200 12691 "-" "Mozilla/5.0 (compatible; SemrushBot/7~bl; +http://www.semrush.com/bot.html)" "www.tekmedicgloves.com"
185.191.171.18 - - [12/Oct/2022:18:17:41 -0700] "GET /phpMyAdmin/setup/?token=c7b436f2e711743f2a329e60e49a9867&version_check=1 HTTP/1.1" 200 12691 "-" "Mozilla/5.0 (compatible; SemrushBot/7~bl; +http://www.semrush.com/bot.html)" "www.tekmedicgloves.com"
185.191.171.14 - - [12/Oct/2022:18:17:44 -0700] "GET /phpMyAdmin/setup/?token=c2949b5e32bbf5725f45952d4337e222&version_check=1 HTTP/1.1" 200 12691 "-" "Mozilla/5.0 (compatible; SemrushBot/7~bl; +http://www.semrush.com/bot.html)" "www.tekmedicgloves.com"
185.191.171.24 - - [12/Oct/2022:18:18:01 -0700] "GET /phpMyAdmin/setup/?token=e7362ea55059374ca6a6bab91e4a0b68&version_check=1 HTTP/1.1" 200 12687 "-" "Mozilla/5.0 (compatible; SemrushBot/7~bl; +http://www.semrush.com/bot.html)" "tekmedicgloves.com"
185.191.171.24 - - [12/Oct/2022:18:18:16 -0700] "GET /phpMyAdmin/setup/?token=eb7ff28231a273f35e092032c27ab4cc&version_check=1 HTTP/1.1" 200 12687 "-" "Mozilla/5.0 (compatible; SemrushBot/7~bl; +http://www.semrush.com/bot.html)" "tekmedicgloves.com"
185.191.171.26 - - [12/Oct/2022:18:18:20 -0700] "GET /phpMyAdmin/setup/?token=fd6c87e5d8b416a2e1dab95f829014f7&version_check=1 HTTP/1.1" 200 12687 "-" "Mozilla/5.0 (compatible; SemrushBot/7~bl; +http://www.semrush.com/bot.html)" "tekmedicgloves.com"
185.191.171.25 - - [12/Oct/2022:18:18:23 -0700] "GET /phpMyAdmin/setup/?token=0f0ff763ebbd7ba84f839a0826d8c154&version_check=1 HTTP/1.1" 200 12687 "-" "Mozilla/5.0 (compatible; SemrushBot/7~bl; +http://www.semrush.com/bot.html)" "tekmedicgloves.com"
185.191.171.21 - - [12/Oct/2022:18:18:25 -0700] "GET /phpMyAdmin/setup/?token=eb81bdc5d1ed3e0a0eec196186910888&version_check=1 HTTP/1.1" 200 12687 "-" "Mozilla/5.0 (compatible; SemrushBot/7~bl; +http://www.semrush.com/bot.html)" "tekmedicgloves.com"
185.191.171.41 - - [12/Oct/2022:18:19:08 -0700] "GET /phpMyAdmin/setup/?token=147792d26b09090f318c74bddecfc291&version_check=1 HTTP/1.1" 200 12687 "-" "Mozilla/5.0 (compatible; SemrushBot/7~bl; +http://www.semrush.com/bot.html)" "tekmedicgloves.com"
185.191.171.13 - - [12/Oct/2022:18:19:28 -0700] "GET /phpMyAdmin/setup/?token=ebb24eba30e13c5b801f7d9d6b797570&version_check=1 HTTP/1.1" 200 12687 "-" "Mozilla/5.0 (compatible; SemrushBot/7~bl; +http://www.semrush.com/bot.html)" "tekmedicgloves.com"
185.191.171.14 - - [12/Oct/2022:18:19:44 -0700] "GET /phpMyAdmin/setup/?token=12d3fae277b1183f061cadab6402d2d8&version_check=1 HTTP/1.1" 200 12687 "-" "Mozilla/5.0 (compatible; SemrushBot/7~bl; +http://www.semrush.com/bot.html)" "tekmedicgloves.com"
185.191.171.5 - - [12/Oct/2022:18:19:49 -0700] "GET /phpMyAdmin/setup/?token=f05fa0e5de8de45f42081e21f832bf98&version_check=1 HTTP/1.1" 200 12687 "-" "Mozilla/5.0 (compatible; SemrushBot/7~bl; +http://www.semrush.com/bot.html)" "tekmedicgloves.com"
