51.222.253.20 - - [13/Oct/2022:14:48:38 -0700] "GET /beta/wp-content/themes/CherryFramework/js/jquery.mobilemenu.js HTTP/1.1" 200 908 "-" "Mozilla/5.0 (compatible; AhrefsBot/7.0; +http://ahrefs.com/robot/)" "tekmedicgloves.com"
51.222.253.17 - - [13/Oct/2022:14:48:38 -0700] "GET /beta/wp-content/themes/CherryFramework/js/jquery-1.7.2.min.js HTTP/1.1" 200 33630 "-" "Mozilla/5.0 (compatible; AhrefsBot/7.0; +http://ahrefs.com/robot/)" "tekmedicgloves.com"
51.222.253.8 - - [13/Oct/2022:14:48:39 -0700] "GET /beta/wp-content/themes/theme48838/images/social/rss.png HTTP/1.1" 200 2128 "-" "Mozilla/5.0 (compatible; AhrefsBot/7.0; +http://ahrefs.com/robot/)" "tekmedicgloves.com"
51.222.253.1 - - [13/Oct/2022:14:48:39 -0700] "GET /beta/wp-content/plugins/cherry-plugin/lib/js/FlexSlider/flexslider.css HTTP/1.1" 200 1323 "-" "Mozilla/5.0 (compatible; AhrefsBot/7.0; +http://ahrefs.com/robot/)" "tekmedicgloves.com"
51.222.253.10 - - [13/Oct/2022:14:48:39 -0700] "GET /beta/wp-content/plugins/cherry-plugin/includes/css/cherry-plugin.css HTTP/1.1" 200 4752 "-" "Mozilla/5.0 (compatible; AhrefsBot/7.0; +http://ahrefs.com/robot/)" "tekmedicgloves.com"
51.222.253.14 - - [13/Oct/2022:14:48:39 -0700] "GET /beta/wp-content/plugins/cherry-plugin/lib/js/FlexSlider/jquery.flexslider-min.js HTTP/1.1" 200 5177 "-" "Mozilla/5.0 (compatible; AhrefsBot/7.0; +http://ahrefs.com/robot/)" "tekmedicgloves.com"
51.222.253.9 - - [13/Oct/2022:14:48:40 -0700] "GET /beta/wp-content/themes/CherryFramework/js/superfish.js HTTP/1.1" 200 1280 "-" "Mozilla/5.0 (compatible; AhrefsBot/7.0; +http://ahrefs.com/robot/)" "tekmedicgloves.com"
51.222.253.5 - - [13/Oct/2022:14:48:40 -0700] "GET /beta/wp-content/themes/theme48838/images/social/facebook.png HTTP/1.1" 200 1671 "-" "Mozilla/5.0 (compatible; AhrefsBot/7.0; +http://ahrefs.com/robot/)" "tekmedicgloves.com"
51.222.253.18 - - [13/Oct/2022:14:48:40 -0700] "GET /beta/wp-content/themes/theme48838/bootstrap/css/responsive.css HTTP/1.1" 200 4226 "-" "Mozilla/5.0 (compatible; AhrefsBot/7.0; +http://ahrefs.com/robot/)" "tekmedicgloves.com"
51.222.253.7 - - [13/Oct/2022:14:48:40 -0700] "GET /beta/wp-content/themes/theme48838/bootstrap/css/bootstrap.css HTTP/1.1" 200 15793 "-" "Mozilla/5.0 (compatible; AhrefsBot/7.0; +http://ahrefs.com/robot/)" "tekmedicgloves.com"
51.222.253.5 - - [13/Oct/2022:14:48:41 -0700] "GET /beta/wp-content/plugins/contact-form-7/includes/css/styles.css HTTP/1.1" 200 392 "-" "Mozilla/5.0 (compatible; AhrefsBot/7.0; +http://ahrefs.com/robot/)" "tekmedicgloves.com"
51.222.253.17 - - [13/Oct/2022:14:48:41 -0700] "GET /beta/wp-content/plugins/cherry-plugin/includes/js/cherry-plugin.js HTTP/1.1" 200 438 "-" "Mozilla/5.0 (compatible; AhrefsBot/7.0; +http://ahrefs.com/robot/)" "tekmedicgloves.com"
51.222.253.4 - - [13/Oct/2022:14:48:41 -0700] "GET /beta/wp-content/themes/CherryFramework/js/jflickrfeed.js HTTP/1.1" 200 560 "-" "Mozilla/5.0 (compatible; AhrefsBot/7.0; +http://ahrefs.com/robot/)" "tekmedicgloves.com"
51.222.253.2 - - [13/Oct/2022:14:48:41 -0700] "GET /beta/wp-content/themes/CherryFramework/js/jquery.debouncedresize.js HTTP/1.1" 200 226 "-" "Mozilla/5.0 (compatible; AhrefsBot/7.0; +http://ahrefs.com/robot/)" "tekmedicgloves.com"
51.222.253.2 - - [13/Oct/2022:14:48:42 -0700] "GET /beta/wp-content/themes/theme48838/main-style.css HTTP/1.1" 200 4849 "-" "Mozilla/5.0 (compatible; AhrefsBot/7.0; +http://ahrefs.com/robot/)" "tekmedicgloves.com"
51.222.253.9 - - [13/Oct/2022:14:48:43 -0700] "GET /beta/wp-content/themes/theme48838/images/social/google.png HTTP/1.1" 200 1611 "-" "Mozilla/5.0 (compatible; AhrefsBot/7.0; +http://ahrefs.com/robot/)" "tekmedicgloves.com"
51.222.253.20 - - [13/Oct/2022:14:48:43 -0700] "GET /beta/wp-content/themes/CherryFramework/js/jquery.mobile.customized.min.js HTTP/1.1" 200 6409 "-" "Mozilla/5.0 (compatible; AhrefsBot/7.0; +http://ahrefs.com/robot/)" "tekmedicgloves.com"
51.222.253.6 - - [13/Oct/2022:14:48:44 -0700] "GET /beta/images/product/20141111050756_3734D-Tekmedic-InoSafe-A2-Poster-Outstanding-Concept.jpg HTTP/1.1" 200 1724750 "-" "Mozilla/5.0 (compatible; AhrefsBot/7.0; +http://ahrefs.com/robot/)" "tekmedicgloves.com"
51.222.253.20 - - [13/Oct/2022:14:48:45 -0700] "GET /beta/wp-content/themes/theme48838/images/social/twitter.png HTTP/1.1" 200 1861 "-" "Mozilla/5.0 (compatible; AhrefsBot/7.0; +http://ahrefs.com/robot/)" "tekmedicgloves.com"
51.222.253.19 - - [13/Oct/2022:14:48:46 -0700] "GET /beta/wp-content/themes/CherryFramework/js/jquery.jplayer.min.js HTTP/1.1" 200 11945 "-" "Mozilla/5.0 (compatible; AhrefsBot/7.0; +http://ahrefs.com/robot/)" "tekmedicgloves.com"
51.222.253.18 - - [13/Oct/2022:14:48:46 -0700] "GET /beta/wp-includes/js/swfobject.js HTTP/1.1" 404 88 "-" "Mozilla/5.0 (compatible; AhrefsBot/7.0; +http://ahrefs.com/robot/)" "tekmedicgloves.com"
185.191.171.20 - - [13/Oct/2022:14:48:46 -0700] "GET /phpMyAdmin/setup/?token=d45451144c3e2317ab816b2aaedfc813&version_check=1 HTTP/1.1" 200 12691 "-" "Mozilla/5.0 (compatible; SemrushBot/7~bl; +http://www.semrush.com/bot.html)" "www.tekmedicgloves.com"
51.222.253.12 - - [13/Oct/2022:14:48:47 -0700] "GET /beta/wp-content/plugins/cherry-plugin/lib/js/jquery.easing.1.3.js HTTP/1.1" 200 814 "-" "Mozilla/5.0 (compatible; AhrefsBot/7.0; +http://ahrefs.com/robot/)" "tekmedicgloves.com"
51.222.253.4 - - [13/Oct/2022:14:48:47 -0700] "GET /beta/wp-content/plugins/contact-form-7/includes/js/jquery.form.min.js HTTP/1.1" 200 5878 "-" "Mozilla/5.0 (compatible; AhrefsBot/7.0; +http://ahrefs.com/robot/)" "tekmedicgloves.com"
51.222.253.1 - - [13/Oct/2022:14:48:47 -0700] "GET /beta/wp-content/themes/CherryFramework/js/camera.min.js HTTP/1.1" 200 8551 "-" "Mozilla/5.0 (compatible; AhrefsBot/7.0; +http://ahrefs.com/robot/)" "tekmedicgloves.com"
51.222.253.13 - - [13/Oct/2022:14:48:48 -0700] "GET /beta/wp-content/themes/CherryFramework/css/magnific-popup.css HTTP/1.1" 200 2166 "-" "Mozilla/5.0 (compatible; AhrefsBot/7.0; +http://ahrefs.com/robot/)" "tekmedicgloves.com"
51.222.253.3 - - [13/Oct/2022:14:48:48 -0700] "GET /beta/wp-content/plugins/cherry-plugin/lib/js/elasti-carousel/jquery.elastislide.js HTTP/1.1" 200 1963 "-" "Mozilla/5.0 (compatible; AhrefsBot/7.0; +http://ahrefs.com/robot/)" "tekmedicgloves.com"
51.222.253.1 - - [13/Oct/2022:14:48:48 -0700] "GET /beta/wp-content/plugins/cherry-plugin/lib/js/owl-carousel/owl.theme.css HTTP/1.1" 200 606 "-" "Mozilla/5.0 (compatible; AhrefsBot/7.0; +http://ahrefs.com/robot/)" "tekmedicgloves.com"
51.222.253.13 - - [13/Oct/2022:14:48:48 -0700] "GET /beta/wp-content/themes/CherryFramework/js/jquery.ba-resize.min.js HTTP/1.1" 200 616 "-" "Mozilla/5.0 (compatible; AhrefsBot/7.0; +http://ahrefs.com/robot/)" "tekmedicgloves.com"
51.222.253.9 - - [13/Oct/2022:14:48:49 -0700] "GET /beta/wp-includes/js/comment-reply.min.js HTTP/1.1" 404 88 "-" "Mozilla/5.0 (compatible; AhrefsBot/7.0; +http://ahrefs.com/robot/)" "tekmedicgloves.com"
51.222.253.7 - - [13/Oct/2022:14:48:49 -0700] "GET /beta/wp-content/themes/CherryFramework/css/camera.css HTTP/1.1" 200 3117 "-" "Mozilla/5.0 (compatible; AhrefsBot/7.0; +http://ahrefs.com/robot/)" "tekmedicgloves.com"
51.222.253.5 - - [13/Oct/2022:14:48:49 -0700] "GET /beta/wp-content/plugins/contact-form-7/includes/js/scripts.js HTTP/1.1" 200 1850 "-" "Mozilla/5.0 (compatible; AhrefsBot/7.0; +http://ahrefs.com/robot/)" "tekmedicgloves.com"
51.222.253.19 - - [13/Oct/2022:14:48:49 -0700] "GET /beta/wp-content/themes/CherryFramework/js/jquery.isotope.js HTTP/1.1" 200 4845 "-" "Mozilla/5.0 (compatible; AhrefsBot/7.0; +http://ahrefs.com/robot/)" "tekmedicgloves.com"
51.222.253.20 - - [13/Oct/2022:14:48:50 -0700] "GET /beta/wp-content/themes/CherryFramework/js/custom.js HTTP/1.1" 200 2131 "-" "Mozilla/5.0 (compatible; AhrefsBot/7.0; +http://ahrefs.com/robot/)" "tekmedicgloves.com"
51.222.253.14 - - [13/Oct/2022:14:48:50 -0700] "GET /beta/wp-content/themes/CherryFramework/bootstrap/js/bootstrap.min.js HTTP/1.1" 200 7654 "-" "Mozilla/5.0 (compatible; AhrefsBot/7.0; +http://ahrefs.com/robot/)" "tekmedicgloves.com"
51.222.253.3 - - [13/Oct/2022:14:48:50 -0700] "GET /beta/wp-content/themes/CherryFramework/js/modernizr.js HTTP/1.1" 200 5141 "-" "Mozilla/5.0 (compatible; AhrefsBot/7.0; +http://ahrefs.com/robot/)" "tekmedicgloves.com"
51.222.253.8 - - [13/Oct/2022:14:48:50 -0700] "GET /beta/wp-content/plugins/cherry-plugin/lib/js/owl-carousel/owl.carousel.css HTTP/1.1" 200 1119 "-" "Mozilla/5.0 (compatible; AhrefsBot/7.0; +http://ahrefs.com/robot/)" "tekmedicgloves.com"
51.222.253.13 - - [13/Oct/2022:14:48:51 -0700] "GET /beta/wp-content/themes/CherryFramework/js/jplayer.playlist.min.js HTTP/1.1" 200 2404 "-" "Mozilla/5.0 (compatible; AhrefsBot/7.0; +http://ahrefs.com/robot/)" "tekmedicgloves.com"
51.222.253.9 - - [13/Oct/2022:14:48:51 -0700] "GET /beta/wp-content/themes/CherryFramework/js/jquery.magnific-popup.min.js HTTP/1.1" 200 7493 "-" "Mozilla/5.0 (compatible; AhrefsBot/7.0; +http://ahrefs.com/robot/)" "tekmedicgloves.com"
185.191.171.33 - - [13/Oct/2022:14:48:53 -0700] "GET /phpMyAdmin/setup/?token=0242880be5853bbad5f96a1acc81f7c2&version_check=1 HTTP/1.1" 200 12691 "-" "Mozilla/5.0 (compatible; SemrushBot/7~bl; +http://www.semrush.com/bot.html)" "www.tekmedicgloves.com"
185.191.171.25 - - [13/Oct/2022:14:49:02 -0700] "GET /phpMyAdmin/setup/?token=0098bd2d8e0243d91819260fcfc41cdb&version_check=1 HTTP/1.1" 200 12687 "-" "Mozilla/5.0 (compatible; SemrushBot/7~bl; +http://www.semrush.com/bot.html)" "tekmedicgloves.com"
185.191.171.17 - - [13/Oct/2022:14:49:04 -0700] "GET /phpMyAdmin/setup/?token=dcda3a4046c2722cf18f768bea9f6090&version_check=1 HTTP/1.1" 200 12691 "-" "Mozilla/5.0 (compatible; SemrushBot/7~bl; +http://www.semrush.com/bot.html)" "www.tekmedicgloves.com"
185.191.171.33 - - [13/Oct/2022:14:49:27 -0700] "GET /phpMyAdmin/setup/?token=dd1907ba842f4e337b87a64af31e6f3f&version_check=1 HTTP/1.1" 200 12691 "-" "Mozilla/5.0 (compatible; SemrushBot/7~bl; +http://www.semrush.com/bot.html)" "www.tekmedicgloves.com"
185.191.171.33 - - [13/Oct/2022:14:49:37 -0700] "GET /phpMyAdmin/setup/?token=c68fd303fbcbde00df71b8d5260a0e32&version_check=1 HTTP/1.1" 200 12691 "-" "Mozilla/5.0 (compatible; SemrushBot/7~bl; +http://www.semrush.com/bot.html)" "www.tekmedicgloves.com"
185.191.171.3 - - [13/Oct/2022:14:49:38 -0700] "GET /robots.txt HTTP/1.1" 404 88 "-" "Mozilla/5.0 (compatible; SemrushBot/7~bl; +http://www.semrush.com/bot.html)" "www.tekmedicgloves.com"
185.191.171.11 - - [13/Oct/2022:14:49:39 -0700] "GET /phpMyAdmin/setup/?token=f272f42420989015da04c10bf3fcabb9&version_check=1 HTTP/1.1" 200 12691 "-" "Mozilla/5.0 (compatible; SemrushBot/7~bl; +http://www.semrush.com/bot.html)" "www.tekmedicgloves.com"
185.191.171.9 - - [13/Oct/2022:14:49:40 -0700] "GET /phpMyAdmin/setup/?token=ee192351e670491c4c9e868ae763b97f&version_check=1 HTTP/1.1" 200 12691 "-" "Mozilla/5.0 (compatible; SemrushBot/7~bl; +http://www.semrush.com/bot.html)" "www.tekmedicgloves.com"
185.191.171.25 - - [13/Oct/2022:14:49:56 -0700] "GET /phpMyAdmin/setup/?token=e0ea7873d8adffe8a9a52dbb74600af6&version_check=1 HTTP/1.1" 200 12687 "-" "Mozilla/5.0 (compatible; SemrushBot/7~bl; +http://www.semrush.com/bot.html)" "tekmedicgloves.com"
185.191.171.8 - - [13/Oct/2022:14:50:02 -0700] "GET /phpMyAdmin/setup/?token=f175409b9758c4ae375a8065dff02589&version_check=1 HTTP/1.1" 200 12691 "-" "Mozilla/5.0 (compatible; SemrushBot/7~bl; +http://www.semrush.com/bot.html)" "www.tekmedicgloves.com"
185.191.171.9 - - [13/Oct/2022:14:50:08 -0700] "GET /phpMyAdmin/setup/?token=dda5704ef1d390c54917eca647008e50&version_check=1 HTTP/1.1" 200 12687 "-" "Mozilla/5.0 (compatible; SemrushBot/7~bl; +http://www.semrush.com/bot.html)" "tekmedicgloves.com"
185.191.171.24 - - [13/Oct/2022:14:50:43 -0700] "GET /phpMyAdmin/setup/?token=018d4115dff7e7ffd4d79c052d50838a&version_check=1 HTTP/1.1" 200 12691 "-" "Mozilla/5.0 (compatible; SemrushBot/7~bl; +http://www.semrush.com/bot.html)" "www.tekmedicgloves.com"
185.191.171.40 - - [13/Oct/2022:14:50:47 -0700] "GET /phpMyAdmin/setup/?token=121642c0e6489b98848851a24103356a&version_check=1 HTTP/1.1" 200 12687 "-" "Mozilla/5.0 (compatible; SemrushBot/7~bl; +http://www.semrush.com/bot.html)" "tekmedicgloves.com"
185.191.171.2 - - [13/Oct/2022:14:51:06 -0700] "GET /phpMyAdmin/setup/?token=e2190855074f9cb3b30df826420ca4af&version_check=1 HTTP/1.1" 200 12687 "-" "Mozilla/5.0 (compatible; SemrushBot/7~bl; +http://www.semrush.com/bot.html)" "tekmedicgloves.com"
185.191.171.10 - - [13/Oct/2022:14:51:10 -0700] "GET /phpMyAdmin/setup/?token=cd842a506b083227c55dd08056eabee5&version_check=1 HTTP/1.1" 200 12691 "-" "Mozilla/5.0 (compatible; SemrushBot/7~bl; +http://www.semrush.com/bot.html)" "www.tekmedicgloves.com"
185.191.171.44 - - [13/Oct/2022:14:51:15 -0700] "GET /phpMyAdmin/setup/?token=e31786ac16598e76b1de0f6afb271cf5&version_check=1 HTTP/1.1" 200 12687 "-" "Mozilla/5.0 (compatible; SemrushBot/7~bl; +http://www.semrush.com/bot.html)" "tekmedicgloves.com"
185.191.171.14 - - [13/Oct/2022:14:51:19 -0700] "GET /phpMyAdmin/setup/?token=04c789607025b963ddf66a7c0754b921&version_check=1 HTTP/1.1" 200 12687 "-" "Mozilla/5.0 (compatible; SemrushBot/7~bl; +http://www.semrush.com/bot.html)" "tekmedicgloves.com"
185.191.171.43 - - [13/Oct/2022:14:51:27 -0700] "GET /phpMyAdmin/setup/?token=eab5c4f0e2ec693a282482bef07979be&version_check=1 HTTP/1.1" 200 12687 "-" "Mozilla/5.0 (compatible; SemrushBot/7~bl; +http://www.semrush.com/bot.html)" "tekmedicgloves.com"
185.191.171.2 - - [13/Oct/2022:14:51:35 -0700] "GET /phpMyAdmin/setup/?token=feb182d27e4641e16c2077844fdb719b&version_check=1 HTTP/1.1" 200 12687 "-" "Mozilla/5.0 (compatible; SemrushBot/7~bl; +http://www.semrush.com/bot.html)" "tekmedicgloves.com"
185.191.171.9 - - [13/Oct/2022:14:51:42 -0700] "GET /phpMyAdmin/setup/?token=e7b6393a6b1de7baf01a184ea6852eae&version_check=1 HTTP/1.1" 200 12687 "-" "Mozilla/5.0 (compatible; SemrushBot/7~bl; +http://www.semrush.com/bot.html)" "tekmedicgloves.com"
185.191.171.2 - - [13/Oct/2022:14:51:44 -0700] "GET /phpMyAdmin/setup/?token=01752d28d517c283619e1d851ad57eab&version_check=1 HTTP/1.1" 200 12691 "-" "Mozilla/5.0 (compatible; SemrushBot/7~bl; +http://www.semrush.com/bot.html)" "www.tekmedicgloves.com"
185.191.171.10 - - [13/Oct/2022:14:51:52 -0700] "GET /phpMyAdmin/setup/?token=ba86f2f6876cbb895225de187e6bb9f6&version_check=1 HTTP/1.1" 200 12691 "-" "Mozilla/5.0 (compatible; SemrushBot/7~bl; +http://www.semrush.com/bot.html)" "www.tekmedicgloves.com"
185.191.171.24 - - [13/Oct/2022:14:52:05 -0700] "GET /phpMyAdmin/setup/?token=b69845813614270039ed414e1b171231&version_check=1 HTTP/1.1" 200 12691 "-" "Mozilla/5.0 (compatible; SemrushBot/7~bl; +http://www.semrush.com/bot.html)" "www.tekmedicgloves.com"
185.191.171.12 - - [13/Oct/2022:14:52:19 -0700] "GET /phpMyAdmin/setup/?token=fd74a527aab7828b4fcffcb4a56b75b3&version_check=1 HTTP/1.1" 200 12691 "-" "Mozilla/5.0 (compatible; SemrushBot/7~bl; +http://www.semrush.com/bot.html)" "www.tekmedicgloves.com"
185.191.171.2 - - [13/Oct/2022:14:52:27 -0700] "GET /phpMyAdmin/setup/?token=f57e23b27809a0fd631d8d738a736440&version_check=1 HTTP/1.1" 200 12687 "-" "Mozilla/5.0 (compatible; SemrushBot/7~bl; +http://www.semrush.com/bot.html)" "tekmedicgloves.com"
185.191.171.44 - - [13/Oct/2022:14:52:32 -0700] "GET /phpMyAdmin/setup/?token=e659af3d81db0faa6fee6649610e5f13&version_check=1 HTTP/1.1" 200 12687 "-" "Mozilla/5.0 (compatible; SemrushBot/7~bl; +http://www.semrush.com/bot.html)" "tekmedicgloves.com"
51.222.253.3 - - [13/Oct/2022:14:52:38 -0700] "GET /beta/products.php?cat=21&subcat=47&id=13 HTTP/1.1" 200 54025 "-" "Mozilla/5.0 (compatible; AhrefsBot/7.0; +http://ahrefs.com/robot/)" "tekmedicgloves.com"
185.191.171.19 - - [13/Oct/2022:14:52:46 -0700] "GET /phpMyAdmin/setup/?token=f376678ac3bab9e4f10fc4667f395ba8&version_check=1 HTTP/1.1" 200 12691 "-" "Mozilla/5.0 (compatible; SemrushBot/7~bl; +http://www.semrush.com/bot.html)" "www.tekmedicgloves.com"
185.191.171.24 - - [13/Oct/2022:14:52:55 -0700] "GET /phpMyAdmin/setup/?token=f2bdf954a7fc3fcd8af99cc42e9d5334&version_check=1 HTTP/1.1" 200 12691 "-" "Mozilla/5.0 (compatible; SemrushBot/7~bl; +http://www.semrush.com/bot.html)" "www.tekmedicgloves.com"
185.191.171.10 - - [13/Oct/2022:14:53:55 -0700] "GET /phpMyAdmin/setup/?token=d4183551de029e1a6e7dbed8f0b6349d&version_check=1 HTTP/1.1" 200 12691 "-" "Mozilla/5.0 (compatible; SemrushBot/7~bl; +http://www.semrush.com/bot.html)" "www.tekmedicgloves.com"
185.191.171.34 - - [13/Oct/2022:14:53:56 -0700] "GET /phpMyAdmin/setup/?token=1161b8fc2c43c026d28d9626cc5cf6f8&version_check=1 HTTP/1.1" 200 12687 "-" "Mozilla/5.0 (compatible; SemrushBot/7~bl; +http://www.semrush.com/bot.html)" "tekmedicgloves.com"
185.191.171.39 - - [13/Oct/2022:14:54:25 -0700] "GET /phpMyAdmin/setup/?token=f14d69ebf3b0ddce45d50dffbcd99f65&version_check=1 HTTP/1.1" 200 12687 "-" "Mozilla/5.0 (compatible; SemrushBot/7~bl; +http://www.semrush.com/bot.html)" "tekmedicgloves.com"
185.191.171.44 - - [13/Oct/2022:14:54:26 -0700] "GET /phpMyAdmin/setup/?token=109cd9619bbb040638ad365252fd3df2&version_check=1 HTTP/1.1" 200 12687 "-" "Mozilla/5.0 (compatible; SemrushBot/7~bl; +http://www.semrush.com/bot.html)" "tekmedicgloves.com"
185.191.171.3 - - [13/Oct/2022:14:54:28 -0700] "GET /phpMyAdmin/setup/?token=d55070a0f9fc2cc4dc9790322a3a0cd5&version_check=1 HTTP/1.1" 200 12691 "-" "Mozilla/5.0 (compatible; SemrushBot/7~bl; +http://www.semrush.com/bot.html)" "www.tekmedicgloves.com"
185.191.171.3 - - [13/Oct/2022:14:54:29 -0700] "GET /phpMyAdmin/setup/?token=ecf96ad23e735151cfa5567f02134da7&version_check=1 HTTP/1.1" 200 12691 "-" "Mozilla/5.0 (compatible; SemrushBot/7~bl; +http://www.semrush.com/bot.html)" "www.tekmedicgloves.com"
185.191.171.26 - - [13/Oct/2022:14:54:42 -0700] "GET /phpMyAdmin/setup/?token=fe7819fe0ae6663e4c17d3d95e5354e1&version_check=1 HTTP/1.1" 200 12687 "-" "Mozilla/5.0 (compatible; SemrushBot/7~bl; +http://www.semrush.com/bot.html)" "tekmedicgloves.com"
185.191.171.23 - - [13/Oct/2022:14:54:59 -0700] "GET /phpMyAdmin/setup/?token=ddf10e3c4eac5e71998d081aefc8b10e&version_check=1 HTTP/1.1" 200 12687 "-" "Mozilla/5.0 (compatible; SemrushBot/7~bl; +http://www.semrush.com/bot.html)" "tekmedicgloves.com"
185.191.171.38 - - [13/Oct/2022:14:55:14 -0700] "GET /phpMyAdmin/setup/?token=e93f2ef1ece0a7903d3d8f8ae66ba8a3&version_check=1 HTTP/1.1" 200 12687 "-" "Mozilla/5.0 (compatible; SemrushBot/7~bl; +http://www.semrush.com/bot.html)" "tekmedicgloves.com"
185.191.171.19 - - [13/Oct/2022:14:55:30 -0700] "GET /phpMyAdmin/setup/?token=ee6b6fb0b56688a2f42747fc405dbbef&version_check=1 HTTP/1.1" 200 12691 "-" "Mozilla/5.0 (compatible; SemrushBot/7~bl; +http://www.semrush.com/bot.html)" "www.tekmedicgloves.com"
185.191.171.1 - - [13/Oct/2022:14:55:33 -0700] "GET /phpMyAdmin/setup/?token=f062621fd7ccc80003e33ec43ab2c675&version_check=1 HTTP/1.1" 200 12691 "-" "Mozilla/5.0 (compatible; SemrushBot/7~bl; +http://www.semrush.com/bot.html)" "www.tekmedicgloves.com"
185.191.171.35 - - [13/Oct/2022:14:55:37 -0700] "GET /phpMyAdmin/setup/?token=f348816d7da2a6b15240b80d05d904c6&version_check=1 HTTP/1.1" 200 12691 "-" "Mozilla/5.0 (compatible; SemrushBot/7~bl; +http://www.semrush.com/bot.html)" "www.tekmedicgloves.com"
185.191.171.23 - - [13/Oct/2022:14:55:42 -0700] "GET /phpMyAdmin/setup/?token=e60ae0d1e24f1b7ed16e0d07f386b8be&version_check=1 HTTP/1.1" 200 12687 "-" "Mozilla/5.0 (compatible; SemrushBot/7~bl; +http://www.semrush.com/bot.html)" "tekmedicgloves.com"
185.191.171.6 - - [13/Oct/2022:14:56:00 -0700] "GET /phpMyAdmin/setup/?token=0dea8cdc6621acb3e84380008c0361df&version_check=1 HTTP/1.1" 200 12687 "-" "Mozilla/5.0 (compatible; SemrushBot/7~bl; +http://www.semrush.com/bot.html)" "tekmedicgloves.com"
185.191.171.33 - - [13/Oct/2022:14:56:02 -0700] "GET /phpMyAdmin/setup/?token=056cb52fbd72c86231790a6cf6a4591c&version_check=1 HTTP/1.1" 200 12691 "-" "Mozilla/5.0 (compatible; SemrushBot/7~bl; +http://www.semrush.com/bot.html)" "www.tekmedicgloves.com"
185.191.171.10 - - [13/Oct/2022:14:56:09 -0700] "GET /phpMyAdmin/setup/?token=f97003d7cb98f73f3bce3aa737652c3f&version_check=1 HTTP/1.1" 200 12691 "-" "Mozilla/5.0 (compatible; SemrushBot/7~bl; +http://www.semrush.com/bot.html)" "www.tekmedicgloves.com"
185.191.171.5 - - [13/Oct/2022:14:56:27 -0700] "GET /phpMyAdmin/setup/?token=f67f86aaa8d95109aac6b0b8bd942801&version_check=1 HTTP/1.1" 200 12687 "-" "Mozilla/5.0 (compatible; SemrushBot/7~bl; +http://www.semrush.com/bot.html)" "tekmedicgloves.com"
185.191.171.25 - - [13/Oct/2022:14:56:31 -0700] "GET /phpMyAdmin/setup/?token=068236f8e1d84ebb96aaeb722594e3c3&version_check=1 HTTP/1.1" 200 12691 "-" "Mozilla/5.0 (compatible; SemrushBot/7~bl; +http://www.semrush.com/bot.html)" "www.tekmedicgloves.com"
185.191.171.5 - - [13/Oct/2022:14:56:39 -0700] "GET /phpMyAdmin/setup/?token=c380f504bbe0d8db840cbc1db1f37e85&version_check=1 HTTP/1.1" 200 12691 "-" "Mozilla/5.0 (compatible; SemrushBot/7~bl; +http://www.semrush.com/bot.html)" "www.tekmedicgloves.com"
51.222.253.20 - - [13/Oct/2022:14:56:40 -0700] "GET /beta/products.php?cat=22&subcat=37 HTTP/1.1" 200 35691 "-" "Mozilla/5.0 (compatible; AhrefsBot/7.0; +http://ahrefs.com/robot/)" "tekmedicgloves.com"
185.191.171.19 - - [13/Oct/2022:14:56:40 -0700] "GET /phpMyAdmin/setup/?token=15720cd6514dc5a9ba92630a6367bb75&version_check=1 HTTP/1.1" 200 12687 "-" "Mozilla/5.0 (compatible; SemrushBot/7~bl; +http://www.semrush.com/bot.html)" "tekmedicgloves.com"
185.191.171.17 - - [13/Oct/2022:14:56:47 -0700] "GET /phpMyAdmin/setup/?token=0629a1f91f3482edaa00b34284e6e14e&version_check=1 HTTP/1.1" 200 12691 "-" "Mozilla/5.0 (compatible; SemrushBot/7~bl; +http://www.semrush.com/bot.html)" "www.tekmedicgloves.com"
185.191.171.10 - - [13/Oct/2022:14:56:49 -0700] "GET /phpMyAdmin/setup/?token=c9dcd163487501a99a0e92cbf52a2462&version_check=1 HTTP/1.1" 200 12691 "-" "Mozilla/5.0 (compatible; SemrushBot/7~bl; +http://www.semrush.com/bot.html)" "www.tekmedicgloves.com"
185.191.171.12 - - [13/Oct/2022:14:56:51 -0700] "GET /phpMyAdmin/setup/?token=de5e6e91770b99582b19493585166573&version_check=1 HTTP/1.1" 200 12687 "-" "Mozilla/5.0 (compatible; SemrushBot/7~bl; +http://www.semrush.com/bot.html)" "tekmedicgloves.com"
185.191.171.24 - - [13/Oct/2022:14:57:05 -0700] "GET /phpMyAdmin/setup/?token=01851fce584dff9d668935311c463984&version_check=1 HTTP/1.1" 200 12691 "-" "Mozilla/5.0 (compatible; SemrushBot/7~bl; +http://www.semrush.com/bot.html)" "www.tekmedicgloves.com"
185.191.171.2 - - [13/Oct/2022:14:57:12 -0700] "GET /phpMyAdmin/setup/?token=df6f7feb32d58029d2cade9fd23c950b&version_check=1 HTTP/1.1" 200 12687 "-" "Mozilla/5.0 (compatible; SemrushBot/7~bl; +http://www.semrush.com/bot.html)" "tekmedicgloves.com"
185.191.171.24 - - [13/Oct/2022:14:57:51 -0700] "GET /phpMyAdmin/setup/?token=0aaeca0611c04f9a3bda707b7b8ecd4a&version_check=1 HTTP/1.1" 200 12691 "-" "Mozilla/5.0 (compatible; SemrushBot/7~bl; +http://www.semrush.com/bot.html)" "www.tekmedicgloves.com"
185.191.171.35 - - [13/Oct/2022:14:58:06 -0700] "GET /phpMyAdmin/setup/?token=eac72b4c664449da1ad844e16ccc100f&version_check=1 HTTP/1.1" 200 12687 "-" "Mozilla/5.0 (compatible; SemrushBot/7~bl; +http://www.semrush.com/bot.html)" "tekmedicgloves.com"
185.191.171.22 - - [13/Oct/2022:14:58:19 -0700] "GET /phpMyAdmin/setup/?token=f0cc9c818dc9bc4f41b42c6eec4c23d6&version_check=1 HTTP/1.1" 200 12691 "-" "Mozilla/5.0 (compatible; SemrushBot/7~bl; +http://www.semrush.com/bot.html)" "www.tekmedicgloves.com"
185.191.171.20 - - [13/Oct/2022:14:58:48 -0700] "GET /phpMyAdmin/setup/?token=deb5606acf078811e2d36cfc8c81159f&version_check=1 HTTP/1.1" 200 12687 "-" "Mozilla/5.0 (compatible; SemrushBot/7~bl; +http://www.semrush.com/bot.html)" "tekmedicgloves.com"
185.191.171.24 - - [13/Oct/2022:14:58:57 -0700] "GET /phpMyAdmin/setup/?token=0d60afb34611777e1fc4e67eb033ea1c&version_check=1 HTTP/1.1" 200 12691 "-" "Mozilla/5.0 (compatible; SemrushBot/7~bl; +http://www.semrush.com/bot.html)" "www.tekmedicgloves.com"
185.191.171.8 - - [13/Oct/2022:14:59:01 -0700] "GET /phpMyAdmin/setup/?token=c1af48973accba809b16faca5f26f315&version_check=1 HTTP/1.1" 200 12691 "-" "Mozilla/5.0 (compatible; SemrushBot/7~bl; +http://www.semrush.com/bot.html)" "www.tekmedicgloves.com"
185.191.171.26 - - [13/Oct/2022:14:59:06 -0700] "GET /phpMyAdmin/setup/?token=03acc22354d9e9433941b256fe428566&version_check=1 HTTP/1.1" 200 12687 "-" "Mozilla/5.0 (compatible; SemrushBot/7~bl; +http://www.semrush.com/bot.html)" "tekmedicgloves.com"
185.191.171.4 - - [13/Oct/2022:14:59:10 -0700] "GET /phpMyAdmin/setup/?token=08f5681c2300d1ab48ef65a153067131&version_check=1 HTTP/1.1" 200 12687 "-" "Mozilla/5.0 (compatible; SemrushBot/7~bl; +http://www.semrush.com/bot.html)" "tekmedicgloves.com"
185.191.171.40 - - [13/Oct/2022:14:59:17 -0700] "GET /phpMyAdmin/setup/?token=f37e208b51e791f65460dee5d675bc23&version_check=1 HTTP/1.1" 200 12691 "-" "Mozilla/5.0 (compatible; SemrushBot/7~bl; +http://www.semrush.com/bot.html)" "www.tekmedicgloves.com"
185.191.171.16 - - [13/Oct/2022:14:59:40 -0700] "GET /phpMyAdmin/setup/?token=0f6c48aea82de16fd4a8ea9977234c78&version_check=1 HTTP/1.1" 200 12691 "-" "Mozilla/5.0 (compatible; SemrushBot/7~bl; +http://www.semrush.com/bot.html)" "www.tekmedicgloves.com"
185.191.171.7 - - [13/Oct/2022:14:59:42 -0700] "GET /phpMyAdmin/setup/?token=e07d8a2a7227a5ec83a35d5e97a325fb&version_check=1 HTTP/1.1" 200 12687 "-" "Mozilla/5.0 (compatible; SemrushBot/7~bl; +http://www.semrush.com/bot.html)" "tekmedicgloves.com"
185.191.171.26 - - [13/Oct/2022:14:59:44 -0700] "GET /phpMyAdmin/setup/?token=e718f5a37819c88d848f7194f53292fb&version_check=1 HTTP/1.1" 200 12687 "-" "Mozilla/5.0 (compatible; SemrushBot/7~bl; +http://www.semrush.com/bot.html)" "tekmedicgloves.com"
185.191.171.6 - - [13/Oct/2022:14:59:48 -0700] "GET /phpMyAdmin/setup/?token=124ba150f9612d886fa0bd612a3b7095&version_check=1 HTTP/1.1" 200 12687 "-" "Mozilla/5.0 (compatible; SemrushBot/7~bl; +http://www.semrush.com/bot.html)" "tekmedicgloves.com"
185.191.171.5 - - [13/Oct/2022:14:59:53 -0700] "GET /phpMyAdmin/setup/?token=e684ece4601592ab20f9c8b65ff0f7ba&version_check=1 HTTP/1.1" 200 12687 "-" "Mozilla/5.0 (compatible; SemrushBot/7~bl; +http://www.semrush.com/bot.html)" "tekmedicgloves.com"
185.191.171.10 - - [13/Oct/2022:15:00:04 -0700] "GET /phpMyAdmin/setup/?token=ef07d679e41c27cc350f880fe2dca689&version_check=1 HTTP/1.1" 200 12687 "-" "Mozilla/5.0 (compatible; SemrushBot/7~bl; +http://www.semrush.com/bot.html)" "tekmedicgloves.com"
185.191.171.33 - - [13/Oct/2022:15:00:43 -0700] "GET /phpMyAdmin/setup/?token=d79b07e76346c4be3f3944307713870f&version_check=1 HTTP/1.1" 200 12691 "-" "Mozilla/5.0 (compatible; SemrushBot/7~bl; +http://www.semrush.com/bot.html)" "www.tekmedicgloves.com"
185.191.171.24 - - [13/Oct/2022:15:00:48 -0700] "GET /phpMyAdmin/setup/?token=bab72184f8e5c91315b890209cfc98fd&version_check=1 HTTP/1.1" 200 12691 "-" "Mozilla/5.0 (compatible; SemrushBot/7~bl; +http://www.semrush.com/bot.html)" "www.tekmedicgloves.com"
51.222.253.9 - - [13/Oct/2022:15:00:50 -0700] "GET /beta/products.php?cat=22&subcat=30 HTTP/1.1" 200 35539 "-" "Mozilla/5.0 (compatible; AhrefsBot/7.0; +http://ahrefs.com/robot/)" "tekmedicgloves.com"
185.191.171.17 - - [13/Oct/2022:15:00:59 -0700] "GET /phpMyAdmin/setup/?token=0f7b640dba4e5551be85d54489e8b575&version_check=1 HTTP/1.1" 200 12691 "-" "Mozilla/5.0 (compatible; SemrushBot/7~bl; +http://www.semrush.com/bot.html)" "www.tekmedicgloves.com"
185.191.171.19 - - [13/Oct/2022:15:01:10 -0700] "GET /phpMyAdmin/setup/?token=f21f5758101a9d526ab377ae4ea90923&version_check=1 HTTP/1.1" 200 12691 "-" "Mozilla/5.0 (compatible; SemrushBot/7~bl; +http://www.semrush.com/bot.html)" "www.tekmedicgloves.com"
185.191.171.2 - - [13/Oct/2022:15:01:23 -0700] "GET /phpMyAdmin/setup/?token=06181e7e4a812b037ad13074cad679c3&version_check=1 HTTP/1.1" 200 12691 "-" "Mozilla/5.0 (compatible; SemrushBot/7~bl; +http://www.semrush.com/bot.html)" "www.tekmedicgloves.com"
185.191.171.38 - - [13/Oct/2022:15:01:33 -0700] "GET /phpMyAdmin/setup/?token=bbe30d16dcdcdcd8ce41c6789691301f&version_check=1 HTTP/1.1" 200 12691 "-" "Mozilla/5.0 (compatible; SemrushBot/7~bl; +http://www.semrush.com/bot.html)" "www.tekmedicgloves.com"
185.191.171.33 - - [13/Oct/2022:15:01:40 -0700] "GET /phpMyAdmin/setup/?token=e01d96004b381c51c83ecc21948453eb&version_check=1 HTTP/1.1" 200 12687 "-" "Mozilla/5.0 (compatible; SemrushBot/7~bl; +http://www.semrush.com/bot.html)" "tekmedicgloves.com"
185.191.171.10 - - [13/Oct/2022:15:01:55 -0700] "GET /phpMyAdmin/setup/?token=fc9def3a01c3247a8a98a60e101199ab&version_check=1 HTTP/1.1" 200 12691 "-" "Mozilla/5.0 (compatible; SemrushBot/7~bl; +http://www.semrush.com/bot.html)" "www.tekmedicgloves.com"
185.191.171.16 - - [13/Oct/2022:15:02:19 -0700] "GET /phpMyAdmin/setup/?token=10029fc8bf87d0e3ad8f448067b0ad8d&version_check=1 HTTP/1.1" 200 12687 "-" "Mozilla/5.0 (compatible; SemrushBot/7~bl; +http://www.semrush.com/bot.html)" "tekmedicgloves.com"
185.191.171.35 - - [13/Oct/2022:15:02:23 -0700] "GET /phpMyAdmin/setup/?token=ef04bcb0c5a1a6ef47642fe0f4f20f08&version_check=1 HTTP/1.1" 200 12687 "-" "Mozilla/5.0 (compatible; SemrushBot/7~bl; +http://www.semrush.com/bot.html)" "tekmedicgloves.com"
185.191.171.4 - - [13/Oct/2022:15:02:31 -0700] "GET /phpMyAdmin/setup/?token=f0459c22a353161459620b31dcdf9525&version_check=1 HTTP/1.1" 200 12691 "-" "Mozilla/5.0 (compatible; SemrushBot/7~bl; +http://www.semrush.com/bot.html)" "www.tekmedicgloves.com"
185.191.171.19 - - [13/Oct/2022:15:02:53 -0700] "GET /phpMyAdmin/setup/?token=03c89b49159068afc136415704fa94e4&version_check=1 HTTP/1.1" 200 12691 "-" "Mozilla/5.0 (compatible; SemrushBot/7~bl; +http://www.semrush.com/bot.html)" "www.tekmedicgloves.com"
185.191.171.18 - - [13/Oct/2022:15:02:58 -0700] "GET /phpMyAdmin/setup/?token=de4e655c8c5a5555102142c7e8f36caf&version_check=1 HTTP/1.1" 200 12687 "-" "Mozilla/5.0 (compatible; SemrushBot/7~bl; +http://www.semrush.com/bot.html)" "tekmedicgloves.com"
185.191.171.39 - - [13/Oct/2022:15:03:13 -0700] "GET /robots.txt HTTP/1.1" 404 88 "-" "Mozilla/5.0 (compatible; SemrushBot/7~bl; +http://www.semrush.com/bot.html)" "tekmedicgloves.com"
185.191.171.5 - - [13/Oct/2022:15:03:13 -0700] "GET /phpMyAdmin/setup/?token=0f86bed2391a105ab44792bfbf18b3b3&version_check=1 HTTP/1.1" 200 12687 "-" "Mozilla/5.0 (compatible; SemrushBot/7~bl; +http://www.semrush.com/bot.html)" "tekmedicgloves.com"
185.191.171.23 - - [13/Oct/2022:15:03:21 -0700] "GET /phpMyAdmin/setup/?token=faf4ea2a5adbed9a8d58526f0b14e71a&version_check=1 HTTP/1.1" 200 12691 "-" "Mozilla/5.0 (compatible; SemrushBot/7~bl; +http://www.semrush.com/bot.html)" "www.tekmedicgloves.com"
185.191.171.38 - - [13/Oct/2022:15:03:32 -0700] "GET /phpMyAdmin/setup/?token=051ae8a27c65c8b7dcf134bee09b8bc1&version_check=1 HTTP/1.1" 200 12691 "-" "Mozilla/5.0 (compatible; SemrushBot/7~bl; +http://www.semrush.com/bot.html)" "www.tekmedicgloves.com"
185.191.171.26 - - [13/Oct/2022:15:03:38 -0700] "GET /phpMyAdmin/setup/?token=108b296e4d845a50f945714883c0a4d9&version_check=1 HTTP/1.1" 200 12691 "-" "Mozilla/5.0 (compatible; SemrushBot/7~bl; +http://www.semrush.com/bot.html)" "www.tekmedicgloves.com"
185.191.171.8 - - [13/Oct/2022:15:03:40 -0700] "GET /phpMyAdmin/setup/?token=0731f857cd171ab432fa75a95261e1ff&version_check=1 HTTP/1.1" 200 12691 "-" "Mozilla/5.0 (compatible; SemrushBot/7~bl; +http://www.semrush.com/bot.html)" "www.tekmedicgloves.com"
185.191.171.10 - - [13/Oct/2022:15:03:43 -0700] "GET /phpMyAdmin/setup/?token=f5162e9cfa16efb79db2b59a064058eb&version_check=1 HTTP/1.1" 200 12687 "-" "Mozilla/5.0 (compatible; SemrushBot/7~bl; +http://www.semrush.com/bot.html)" "tekmedicgloves.com"
185.191.171.8 - - [13/Oct/2022:15:03:45 -0700] "GET /phpMyAdmin/setup/?token=eb6f68cfd72a14d72425dcdcd9b2e634&version_check=1 HTTP/1.1" 200 12691 "-" "Mozilla/5.0 (compatible; SemrushBot/7~bl; +http://www.semrush.com/bot.html)" "www.tekmedicgloves.com"
185.191.171.8 - - [13/Oct/2022:15:04:07 -0700] "GET /phpMyAdmin/setup/?token=ec346b7e48f3ffb1eaf244b21d3acbe4&version_check=1 HTTP/1.1" 200 12691 "-" "Mozilla/5.0 (compatible; SemrushBot/7~bl; +http://www.semrush.com/bot.html)" "www.tekmedicgloves.com"
185.191.171.11 - - [13/Oct/2022:15:04:12 -0700] "GET /phpMyAdmin/setup/?token=fd68b1e154734f116451f920d3f8d1c7&version_check=1 HTTP/1.1" 200 12687 "-" "Mozilla/5.0 (compatible; SemrushBot/7~bl; +http://www.semrush.com/bot.html)" "tekmedicgloves.com"
185.191.171.10 - - [13/Oct/2022:15:04:22 -0700] "GET /phpMyAdmin/setup/?token=fee9bbe34a8f1d5cd8c83c7bbf0c83a0&version_check=1 HTTP/1.1" 200 12687 "-" "Mozilla/5.0 (compatible; SemrushBot/7~bl; +http://www.semrush.com/bot.html)" "tekmedicgloves.com"
185.191.171.44 - - [13/Oct/2022:15:04:29 -0700] "GET /phpMyAdmin/setup/?token=f03d21d5b2c796cb6e76b131cf7b8f5f&version_check=1 HTTP/1.1" 200 12687 "-" "Mozilla/5.0 (compatible; SemrushBot/7~bl; +http://www.semrush.com/bot.html)" "tekmedicgloves.com"
185.191.171.8 - - [13/Oct/2022:15:04:32 -0700] "GET /phpMyAdmin/setup/?token=0d625944bf05917c78c6f1630463874b&version_check=1 HTTP/1.1" 200 12687 "-" "Mozilla/5.0 (compatible; SemrushBot/7~bl; +http://www.semrush.com/bot.html)" "tekmedicgloves.com"
51.222.253.11 - - [13/Oct/2022:15:04:32 -0700] "GET /beta/products.php?cat=21&subcat=48 HTTP/1.1" 200 35559 "-" "Mozilla/5.0 (compatible; AhrefsBot/7.0; +http://ahrefs.com/robot/)" "tekmedicgloves.com"
185.191.171.20 - - [13/Oct/2022:15:04:35 -0700] "GET /phpMyAdmin/setup/?token=aa73c26cfe91873e41628b22fa09c53f&version_check=1 HTTP/1.1" 200 12691 "-" "Mozilla/5.0 (compatible; SemrushBot/7~bl; +http://www.semrush.com/bot.html)" "www.tekmedicgloves.com"
185.191.171.10 - - [13/Oct/2022:15:04:43 -0700] "GET /phpMyAdmin/setup/?token=f3a69e30740a670d7a61197ba2fd7a13&version_check=1 HTTP/1.1" 200 12687 "-" "Mozilla/5.0 (compatible; SemrushBot/7~bl; +http://www.semrush.com/bot.html)" "tekmedicgloves.com"
185.191.171.25 - - [13/Oct/2022:15:05:05 -0700] "GET /phpMyAdmin/setup/?token=084b0562d2fa2160ae16b514555fcb4e&version_check=1 HTTP/1.1" 200 12687 "-" "Mozilla/5.0 (compatible; SemrushBot/7~bl; +http://www.semrush.com/bot.html)" "tekmedicgloves.com"
185.191.171.4 - - [13/Oct/2022:15:05:28 -0700] "GET /phpMyAdmin/setup/?token=06e04c7a8ed104db0f0f12af85a1a27c&version_check=1 HTTP/1.1" 200 12691 "-" "Mozilla/5.0 (compatible; SemrushBot/7~bl; +http://www.semrush.com/bot.html)" "www.tekmedicgloves.com"
185.191.171.22 - - [13/Oct/2022:15:05:34 -0700] "GET /phpMyAdmin/setup/?token=10913fbb00ac714976a0a91d9e261ce5&version_check=1 HTTP/1.1" 200 12687 "-" "Mozilla/5.0 (compatible; SemrushBot/7~bl; +http://www.semrush.com/bot.html)" "tekmedicgloves.com"
185.191.171.18 - - [13/Oct/2022:15:05:37 -0700] "GET /phpMyAdmin/setup/?token=e94ed6d176c5a11f24f3e2f6a668d31a&version_check=1 HTTP/1.1" 200 12687 "-" "Mozilla/5.0 (compatible; SemrushBot/7~bl; +http://www.semrush.com/bot.html)" "tekmedicgloves.com"
185.191.171.34 - - [13/Oct/2022:15:05:39 -0700] "GET /phpMyAdmin/setup/?token=04a5c290b1c178fb94633bb57ce9c13a&version_check=1 HTTP/1.1" 200 12687 "-" "Mozilla/5.0 (compatible; SemrushBot/7~bl; +http://www.semrush.com/bot.html)" "tekmedicgloves.com"
185.191.171.5 - - [13/Oct/2022:15:06:02 -0700] "GET /phpMyAdmin/setup/?token=ec1d75d116cfabb68ad84e279867830e&version_check=1 HTTP/1.1" 200 12691 "-" "Mozilla/5.0 (compatible; SemrushBot/7~bl; +http://www.semrush.com/bot.html)" "www.tekmedicgloves.com"
185.191.171.35 - - [13/Oct/2022:15:06:04 -0700] "GET /phpMyAdmin/setup/?token=b65a48d5da20c69760537643f17c44f5&version_check=1 HTTP/1.1" 200 12691 "-" "Mozilla/5.0 (compatible; SemrushBot/7~bl; +http://www.semrush.com/bot.html)" "www.tekmedicgloves.com"
185.191.171.25 - - [13/Oct/2022:15:06:30 -0700] "GET /phpMyAdmin/setup/?token=ea6cb2d3885c0e5b2fc33e2d6440f918&version_check=1 HTTP/1.1" 200 12687 "-" "Mozilla/5.0 (compatible; SemrushBot/7~bl; +http://www.semrush.com/bot.html)" "tekmedicgloves.com"
185.191.171.38 - - [13/Oct/2022:15:06:34 -0700] "GET /phpMyAdmin/setup/?token=fc488c731a1ffe95f779be2aaa71754c&version_check=1 HTTP/1.1" 200 12691 "-" "Mozilla/5.0 (compatible; SemrushBot/7~bl; +http://www.semrush.com/bot.html)" "www.tekmedicgloves.com"
185.191.171.35 - - [13/Oct/2022:15:06:39 -0700] "GET /phpMyAdmin/setup/?token=0102e58e51ab67556de841e67068563f&version_check=1 HTTP/1.1" 200 12687 "-" "Mozilla/5.0 (compatible; SemrushBot/7~bl; +http://www.semrush.com/bot.html)" "tekmedicgloves.com"
185.191.171.1 - - [13/Oct/2022:15:07:21 -0700] "GET /phpMyAdmin/setup/?token=f2a2ef99f216b8f93008a48f7f8c4fd6&version_check=1 HTTP/1.1" 200 12691 "-" "Mozilla/5.0 (compatible; SemrushBot/7~bl; +http://www.semrush.com/bot.html)" "www.tekmedicgloves.com"
185.191.171.23 - - [13/Oct/2022:15:07:26 -0700] "GET /phpMyAdmin/setup/?token=0b8fd33ad679031d7036836cbd18273b&version_check=1 HTTP/1.1" 200 12691 "-" "Mozilla/5.0 (compatible; SemrushBot/7~bl; +http://www.semrush.com/bot.html)" "www.tekmedicgloves.com"
185.191.171.44 - - [13/Oct/2022:15:07:29 -0700] "GET /phpMyAdmin/setup/?token=f949b3caabd34f2c3f3d9a90d4469e4a&version_check=1 HTTP/1.1" 200 12691 "-" "Mozilla/5.0 (compatible; SemrushBot/7~bl; +http://www.semrush.com/bot.html)" "www.tekmedicgloves.com"
185.191.171.33 - - [13/Oct/2022:15:07:33 -0700] "GET /phpMyAdmin/setup/?token=0f29e4917847c7cdf1b8f15e9a2498f9&version_check=1 HTTP/1.1" 200 12691 "-" "Mozilla/5.0 (compatible; SemrushBot/7~bl; +http://www.semrush.com/bot.html)" "www.tekmedicgloves.com"
185.191.171.8 - - [13/Oct/2022:15:07:43 -0700] "GET /phpMyAdmin/setup/?token=ec78df9a410c691a27505437bdf82124&version_check=1 HTTP/1.1" 200 12691 "-" "Mozilla/5.0 (compatible; SemrushBot/7~bl; +http://www.semrush.com/bot.html)" "www.tekmedicgloves.com"
185.191.171.34 - - [13/Oct/2022:15:07:52 -0700] "GET /phpMyAdmin/setup/?token=bddc3aded189cd7a769b59569f97cbf7&version_check=1 HTTP/1.1" 200 12691 "-" "Mozilla/5.0 (compatible; SemrushBot/7~bl; +http://www.semrush.com/bot.html)" "www.tekmedicgloves.com"
185.191.171.6 - - [13/Oct/2022:15:07:55 -0700] "GET /phpMyAdmin/setup/?token=e1632799a087b4736712ecff8231f58e&version_check=1 HTTP/1.1" 200 12687 "-" "Mozilla/5.0 (compatible; SemrushBot/7~bl; +http://www.semrush.com/bot.html)" "tekmedicgloves.com"
185.191.171.44 - - [13/Oct/2022:15:08:04 -0700] "GET /phpMyAdmin/setup/?token=f370df87ce825c644fa12de6567bcd9c&version_check=1 HTTP/1.1" 200 12691 "-" "Mozilla/5.0 (compatible; SemrushBot/7~bl; +http://www.semrush.com/bot.html)" "www.tekmedicgloves.com"
114.119.139.110 - - [13/Oct/2022:15:08:06 -0700] "GET /beta/products.php?cat=24 HTTP/1.1" 200 42544 "https://tekmedicgloves.com/beta/products.php?cat=24&subcat=44&id=13" "Mozilla/5.0 (Linux; Android 7.0;) AppleWebKit/537.36 (KHTML, like Gecko) Mobile Safari/537.36 (compatible; PetalBot;+https://webmaster.petalsearch.com/site/petalbot)" "tekmedicgloves.com"
185.191.171.19 - - [13/Oct/2022:15:08:10 -0700] "GET /phpMyAdmin/setup/?token=f8b3f037ea869dcee6e237d61ee17b4c&version_check=1 HTTP/1.1" 200 12691 "-" "Mozilla/5.0 (compatible; SemrushBot/7~bl; +http://www.semrush.com/bot.html)" "www.tekmedicgloves.com"
51.222.253.1 - - [13/Oct/2022:15:08:24 -0700] "GET /beta/products.php?cat=21&subcat=34 HTTP/1.1" 200 35556 "-" "Mozilla/5.0 (compatible; AhrefsBot/7.0; +http://ahrefs.com/robot/)" "tekmedicgloves.com"
185.191.171.19 - - [13/Oct/2022:15:08:38 -0700] "GET /phpMyAdmin/setup/?token=f1b0cec26bc4a2a9aeace57b01accfae&version_check=1 HTTP/1.1" 200 12687 "-" "Mozilla/5.0 (compatible; SemrushBot/7~bl; +http://www.semrush.com/bot.html)" "tekmedicgloves.com"
185.191.171.13 - - [13/Oct/2022:15:08:51 -0700] "GET /phpMyAdmin/setup/?token=0ece116c2c57dbbfaf7983ef02f8f315&version_check=1 HTTP/1.1" 200 12687 "-" "Mozilla/5.0 (compatible; SemrushBot/7~bl; +http://www.semrush.com/bot.html)" "tekmedicgloves.com"
185.191.171.26 - - [13/Oct/2022:15:08:53 -0700] "GET /phpMyAdmin/setup/?token=e6e6cd4eee009db1c37ddc926220b23d&version_check=1 HTTP/1.1" 200 12687 "-" "Mozilla/5.0 (compatible; SemrushBot/7~bl; +http://www.semrush.com/bot.html)" "tekmedicgloves.com"
185.191.171.6 - - [13/Oct/2022:15:08:55 -0700] "GET /phpMyAdmin/setup/?token=0cf07c6a68fec28f3d310204525c4dad&version_check=1 HTTP/1.1" 200 12687 "-" "Mozilla/5.0 (compatible; SemrushBot/7~bl; +http://www.semrush.com/bot.html)" "tekmedicgloves.com"
185.191.171.26 - - [13/Oct/2022:15:08:59 -0700] "GET /phpMyAdmin/setup/?token=08ba2f6c6ae3da6392e8b3f1e9a9c3a2&version_check=1 HTTP/1.1" 200 12687 "-" "Mozilla/5.0 (compatible; SemrushBot/7~bl; +http://www.semrush.com/bot.html)" "tekmedicgloves.com"
185.191.171.19 - - [13/Oct/2022:15:08:59 -0700] "GET /phpMyAdmin/setup/?token=cff55a8b82559da970ea3cae48ac58e3&version_check=1 HTTP/1.1" 200 12691 "-" "Mozilla/5.0 (compatible; SemrushBot/7~bl; +http://www.semrush.com/bot.html)" "www.tekmedicgloves.com"
185.191.171.8 - - [13/Oct/2022:15:09:08 -0700] "GET /phpMyAdmin/setup/?token=ed6a61b8b705f8ae0b279347aed1c841&version_check=1 HTTP/1.1" 200 12691 "-" "Mozilla/5.0 (compatible; SemrushBot/7~bl; +http://www.semrush.com/bot.html)" "www.tekmedicgloves.com"
185.191.171.25 - - [13/Oct/2022:15:09:29 -0700] "GET /phpMyAdmin/setup/?token=ccf54e17f87e639e0f6e38025ed81997&version_check=1 HTTP/1.1" 200 12691 "-" "Mozilla/5.0 (compatible; SemrushBot/7~bl; +http://www.semrush.com/bot.html)" "www.tekmedicgloves.com"
185.191.171.8 - - [13/Oct/2022:15:10:03 -0700] "GET /phpMyAdmin/setup/?token=161f410ea2c6cca74a845bb5794daa72&version_check=1 HTTP/1.1" 200 12687 "-" "Mozilla/5.0 (compatible; SemrushBot/7~bl; +http://www.semrush.com/bot.html)" "tekmedicgloves.com"
185.191.171.15 - - [13/Oct/2022:15:10:35 -0700] "GET /phpMyAdmin/setup/?token=bab4ae165c4e262acc8eaf571ddc720c&version_check=1 HTTP/1.1" 200 12691 "-" "Mozilla/5.0 (compatible; SemrushBot/7~bl; +http://www.semrush.com/bot.html)" "www.tekmedicgloves.com"
185.191.171.2 - - [13/Oct/2022:15:10:38 -0700] "GET /phpMyAdmin/setup/?token=0312c8097659733eb49565aad8bfa6c4&version_check=1 HTTP/1.1" 200 12691 "-" "Mozilla/5.0 (compatible; SemrushBot/7~bl; +http://www.semrush.com/bot.html)" "www.tekmedicgloves.com"
185.191.171.38 - - [13/Oct/2022:15:11:06 -0700] "GET /phpMyAdmin/setup/?token=ed33413b72ecdffe6ef299f05438c2c4&version_check=1 HTTP/1.1" 200 12687 "-" "Mozilla/5.0 (compatible; SemrushBot/7~bl; +http://www.semrush.com/bot.html)" "tekmedicgloves.com"
185.191.171.22 - - [13/Oct/2022:15:11:07 -0700] "GET /phpMyAdmin/setup/?token=0bc350e862b9ad67d610cf6fd08376ef&version_check=1 HTTP/1.1" 200 12687 "-" "Mozilla/5.0 (compatible; SemrushBot/7~bl; +http://www.semrush.com/bot.html)" "tekmedicgloves.com"
185.191.171.40 - - [13/Oct/2022:15:11:39 -0700] "GET /phpMyAdmin/setup/?token=033125603c03eff28a891e4f5a08976c&version_check=1 HTTP/1.1" 200 12691 "-" "Mozilla/5.0 (compatible; SemrushBot/7~bl; +http://www.semrush.com/bot.html)" "www.tekmedicgloves.com"
185.191.171.38 - - [13/Oct/2022:15:11:40 -0700] "GET /phpMyAdmin/setup/?token=046f695850d0dd234ee6c7d05bff6c3f&version_check=1 HTTP/1.1" 200 12691 "-" "Mozilla/5.0 (compatible; SemrushBot/7~bl; +http://www.semrush.com/bot.html)" "www.tekmedicgloves.com"
51.222.253.16 - - [13/Oct/2022:15:11:57 -0700] "GET /beta/products.php?cat=20&subcat=26 HTTP/1.1" 200 36681 "-" "Mozilla/5.0 (compatible; AhrefsBot/7.0; +http://ahrefs.com/robot/)" "tekmedicgloves.com"
185.191.171.6 - - [13/Oct/2022:15:12:30 -0700] "GET /phpMyAdmin/setup/?token=ff0c845f2a5a59545ec1521dac4023ff&version_check=1 HTTP/1.1" 200 12691 "-" "Mozilla/5.0 (compatible; SemrushBot/7~bl; +http://www.semrush.com/bot.html)" "www.tekmedicgloves.com"
185.191.171.39 - - [13/Oct/2022:15:12:41 -0700] "GET /phpMyAdmin/setup/?token=d2b6e9a644b7087642ad09ddf97a7ccc&version_check=1 HTTP/1.1" 200 12691 "-" "Mozilla/5.0 (compatible; SemrushBot/7~bl; +http://www.semrush.com/bot.html)" "www.tekmedicgloves.com"
185.191.171.2 - - [13/Oct/2022:15:12:45 -0700] "GET /phpMyAdmin/setup/?token=dd7aca73d2a283d04b19ee964496cff7&version_check=1 HTTP/1.1" 200 12687 "-" "Mozilla/5.0 (compatible; SemrushBot/7~bl; +http://www.semrush.com/bot.html)" "tekmedicgloves.com"
185.191.171.24 - - [13/Oct/2022:15:12:48 -0700] "GET /phpMyAdmin/setup/?token=c2d769320129fe0e425d603db9f8c841&version_check=1 HTTP/1.1" 200 12691 "-" "Mozilla/5.0 (compatible; SemrushBot/7~bl; +http://www.semrush.com/bot.html)" "www.tekmedicgloves.com"
185.191.171.39 - - [13/Oct/2022:15:12:53 -0700] "GET /phpMyAdmin/setup/?token=e29a6d2c7f5bab983732f31a4480864b&version_check=1 HTTP/1.1" 200 12687 "-" "Mozilla/5.0 (compatible; SemrushBot/7~bl; +http://www.semrush.com/bot.html)" "tekmedicgloves.com"
185.191.171.35 - - [13/Oct/2022:15:13:11 -0700] "GET /phpMyAdmin/setup/?token=ce525216fefe4fe58a4c70ca2310297e&version_check=1 HTTP/1.1" 200 12691 "-" "Mozilla/5.0 (compatible; SemrushBot/7~bl; +http://www.semrush.com/bot.html)" "www.tekmedicgloves.com"
185.191.171.13 - - [13/Oct/2022:15:13:26 -0700] "GET /phpMyAdmin/setup/?token=cba313c12006e5855ebe87b0236b3ae5&version_check=1 HTTP/1.1" 200 12691 "-" "Mozilla/5.0 (compatible; SemrushBot/7~bl; +http://www.semrush.com/bot.html)" "www.tekmedicgloves.com"
185.191.171.6 - - [13/Oct/2022:15:13:34 -0700] "GET /phpMyAdmin/setup/?token=e30fd357d2f0c188318d4d22c4e71b67&version_check=1 HTTP/1.1" 200 12687 "-" "Mozilla/5.0 (compatible; SemrushBot/7~bl; +http://www.semrush.com/bot.html)" "tekmedicgloves.com"
185.191.171.44 - - [13/Oct/2022:15:13:36 -0700] "GET /phpMyAdmin/setup/?token=e10f54e7b3a85a5f910697b2e8392f25&version_check=1 HTTP/1.1" 200 12687 "-" "Mozilla/5.0 (compatible; SemrushBot/7~bl; +http://www.semrush.com/bot.html)" "tekmedicgloves.com"
185.191.171.26 - - [13/Oct/2022:15:13:38 -0700] "GET /phpMyAdmin/setup/?token=0c149e4e404e9731e8baf39451b45687&version_check=1 HTTP/1.1" 200 12687 "-" "Mozilla/5.0 (compatible; SemrushBot/7~bl; +http://www.semrush.com/bot.html)" "tekmedicgloves.com"
185.191.171.2 - - [13/Oct/2022:15:13:47 -0700] "GET /phpMyAdmin/setup/?token=fdf38ebbebb778e2cf5866acaa5879c7&version_check=1 HTTP/1.1" 200 12691 "-" "Mozilla/5.0 (compatible; SemrushBot/7~bl; +http://www.semrush.com/bot.html)" "www.tekmedicgloves.com"
185.191.171.26 - - [13/Oct/2022:15:13:51 -0700] "GET /phpMyAdmin/setup/?token=fff32cd63d6123630df968e78ea048ef&version_check=1 HTTP/1.1" 200 12691 "-" "Mozilla/5.0 (compatible; SemrushBot/7~bl; +http://www.semrush.com/bot.html)" "www.tekmedicgloves.com"
185.191.171.43 - - [13/Oct/2022:15:13:53 -0700] "GET /phpMyAdmin/setup/?token=106bc4cd14613446ff0be9b3244f436d&version_check=1 HTTP/1.1" 200 12691 "-" "Mozilla/5.0 (compatible; SemrushBot/7~bl; +http://www.semrush.com/bot.html)" "www.tekmedicgloves.com"
185.191.171.24 - - [13/Oct/2022:15:13:57 -0700] "GET /phpMyAdmin/setup/?token=dec85a8034abfaad200c4847b51e4e02&version_check=1 HTTP/1.1" 200 12687 "-" "Mozilla/5.0 (compatible; SemrushBot/7~bl; +http://www.semrush.com/bot.html)" "tekmedicgloves.com"
185.191.171.16 - - [13/Oct/2022:15:14:02 -0700] "GET /phpMyAdmin/setup/?token=e6a25f372b1c408422a2977260f06644&version_check=1 HTTP/1.1" 200 12687 "-" "Mozilla/5.0 (compatible; SemrushBot/7~bl; +http://www.semrush.com/bot.html)" "tekmedicgloves.com"
185.191.171.15 - - [13/Oct/2022:15:14:05 -0700] "GET /phpMyAdmin/setup/?token=e11020bb3c2800b7d0d4bf2eb36c9606&version_check=1 HTTP/1.1" 200 12687 "-" "Mozilla/5.0 (compatible; SemrushBot/7~bl; +http://www.semrush.com/bot.html)" "tekmedicgloves.com"
185.191.171.42 - - [13/Oct/2022:15:14:13 -0700] "GET /phpMyAdmin/setup/?token=d557f9fab589978f533fa99f208ff66a&version_check=1 HTTP/1.1" 200 12691 "-" "Mozilla/5.0 (compatible; SemrushBot/7~bl; +http://www.semrush.com/bot.html)" "www.tekmedicgloves.com"
185.191.171.8 - - [13/Oct/2022:15:14:32 -0700] "GET /phpMyAdmin/setup/?token=daf1fccafc41b74701ad66cf321f326d&version_check=1 HTTP/1.1" 200 12691 "-" "Mozilla/5.0 (compatible; SemrushBot/7~bl; +http://www.semrush.com/bot.html)" "www.tekmedicgloves.com"
185.191.171.44 - - [13/Oct/2022:15:14:43 -0700] "GET /phpMyAdmin/setup/?token=f452cc8e2422113d271057bf3b00e8f9&version_check=1 HTTP/1.1" 200 12691 "-" "Mozilla/5.0 (compatible; SemrushBot/7~bl; +http://www.semrush.com/bot.html)" "www.tekmedicgloves.com"
185.191.171.1 - - [13/Oct/2022:15:14:45 -0700] "GET /phpMyAdmin/setup/?token=fcec5c53152197b72301e1198d4ff341&version_check=1 HTTP/1.1" 200 12687 "-" "Mozilla/5.0 (compatible; SemrushBot/7~bl; +http://www.semrush.com/bot.html)" "tekmedicgloves.com"
185.191.171.19 - - [13/Oct/2022:15:15:03 -0700] "GET /phpMyAdmin/setup/?token=e5a118e3e4af398441084f572b19c3e2&version_check=1 HTTP/1.1" 200 12687 "-" "Mozilla/5.0 (compatible; SemrushBot/7~bl; +http://www.semrush.com/bot.html)" "tekmedicgloves.com"
185.191.171.11 - - [13/Oct/2022:15:15:07 -0700] "GET /phpMyAdmin/setup/?token=ee42b175fc10be19a76219f9e0b0240f&version_check=1 HTTP/1.1" 200 12691 "-" "Mozilla/5.0 (compatible; SemrushBot/7~bl; +http://www.semrush.com/bot.html)" "www.tekmedicgloves.com"
185.191.171.35 - - [13/Oct/2022:15:15:17 -0700] "GET /phpMyAdmin/setup/?token=0410b641d9751dd58ca5a330c4b60b8d&version_check=1 HTTP/1.1" 200 12691 "-" "Mozilla/5.0 (compatible; SemrushBot/7~bl; +http://www.semrush.com/bot.html)" "www.tekmedicgloves.com"
185.191.171.14 - - [13/Oct/2022:15:15:21 -0700] "GET /phpMyAdmin/setup/?token=0e365aad92fbccf8874dbb7da290aae5&version_check=1 HTTP/1.1" 200 12687 "-" "Mozilla/5.0 (compatible; SemrushBot/7~bl; +http://www.semrush.com/bot.html)" "tekmedicgloves.com"
185.191.171.36 - - [13/Oct/2022:15:15:24 -0700] "GET /phpMyAdmin/setup/?token=053739b944d71c9c3458f6dffddaffb6&version_check=1 HTTP/1.1" 200 12687 "-" "Mozilla/5.0 (compatible; SemrushBot/7~bl; +http://www.semrush.com/bot.html)" "tekmedicgloves.com"
185.191.171.9 - - [13/Oct/2022:15:15:29 -0700] "GET /phpMyAdmin/setup/?token=ffe42d56300eb98f941cbceaff04493f&version_check=1 HTTP/1.1" 200 12687 "-" "Mozilla/5.0 (compatible; SemrushBot/7~bl; +http://www.semrush.com/bot.html)" "tekmedicgloves.com"
51.222.253.8 - - [13/Oct/2022:15:15:52 -0700] "GET /beta/products.php?cat=23&subcat=31 HTTP/1.1" 200 35474 "-" "Mozilla/5.0 (compatible; AhrefsBot/7.0; +http://ahrefs.com/robot/)" "tekmedicgloves.com"
