185.191.171.25 - - [15/Oct/2022:00:43:40 -0700] "GET /phpMyAdmin/setup/?token=e8bc377dc72f087eb4579d7a3bbea432&version_check=1 HTTP/1.1" 200 12687 "-" "Mozilla/5.0 (compatible; SemrushBot/7~bl; +http://www.semrush.com/bot.html)" "tekmedicgloves.com"
185.191.171.40 - - [15/Oct/2022:00:43:53 -0700] "GET /phpMyAdmin/setup/?token=05ef4f6efd878ba5d5e0da6bee26d117&version_check=1 HTTP/1.1" 200 12691 "-" "Mozilla/5.0 (compatible; SemrushBot/7~bl; +http://www.semrush.com/bot.html)" "www.tekmedicgloves.com"
185.191.171.37 - - [15/Oct/2022:00:44:03 -0700] "GET /phpMyAdmin/setup/?token=eef24fc68ec3e7a070a193d3075e9ca9&version_check=1 HTTP/1.1" 200 12691 "-" "Mozilla/5.0 (compatible; SemrushBot/7~bl; +http://www.semrush.com/bot.html)" "www.tekmedicgloves.com"
185.191.171.4 - - [15/Oct/2022:00:44:25 -0700] "GET /phpMyAdmin/setup/?token=f8fa9f23dea1cb67d1460dc6831e25f2&version_check=1 HTTP/1.1" 200 12687 "-" "Mozilla/5.0 (compatible; SemrushBot/7~bl; +http://www.semrush.com/bot.html)" "tekmedicgloves.com"
109.63.112.131 - - [15/Oct/2022:00:44:28 -0700] "GET /beta/contacts.php HTTP/1.1" 200 24038 "http://tekmedicgloves.com/beta/products.php?cat=22" "Mozilla/5.0 (Windows NT 10.0; Win64; x64) AppleWebKit/537.36 (KHTML, like Gecko) Chrome/106.0.0.0 Safari/537.36" "tekmedicgloves.com"
109.63.112.131 - - [15/Oct/2022:00:44:28 -0700] "GET /beta/wp-content/themes/theme48838/bootstrap/css/bootstrap.css HTTP/1.1" 200 15793 "http://tekmedicgloves.com/beta/contacts.php" "Mozilla/5.0 (Windows NT 10.0; Win64; x64) AppleWebKit/537.36 (KHTML, like Gecko) Chrome/106.0.0.0 Safari/537.36" "tekmedicgloves.com"
109.63.112.131 - - [15/Oct/2022:00:44:28 -0700] "GET /beta/wp-content/themes/theme48838/bootstrap/css/responsive.css HTTP/1.1" 200 4226 "http://tekmedicgloves.com/beta/contacts.php" "Mozilla/5.0 (Windows NT 10.0; Win64; x64) AppleWebKit/537.36 (KHTML, like Gecko) Chrome/106.0.0.0 Safari/537.36" "tekmedicgloves.com"
185.191.171.41 - - [15/Oct/2022:00:44:28 -0700] "GET /phpMyAdmin/setup/?token=0e37a354288c86b7c58a2e92c73704ae&version_check=1 HTTP/1.1" 200 12691 "-" "Mozilla/5.0 (compatible; SemrushBot/7~bl; +http://www.semrush.com/bot.html)" "www.tekmedicgloves.com"
109.63.112.131 - - [15/Oct/2022:00:44:29 -0700] "GET /beta/wp-content/themes/CherryFramework/css/camera.css HTTP/1.1" 200 3117 "http://tekmedicgloves.com/beta/contacts.php" "Mozilla/5.0 (Windows NT 10.0; Win64; x64) AppleWebKit/537.36 (KHTML, like Gecko) Chrome/106.0.0.0 Safari/537.36" "tekmedicgloves.com"
109.63.112.131 - - [15/Oct/2022:00:44:29 -0700] "GET /beta/wp-content/themes/theme48838/style.css HTTP/1.1" 200 243 "http://tekmedicgloves.com/beta/contacts.php" "Mozilla/5.0 (Windows NT 10.0; Win64; x64) AppleWebKit/537.36 (KHTML, like Gecko) Chrome/106.0.0.0 Safari/537.36" "tekmedicgloves.com"
109.63.112.131 - - [15/Oct/2022:00:44:29 -0700] "GET /beta/wp-content/plugins/cherry-plugin/lib/js/FlexSlider/flexslider.css HTTP/1.1" 200 1323 "http://tekmedicgloves.com/beta/contacts.php" "Mozilla/5.0 (Windows NT 10.0; Win64; x64) AppleWebKit/537.36 (KHTML, like Gecko) Chrome/106.0.0.0 Safari/537.36" "tekmedicgloves.com"
109.63.112.131 - - [15/Oct/2022:00:44:29 -0700] "GET /beta/wp-content/plugins/cherry-plugin/lib/js/owl-carousel/owl.carousel.css HTTP/1.1" 200 1119 "http://tekmedicgloves.com/beta/contacts.php" "Mozilla/5.0 (Windows NT 10.0; Win64; x64) AppleWebKit/537.36 (KHTML, like Gecko) Chrome/106.0.0.0 Safari/537.36" "tekmedicgloves.com"
109.63.112.131 - - [15/Oct/2022:00:44:29 -0700] "GET /beta/wp-content/plugins/cherry-plugin/lib/js/owl-carousel/owl.theme.css HTTP/1.1" 200 606 "http://tekmedicgloves.com/beta/contacts.php" "Mozilla/5.0 (Windows NT 10.0; Win64; x64) AppleWebKit/537.36 (KHTML, like Gecko) Chrome/106.0.0.0 Safari/537.36" "tekmedicgloves.com"
109.63.112.131 - - [15/Oct/2022:00:44:29 -0700] "GET /beta/wp-content/plugins/cherry-plugin/includes/css/cherry-plugin.css HTTP/1.1" 200 4752 "http://tekmedicgloves.com/beta/contacts.php" "Mozilla/5.0 (Windows NT 10.0; Win64; x64) AppleWebKit/537.36 (KHTML, like Gecko) Chrome/106.0.0.0 Safari/537.36" "tekmedicgloves.com"
109.63.112.131 - - [15/Oct/2022:00:44:29 -0700] "GET /beta/wp-content/plugins/contact-form-7/includes/css/styles.css HTTP/1.1" 200 392 "http://tekmedicgloves.com/beta/contacts.php" "Mozilla/5.0 (Windows NT 10.0; Win64; x64) AppleWebKit/537.36 (KHTML, like Gecko) Chrome/106.0.0.0 Safari/537.36" "tekmedicgloves.com"
109.63.112.131 - - [15/Oct/2022:00:44:29 -0700] "GET /beta/wp-includes/js/comment-reply.min.js HTTP/1.1" 404 88 "http://tekmedicgloves.com/beta/contacts.php" "Mozilla/5.0 (Windows NT 10.0; Win64; x64) AppleWebKit/537.36 (KHTML, like Gecko) Chrome/106.0.0.0 Safari/537.36" "tekmedicgloves.com"
109.63.112.131 - - [15/Oct/2022:00:44:29 -0700] "GET /beta/wp-content/themes/CherryFramework/css/magnific-popup.css HTTP/1.1" 200 2166 "http://tekmedicgloves.com/beta/contacts.php" "Mozilla/5.0 (Windows NT 10.0; Win64; x64) AppleWebKit/537.36 (KHTML, like Gecko) Chrome/106.0.0.0 Safari/537.36" "tekmedicgloves.com"
109.63.112.131 - - [15/Oct/2022:00:44:29 -0700] "GET /beta/wp-content/themes/theme48838/main-style.css HTTP/1.1" 200 4849 "http://tekmedicgloves.com/beta/contacts.php" "Mozilla/5.0 (Windows NT 10.0; Win64; x64) AppleWebKit/537.36 (KHTML, like Gecko) Chrome/106.0.0.0 Safari/537.36" "tekmedicgloves.com"
109.63.112.131 - - [15/Oct/2022:00:44:29 -0700] "GET /beta/wp-content/themes/CherryFramework/js/jquery-1.7.2.min.js HTTP/1.1" 200 33630 "http://tekmedicgloves.com/beta/contacts.php" "Mozilla/5.0 (Windows NT 10.0; Win64; x64) AppleWebKit/537.36 (KHTML, like Gecko) Chrome/106.0.0.0 Safari/537.36" "tekmedicgloves.com"
109.63.112.131 - - [15/Oct/2022:00:44:29 -0700] "GET /beta/wp-includes/js/swfobject.js HTTP/1.1" 404 88 "http://tekmedicgloves.com/beta/contacts.php" "Mozilla/5.0 (Windows NT 10.0; Win64; x64) AppleWebKit/537.36 (KHTML, like Gecko) Chrome/106.0.0.0 Safari/537.36" "tekmedicgloves.com"
109.63.112.131 - - [15/Oct/2022:00:44:29 -0700] "GET /beta/wp-content/themes/CherryFramework/js/modernizr.js HTTP/1.1" 200 5141 "http://tekmedicgloves.com/beta/contacts.php" "Mozilla/5.0 (Windows NT 10.0; Win64; x64) AppleWebKit/537.36 (KHTML, like Gecko) Chrome/106.0.0.0 Safari/537.36" "tekmedicgloves.com"
109.63.112.131 - - [15/Oct/2022:00:44:29 -0700] "GET /beta/wp-content/themes/CherryFramework/js/jflickrfeed.js HTTP/1.1" 200 560 "http://tekmedicgloves.com/beta/contacts.php" "Mozilla/5.0 (Windows NT 10.0; Win64; x64) AppleWebKit/537.36 (KHTML, like Gecko) Chrome/106.0.0.0 Safari/537.36" "tekmedicgloves.com"
109.63.112.131 - - [15/Oct/2022:00:44:29 -0700] "GET /beta/wp-content/themes/CherryFramework/js/custom.js HTTP/1.1" 200 2131 "http://tekmedicgloves.com/beta/contacts.php" "Mozilla/5.0 (Windows NT 10.0; Win64; x64) AppleWebKit/537.36 (KHTML, like Gecko) Chrome/106.0.0.0 Safari/537.36" "tekmedicgloves.com"
109.63.112.131 - - [15/Oct/2022:00:44:29 -0700] "GET /beta/wp-content/themes/CherryFramework/bootstrap/js/bootstrap.min.js HTTP/1.1" 200 7654 "http://tekmedicgloves.com/beta/contacts.php" "Mozilla/5.0 (Windows NT 10.0; Win64; x64) AppleWebKit/537.36 (KHTML, like Gecko) Chrome/106.0.0.0 Safari/537.36" "tekmedicgloves.com"
109.63.112.131 - - [15/Oct/2022:00:44:29 -0700] "GET /beta/wp-content/themes/CherryFramework/style.css HTTP/1.1" 200 331 "http://tekmedicgloves.com/beta/wp-content/themes/theme48838/main-style.css" "Mozilla/5.0 (Windows NT 10.0; Win64; x64) AppleWebKit/537.36 (KHTML, like Gecko) Chrome/106.0.0.0 Safari/537.36" "tekmedicgloves.com"
109.63.112.131 - - [15/Oct/2022:00:44:29 -0700] "GET /beta/wp-content/themes/CherryFramework/js/jquery.mobile.customized.min.js HTTP/1.1" 200 6409 "http://tekmedicgloves.com/beta/contacts.php" "Mozilla/5.0 (Windows NT 10.0; Win64; x64) AppleWebKit/537.36 (KHTML, like Gecko) Chrome/106.0.0.0 Safari/537.36" "tekmedicgloves.com"
109.63.112.131 - - [15/Oct/2022:00:44:29 -0700] "GET /beta/wp-content/plugins/contact-form-7/includes/js/jquery.form.min.js HTTP/1.1" 200 5878 "http://tekmedicgloves.com/beta/contacts.php" "Mozilla/5.0 (Windows NT 10.0; Win64; x64) AppleWebKit/537.36 (KHTML, like Gecko) Chrome/106.0.0.0 Safari/537.36" "tekmedicgloves.com"
109.63.112.131 - - [15/Oct/2022:00:44:29 -0700] "GET /beta/wp-content/themes/CherryFramework/css/style.css HTTP/1.1" 200 12245 "http://tekmedicgloves.com/beta/wp-content/themes/CherryFramework/style.css" "Mozilla/5.0 (Windows NT 10.0; Win64; x64) AppleWebKit/537.36 (KHTML, like Gecko) Chrome/106.0.0.0 Safari/537.36" "tekmedicgloves.com"
185.191.171.33 - - [15/Oct/2022:00:45:04 -0700] "GET /phpMyAdmin/setup/?token=e8fc82cd29078435cc938153fd12d3cf&version_check=1 HTTP/1.1" 200 12687 "-" "Mozilla/5.0 (compatible; SemrushBot/7~bl; +http://www.semrush.com/bot.html)" "tekmedicgloves.com"
185.191.171.19 - - [15/Oct/2022:00:45:13 -0700] "GET /phpMyAdmin/setup/?token=f109f77b68c0b8da0d891de8d86b4f8a&version_check=1 HTTP/1.1" 200 12687 "-" "Mozilla/5.0 (compatible; SemrushBot/7~bl; +http://www.semrush.com/bot.html)" "tekmedicgloves.com"
185.191.171.34 - - [15/Oct/2022:00:45:14 -0700] "GET /phpMyAdmin/setup/?token=fa95428bfdfb131ac0646c76866065c8&version_check=1 HTTP/1.1" 200 12691 "-" "Mozilla/5.0 (compatible; SemrushBot/7~bl; +http://www.semrush.com/bot.html)" "www.tekmedicgloves.com"
185.191.171.35 - - [15/Oct/2022:00:45:15 -0700] "GET /phpMyAdmin/setup/?token=f3881a756651255b8d263e8ae04e9286&version_check=1 HTTP/1.1" 200 12687 "-" "Mozilla/5.0 (compatible; SemrushBot/7~bl; +http://www.semrush.com/bot.html)" "tekmedicgloves.com"
185.191.171.17 - - [15/Oct/2022:00:45:16 -0700] "GET /phpMyAdmin/setup/?token=f4703ee5b8760386ba3c2e1833a88a2e&version_check=1 HTTP/1.1" 200 12687 "-" "Mozilla/5.0 (compatible; SemrushBot/7~bl; +http://www.semrush.com/bot.html)" "tekmedicgloves.com"
185.191.171.43 - - [15/Oct/2022:00:45:18 -0700] "GET /phpMyAdmin/setup/?token=06135fbcc03cc8468fe7f19dc11ab7a2&version_check=1 HTTP/1.1" 200 12687 "-" "Mozilla/5.0 (compatible; SemrushBot/7~bl; +http://www.semrush.com/bot.html)" "tekmedicgloves.com"
185.191.171.2 - - [15/Oct/2022:00:45:35 -0700] "GET /phpMyAdmin/setup/?token=0fda0c4a38e846588eef478001decb74&version_check=1 HTTP/1.1" 200 12691 "-" "Mozilla/5.0 (compatible; SemrushBot/7~bl; +http://www.semrush.com/bot.html)" "www.tekmedicgloves.com"
185.191.171.22 - - [15/Oct/2022:00:45:53 -0700] "GET /phpMyAdmin/setup/?token=efb89c84fd554124a6616e325f0a0595&version_check=1 HTTP/1.1" 200 12691 "-" "Mozilla/5.0 (compatible; SemrushBot/7~bl; +http://www.semrush.com/bot.html)" "www.tekmedicgloves.com"
185.191.171.21 - - [15/Oct/2022:00:45:58 -0700] "GET /phpMyAdmin/setup/?token=a9e6bae9b0f0d8f49e5ae67e33456173&version_check=1 HTTP/1.1" 200 12691 "-" "Mozilla/5.0 (compatible; SemrushBot/7~bl; +http://www.semrush.com/bot.html)" "www.tekmedicgloves.com"
185.191.171.18 - - [15/Oct/2022:00:46:04 -0700] "GET /phpMyAdmin/setup/?token=f1ee699597f755fb1a06538516a6f563&version_check=1 HTTP/1.1" 200 12691 "-" "Mozilla/5.0 (compatible; SemrushBot/7~bl; +http://www.semrush.com/bot.html)" "www.tekmedicgloves.com"
185.191.171.8 - - [15/Oct/2022:00:46:11 -0700] "GET /phpMyAdmin/setup/?token=e6324669e0f7cd67f951ac4a9fda32b3&version_check=1 HTTP/1.1" 200 12687 "-" "Mozilla/5.0 (compatible; SemrushBot/7~bl; +http://www.semrush.com/bot.html)" "tekmedicgloves.com"
185.191.171.38 - - [15/Oct/2022:00:46:20 -0700] "GET /phpMyAdmin/setup/?token=157edacf7042759fb118966036bf23d8&version_check=1 HTTP/1.1" 200 12687 "-" "Mozilla/5.0 (compatible; SemrushBot/7~bl; +http://www.semrush.com/bot.html)" "tekmedicgloves.com"
185.191.171.21 - - [15/Oct/2022:00:46:27 -0700] "GET /phpMyAdmin/setup/?token=eb03e8ee444df2c1dbf9e50475cd053e&version_check=1 HTTP/1.1" 200 12691 "-" "Mozilla/5.0 (compatible; SemrushBot/7~bl; +http://www.semrush.com/bot.html)" "www.tekmedicgloves.com"
185.191.171.7 - - [15/Oct/2022:00:46:36 -0700] "GET /phpMyAdmin/setup/?token=e578d3c99d3ee1a3651d82dd72ea9f95&version_check=1 HTTP/1.1" 200 12687 "-" "Mozilla/5.0 (compatible; SemrushBot/7~bl; +http://www.semrush.com/bot.html)" "tekmedicgloves.com"
185.191.171.7 - - [15/Oct/2022:00:46:54 -0700] "GET /phpMyAdmin/setup/?token=f6a355a732148884062071ff5e44da6e&version_check=1 HTTP/1.1" 200 12691 "-" "Mozilla/5.0 (compatible; SemrushBot/7~bl; +http://www.semrush.com/bot.html)" "www.tekmedicgloves.com"
185.191.171.25 - - [15/Oct/2022:00:47:04 -0700] "GET /phpMyAdmin/setup/?token=e0e74f3339da7549493b1fc2e1b64de2&version_check=1 HTTP/1.1" 200 12687 "-" "Mozilla/5.0 (compatible; SemrushBot/7~bl; +http://www.semrush.com/bot.html)" "tekmedicgloves.com"
185.191.171.5 - - [15/Oct/2022:00:47:24 -0700] "GET /phpMyAdmin/setup/?token=f9be8745a3973e6a6aff4040b95f1366&version_check=1 HTTP/1.1" 200 12691 "-" "Mozilla/5.0 (compatible; SemrushBot/7~bl; +http://www.semrush.com/bot.html)" "www.tekmedicgloves.com"
185.191.171.3 - - [15/Oct/2022:00:47:42 -0700] "GET /phpMyAdmin/setup/?token=05dc200681206b39f75632fc0be32931&version_check=1 HTTP/1.1" 200 12687 "-" "Mozilla/5.0 (compatible; SemrushBot/7~bl; +http://www.semrush.com/bot.html)" "tekmedicgloves.com"
185.191.171.34 - - [15/Oct/2022:00:47:47 -0700] "GET /phpMyAdmin/setup/?token=f6bb41e51776cb4af8f092f103798b5f&version_check=1 HTTP/1.1" 200 12691 "-" "Mozilla/5.0 (compatible; SemrushBot/7~bl; +http://www.semrush.com/bot.html)" "www.tekmedicgloves.com"
185.191.171.38 - - [15/Oct/2022:00:47:53 -0700] "GET /phpMyAdmin/setup/?token=023f697504b453e3f47d37a4c6ef8331&version_check=1 HTTP/1.1" 200 12691 "-" "Mozilla/5.0 (compatible; SemrushBot/7~bl; +http://www.semrush.com/bot.html)" "www.tekmedicgloves.com"
185.191.171.40 - - [15/Oct/2022:00:48:06 -0700] "GET /phpMyAdmin/setup/?token=ea86d986432dceb82ec9953a4cf000bd&version_check=1 HTTP/1.1" 200 12691 "-" "Mozilla/5.0 (compatible; SemrushBot/7~bl; +http://www.semrush.com/bot.html)" "www.tekmedicgloves.com"
185.191.171.18 - - [15/Oct/2022:00:48:11 -0700] "GET /phpMyAdmin/setup/?token=0309d5d146f20409aa236016360b5b98&version_check=1 HTTP/1.1" 200 12691 "-" "Mozilla/5.0 (compatible; SemrushBot/7~bl; +http://www.semrush.com/bot.html)" "www.tekmedicgloves.com"
185.191.171.10 - - [15/Oct/2022:00:48:24 -0700] "GET /phpMyAdmin/setup/?token=0bd5e5dee3bc6f6ea05e777c5ecce791&version_check=1 HTTP/1.1" 200 12691 "-" "Mozilla/5.0 (compatible; SemrushBot/7~bl; +http://www.semrush.com/bot.html)" "www.tekmedicgloves.com"
185.191.171.35 - - [15/Oct/2022:00:48:34 -0700] "GET /phpMyAdmin/setup/?token=d0a82caa9b67d7edee993e6d8f8ab6ac&version_check=1 HTTP/1.1" 200 12691 "-" "Mozilla/5.0 (compatible; SemrushBot/7~bl; +http://www.semrush.com/bot.html)" "www.tekmedicgloves.com"
185.191.171.40 - - [15/Oct/2022:00:48:45 -0700] "GET /phpMyAdmin/setup/?token=0a0c4af77e62029166d274725dcbed88&version_check=1 HTTP/1.1" 200 12691 "-" "Mozilla/5.0 (compatible; SemrushBot/7~bl; +http://www.semrush.com/bot.html)" "www.tekmedicgloves.com"
185.191.171.3 - - [15/Oct/2022:00:49:17 -0700] "GET /phpMyAdmin/setup/?token=166d80156c965f0da1144111778afa1c&version_check=1 HTTP/1.1" 200 12687 "-" "Mozilla/5.0 (compatible; SemrushBot/7~bl; +http://www.semrush.com/bot.html)" "tekmedicgloves.com"
185.191.171.14 - - [15/Oct/2022:00:49:19 -0700] "GET /phpMyAdmin/setup/?token=e285bf24493c907b1d1b25b850f25ecf&version_check=1 HTTP/1.1" 200 12687 "-" "Mozilla/5.0 (compatible; SemrushBot/7~bl; +http://www.semrush.com/bot.html)" "tekmedicgloves.com"
185.191.171.2 - - [15/Oct/2022:00:49:35 -0700] "GET /phpMyAdmin/setup/?token=e410dc8a8ae9ed7e291519fd60dcd3fe&version_check=1 HTTP/1.1" 200 12687 "-" "Mozilla/5.0 (compatible; SemrushBot/7~bl; +http://www.semrush.com/bot.html)" "tekmedicgloves.com"
185.191.171.13 - - [15/Oct/2022:00:49:38 -0700] "GET /phpMyAdmin/setup/?token=de144b32ecaea6510bdc98217f409aa3&version_check=1 HTTP/1.1" 200 12687 "-" "Mozilla/5.0 (compatible; SemrushBot/7~bl; +http://www.semrush.com/bot.html)" "tekmedicgloves.com"
185.191.171.34 - - [15/Oct/2022:00:49:40 -0700] "GET /phpMyAdmin/setup/?token=e2aa057b8665519ad2256d937277fc51&version_check=1 HTTP/1.1" 200 12687 "-" "Mozilla/5.0 (compatible; SemrushBot/7~bl; +http://www.semrush.com/bot.html)" "tekmedicgloves.com"
185.191.171.25 - - [15/Oct/2022:00:49:48 -0700] "GET /phpMyAdmin/setup/?token=c967373b0debe5f977b8e8dc22b127cc&version_check=1 HTTP/1.1" 200 12691 "-" "Mozilla/5.0 (compatible; SemrushBot/7~bl; +http://www.semrush.com/bot.html)" "www.tekmedicgloves.com"
185.191.171.11 - - [15/Oct/2022:00:50:06 -0700] "GET /phpMyAdmin/setup/?token=ff0eef4098802538f67175de17c8754a&version_check=1 HTTP/1.1" 200 12687 "-" "Mozilla/5.0 (compatible; SemrushBot/7~bl; +http://www.semrush.com/bot.html)" "tekmedicgloves.com"
185.191.171.21 - - [15/Oct/2022:00:50:33 -0700] "GET /phpMyAdmin/setup/?token=d33ac872b1d3f7883f9e0ab8af34936d&version_check=1 HTTP/1.1" 200 12691 "-" "Mozilla/5.0 (compatible; SemrushBot/7~bl; +http://www.semrush.com/bot.html)" "www.tekmedicgloves.com"
185.191.171.17 - - [15/Oct/2022:00:50:39 -0700] "GET /phpMyAdmin/setup/?token=fe115555697032f1db0801e7ea2f1b3d&version_check=1 HTTP/1.1" 200 12687 "-" "Mozilla/5.0 (compatible; SemrushBot/7~bl; +http://www.semrush.com/bot.html)" "tekmedicgloves.com"
185.191.171.41 - - [15/Oct/2022:00:50:44 -0700] "GET /phpMyAdmin/setup/?token=039a476a4f14d7ababe72e9f6c1e9178&version_check=1 HTTP/1.1" 200 12691 "-" "Mozilla/5.0 (compatible; SemrushBot/7~bl; +http://www.semrush.com/bot.html)" "www.tekmedicgloves.com"
185.191.171.8 - - [15/Oct/2022:00:50:45 -0700] "GET /phpMyAdmin/setup/?token=eaabb8b85f0c7918a53b7c51d87d29da&version_check=1 HTTP/1.1" 200 12687 "-" "Mozilla/5.0 (compatible; SemrushBot/7~bl; +http://www.semrush.com/bot.html)" "tekmedicgloves.com"
185.191.171.38 - - [15/Oct/2022:00:50:47 -0700] "GET /phpMyAdmin/setup/?token=e0ac0f732ce539d86e782f36e8cd5ef6&version_check=1 HTTP/1.1" 200 12687 "-" "Mozilla/5.0 (compatible; SemrushBot/7~bl; +http://www.semrush.com/bot.html)" "tekmedicgloves.com"
185.191.171.40 - - [15/Oct/2022:00:50:55 -0700] "GET /phpMyAdmin/setup/?token=0a2b09ca02f5b6ce183ecd6bba1d5e0e&version_check=1 HTTP/1.1" 200 12687 "-" "Mozilla/5.0 (compatible; SemrushBot/7~bl; +http://www.semrush.com/bot.html)" "tekmedicgloves.com"
185.191.171.22 - - [15/Oct/2022:00:50:58 -0700] "GET /phpMyAdmin/setup/?token=efcba71da2de1aac3ad76786d6354961&version_check=1 HTTP/1.1" 200 12691 "-" "Mozilla/5.0 (compatible; SemrushBot/7~bl; +http://www.semrush.com/bot.html)" "www.tekmedicgloves.com"
185.191.171.9 - - [15/Oct/2022:00:51:19 -0700] "GET /phpMyAdmin/setup/?token=ebc53027e3ad5e864197b27cc3a8f0b2&version_check=1 HTTP/1.1" 200 12691 "-" "Mozilla/5.0 (compatible; SemrushBot/7~bl; +http://www.semrush.com/bot.html)" "www.tekmedicgloves.com"
185.191.171.10 - - [15/Oct/2022:00:51:23 -0700] "GET /phpMyAdmin/setup/?token=c3d8572096f18e9f9ef1cf1436b09125&version_check=1 HTTP/1.1" 200 12691 "-" "Mozilla/5.0 (compatible; SemrushBot/7~bl; +http://www.semrush.com/bot.html)" "www.tekmedicgloves.com"
185.191.171.4 - - [15/Oct/2022:00:51:28 -0700] "GET /phpMyAdmin/setup/?token=bdd7d25fda1398cbb1851a03734cf4d5&version_check=1 HTTP/1.1" 200 12691 "-" "Mozilla/5.0 (compatible; SemrushBot/7~bl; +http://www.semrush.com/bot.html)" "www.tekmedicgloves.com"
185.191.171.11 - - [15/Oct/2022:00:51:30 -0700] "GET /phpMyAdmin/setup/?token=f81d8ca7c721de2473ad59e38f53f706&version_check=1 HTTP/1.1" 200 12691 "-" "Mozilla/5.0 (compatible; SemrushBot/7~bl; +http://www.semrush.com/bot.html)" "www.tekmedicgloves.com"
185.191.171.33 - - [15/Oct/2022:00:51:41 -0700] "GET /phpMyAdmin/setup/?token=dd355544bbafa0a98523569caf7526c1&version_check=1 HTTP/1.1" 200 12687 "-" "Mozilla/5.0 (compatible; SemrushBot/7~bl; +http://www.semrush.com/bot.html)" "tekmedicgloves.com"
185.191.171.5 - - [15/Oct/2022:00:52:22 -0700] "GET /phpMyAdmin/setup/?token=e738966a3a6ae7fdc6df4a2260011ff2&version_check=1 HTTP/1.1" 200 12687 "-" "Mozilla/5.0 (compatible; SemrushBot/7~bl; +http://www.semrush.com/bot.html)" "tekmedicgloves.com"
185.191.171.33 - - [15/Oct/2022:00:52:26 -0700] "GET /phpMyAdmin/setup/?token=f9fe39eacecdf2d3d482dd0b65fa3e5d&version_check=1 HTTP/1.1" 200 12691 "-" "Mozilla/5.0 (compatible; SemrushBot/7~bl; +http://www.semrush.com/bot.html)" "www.tekmedicgloves.com"
114.119.139.224 - - [15/Oct/2022:00:52:27 -0700] "GET /beta/products.php?cat=20&id=5 HTTP/1.1" 200 53956 "http://www.tekmedicgloves.com/beta/products.php?cat=20" "Mozilla/5.0 (Linux; Android 7.0;) AppleWebKit/537.36 (KHTML, like Gecko) Mobile Safari/537.36 (compatible; PetalBot;+https://webmaster.petalsearch.com/site/petalbot)" "www.tekmedicgloves.com"
185.191.171.26 - - [15/Oct/2022:00:53:18 -0700] "GET /phpMyAdmin/setup/?token=e9532b2ef25cf0fb9f418a57dafc88c1&version_check=1 HTTP/1.1" 200 12687 "-" "Mozilla/5.0 (compatible; SemrushBot/7~bl; +http://www.semrush.com/bot.html)" "tekmedicgloves.com"
185.191.171.40 - - [15/Oct/2022:00:53:23 -0700] "GET /phpMyAdmin/setup/?token=d001ca99121c9e07aa621709b9a7d589&version_check=1 HTTP/1.1" 200 12691 "-" "Mozilla/5.0 (compatible; SemrushBot/7~bl; +http://www.semrush.com/bot.html)" "www.tekmedicgloves.com"
185.191.171.36 - - [15/Oct/2022:00:53:34 -0700] "GET /phpMyAdmin/setup/?token=01d6eec3691963b1df3b914e10350b94&version_check=1 HTTP/1.1" 200 12691 "-" "Mozilla/5.0 (compatible; SemrushBot/7~bl; +http://www.semrush.com/bot.html)" "www.tekmedicgloves.com"
185.191.171.37 - - [15/Oct/2022:00:53:47 -0700] "GET /phpMyAdmin/setup/?token=0568cd1119f2eecc15d2cda0c4eadb4d&version_check=1 HTTP/1.1" 200 12687 "-" "Mozilla/5.0 (compatible; SemrushBot/7~bl; +http://www.semrush.com/bot.html)" "tekmedicgloves.com"
185.191.171.45 - - [15/Oct/2022:00:53:51 -0700] "GET /phpMyAdmin/setup/?token=dcde92e82f00fd80af38901e587d018a&version_check=1 HTTP/1.1" 200 12687 "-" "Mozilla/5.0 (compatible; SemrushBot/7~bl; +http://www.semrush.com/bot.html)" "tekmedicgloves.com"
185.191.171.14 - - [15/Oct/2022:00:54:08 -0700] "GET /phpMyAdmin/setup/?token=0ddc3bb015a2b1d25e7ea02b60a7499c&version_check=1 HTTP/1.1" 200 12691 "-" "Mozilla/5.0 (compatible; SemrushBot/7~bl; +http://www.semrush.com/bot.html)" "www.tekmedicgloves.com"
185.191.171.7 - - [15/Oct/2022:00:54:20 -0700] "GET /phpMyAdmin/setup/?token=dc1fd1718cbd6c7f63b5797fb7ef7d0f&version_check=1 HTTP/1.1" 200 12687 "-" "Mozilla/5.0 (compatible; SemrushBot/7~bl; +http://www.semrush.com/bot.html)" "tekmedicgloves.com"
185.191.171.34 - - [15/Oct/2022:00:54:29 -0700] "GET /phpMyAdmin/setup/?token=0b23c4595b7c12d2b10de2b2c93d9abe&version_check=1 HTTP/1.1" 200 12691 "-" "Mozilla/5.0 (compatible; SemrushBot/7~bl; +http://www.semrush.com/bot.html)" "www.tekmedicgloves.com"
185.191.171.35 - - [15/Oct/2022:00:55:07 -0700] "GET /phpMyAdmin/setup/?token=ef2c5e53a066517e151ef26020bd3ba5&version_check=1 HTTP/1.1" 200 12687 "-" "Mozilla/5.0 (compatible; SemrushBot/7~bl; +http://www.semrush.com/bot.html)" "tekmedicgloves.com"
185.191.171.17 - - [15/Oct/2022:00:55:09 -0700] "GET /phpMyAdmin/setup/?token=e9a850325b95f21fd2518bd891c24775&version_check=1 HTTP/1.1" 200 12687 "-" "Mozilla/5.0 (compatible; SemrushBot/7~bl; +http://www.semrush.com/bot.html)" "tekmedicgloves.com"
185.191.171.33 - - [15/Oct/2022:00:55:11 -0700] "GET /phpMyAdmin/setup/?token=dc5dbe4b4d27a3298c9a5b2ffc438f69&version_check=1 HTTP/1.1" 200 12687 "-" "Mozilla/5.0 (compatible; SemrushBot/7~bl; +http://www.semrush.com/bot.html)" "tekmedicgloves.com"
185.191.171.9 - - [15/Oct/2022:00:55:13 -0700] "GET /phpMyAdmin/setup/?token=f3f011b6d1286e013e68abe1ceeb7539&version_check=1 HTTP/1.1" 200 12687 "-" "Mozilla/5.0 (compatible; SemrushBot/7~bl; +http://www.semrush.com/bot.html)" "tekmedicgloves.com"
185.191.171.33 - - [15/Oct/2022:00:55:15 -0700] "GET /phpMyAdmin/setup/?token=dd7b5054e007960c7ffba6736e5b80e4&version_check=1 HTTP/1.1" 200 12687 "-" "Mozilla/5.0 (compatible; SemrushBot/7~bl; +http://www.semrush.com/bot.html)" "tekmedicgloves.com"
185.191.171.18 - - [15/Oct/2022:00:55:17 -0700] "GET /phpMyAdmin/setup/?token=cbe8d7e0a40d833b83945f98d7d365dc&version_check=1 HTTP/1.1" 200 12691 "-" "Mozilla/5.0 (compatible; SemrushBot/7~bl; +http://www.semrush.com/bot.html)" "www.tekmedicgloves.com"
185.191.171.10 - - [15/Oct/2022:00:55:31 -0700] "GET /phpMyAdmin/setup/?token=c6ec5f55358fb76ab632b459a1c263e9&version_check=1 HTTP/1.1" 200 12691 "-" "Mozilla/5.0 (compatible; SemrushBot/7~bl; +http://www.semrush.com/bot.html)" "www.tekmedicgloves.com"
185.191.171.42 - - [15/Oct/2022:00:55:33 -0700] "GET /phpMyAdmin/setup/?token=067859770a9086b65699b34876be63b5&version_check=1 HTTP/1.1" 200 12691 "-" "Mozilla/5.0 (compatible; SemrushBot/7~bl; +http://www.semrush.com/bot.html)" "www.tekmedicgloves.com"
185.191.171.13 - - [15/Oct/2022:00:55:59 -0700] "GET /phpMyAdmin/setup/?token=f04b393a9773ca86c382c3ae8f320132&version_check=1 HTTP/1.1" 200 12691 "-" "Mozilla/5.0 (compatible; SemrushBot/7~bl; +http://www.semrush.com/bot.html)" "www.tekmedicgloves.com"
185.191.171.44 - - [15/Oct/2022:00:56:17 -0700] "GET /phpMyAdmin/setup/?token=0df499d9775f58fc56418cd651bb0301&version_check=1 HTTP/1.1" 200 12687 "-" "Mozilla/5.0 (compatible; SemrushBot/7~bl; +http://www.semrush.com/bot.html)" "tekmedicgloves.com"
185.191.171.37 - - [15/Oct/2022:00:56:17 -0700] "GET /phpMyAdmin/setup/?token=f62deba99c7875072a3a2aaed9cdb9d6&version_check=1 HTTP/1.1" 200 12691 "-" "Mozilla/5.0 (compatible; SemrushBot/7~bl; +http://www.semrush.com/bot.html)" "www.tekmedicgloves.com"
185.191.171.43 - - [15/Oct/2022:00:56:30 -0700] "GET /phpMyAdmin/setup/?token=e17b4a006200d821662a015836046461&version_check=1 HTTP/1.1" 200 12687 "-" "Mozilla/5.0 (compatible; SemrushBot/7~bl; +http://www.semrush.com/bot.html)" "tekmedicgloves.com"
185.191.171.13 - - [15/Oct/2022:00:56:52 -0700] "GET /phpMyAdmin/setup/?token=efb9717649b3aaea5d017a7d08d6cb22&version_check=1 HTTP/1.1" 200 12691 "-" "Mozilla/5.0 (compatible; SemrushBot/7~bl; +http://www.semrush.com/bot.html)" "www.tekmedicgloves.com"
185.191.171.22 - - [15/Oct/2022:00:56:54 -0700] "GET /phpMyAdmin/setup/?token=f9c9b5cdc69b2e4e1834e4d376c1f8eb&version_check=1 HTTP/1.1" 200 12691 "-" "Mozilla/5.0 (compatible; SemrushBot/7~bl; +http://www.semrush.com/bot.html)" "www.tekmedicgloves.com"
185.191.171.13 - - [15/Oct/2022:00:56:56 -0700] "GET /phpMyAdmin/setup/?token=ca42c11e3b481cb4d5bc0bbd3a0e4660&version_check=1 HTTP/1.1" 200 12691 "-" "Mozilla/5.0 (compatible; SemrushBot/7~bl; +http://www.semrush.com/bot.html)" "www.tekmedicgloves.com"
185.191.171.33 - - [15/Oct/2022:00:57:15 -0700] "GET /phpMyAdmin/setup/?token=fdfba32f0c32e0b1b664fa8e7d8cd900&version_check=1 HTTP/1.1" 200 12687 "-" "Mozilla/5.0 (compatible; SemrushBot/7~bl; +http://www.semrush.com/bot.html)" "tekmedicgloves.com"
185.191.171.5 - - [15/Oct/2022:00:57:24 -0700] "GET /phpMyAdmin/setup/?token=0ae833790b155061a839438b0c505d7d&version_check=1 HTTP/1.1" 200 12691 "-" "Mozilla/5.0 (compatible; SemrushBot/7~bl; +http://www.semrush.com/bot.html)" "www.tekmedicgloves.com"
185.191.171.33 - - [15/Oct/2022:00:57:27 -0700] "GET /phpMyAdmin/setup/?token=e74f843316d7d6e6183e1374e86373bf&version_check=1 HTTP/1.1" 200 12687 "-" "Mozilla/5.0 (compatible; SemrushBot/7~bl; +http://www.semrush.com/bot.html)" "tekmedicgloves.com"
185.191.171.38 - - [15/Oct/2022:00:57:30 -0700] "GET /phpMyAdmin/setup/?token=15e1c0cdf19bbac4adbcde053d989d74&version_check=1 HTTP/1.1" 200 12687 "-" "Mozilla/5.0 (compatible; SemrushBot/7~bl; +http://www.semrush.com/bot.html)" "tekmedicgloves.com"
185.191.171.34 - - [15/Oct/2022:00:57:32 -0700] "GET /phpMyAdmin/setup/?token=d67aa0a28dbeacb758f13acbe3585043&version_check=1 HTTP/1.1" 200 12691 "-" "Mozilla/5.0 (compatible; SemrushBot/7~bl; +http://www.semrush.com/bot.html)" "www.tekmedicgloves.com"
185.191.171.9 - - [15/Oct/2022:00:57:36 -0700] "GET /phpMyAdmin/setup/?token=f02b9d540bc4013fc950c57e5393f6e3&version_check=1 HTTP/1.1" 200 12691 "-" "Mozilla/5.0 (compatible; SemrushBot/7~bl; +http://www.semrush.com/bot.html)" "www.tekmedicgloves.com"
185.191.171.37 - - [15/Oct/2022:00:57:42 -0700] "GET /phpMyAdmin/setup/?token=f62d168c7ece898c42aaba40657a1161&version_check=1 HTTP/1.1" 200 12691 "-" "Mozilla/5.0 (compatible; SemrushBot/7~bl; +http://www.semrush.com/bot.html)" "www.tekmedicgloves.com"
185.191.171.43 - - [15/Oct/2022:00:58:03 -0700] "GET /phpMyAdmin/setup/?token=c97dceffcf234a4b7cb9dc97a4f61722&version_check=1 HTTP/1.1" 200 12691 "-" "Mozilla/5.0 (compatible; SemrushBot/7~bl; +http://www.semrush.com/bot.html)" "www.tekmedicgloves.com"
185.191.171.42 - - [15/Oct/2022:00:58:06 -0700] "GET /phpMyAdmin/setup/?token=ddc9e12853030b84f9df2a0fd169828b&version_check=1 HTTP/1.1" 200 12687 "-" "Mozilla/5.0 (compatible; SemrushBot/7~bl; +http://www.semrush.com/bot.html)" "tekmedicgloves.com"
185.191.171.8 - - [15/Oct/2022:00:58:24 -0700] "GET /phpMyAdmin/setup/?token=ed92481df4eb94b195b74e258f66ec66&version_check=1 HTTP/1.1" 200 12691 "-" "Mozilla/5.0 (compatible; SemrushBot/7~bl; +http://www.semrush.com/bot.html)" "www.tekmedicgloves.com"
185.191.171.38 - - [15/Oct/2022:00:58:43 -0700] "GET /phpMyAdmin/setup/?token=f64266fac3c4a67e8adaec40861b469c&version_check=1 HTTP/1.1" 200 12691 "-" "Mozilla/5.0 (compatible; SemrushBot/7~bl; +http://www.semrush.com/bot.html)" "www.tekmedicgloves.com"
185.191.171.1 - - [15/Oct/2022:00:59:11 -0700] "GET /phpMyAdmin/setup/?token=eea2d76522f903fbfd5cc024594436a5&version_check=1 HTTP/1.1" 200 12687 "-" "Mozilla/5.0 (compatible; SemrushBot/7~bl; +http://www.semrush.com/bot.html)" "tekmedicgloves.com"
185.191.171.35 - - [15/Oct/2022:00:59:24 -0700] "GET /phpMyAdmin/setup/?token=e2ffcfb333b4236e1d7218f1a05d7cf6&version_check=1 HTTP/1.1" 200 12687 "-" "Mozilla/5.0 (compatible; SemrushBot/7~bl; +http://www.semrush.com/bot.html)" "tekmedicgloves.com"
185.191.171.39 - - [15/Oct/2022:00:59:29 -0700] "GET /phpMyAdmin/setup/?token=15fab262fd26cf0eae8935b2d84d2bf4&version_check=1 HTTP/1.1" 200 12687 "-" "Mozilla/5.0 (compatible; SemrushBot/7~bl; +http://www.semrush.com/bot.html)" "tekmedicgloves.com"
185.191.171.18 - - [15/Oct/2022:00:59:39 -0700] "GET /phpMyAdmin/setup/?token=ea7db0a8b2c2dbaab9a6e57e519b31cf&version_check=1 HTTP/1.1" 200 12687 "-" "Mozilla/5.0 (compatible; SemrushBot/7~bl; +http://www.semrush.com/bot.html)" "tekmedicgloves.com"
185.191.171.18 - - [15/Oct/2022:00:59:40 -0700] "GET /phpMyAdmin/setup/?token=d6bbbf52d1680c78a392d54a48b8cc31&version_check=1 HTTP/1.1" 200 12691 "-" "Mozilla/5.0 (compatible; SemrushBot/7~bl; +http://www.semrush.com/bot.html)" "www.tekmedicgloves.com"
185.191.171.22 - - [15/Oct/2022:00:59:45 -0700] "GET /phpMyAdmin/setup/?token=ef03f438a7a393657db5b41b77736314&version_check=1 HTTP/1.1" 200 12687 "-" "Mozilla/5.0 (compatible; SemrushBot/7~bl; +http://www.semrush.com/bot.html)" "tekmedicgloves.com"
185.191.171.3 - - [15/Oct/2022:00:59:57 -0700] "GET /phpMyAdmin/setup/?token=0355c0a6090586ddbfc8a8db0252b3b1&version_check=1 HTTP/1.1" 200 12691 "-" "Mozilla/5.0 (compatible; SemrushBot/7~bl; +http://www.semrush.com/bot.html)" "www.tekmedicgloves.com"
185.191.171.24 - - [15/Oct/2022:01:00:00 -0700] "GET /phpMyAdmin/setup/?token=f1e56635986016600179393e701c539d&version_check=1 HTTP/1.1" 200 12691 "-" "Mozilla/5.0 (compatible; SemrushBot/7~bl; +http://www.semrush.com/bot.html)" "www.tekmedicgloves.com"
185.191.171.18 - - [15/Oct/2022:01:00:22 -0700] "GET /phpMyAdmin/setup/?token=e85f1e4ea7466e0de07fc0391b73aeb3&version_check=1 HTTP/1.1" 200 12687 "-" "Mozilla/5.0 (compatible; SemrushBot/7~bl; +http://www.semrush.com/bot.html)" "tekmedicgloves.com"
185.191.171.20 - - [15/Oct/2022:01:00:28 -0700] "GET /phpMyAdmin/setup/?token=15596eefa0c7bd5032f11ef9a32d28e2&version_check=1 HTTP/1.1" 200 12687 "-" "Mozilla/5.0 (compatible; SemrushBot/7~bl; +http://www.semrush.com/bot.html)" "tekmedicgloves.com"
185.191.171.42 - - [15/Oct/2022:01:00:33 -0700] "GET /phpMyAdmin/setup/?token=e4ecb73528651f2f6d0ae7546692de52&version_check=1 HTTP/1.1" 200 12687 "-" "Mozilla/5.0 (compatible; SemrushBot/7~bl; +http://www.semrush.com/bot.html)" "tekmedicgloves.com"
185.191.171.23 - - [15/Oct/2022:01:00:45 -0700] "GET /phpMyAdmin/setup/?token=fd15f155c0cf2d380c21e52c4d8f60aa&version_check=1 HTTP/1.1" 200 12691 "-" "Mozilla/5.0 (compatible; SemrushBot/7~bl; +http://www.semrush.com/bot.html)" "www.tekmedicgloves.com"
185.191.171.38 - - [15/Oct/2022:01:00:53 -0700] "GET /phpMyAdmin/setup/?token=cff216fc11010f1eb757e1f0b71a9adc&version_check=1 HTTP/1.1" 200 12691 "-" "Mozilla/5.0 (compatible; SemrushBot/7~bl; +http://www.semrush.com/bot.html)" "www.tekmedicgloves.com"
185.191.171.41 - - [15/Oct/2022:01:00:55 -0700] "GET /phpMyAdmin/setup/?token=ff8dff6e18ec506f6886faa4ad5e0040&version_check=1 HTTP/1.1" 200 12691 "-" "Mozilla/5.0 (compatible; SemrushBot/7~bl; +http://www.semrush.com/bot.html)" "www.tekmedicgloves.com"
185.191.171.17 - - [15/Oct/2022:01:01:39 -0700] "GET /phpMyAdmin/setup/?token=f8f58d839bf19dbbaa4227dee93baf10&version_check=1 HTTP/1.1" 200 12687 "-" "Mozilla/5.0 (compatible; SemrushBot/7~bl; +http://www.semrush.com/bot.html)" "tekmedicgloves.com"
185.191.171.42 - - [15/Oct/2022:01:01:45 -0700] "GET /phpMyAdmin/setup/?token=f48ce70df58c61a71b8644237433767f&version_check=1 HTTP/1.1" 200 12687 "-" "Mozilla/5.0 (compatible; SemrushBot/7~bl; +http://www.semrush.com/bot.html)" "tekmedicgloves.com"
185.191.171.9 - - [15/Oct/2022:01:01:53 -0700] "GET /phpMyAdmin/setup/?token=eef1fb4011f806cbad92b8a596c4d0f1&version_check=1 HTTP/1.1" 200 12687 "-" "Mozilla/5.0 (compatible; SemrushBot/7~bl; +http://www.semrush.com/bot.html)" "tekmedicgloves.com"
185.191.171.38 - - [15/Oct/2022:01:02:30 -0700] "GET /phpMyAdmin/setup/?token=13184aad64d7dd07e5c650ac8d637e1d&version_check=1 HTTP/1.1" 200 12687 "-" "Mozilla/5.0 (compatible; SemrushBot/7~bl; +http://www.semrush.com/bot.html)" "tekmedicgloves.com"
185.191.171.15 - - [15/Oct/2022:01:02:36 -0700] "GET /phpMyAdmin/setup/?token=e8d23d44ced221fbde5a0c7e02d1c8f1&version_check=1 HTTP/1.1" 200 12691 "-" "Mozilla/5.0 (compatible; SemrushBot/7~bl; +http://www.semrush.com/bot.html)" "www.tekmedicgloves.com"
185.191.171.10 - - [15/Oct/2022:01:02:48 -0700] "GET /phpMyAdmin/setup/?token=0a258b74b566b7d0d66a1042e5809af3&version_check=1 HTTP/1.1" 200 12691 "-" "Mozilla/5.0 (compatible; SemrushBot/7~bl; +http://www.semrush.com/bot.html)" "www.tekmedicgloves.com"
185.191.171.41 - - [15/Oct/2022:01:03:00 -0700] "GET /phpMyAdmin/setup/?token=06bbc0fbaefd653b6a3e993bec6ee942&version_check=1 HTTP/1.1" 200 12687 "-" "Mozilla/5.0 (compatible; SemrushBot/7~bl; +http://www.semrush.com/bot.html)" "tekmedicgloves.com"
185.191.171.17 - - [15/Oct/2022:01:03:08 -0700] "GET /phpMyAdmin/setup/?token=094771aad57db242425ad53750db5a91&version_check=1 HTTP/1.1" 200 12691 "-" "Mozilla/5.0 (compatible; SemrushBot/7~bl; +http://www.semrush.com/bot.html)" "www.tekmedicgloves.com"
185.191.171.36 - - [15/Oct/2022:01:03:15 -0700] "GET /phpMyAdmin/setup/?token=fece71080fcae6b5d190d8ebba56eef8&version_check=1 HTTP/1.1" 200 12691 "-" "Mozilla/5.0 (compatible; SemrushBot/7~bl; +http://www.semrush.com/bot.html)" "www.tekmedicgloves.com"
114.119.139.220 - - [15/Oct/2022:01:03:23 -0700] "GET /beta/products.php?cat=20&id=4 HTTP/1.1" 200 52319 "https://tekmedicgloves.com/beta/products.php?cat=20" "Mozilla/5.0 (Linux; Android 7.0;) AppleWebKit/537.36 (KHTML, like Gecko) Mobile Safari/537.36 (compatible; PetalBot;+https://webmaster.petalsearch.com/site/petalbot)" "tekmedicgloves.com"
185.191.171.44 - - [15/Oct/2022:01:03:31 -0700] "GET /phpMyAdmin/setup/?token=c08499f45449b645ef6baabc2b2c75fa&version_check=1 HTTP/1.1" 200 12691 "-" "Mozilla/5.0 (compatible; SemrushBot/7~bl; +http://www.semrush.com/bot.html)" "www.tekmedicgloves.com"
185.191.171.8 - - [15/Oct/2022:01:03:35 -0700] "GET /phpMyAdmin/setup/?token=e57717836fc25e3d4d40f098da78c2cc&version_check=1 HTTP/1.1" 200 12687 "-" "Mozilla/5.0 (compatible; SemrushBot/7~bl; +http://www.semrush.com/bot.html)" "tekmedicgloves.com"
185.191.171.42 - - [15/Oct/2022:01:03:44 -0700] "GET /phpMyAdmin/setup/?token=dee34781e2ab430c6d194dbeae50c1aa&version_check=1 HTTP/1.1" 200 12687 "-" "Mozilla/5.0 (compatible; SemrushBot/7~bl; +http://www.semrush.com/bot.html)" "tekmedicgloves.com"
185.191.171.44 - - [15/Oct/2022:01:04:04 -0700] "GET /phpMyAdmin/setup/?token=f4c78ecaeee2e9af7ece228060942c94&version_check=1 HTTP/1.1" 200 12691 "-" "Mozilla/5.0 (compatible; SemrushBot/7~bl; +http://www.semrush.com/bot.html)" "www.tekmedicgloves.com"
185.191.171.8 - - [15/Oct/2022:01:04:08 -0700] "GET /phpMyAdmin/setup/?token=eb8fd6db040f1433c97334cd5608f48d&version_check=1 HTTP/1.1" 200 12691 "-" "Mozilla/5.0 (compatible; SemrushBot/7~bl; +http://www.semrush.com/bot.html)" "www.tekmedicgloves.com"
185.191.171.4 - - [15/Oct/2022:01:04:11 -0700] "GET /phpMyAdmin/setup/?token=da39a2a58990d54802ea7ab91f2e5fe0&version_check=1 HTTP/1.1" 200 12691 "-" "Mozilla/5.0 (compatible; SemrushBot/7~bl; +http://www.semrush.com/bot.html)" "www.tekmedicgloves.com"
185.191.171.6 - - [15/Oct/2022:01:04:52 -0700] "GET /phpMyAdmin/setup/?token=c3ab07606ac11b7f4a10dd85b1e34c02&version_check=1 HTTP/1.1" 200 12691 "-" "Mozilla/5.0 (compatible; SemrushBot/7~bl; +http://www.semrush.com/bot.html)" "www.tekmedicgloves.com"
185.191.171.10 - - [15/Oct/2022:01:05:13 -0700] "GET /phpMyAdmin/setup/?token=e94663276f510f10fd0f65cefa154dad&version_check=1 HTTP/1.1" 200 12687 "-" "Mozilla/5.0 (compatible; SemrushBot/7~bl; +http://www.semrush.com/bot.html)" "tekmedicgloves.com"
185.191.171.43 - - [15/Oct/2022:01:05:15 -0700] "GET /phpMyAdmin/setup/?token=e4ad177674afe6447878d8649eed8c55&version_check=1 HTTP/1.1" 200 12687 "-" "Mozilla/5.0 (compatible; SemrushBot/7~bl; +http://www.semrush.com/bot.html)" "tekmedicgloves.com"
185.191.171.10 - - [15/Oct/2022:01:05:42 -0700] "GET /phpMyAdmin/setup/?token=0667ea179ca77d85f356d3a1f88726ce&version_check=1 HTTP/1.1" 200 12691 "-" "Mozilla/5.0 (compatible; SemrushBot/7~bl; +http://www.semrush.com/bot.html)" "www.tekmedicgloves.com"
185.191.171.14 - - [15/Oct/2022:01:05:44 -0700] "GET /robots.txt HTTP/1.1" 404 88 "-" "Mozilla/5.0 (compatible; SemrushBot/7~bl; +http://www.semrush.com/bot.html)" "tekmedicgloves.com"
185.191.171.16 - - [15/Oct/2022:01:05:44 -0700] "GET /phpMyAdmin/setup/?token=cb02d2c370ed5cc74ede340394e42e4e&version_check=1 HTTP/1.1" 200 12691 "-" "Mozilla/5.0 (compatible; SemrushBot/7~bl; +http://www.semrush.com/bot.html)" "www.tekmedicgloves.com"
185.191.171.11 - - [15/Oct/2022:01:05:45 -0700] "GET /phpMyAdmin/setup/?token=02114dcaeb51711a7e7fe26b1206d73c&version_check=1 HTTP/1.1" 200 12687 "-" "Mozilla/5.0 (compatible; SemrushBot/7~bl; +http://www.semrush.com/bot.html)" "tekmedicgloves.com"
185.191.171.24 - - [15/Oct/2022:01:05:47 -0700] "GET /phpMyAdmin/setup/?token=edb479371cbe289c519e14822ba5f28b&version_check=1 HTTP/1.1" 200 12687 "-" "Mozilla/5.0 (compatible; SemrushBot/7~bl; +http://www.semrush.com/bot.html)" "tekmedicgloves.com"
185.191.171.14 - - [15/Oct/2022:01:05:50 -0700] "GET /phpMyAdmin/setup/?token=d0e84e291b05b71f8833e8de3aec54f0&version_check=1 HTTP/1.1" 200 12691 "-" "Mozilla/5.0 (compatible; SemrushBot/7~bl; +http://www.semrush.com/bot.html)" "www.tekmedicgloves.com"
185.191.171.12 - - [15/Oct/2022:01:06:03 -0700] "GET /phpMyAdmin/setup/?token=f415cc918daa6cef57f5445312794172&version_check=1 HTTP/1.1" 200 12687 "-" "Mozilla/5.0 (compatible; SemrushBot/7~bl; +http://www.semrush.com/bot.html)" "tekmedicgloves.com"
185.191.171.15 - - [15/Oct/2022:01:06:06 -0700] "GET /phpMyAdmin/setup/?token=e3d08636e296920808e2842123aca802&version_check=1 HTTP/1.1" 200 12687 "-" "Mozilla/5.0 (compatible; SemrushBot/7~bl; +http://www.semrush.com/bot.html)" "tekmedicgloves.com"
185.191.171.15 - - [15/Oct/2022:01:06:08 -0700] "GET /phpMyAdmin/setup/?token=dd45145581bfd0fa198f5b8ee1e043d1&version_check=1 HTTP/1.1" 200 12687 "-" "Mozilla/5.0 (compatible; SemrushBot/7~bl; +http://www.semrush.com/bot.html)" "tekmedicgloves.com"
185.191.171.8 - - [15/Oct/2022:01:06:12 -0700] "GET /phpMyAdmin/setup/?token=ddfa52617e3ed8299759198c1a32b60f&version_check=1 HTTP/1.1" 200 12687 "-" "Mozilla/5.0 (compatible; SemrushBot/7~bl; +http://www.semrush.com/bot.html)" "tekmedicgloves.com"
185.191.171.9 - - [15/Oct/2022:01:06:12 -0700] "GET /phpMyAdmin/setup/?token=07f3f6e4d2dcc1074caed18eafeab670&version_check=1 HTTP/1.1" 200 12691 "-" "Mozilla/5.0 (compatible; SemrushBot/7~bl; +http://www.semrush.com/bot.html)" "www.tekmedicgloves.com"
185.191.171.44 - - [15/Oct/2022:01:06:14 -0700] "GET /phpMyAdmin/setup/?token=f4bae01e1b970b4e59f43fed43346d16&version_check=1 HTTP/1.1" 200 12691 "-" "Mozilla/5.0 (compatible; SemrushBot/7~bl; +http://www.semrush.com/bot.html)" "www.tekmedicgloves.com"
185.191.171.12 - - [15/Oct/2022:01:06:14 -0700] "GET /phpMyAdmin/setup/?token=f615f5b320b0e189c52062a992437236&version_check=1 HTTP/1.1" 200 12687 "-" "Mozilla/5.0 (compatible; SemrushBot/7~bl; +http://www.semrush.com/bot.html)" "tekmedicgloves.com"
185.191.171.19 - - [15/Oct/2022:01:06:15 -0700] "GET /phpMyAdmin/setup/?token=0b94330e7de8adc963476b7e21a669f3&version_check=1 HTTP/1.1" 200 12691 "-" "Mozilla/5.0 (compatible; SemrushBot/7~bl; +http://www.semrush.com/bot.html)" "www.tekmedicgloves.com"
185.191.171.12 - - [15/Oct/2022:01:06:26 -0700] "GET /phpMyAdmin/setup/?token=03397e512623dce9baeb021846f2d870&version_check=1 HTTP/1.1" 200 12691 "-" "Mozilla/5.0 (compatible; SemrushBot/7~bl; +http://www.semrush.com/bot.html)" "www.tekmedicgloves.com"
185.191.171.3 - - [15/Oct/2022:01:06:31 -0700] "GET /phpMyAdmin/setup/?token=e849c37e3a939901ceb3d499dd6ee697&version_check=1 HTTP/1.1" 200 12687 "-" "Mozilla/5.0 (compatible; SemrushBot/7~bl; +http://www.semrush.com/bot.html)" "tekmedicgloves.com"
185.191.171.20 - - [15/Oct/2022:01:06:35 -0700] "GET /phpMyAdmin/setup/?token=c87dd3ee14799a10f67d5d1cf3cc0eab&version_check=1 HTTP/1.1" 200 12691 "-" "Mozilla/5.0 (compatible; SemrushBot/7~bl; +http://www.semrush.com/bot.html)" "www.tekmedicgloves.com"
185.191.171.40 - - [15/Oct/2022:01:06:54 -0700] "GET /phpMyAdmin/setup/?token=ee07fcb75b2360fed4b1f39aa2787ce9&version_check=1 HTTP/1.1" 200 12687 "-" "Mozilla/5.0 (compatible; SemrushBot/7~bl; +http://www.semrush.com/bot.html)" "tekmedicgloves.com"
185.191.171.6 - - [15/Oct/2022:01:06:56 -0700] "GET /phpMyAdmin/setup/?token=dc53de49ce79543d238d00ea2be53033&version_check=1 HTTP/1.1" 200 12687 "-" "Mozilla/5.0 (compatible; SemrushBot/7~bl; +http://www.semrush.com/bot.html)" "tekmedicgloves.com"
185.191.171.3 - - [15/Oct/2022:01:07:12 -0700] "GET /phpMyAdmin/setup/?token=f1437661eacd4219192e7ec3bdde62bd&version_check=1 HTTP/1.1" 200 12691 "-" "Mozilla/5.0 (compatible; SemrushBot/7~bl; +http://www.semrush.com/bot.html)" "www.tekmedicgloves.com"
185.191.171.25 - - [15/Oct/2022:01:07:15 -0700] "GET /robots.txt HTTP/1.1" 404 88 "-" "Mozilla/5.0 (compatible; SemrushBot/7~bl; +http://www.semrush.com/bot.html)" "www.tekmedicgloves.com"
185.191.171.7 - - [15/Oct/2022:01:07:15 -0700] "GET /phpMyAdmin/setup/?token=f35eeac0e958d95ee244c130bf4d8d30&version_check=1 HTTP/1.1" 200 12691 "-" "Mozilla/5.0 (compatible; SemrushBot/7~bl; +http://www.semrush.com/bot.html)" "www.tekmedicgloves.com"
185.191.171.7 - - [15/Oct/2022:01:07:26 -0700] "GET /phpMyAdmin/setup/?token=f898433e3538b6eb65354cd14ae8fba4&version_check=1 HTTP/1.1" 200 12687 "-" "Mozilla/5.0 (compatible; SemrushBot/7~bl; +http://www.semrush.com/bot.html)" "tekmedicgloves.com"
185.191.171.22 - - [15/Oct/2022:01:07:30 -0700] "GET /phpMyAdmin/setup/?token=02a91b948881dc4f32ff677f4818bd34&version_check=1 HTTP/1.1" 200 12691 "-" "Mozilla/5.0 (compatible; SemrushBot/7~bl; +http://www.semrush.com/bot.html)" "www.tekmedicgloves.com"
185.191.171.15 - - [15/Oct/2022:01:08:18 -0700] "GET /phpMyAdmin/setup/?token=ef63e03f4e194ea499f9d95e1401ef8a&version_check=1 HTTP/1.1" 200 12691 "-" "Mozilla/5.0 (compatible; SemrushBot/7~bl; +http://www.semrush.com/bot.html)" "www.tekmedicgloves.com"
185.191.171.6 - - [15/Oct/2022:01:08:41 -0700] "GET /phpMyAdmin/setup/?token=ec6a318bedafec9d5ecb4d4aa20151a6&version_check=1 HTTP/1.1" 200 12687 "-" "Mozilla/5.0 (compatible; SemrushBot/7~bl; +http://www.semrush.com/bot.html)" "tekmedicgloves.com"
185.191.171.16 - - [15/Oct/2022:01:09:18 -0700] "GET /phpMyAdmin/setup/?token=ffbee02d6a5cea65de76634141e1b7d1&version_check=1 HTTP/1.1" 200 12691 "-" "Mozilla/5.0 (compatible; SemrushBot/7~bl; +http://www.semrush.com/bot.html)" "www.tekmedicgloves.com"
185.191.171.17 - - [15/Oct/2022:01:09:19 -0700] "GET /phpMyAdmin/setup/?token=0c78c759124478a55b22162308e43d7d&version_check=1 HTTP/1.1" 200 12687 "-" "Mozilla/5.0 (compatible; SemrushBot/7~bl; +http://www.semrush.com/bot.html)" "tekmedicgloves.com"
185.191.171.33 - - [15/Oct/2022:01:09:21 -0700] "GET /phpMyAdmin/setup/?token=0d8809fd2d5a907146b17453b0fd7d88&version_check=1 HTTP/1.1" 200 12687 "-" "Mozilla/5.0 (compatible; SemrushBot/7~bl; +http://www.semrush.com/bot.html)" "tekmedicgloves.com"
185.191.171.8 - - [15/Oct/2022:01:09:25 -0700] "GET /phpMyAdmin/setup/?token=b778f14f958c56cc5ce0c6126cb6ae02&version_check=1 HTTP/1.1" 200 12691 "-" "Mozilla/5.0 (compatible; SemrushBot/7~bl; +http://www.semrush.com/bot.html)" "www.tekmedicgloves.com"
185.191.171.4 - - [15/Oct/2022:01:09:47 -0700] "GET /phpMyAdmin/setup/?token=f46d3890495ee26207c7e1eaad4bfbc0&version_check=1 HTTP/1.1" 200 12687 "-" "Mozilla/5.0 (compatible; SemrushBot/7~bl; +http://www.semrush.com/bot.html)" "tekmedicgloves.com"
185.191.171.1 - - [15/Oct/2022:01:09:49 -0700] "GET /phpMyAdmin/setup/?token=f863a0b730bc52177a9746ae10bea46f&version_check=1 HTTP/1.1" 200 12691 "-" "Mozilla/5.0 (compatible; SemrushBot/7~bl; +http://www.semrush.com/bot.html)" "www.tekmedicgloves.com"
185.191.171.19 - - [15/Oct/2022:01:10:02 -0700] "GET /phpMyAdmin/setup/?token=fd0eac53aaadfc6d28cd82b60ed9448f&version_check=1 HTTP/1.1" 200 12691 "-" "Mozilla/5.0 (compatible; SemrushBot/7~bl; +http://www.semrush.com/bot.html)" "www.tekmedicgloves.com"
185.191.171.5 - - [15/Oct/2022:01:10:10 -0700] "GET /phpMyAdmin/setup/?token=e9bccc92e5b6645d164ebe29b6ef4281&version_check=1 HTTP/1.1" 200 12687 "-" "Mozilla/5.0 (compatible; SemrushBot/7~bl; +http://www.semrush.com/bot.html)" "tekmedicgloves.com"
185.191.171.38 - - [15/Oct/2022:01:10:32 -0700] "GET /phpMyAdmin/setup/?token=e11a9174025a3edeb5d5a00f646d6257&version_check=1 HTTP/1.1" 200 12687 "-" "Mozilla/5.0 (compatible; SemrushBot/7~bl; +http://www.semrush.com/bot.html)" "tekmedicgloves.com"
185.191.171.10 - - [15/Oct/2022:01:10:34 -0700] "GET /phpMyAdmin/setup/?token=de5eb8d41662a01e73a7556f2bb8451c&version_check=1 HTTP/1.1" 200 12687 "-" "Mozilla/5.0 (compatible; SemrushBot/7~bl; +http://www.semrush.com/bot.html)" "tekmedicgloves.com"
185.191.171.43 - - [15/Oct/2022:01:10:46 -0700] "GET /phpMyAdmin/setup/?token=d183e1c9c1ea8b278fa7200250d1af62&version_check=1 HTTP/1.1" 200 12691 "-" "Mozilla/5.0 (compatible; SemrushBot/7~bl; +http://www.semrush.com/bot.html)" "www.tekmedicgloves.com"
185.191.171.22 - - [15/Oct/2022:01:11:09 -0700] "GET /phpMyAdmin/setup/?token=ceff8089a24f8307a08ff631d21eb6b0&version_check=1 HTTP/1.1" 200 12691 "-" "Mozilla/5.0 (compatible; SemrushBot/7~bl; +http://www.semrush.com/bot.html)" "www.tekmedicgloves.com"
185.191.171.13 - - [15/Oct/2022:01:11:13 -0700] "GET /phpMyAdmin/setup/?token=08a909d0fe87406f15576c305ba66dea&version_check=1 HTTP/1.1" 200 12691 "-" "Mozilla/5.0 (compatible; SemrushBot/7~bl; +http://www.semrush.com/bot.html)" "www.tekmedicgloves.com"
185.191.171.36 - - [15/Oct/2022:01:11:26 -0700] "GET /phpMyAdmin/setup/?token=07b1695d73e3d156f89ad4220ec84d14&version_check=1 HTTP/1.1" 200 12691 "-" "Mozilla/5.0 (compatible; SemrushBot/7~bl; +http://www.semrush.com/bot.html)" "www.tekmedicgloves.com"
185.191.171.39 - - [15/Oct/2022:01:11:41 -0700] "GET /phpMyAdmin/setup/?token=e6d15e0b6b8b6d6a2efe593c991c395b&version_check=1 HTTP/1.1" 200 12687 "-" "Mozilla/5.0 (compatible; SemrushBot/7~bl; +http://www.semrush.com/bot.html)" "tekmedicgloves.com"
185.191.171.38 - - [15/Oct/2022:01:11:47 -0700] "GET /phpMyAdmin/setup/?token=f5dd24918f181277914f4650ee6563bb&version_check=1 HTTP/1.1" 200 12687 "-" "Mozilla/5.0 (compatible; SemrushBot/7~bl; +http://www.semrush.com/bot.html)" "tekmedicgloves.com"
185.191.171.4 - - [15/Oct/2022:01:11:57 -0700] "GET /phpMyAdmin/setup/?token=ce2f105df13821c8e7ba52b23a47d5be&version_check=1 HTTP/1.1" 200 12691 "-" "Mozilla/5.0 (compatible; SemrushBot/7~bl; +http://www.semrush.com/bot.html)" "www.tekmedicgloves.com"
185.191.171.6 - - [15/Oct/2022:01:12:19 -0700] "GET /phpMyAdmin/setup/?token=d34873419e74e2bd3c190551b23469b4&version_check=1 HTTP/1.1" 200 12691 "-" "Mozilla/5.0 (compatible; SemrushBot/7~bl; +http://www.semrush.com/bot.html)" "www.tekmedicgloves.com"
185.191.171.24 - - [15/Oct/2022:01:12:21 -0700] "GET /phpMyAdmin/setup/?token=f37c679f400fae47dc87e27ea3490a1a&version_check=1 HTTP/1.1" 200 12687 "-" "Mozilla/5.0 (compatible; SemrushBot/7~bl; +http://www.semrush.com/bot.html)" "tekmedicgloves.com"
185.191.171.19 - - [15/Oct/2022:01:12:24 -0700] "GET /phpMyAdmin/setup/?token=ecd3063211df8aff234a63b7c3ecfb09&version_check=1 HTTP/1.1" 200 12691 "-" "Mozilla/5.0 (compatible; SemrushBot/7~bl; +http://www.semrush.com/bot.html)" "www.tekmedicgloves.com"
185.191.171.36 - - [15/Oct/2022:01:12:26 -0700] "GET /phpMyAdmin/setup/?token=0b155555af44ddc3cb6809dc6619ff31&version_check=1 HTTP/1.1" 200 12691 "-" "Mozilla/5.0 (compatible; SemrushBot/7~bl; +http://www.semrush.com/bot.html)" "www.tekmedicgloves.com"
185.191.171.33 - - [15/Oct/2022:01:13:03 -0700] "GET /phpMyAdmin/setup/?token=ec456869dee6c53c5bbfc7883787c8be&version_check=1 HTTP/1.1" 200 12687 "-" "Mozilla/5.0 (compatible; SemrushBot/7~bl; +http://www.semrush.com/bot.html)" "tekmedicgloves.com"
185.191.171.24 - - [15/Oct/2022:01:13:06 -0700] "GET /phpMyAdmin/setup/?token=022f72174dc2f05805a38855feb7f506&version_check=1 HTTP/1.1" 200 12691 "-" "Mozilla/5.0 (compatible; SemrushBot/7~bl; +http://www.semrush.com/bot.html)" "www.tekmedicgloves.com"
185.191.171.10 - - [15/Oct/2022:01:13:44 -0700] "GET /phpMyAdmin/setup/?token=dd06457b815f5dd7c684a32ccabacb36&version_check=1 HTTP/1.1" 200 12687 "-" "Mozilla/5.0 (compatible; SemrushBot/7~bl; +http://www.semrush.com/bot.html)" "tekmedicgloves.com"
