157.55.39.207 - - [15/Oct/2022:04:41:11 -0700] "GET /beta/wp-content/plugins/contact-form-7/includes/js/jquery.form.min.js HTTP/1.1" 200 5878 "-" "Mozilla/5.0 AppleWebKit/537.36 (KHTML, like Gecko; compatible; bingbot/2.0; +http://www.bing.com/bingbot.htm) Chrome/103.0.5060.134 Safari/537.36" "tekmedicgloves.com"
157.55.39.207 - - [15/Oct/2022:04:41:12 -0700] "GET /beta/wp-content/themes/CherryFramework/js/camera.min.js HTTP/1.1" 200 8551 "-" "Mozilla/5.0 (compatible; bingbot/2.0; +http://www.bing.com/bingbot.htm)" "tekmedicgloves.com"
157.55.39.207 - - [15/Oct/2022:04:41:12 -0700] "GET /beta/wp-content/themes/CherryFramework/js/jflickrfeed.js HTTP/1.1" 200 560 "-" "Mozilla/5.0 AppleWebKit/537.36 (KHTML, like Gecko; compatible; bingbot/2.0; +http://www.bing.com/bingbot.htm) Chrome/103.0.5060.134 Safari/537.36" "tekmedicgloves.com"
157.55.39.180 - - [15/Oct/2022:04:41:12 -0700] "GET /beta/wp-content/plugins/contact-form-7/includes/js/scripts.js HTTP/1.1" 200 1850 "-" "Mozilla/5.0 (compatible; bingbot/2.0; +http://www.bing.com/bingbot.htm)" "tekmedicgloves.com"
185.191.171.18 - - [15/Oct/2022:04:41:12 -0700] "GET /phpMyAdmin/setup/?token=d45e66a66dba0d7c033ef24393b4a6b5&version_check=1 HTTP/1.1" 200 12691 "-" "Mozilla/5.0 (compatible; SemrushBot/7~bl; +http://www.semrush.com/bot.html)" "www.tekmedicgloves.com"
157.55.39.20 - - [15/Oct/2022:04:41:16 -0700] "GET /beta/wp-content/plugins/cherry-plugin/includes/js/cherry-plugin.js HTTP/1.1" 200 438 "-" "Mozilla/5.0 (compatible; bingbot/2.0; +http://www.bing.com/bingbot.htm)" "tekmedicgloves.com"
157.55.39.20 - - [15/Oct/2022:04:41:16 -0700] "GET /beta/wp-content/themes/CherryFramework/css/magnific-popup.css HTTP/1.1" 200 2166 "-" "Mozilla/5.0 AppleWebKit/537.36 (KHTML, like Gecko; compatible; bingbot/2.0; +http://www.bing.com/bingbot.htm) Chrome/103.0.5060.134 Safari/537.36" "tekmedicgloves.com"
157.55.39.20 - - [15/Oct/2022:04:41:16 -0700] "GET /beta/wp-content/themes/CherryFramework/js/jquery-1.7.2.min.js HTTP/1.1" 200 33630 "-" "Mozilla/5.0 (compatible; bingbot/2.0; +http://www.bing.com/bingbot.htm)" "tekmedicgloves.com"
157.55.39.20 - - [15/Oct/2022:04:41:16 -0700] "GET /beta/wp-content/themes/CherryFramework/js/jquery.magnific-popup.min.js HTTP/1.1" 200 7493 "-" "Mozilla/5.0 AppleWebKit/537.36 (KHTML, like Gecko; compatible; bingbot/2.0; +http://www.bing.com/bingbot.htm) Chrome/103.0.5060.134 Safari/537.36" "tekmedicgloves.com"
207.46.13.88 - - [15/Oct/2022:04:41:20 -0700] "GET /beta/wp-content/plugins/contact-form-7/includes/css/styles.css HTTP/1.1" 200 392 "-" "Mozilla/5.0 (compatible; bingbot/2.0; +http://www.bing.com/bingbot.htm)" "tekmedicgloves.com"
207.46.13.88 - - [15/Oct/2022:04:41:21 -0700] "GET /beta/wp-content/themes/CherryFramework/js/jquery.jplayer.min.js HTTP/1.1" 200 11945 "-" "Mozilla/5.0 AppleWebKit/537.36 (KHTML, like Gecko; compatible; bingbot/2.0; +http://www.bing.com/bingbot.htm) Chrome/103.0.5060.134 Safari/537.36" "tekmedicgloves.com"
185.191.171.18 - - [15/Oct/2022:04:41:22 -0700] "GET /phpMyAdmin/setup/?token=e69026a969cd8af079db8c4da68c471a&version_check=1 HTTP/1.1" 200 12687 "-" "Mozilla/5.0 (compatible; SemrushBot/7~bl; +http://www.semrush.com/bot.html)" "tekmedicgloves.com"
185.191.171.1 - - [15/Oct/2022:04:41:24 -0700] "GET /phpMyAdmin/setup/?token=05b6348ad86de3a59b753d6a2a68ea7e&version_check=1 HTTP/1.1" 200 12691 "-" "Mozilla/5.0 (compatible; SemrushBot/7~bl; +http://www.semrush.com/bot.html)" "www.tekmedicgloves.com"
157.55.39.180 - - [15/Oct/2022:04:41:26 -0700] "GET /beta/wp-content/themes/CherryFramework/js/jquery.debouncedresize.js HTTP/1.1" 200 226 "-" "Mozilla/5.0 AppleWebKit/537.36 (KHTML, like Gecko; compatible; bingbot/2.0; +http://www.bing.com/bingbot.htm) Chrome/103.0.5060.134 Safari/537.36" "tekmedicgloves.com"
157.55.39.180 - - [15/Oct/2022:04:41:26 -0700] "GET /beta/wp-content/themes/CherryFramework/js/jquery.mobile.customized.min.js HTTP/1.1" 200 6409 "-" "Mozilla/5.0 AppleWebKit/537.36 (KHTML, like Gecko; compatible; bingbot/2.0; +http://www.bing.com/bingbot.htm) Chrome/103.0.5060.134 Safari/537.36" "tekmedicgloves.com"
157.55.39.180 - - [15/Oct/2022:04:41:26 -0700] "GET /beta/wp-content/themes/theme48838/style.css HTTP/1.1" 200 243 "-" "Mozilla/5.0 (compatible; bingbot/2.0; +http://www.bing.com/bingbot.htm)" "tekmedicgloves.com"
157.55.39.180 - - [15/Oct/2022:04:41:27 -0700] "GET /beta/wp-includes/js/comment-reply.min.js HTTP/1.1" 404 88 "-" "Mozilla/5.0 (compatible; bingbot/2.0; +http://www.bing.com/bingbot.htm)" "tekmedicgloves.com"
185.191.171.16 - - [15/Oct/2022:04:41:40 -0700] "GET /phpMyAdmin/setup/?token=00f12e43da0f6732fa94247f3e82589c&version_check=1 HTTP/1.1" 200 12687 "-" "Mozilla/5.0 (compatible; SemrushBot/7~bl; +http://www.semrush.com/bot.html)" "tekmedicgloves.com"
185.191.171.12 - - [15/Oct/2022:04:41:41 -0700] "GET /phpMyAdmin/setup/?token=ef78a001ceb1f0e9475be8effef7b514&version_check=1 HTTP/1.1" 200 12691 "-" "Mozilla/5.0 (compatible; SemrushBot/7~bl; +http://www.semrush.com/bot.html)" "www.tekmedicgloves.com"
185.191.171.2 - - [15/Oct/2022:04:41:43 -0700] "GET /phpMyAdmin/setup/?token=f71a12c24d48e100cd2841c1ec190b35&version_check=1 HTTP/1.1" 200 12691 "-" "Mozilla/5.0 (compatible; SemrushBot/7~bl; +http://www.semrush.com/bot.html)" "www.tekmedicgloves.com"
185.191.171.13 - - [15/Oct/2022:04:41:46 -0700] "GET /phpMyAdmin/setup/?token=eebab26da53e683be7a51b76540f8122&version_check=1 HTTP/1.1" 200 12691 "-" "Mozilla/5.0 (compatible; SemrushBot/7~bl; +http://www.semrush.com/bot.html)" "www.tekmedicgloves.com"
185.191.171.35 - - [15/Oct/2022:04:42:27 -0700] "GET /phpMyAdmin/setup/?token=f5fa6eed28dddc6f6774ce1865f24ccd&version_check=1 HTTP/1.1" 200 12687 "-" "Mozilla/5.0 (compatible; SemrushBot/7~bl; +http://www.semrush.com/bot.html)" "tekmedicgloves.com"
185.191.171.7 - - [15/Oct/2022:04:42:32 -0700] "GET /phpMyAdmin/setup/?token=bcc458ba15e165f04faad7081623b66b&version_check=1 HTTP/1.1" 200 12691 "-" "Mozilla/5.0 (compatible; SemrushBot/7~bl; +http://www.semrush.com/bot.html)" "www.tekmedicgloves.com"
185.191.171.24 - - [15/Oct/2022:04:42:58 -0700] "GET /phpMyAdmin/setup/?token=08fe168c1593f16a7af7976790839aa5&version_check=1 HTTP/1.1" 200 12687 "-" "Mozilla/5.0 (compatible; SemrushBot/7~bl; +http://www.semrush.com/bot.html)" "tekmedicgloves.com"
185.191.171.35 - - [15/Oct/2022:04:43:07 -0700] "GET /phpMyAdmin/setup/?token=c51aa9b3670ffabc0ccf9006387d0878&version_check=1 HTTP/1.1" 200 12691 "-" "Mozilla/5.0 (compatible; SemrushBot/7~bl; +http://www.semrush.com/bot.html)" "www.tekmedicgloves.com"
185.191.171.24 - - [15/Oct/2022:04:43:09 -0700] "GET /phpMyAdmin/setup/?token=0a27a881e2c4f32455c3466c04d87360&version_check=1 HTTP/1.1" 200 12691 "-" "Mozilla/5.0 (compatible; SemrushBot/7~bl; +http://www.semrush.com/bot.html)" "www.tekmedicgloves.com"
185.191.171.3 - - [15/Oct/2022:04:43:32 -0700] "GET /phpMyAdmin/setup/?token=e335805ef0295bc24034a5c4d2f09006&version_check=1 HTTP/1.1" 200 12687 "-" "Mozilla/5.0 (compatible; SemrushBot/7~bl; +http://www.semrush.com/bot.html)" "tekmedicgloves.com"
185.191.171.13 - - [15/Oct/2022:04:43:48 -0700] "GET /phpMyAdmin/setup/?token=e5786443f2aa833df82a1629cf65a8c4&version_check=1 HTTP/1.1" 200 12687 "-" "Mozilla/5.0 (compatible; SemrushBot/7~bl; +http://www.semrush.com/bot.html)" "tekmedicgloves.com"
185.191.171.39 - - [15/Oct/2022:04:43:55 -0700] "GET /phpMyAdmin/setup/?token=f9e858103a75836c2436be312d6cc0c6&version_check=1 HTTP/1.1" 200 12687 "-" "Mozilla/5.0 (compatible; SemrushBot/7~bl; +http://www.semrush.com/bot.html)" "tekmedicgloves.com"
185.191.171.43 - - [15/Oct/2022:04:43:57 -0700] "GET /phpMyAdmin/setup/?token=f5585f058870b061ff11dbd4a2d99277&version_check=1 HTTP/1.1" 200 12691 "-" "Mozilla/5.0 (compatible; SemrushBot/7~bl; +http://www.semrush.com/bot.html)" "www.tekmedicgloves.com"
185.191.171.43 - - [15/Oct/2022:04:44:06 -0700] "GET /phpMyAdmin/setup/?token=041527140552c7c6a18c34cefb718d79&version_check=1 HTTP/1.1" 200 12691 "-" "Mozilla/5.0 (compatible; SemrushBot/7~bl; +http://www.semrush.com/bot.html)" "www.tekmedicgloves.com"
185.191.171.9 - - [15/Oct/2022:04:44:19 -0700] "GET /phpMyAdmin/setup/?token=f0af7a3132b2fcc93e7a99395f7f2a2f&version_check=1 HTTP/1.1" 200 12691 "-" "Mozilla/5.0 (compatible; SemrushBot/7~bl; +http://www.semrush.com/bot.html)" "www.tekmedicgloves.com"
185.191.171.43 - - [15/Oct/2022:04:44:29 -0700] "GET /phpMyAdmin/setup/?token=f718dda0ad64f1627be39dc6a81987ac&version_check=1 HTTP/1.1" 200 12691 "-" "Mozilla/5.0 (compatible; SemrushBot/7~bl; +http://www.semrush.com/bot.html)" "www.tekmedicgloves.com"
185.191.171.39 - - [15/Oct/2022:04:44:31 -0700] "GET /phpMyAdmin/setup/?token=0fb9b40e4686f10641ff7bd2be508ebc&version_check=1 HTTP/1.1" 200 12691 "-" "Mozilla/5.0 (compatible; SemrushBot/7~bl; +http://www.semrush.com/bot.html)" "www.tekmedicgloves.com"
185.191.171.24 - - [15/Oct/2022:04:44:43 -0700] "GET /phpMyAdmin/setup/?token=fb75697a79e98d9c1d33d37e00017737&version_check=1 HTTP/1.1" 200 12691 "-" "Mozilla/5.0 (compatible; SemrushBot/7~bl; +http://www.semrush.com/bot.html)" "www.tekmedicgloves.com"
185.191.171.39 - - [15/Oct/2022:04:44:48 -0700] "GET /phpMyAdmin/setup/?token=0787a5838ec12a4c45d681f8d68fd5e1&version_check=1 HTTP/1.1" 200 12687 "-" "Mozilla/5.0 (compatible; SemrushBot/7~bl; +http://www.semrush.com/bot.html)" "tekmedicgloves.com"
185.191.171.45 - - [15/Oct/2022:04:44:58 -0700] "GET /phpMyAdmin/setup/?token=f1bbb6b9cc5013047960f91f95702d58&version_check=1 HTTP/1.1" 200 12691 "-" "Mozilla/5.0 (compatible; SemrushBot/7~bl; +http://www.semrush.com/bot.html)" "www.tekmedicgloves.com"
185.191.171.19 - - [15/Oct/2022:04:45:20 -0700] "GET /phpMyAdmin/setup/?token=e9fdf5a13c881f6d4bed344701e9b596&version_check=1 HTTP/1.1" 200 12687 "-" "Mozilla/5.0 (compatible; SemrushBot/7~bl; +http://www.semrush.com/bot.html)" "tekmedicgloves.com"
185.191.171.23 - - [15/Oct/2022:04:45:25 -0700] "GET /phpMyAdmin/setup/?token=ff0626298ec196a4efd3a66172786d95&version_check=1 HTTP/1.1" 200 12687 "-" "Mozilla/5.0 (compatible; SemrushBot/7~bl; +http://www.semrush.com/bot.html)" "tekmedicgloves.com"
185.191.171.38 - - [15/Oct/2022:04:45:43 -0700] "GET /phpMyAdmin/setup/?token=ed4671fcab24754cd39541c8f67399e1&version_check=1 HTTP/1.1" 200 12691 "-" "Mozilla/5.0 (compatible; SemrushBot/7~bl; +http://www.semrush.com/bot.html)" "www.tekmedicgloves.com"
185.191.171.16 - - [15/Oct/2022:04:45:50 -0700] "GET /phpMyAdmin/setup/?token=eeb9f187aebcabecbbca9cb8fba2e47d&version_check=1 HTTP/1.1" 200 12687 "-" "Mozilla/5.0 (compatible; SemrushBot/7~bl; +http://www.semrush.com/bot.html)" "tekmedicgloves.com"
185.191.171.4 - - [15/Oct/2022:04:45:52 -0700] "GET /phpMyAdmin/setup/?token=05d9276acf87d2bdcea1d4c927a80b99&version_check=1 HTTP/1.1" 200 12691 "-" "Mozilla/5.0 (compatible; SemrushBot/7~bl; +http://www.semrush.com/bot.html)" "www.tekmedicgloves.com"
185.191.171.24 - - [15/Oct/2022:04:46:09 -0700] "GET /phpMyAdmin/setup/?token=cc81ed00be7c5258deda21fb694bab46&version_check=1 HTTP/1.1" 200 12691 "-" "Mozilla/5.0 (compatible; SemrushBot/7~bl; +http://www.semrush.com/bot.html)" "www.tekmedicgloves.com"
185.191.171.39 - - [15/Oct/2022:04:46:10 -0700] "GET /phpMyAdmin/setup/?token=108cc40d9ef78a449d339bd17663ba8f&version_check=1 HTTP/1.1" 200 12687 "-" "Mozilla/5.0 (compatible; SemrushBot/7~bl; +http://www.semrush.com/bot.html)" "tekmedicgloves.com"
185.191.171.1 - - [15/Oct/2022:04:46:41 -0700] "GET /phpMyAdmin/setup/?token=0d182c9a03601477e29cc3e67b26d60c&version_check=1 HTTP/1.1" 200 12691 "-" "Mozilla/5.0 (compatible; SemrushBot/7~bl; +http://www.semrush.com/bot.html)" "www.tekmedicgloves.com"
185.191.171.45 - - [15/Oct/2022:04:46:47 -0700] "GET /phpMyAdmin/setup/?token=fc2ab68606412a861febf4c8e7428e5f&version_check=1 HTTP/1.1" 200 12691 "-" "Mozilla/5.0 (compatible; SemrushBot/7~bl; +http://www.semrush.com/bot.html)" "www.tekmedicgloves.com"
185.191.171.26 - - [15/Oct/2022:04:46:56 -0700] "GET /phpMyAdmin/setup/?token=ffb14a325dbba9bd81deb5616d5f39e7&version_check=1 HTTP/1.1" 200 12687 "-" "Mozilla/5.0 (compatible; SemrushBot/7~bl; +http://www.semrush.com/bot.html)" "tekmedicgloves.com"
185.191.171.33 - - [15/Oct/2022:04:46:56 -0700] "GET /phpMyAdmin/setup/?token=cee8ecf934c89c14efd860567f65fde6&version_check=1 HTTP/1.1" 200 12691 "-" "Mozilla/5.0 (compatible; SemrushBot/7~bl; +http://www.semrush.com/bot.html)" "www.tekmedicgloves.com"
185.191.171.15 - - [15/Oct/2022:04:47:14 -0700] "GET /phpMyAdmin/setup/?token=08eb5268f59dc60e171206dd976bfeb8&version_check=1 HTTP/1.1" 200 12687 "-" "Mozilla/5.0 (compatible; SemrushBot/7~bl; +http://www.semrush.com/bot.html)" "tekmedicgloves.com"
185.191.171.17 - - [15/Oct/2022:04:47:31 -0700] "GET /phpMyAdmin/setup/?token=f4f279fc5d980994b72949d0265b2bca&version_check=1 HTTP/1.1" 200 12687 "-" "Mozilla/5.0 (compatible; SemrushBot/7~bl; +http://www.semrush.com/bot.html)" "tekmedicgloves.com"
185.191.171.45 - - [15/Oct/2022:04:47:43 -0700] "GET /phpMyAdmin/setup/?token=dd21461f66a219c4adeda2971eb98e95&version_check=1 HTTP/1.1" 200 12687 "-" "Mozilla/5.0 (compatible; SemrushBot/7~bl; +http://www.semrush.com/bot.html)" "tekmedicgloves.com"
185.191.171.2 - - [15/Oct/2022:04:47:46 -0700] "GET /phpMyAdmin/setup/?token=e873aac3673af0d1810dfd7ad714b9db&version_check=1 HTTP/1.1" 200 12687 "-" "Mozilla/5.0 (compatible; SemrushBot/7~bl; +http://www.semrush.com/bot.html)" "tekmedicgloves.com"
185.191.171.18 - - [15/Oct/2022:04:47:52 -0700] "GET /phpMyAdmin/setup/?token=0568c7ecab72222ac5ad2648ef8e045f&version_check=1 HTTP/1.1" 200 12691 "-" "Mozilla/5.0 (compatible; SemrushBot/7~bl; +http://www.semrush.com/bot.html)" "www.tekmedicgloves.com"
185.191.171.3 - - [15/Oct/2022:04:48:12 -0700] "GET /phpMyAdmin/setup/?token=06c0bcb55d4ceec2b057527f87667d75&version_check=1 HTTP/1.1" 200 12687 "-" "Mozilla/5.0 (compatible; SemrushBot/7~bl; +http://www.semrush.com/bot.html)" "tekmedicgloves.com"
185.191.171.43 - - [15/Oct/2022:04:48:21 -0700] "GET /phpMyAdmin/setup/?token=028b5e2acd51df9ecb8211631c29caf3&version_check=1 HTTP/1.1" 200 12691 "-" "Mozilla/5.0 (compatible; SemrushBot/7~bl; +http://www.semrush.com/bot.html)" "www.tekmedicgloves.com"
185.191.171.15 - - [15/Oct/2022:04:48:31 -0700] "GET /phpMyAdmin/setup/?token=e2805e7580408371c71ff0babd4975a7&version_check=1 HTTP/1.1" 200 12687 "-" "Mozilla/5.0 (compatible; SemrushBot/7~bl; +http://www.semrush.com/bot.html)" "tekmedicgloves.com"
185.191.171.36 - - [15/Oct/2022:04:49:20 -0700] "GET /phpMyAdmin/setup/?token=01694512a1ad960da78e0895a636abcc&version_check=1 HTTP/1.1" 200 12691 "-" "Mozilla/5.0 (compatible; SemrushBot/7~bl; +http://www.semrush.com/bot.html)" "www.tekmedicgloves.com"
185.191.171.13 - - [15/Oct/2022:04:49:23 -0700] "GET /phpMyAdmin/setup/?token=bfacccceefd1fab8b2d04b6715c8e906&version_check=1 HTTP/1.1" 200 12691 "-" "Mozilla/5.0 (compatible; SemrushBot/7~bl; +http://www.semrush.com/bot.html)" "www.tekmedicgloves.com"
185.191.171.4 - - [15/Oct/2022:04:49:26 -0700] "GET /phpMyAdmin/setup/?token=f8f5ec4eb8b2482fc6de099528a2f517&version_check=1 HTTP/1.1" 200 12691 "-" "Mozilla/5.0 (compatible; SemrushBot/7~bl; +http://www.semrush.com/bot.html)" "www.tekmedicgloves.com"
185.191.171.6 - - [15/Oct/2022:04:49:28 -0700] "GET /phpMyAdmin/setup/?token=0ec3f022be147ed68bd1ab380143eec1&version_check=1 HTTP/1.1" 200 12691 "-" "Mozilla/5.0 (compatible; SemrushBot/7~bl; +http://www.semrush.com/bot.html)" "www.tekmedicgloves.com"
185.191.171.3 - - [15/Oct/2022:04:49:29 -0700] "GET /phpMyAdmin/setup/?token=dc451c8528bd5e3c87404462351d0ef9&version_check=1 HTTP/1.1" 200 12691 "-" "Mozilla/5.0 (compatible; SemrushBot/7~bl; +http://www.semrush.com/bot.html)" "www.tekmedicgloves.com"
185.191.171.4 - - [15/Oct/2022:04:49:33 -0700] "GET /phpMyAdmin/setup/?token=fefa7562670789da0ee2bc828452f031&version_check=1 HTTP/1.1" 200 12691 "-" "Mozilla/5.0 (compatible; SemrushBot/7~bl; +http://www.semrush.com/bot.html)" "www.tekmedicgloves.com"
185.191.171.41 - - [15/Oct/2022:04:49:39 -0700] "GET /phpMyAdmin/setup/?token=04d85ce6df582fbb257ff3b7b78e8b93&version_check=1 HTTP/1.1" 200 12687 "-" "Mozilla/5.0 (compatible; SemrushBot/7~bl; +http://www.semrush.com/bot.html)" "tekmedicgloves.com"
185.191.171.43 - - [15/Oct/2022:04:50:00 -0700] "GET /phpMyAdmin/setup/?token=e50b8a8f78859aaed1df606847a59ad8&version_check=1 HTTP/1.1" 200 12687 "-" "Mozilla/5.0 (compatible; SemrushBot/7~bl; +http://www.semrush.com/bot.html)" "tekmedicgloves.com"
185.191.171.34 - - [15/Oct/2022:04:50:01 -0700] "GET /phpMyAdmin/setup/?token=de9ecc26516bb5317049ff88cd2d0426&version_check=1 HTTP/1.1" 200 12691 "-" "Mozilla/5.0 (compatible; SemrushBot/7~bl; +http://www.semrush.com/bot.html)" "www.tekmedicgloves.com"
185.191.171.21 - - [15/Oct/2022:04:50:03 -0700] "GET /phpMyAdmin/setup/?token=eb7a3f2b3aab2866351583a92a97ec45&version_check=1 HTTP/1.1" 200 12691 "-" "Mozilla/5.0 (compatible; SemrushBot/7~bl; +http://www.semrush.com/bot.html)" "www.tekmedicgloves.com"
185.191.171.10 - - [15/Oct/2022:04:50:26 -0700] "GET /phpMyAdmin/setup/?token=ef8b35e98f8067772c9babd369e3e12a&version_check=1 HTTP/1.1" 200 12691 "-" "Mozilla/5.0 (compatible; SemrushBot/7~bl; +http://www.semrush.com/bot.html)" "www.tekmedicgloves.com"
185.191.171.23 - - [15/Oct/2022:04:50:40 -0700] "GET /phpMyAdmin/setup/?token=0d4b30220629501e73806f231771f333&version_check=1 HTTP/1.1" 200 12691 "-" "Mozilla/5.0 (compatible; SemrushBot/7~bl; +http://www.semrush.com/bot.html)" "www.tekmedicgloves.com"
185.191.171.26 - - [15/Oct/2022:04:50:57 -0700] "GET /phpMyAdmin/setup/?token=f83a0b48d30135bfe4160b9971885f18&version_check=1 HTTP/1.1" 200 12687 "-" "Mozilla/5.0 (compatible; SemrushBot/7~bl; +http://www.semrush.com/bot.html)" "tekmedicgloves.com"
185.191.171.4 - - [15/Oct/2022:04:51:00 -0700] "GET /phpMyAdmin/setup/?token=e4cfc80fcad2dc61d33bed98679d3910&version_check=1 HTTP/1.1" 200 12687 "-" "Mozilla/5.0 (compatible; SemrushBot/7~bl; +http://www.semrush.com/bot.html)" "tekmedicgloves.com"
185.191.171.39 - - [15/Oct/2022:04:51:09 -0700] "GET /phpMyAdmin/setup/?token=d8d9a4638f67e3cf62d8ce73e8766f2c&version_check=1 HTTP/1.1" 200 12691 "-" "Mozilla/5.0 (compatible; SemrushBot/7~bl; +http://www.semrush.com/bot.html)" "www.tekmedicgloves.com"
185.191.171.9 - - [15/Oct/2022:04:51:38 -0700] "GET /phpMyAdmin/setup/?token=f4dae098651db172ea034035495a8529&version_check=1 HTTP/1.1" 200 12687 "-" "Mozilla/5.0 (compatible; SemrushBot/7~bl; +http://www.semrush.com/bot.html)" "tekmedicgloves.com"
185.191.171.13 - - [15/Oct/2022:04:51:45 -0700] "GET /phpMyAdmin/setup/?token=ee80865bf97b7423a8e42b50d65d9d49&version_check=1 HTTP/1.1" 200 12687 "-" "Mozilla/5.0 (compatible; SemrushBot/7~bl; +http://www.semrush.com/bot.html)" "tekmedicgloves.com"
185.191.171.37 - - [15/Oct/2022:04:51:51 -0700] "GET /phpMyAdmin/setup/?token=e01aa3f37b138ac8f3b3559c6dfa7a88&version_check=1 HTTP/1.1" 200 12687 "-" "Mozilla/5.0 (compatible; SemrushBot/7~bl; +http://www.semrush.com/bot.html)" "tekmedicgloves.com"
185.191.171.23 - - [15/Oct/2022:04:51:58 -0700] "GET /phpMyAdmin/setup/?token=fec6240586e76d18397d02163faf57a2&version_check=1 HTTP/1.1" 200 12691 "-" "Mozilla/5.0 (compatible; SemrushBot/7~bl; +http://www.semrush.com/bot.html)" "www.tekmedicgloves.com"
185.191.171.2 - - [15/Oct/2022:04:52:25 -0700] "GET /phpMyAdmin/setup/?token=cc58740b98c534c285ba40177481689e&version_check=1 HTTP/1.1" 200 12691 "-" "Mozilla/5.0 (compatible; SemrushBot/7~bl; +http://www.semrush.com/bot.html)" "www.tekmedicgloves.com"
185.191.171.37 - - [15/Oct/2022:04:52:28 -0700] "GET /phpMyAdmin/setup/?token=c31ea653830128a601afec99548b88b2&version_check=1 HTTP/1.1" 200 12687 "-" "Mozilla/5.0 (compatible; SemrushBot/7~bl; +http://www.semrush.com/bot.html)" "tekmedicgloves.com"
185.191.171.34 - - [15/Oct/2022:04:52:29 -0700] "GET /phpMyAdmin/setup/?token=cd3756c962acdbdb98ef2dc0f586526c&version_check=1 HTTP/1.1" 200 12691 "-" "Mozilla/5.0 (compatible; SemrushBot/7~bl; +http://www.semrush.com/bot.html)" "www.tekmedicgloves.com"
185.191.171.22 - - [15/Oct/2022:04:53:01 -0700] "GET /phpMyAdmin/setup/?token=e08f104d372bf55a4473eb1f2c14908f&version_check=1 HTTP/1.1" 200 12687 "-" "Mozilla/5.0 (compatible; SemrushBot/7~bl; +http://www.semrush.com/bot.html)" "tekmedicgloves.com"
185.191.171.39 - - [15/Oct/2022:04:53:12 -0700] "GET /phpMyAdmin/setup/?token=c7791f54c19ff138982a5b897b82e6fb&version_check=1 HTTP/1.1" 200 12691 "-" "Mozilla/5.0 (compatible; SemrushBot/7~bl; +http://www.semrush.com/bot.html)" "www.tekmedicgloves.com"
185.191.171.25 - - [15/Oct/2022:04:53:18 -0700] "GET /phpMyAdmin/setup/?token=c972e2f67209c9f187747f2526a4f22b&version_check=1 HTTP/1.1" 200 12691 "-" "Mozilla/5.0 (compatible; SemrushBot/7~bl; +http://www.semrush.com/bot.html)" "www.tekmedicgloves.com"
185.191.171.15 - - [15/Oct/2022:04:53:30 -0700] "GET /phpMyAdmin/setup/?token=fe0000202b53e3138772469fab2fe252&version_check=1 HTTP/1.1" 200 12691 "-" "Mozilla/5.0 (compatible; SemrushBot/7~bl; +http://www.semrush.com/bot.html)" "www.tekmedicgloves.com"
185.191.171.19 - - [15/Oct/2022:04:53:45 -0700] "GET /phpMyAdmin/setup/?token=050c7ffdd5ebc6b5365557371483114e&version_check=1 HTTP/1.1" 200 12687 "-" "Mozilla/5.0 (compatible; SemrushBot/7~bl; +http://www.semrush.com/bot.html)" "tekmedicgloves.com"
185.191.171.37 - - [15/Oct/2022:04:53:52 -0700] "GET /phpMyAdmin/setup/?token=dc91e723b0b8191ace13c4ef7ca08119&version_check=1 HTTP/1.1" 200 12687 "-" "Mozilla/5.0 (compatible; SemrushBot/7~bl; +http://www.semrush.com/bot.html)" "tekmedicgloves.com"
185.191.171.22 - - [15/Oct/2022:04:54:03 -0700] "GET /phpMyAdmin/setup/?token=f2965dd361f00083048581fccdc31a60&version_check=1 HTTP/1.1" 200 12691 "-" "Mozilla/5.0 (compatible; SemrushBot/7~bl; +http://www.semrush.com/bot.html)" "www.tekmedicgloves.com"
185.191.171.25 - - [15/Oct/2022:04:54:13 -0700] "GET /phpMyAdmin/setup/?token=f1c1a3f819fa2cb262958e358de3546a&version_check=1 HTTP/1.1" 200 12687 "-" "Mozilla/5.0 (compatible; SemrushBot/7~bl; +http://www.semrush.com/bot.html)" "tekmedicgloves.com"
185.191.171.34 - - [15/Oct/2022:04:54:14 -0700] "GET /phpMyAdmin/setup/?token=02dba22574004c55ac63f68055b952ee&version_check=1 HTTP/1.1" 200 12687 "-" "Mozilla/5.0 (compatible; SemrushBot/7~bl; +http://www.semrush.com/bot.html)" "tekmedicgloves.com"
185.191.171.19 - - [15/Oct/2022:04:54:20 -0700] "GET /phpMyAdmin/setup/?token=f4804a4ac164ff919971fcff90025666&version_check=1 HTTP/1.1" 200 12691 "-" "Mozilla/5.0 (compatible; SemrushBot/7~bl; +http://www.semrush.com/bot.html)" "www.tekmedicgloves.com"
185.191.171.19 - - [15/Oct/2022:04:54:22 -0700] "GET /phpMyAdmin/setup/?token=de2830885f49a64d4cb72c8104ac8413&version_check=1 HTTP/1.1" 200 12687 "-" "Mozilla/5.0 (compatible; SemrushBot/7~bl; +http://www.semrush.com/bot.html)" "tekmedicgloves.com"
185.191.171.39 - - [15/Oct/2022:04:54:24 -0700] "GET /phpMyAdmin/setup/?token=ef428e732db68233ccba1f163a908ad6&version_check=1 HTTP/1.1" 200 12687 "-" "Mozilla/5.0 (compatible; SemrushBot/7~bl; +http://www.semrush.com/bot.html)" "tekmedicgloves.com"
185.191.171.11 - - [15/Oct/2022:04:54:39 -0700] "GET /phpMyAdmin/setup/?token=e2e4d83e80beccf7427cf0ca2a1ea0f4&version_check=1 HTTP/1.1" 200 12687 "-" "Mozilla/5.0 (compatible; SemrushBot/7~bl; +http://www.semrush.com/bot.html)" "tekmedicgloves.com"
185.191.171.9 - - [15/Oct/2022:04:54:45 -0700] "GET /phpMyAdmin/setup/?token=f37d725fbe927fb5b1614daf59639014&version_check=1 HTTP/1.1" 200 12691 "-" "Mozilla/5.0 (compatible; SemrushBot/7~bl; +http://www.semrush.com/bot.html)" "www.tekmedicgloves.com"
185.191.171.4 - - [15/Oct/2022:04:54:52 -0700] "GET /phpMyAdmin/setup/?token=efd263be99c38bb53b4b02a847bee6cc&version_check=1 HTTP/1.1" 200 12691 "-" "Mozilla/5.0 (compatible; SemrushBot/7~bl; +http://www.semrush.com/bot.html)" "www.tekmedicgloves.com"
185.191.171.23 - - [15/Oct/2022:04:55:17 -0700] "GET /phpMyAdmin/setup/?token=f6cf96e2310439ff1fd977b9eff49221&version_check=1 HTTP/1.1" 200 12691 "-" "Mozilla/5.0 (compatible; SemrushBot/7~bl; +http://www.semrush.com/bot.html)" "www.tekmedicgloves.com"
185.191.171.33 - - [15/Oct/2022:04:55:32 -0700] "GET /phpMyAdmin/setup/?token=ef4a4fad28ed6ad841cb17e75ae3648f&version_check=1 HTTP/1.1" 200 12691 "-" "Mozilla/5.0 (compatible; SemrushBot/7~bl; +http://www.semrush.com/bot.html)" "www.tekmedicgloves.com"
185.191.171.7 - - [15/Oct/2022:04:55:32 -0700] "GET /phpMyAdmin/setup/?token=f867aad3ca51b7174d8043aea3dd239d&version_check=1 HTTP/1.1" 200 12687 "-" "Mozilla/5.0 (compatible; SemrushBot/7~bl; +http://www.semrush.com/bot.html)" "tekmedicgloves.com"
185.191.171.42 - - [15/Oct/2022:04:56:12 -0700] "GET /phpMyAdmin/setup/?token=b80a64fdb08ba41d40c24d1081f18b03&version_check=1 HTTP/1.1" 200 12691 "-" "Mozilla/5.0 (compatible; SemrushBot/7~bl; +http://www.semrush.com/bot.html)" "www.tekmedicgloves.com"
185.191.171.24 - - [15/Oct/2022:04:56:14 -0700] "GET /phpMyAdmin/setup/?token=08d9c30aa1464f4711416270e2d25a23&version_check=1 HTTP/1.1" 200 12691 "-" "Mozilla/5.0 (compatible; SemrushBot/7~bl; +http://www.semrush.com/bot.html)" "www.tekmedicgloves.com"
185.191.171.24 - - [15/Oct/2022:04:56:22 -0700] "GET /phpMyAdmin/setup/?token=e53fd695fe6e17d89b444a1f05f818e3&version_check=1 HTTP/1.1" 200 12687 "-" "Mozilla/5.0 (compatible; SemrushBot/7~bl; +http://www.semrush.com/bot.html)" "tekmedicgloves.com"
185.191.171.25 - - [15/Oct/2022:04:56:34 -0700] "GET /phpMyAdmin/setup/?token=ef5020fe8f69683e7114f8ed96582852&version_check=1 HTTP/1.1" 200 12687 "-" "Mozilla/5.0 (compatible; SemrushBot/7~bl; +http://www.semrush.com/bot.html)" "tekmedicgloves.com"
185.191.171.21 - - [15/Oct/2022:04:56:41 -0700] "GET /phpMyAdmin/setup/?token=f42823e4d7a14b3615c2fbc13c60f9cc&version_check=1 HTTP/1.1" 200 12691 "-" "Mozilla/5.0 (compatible; SemrushBot/7~bl; +http://www.semrush.com/bot.html)" "www.tekmedicgloves.com"
185.191.171.20 - - [15/Oct/2022:04:56:47 -0700] "GET /phpMyAdmin/setup/?token=e13a221678eada25aaba679429901576&version_check=1 HTTP/1.1" 200 12687 "-" "Mozilla/5.0 (compatible; SemrushBot/7~bl; +http://www.semrush.com/bot.html)" "tekmedicgloves.com"
40.77.189.224 - - [15/Oct/2022:04:57:03 -0700] "GET /beta/wp-content/themes/CherryFramework/style.css HTTP/1.1" 200 528 "-" "Mozilla/5.0 (Windows NT 6.1; WOW64) AppleWebKit/534+ (KHTML, like Gecko) BingPreview/1.0b" "tekmedicgloves.com"
185.191.171.24 - - [15/Oct/2022:04:57:03 -0700] "GET /phpMyAdmin/setup/?token=f9e0f871ec63b51e208e872bf105457e&version_check=1 HTTP/1.1" 200 12691 "-" "Mozilla/5.0 (compatible; SemrushBot/7~bl; +http://www.semrush.com/bot.html)" "www.tekmedicgloves.com"
185.191.171.1 - - [15/Oct/2022:04:57:05 -0700] "GET /phpMyAdmin/setup/?token=ebe5fb4c5284e5388229f4efae95fd33&version_check=1 HTTP/1.1" 200 12691 "-" "Mozilla/5.0 (compatible; SemrushBot/7~bl; +http://www.semrush.com/bot.html)" "www.tekmedicgloves.com"
185.191.171.4 - - [15/Oct/2022:04:57:06 -0700] "GET /phpMyAdmin/setup/?token=e0da91c5d87870119b04fd5e1b258869&version_check=1 HTTP/1.1" 200 12687 "-" "Mozilla/5.0 (compatible; SemrushBot/7~bl; +http://www.semrush.com/bot.html)" "tekmedicgloves.com"
185.191.171.43 - - [15/Oct/2022:04:57:20 -0700] "GET /phpMyAdmin/setup/?token=e853f65d05ddaf04b6a1a5a27a4f2820&version_check=1 HTTP/1.1" 200 12691 "-" "Mozilla/5.0 (compatible; SemrushBot/7~bl; +http://www.semrush.com/bot.html)" "www.tekmedicgloves.com"
185.191.171.33 - - [15/Oct/2022:04:57:41 -0700] "GET /phpMyAdmin/setup/?token=eb5ce9bc34b812a00f9f1589b4972e82&version_check=1 HTTP/1.1" 200 12691 "-" "Mozilla/5.0 (compatible; SemrushBot/7~bl; +http://www.semrush.com/bot.html)" "www.tekmedicgloves.com"
185.191.171.24 - - [15/Oct/2022:04:57:41 -0700] "GET /phpMyAdmin/setup/?token=0d34bfc3fcd1201737c6957f40aeeec8&version_check=1 HTTP/1.1" 200 12687 "-" "Mozilla/5.0 (compatible; SemrushBot/7~bl; +http://www.semrush.com/bot.html)" "tekmedicgloves.com"
185.191.171.9 - - [15/Oct/2022:04:57:53 -0700] "GET /phpMyAdmin/setup/?token=0567d3268bf59a2fd782b781320529d5&version_check=1 HTTP/1.1" 200 12687 "-" "Mozilla/5.0 (compatible; SemrushBot/7~bl; +http://www.semrush.com/bot.html)" "tekmedicgloves.com"
185.191.171.1 - - [15/Oct/2022:04:57:55 -0700] "GET /phpMyAdmin/setup/?token=f5d94eee4d23f4dc0f801c067bc296dc&version_check=1 HTTP/1.1" 200 12687 "-" "Mozilla/5.0 (compatible; SemrushBot/7~bl; +http://www.semrush.com/bot.html)" "tekmedicgloves.com"
185.191.171.14 - - [15/Oct/2022:04:58:09 -0700] "GET /phpMyAdmin/setup/?token=f559267b9d1e68dd3e585d9723493d3e&version_check=1 HTTP/1.1" 200 12691 "-" "Mozilla/5.0 (compatible; SemrushBot/7~bl; +http://www.semrush.com/bot.html)" "www.tekmedicgloves.com"
130.162.194.50 - - [15/Oct/2022:04:58:16 -0700] "GET /mini.php HTTP/1.1" 404 88 "-" "Mozilla/5.0 (Windows; U; Windows NT 6.1; en-US; rv:1.9.1.5) Gecko/20091102 Firefox/3.5.5 (.NET CLR 3.5.30729)" "tekmedicgloves.com"
130.162.194.50 - - [15/Oct/2022:04:58:16 -0700] "GET /wp-class.php HTTP/1.1" 404 88 "-" "Mozilla/5.0 (Windows; U; Windows NT 6.1; en-US; rv:1.9.1.5) Gecko/20091102 Firefox/3.5.5 (.NET CLR 3.5.30729)" "tekmedicgloves.com"
130.162.194.50 - - [15/Oct/2022:04:58:17 -0700] "GET /radio.php HTTP/1.1" 404 88 "-" "Mozilla/5.0 (Windows; U; Windows NT 6.1; en-US; rv:1.9.1.5) Gecko/20091102 Firefox/3.5.5 (.NET CLR 3.5.30729)" "tekmedicgloves.com"
130.162.194.50 - - [15/Oct/2022:04:58:18 -0700] "GET /wordpress/wp-includes/wp-class.php HTTP/1.1" 404 88 "-" "Mozilla/5.0 (Windows; U; Windows NT 6.1; en-US; rv:1.9.1.5) Gecko/20091102 Firefox/3.5.5 (.NET CLR 3.5.30729)" "tekmedicgloves.com"
130.162.194.50 - - [15/Oct/2022:04:58:18 -0700] "GET /wp-content/plugins/press/wp-class.php HTTP/1.1" 404 88 "-" "Mozilla/5.0 (Windows; U; Windows NT 6.1; en-US; rv:1.9.1.5) Gecko/20091102 Firefox/3.5.5 (.NET CLR 3.5.30729)" "tekmedicgloves.com"
130.162.194.50 - - [15/Oct/2022:04:58:19 -0700] "GET /wp-class.php HTTP/1.1" 404 88 "-" "Mozilla/5.0 (Windows; U; Windows NT 6.1; en-US; rv:1.9.1.5) Gecko/20091102 Firefox/3.5.5 (.NET CLR 3.5.30729)" "tekmedicgloves.com"
130.162.194.50 - - [15/Oct/2022:04:58:19 -0700] "GET /shell20211028.php HTTP/1.1" 404 88 "-" "Mozilla/5.0 (Windows; U; Windows NT 6.1; en-US; rv:1.9.1.5) Gecko/20091102 Firefox/3.5.5 (.NET CLR 3.5.30729)" "tekmedicgloves.com"
130.162.194.50 - - [15/Oct/2022:04:58:20 -0700] "GET /wp-content/wp-atom.php HTTP/1.1" 404 88 "-" "Mozilla/5.0 (Windows; U; Windows NT 6.1; en-US; rv:1.9.1.5) Gecko/20091102 Firefox/3.5.5 (.NET CLR 3.5.30729)" "tekmedicgloves.com"
130.162.194.50 - - [15/Oct/2022:04:58:21 -0700] "GET /wp-includes/wp-class.php HTTP/1.1" 404 88 "-" "Mozilla/5.0 (Windows; U; Windows NT 6.1; en-US; rv:1.9.1.5) Gecko/20091102 Firefox/3.5.5 (.NET CLR 3.5.30729)" "tekmedicgloves.com"
130.162.194.50 - - [15/Oct/2022:04:58:21 -0700] "GET /x404.php HTTP/1.1" 404 88 "-" "Mozilla/5.0 (Windows; U; Windows NT 6.1; en-US; rv:1.9.1.5) Gecko/20091102 Firefox/3.5.5 (.NET CLR 3.5.30729)" "tekmedicgloves.com"
185.191.171.21 - - [15/Oct/2022:04:58:21 -0700] "GET /phpMyAdmin/setup/?token=f8a826e5957b2f20bd41f823f0a3c04e&version_check=1 HTTP/1.1" 200 12687 "-" "Mozilla/5.0 (compatible; SemrushBot/7~bl; +http://www.semrush.com/bot.html)" "tekmedicgloves.com"
130.162.194.50 - - [15/Oct/2022:04:58:22 -0700] "GET /wp-includes/wp-fajfid.php HTTP/1.1" 404 88 "-" "Mozilla/5.0 (Windows; U; Windows NT 6.1; en-US; rv:1.9.1.5) Gecko/20091102 Firefox/3.5.5 (.NET CLR 3.5.30729)" "tekmedicgloves.com"
185.191.171.4 - - [15/Oct/2022:04:58:33 -0700] "GET /phpMyAdmin/setup/?token=f66729d472a9011a24b36f174e59745f&version_check=1 HTTP/1.1" 200 12691 "-" "Mozilla/5.0 (compatible; SemrushBot/7~bl; +http://www.semrush.com/bot.html)" "www.tekmedicgloves.com"
185.191.171.22 - - [15/Oct/2022:04:58:39 -0700] "GET /phpMyAdmin/setup/?token=f02e73c99d2c1d30f599d1631e8cffa8&version_check=1 HTTP/1.1" 200 12691 "-" "Mozilla/5.0 (compatible; SemrushBot/7~bl; +http://www.semrush.com/bot.html)" "www.tekmedicgloves.com"
185.191.171.33 - - [15/Oct/2022:04:58:53 -0700] "GET /phpMyAdmin/setup/?token=08e51f90fec1d888d63f73d511db0d25&version_check=1 HTTP/1.1" 200 12687 "-" "Mozilla/5.0 (compatible; SemrushBot/7~bl; +http://www.semrush.com/bot.html)" "tekmedicgloves.com"
185.191.171.33 - - [15/Oct/2022:04:59:01 -0700] "GET /phpMyAdmin/setup/?token=e5e7f60d068ac2b74a9db05c8a6bcf3d&version_check=1 HTTP/1.1" 200 12687 "-" "Mozilla/5.0 (compatible; SemrushBot/7~bl; +http://www.semrush.com/bot.html)" "tekmedicgloves.com"
185.191.171.33 - - [15/Oct/2022:04:59:14 -0700] "GET /phpMyAdmin/setup/?token=f156a072393f2f5c813e99757a3db86a&version_check=1 HTTP/1.1" 200 12691 "-" "Mozilla/5.0 (compatible; SemrushBot/7~bl; +http://www.semrush.com/bot.html)" "www.tekmedicgloves.com"
185.191.171.42 - - [15/Oct/2022:04:59:15 -0700] "GET /phpMyAdmin/setup/?token=e9c4eddf036a7b0ca27febd03ae96c85&version_check=1 HTTP/1.1" 200 12687 "-" "Mozilla/5.0 (compatible; SemrushBot/7~bl; +http://www.semrush.com/bot.html)" "tekmedicgloves.com"
185.191.171.18 - - [15/Oct/2022:04:59:16 -0700] "GET /phpMyAdmin/setup/?token=f0f950f935e2394b9955086df47e2c47&version_check=1 HTTP/1.1" 200 12691 "-" "Mozilla/5.0 (compatible; SemrushBot/7~bl; +http://www.semrush.com/bot.html)" "www.tekmedicgloves.com"
185.191.171.2 - - [15/Oct/2022:04:59:18 -0700] "GET /phpMyAdmin/setup/?token=0cddac19b249295747a638392b2ce26e&version_check=1 HTTP/1.1" 200 12691 "-" "Mozilla/5.0 (compatible; SemrushBot/7~bl; +http://www.semrush.com/bot.html)" "www.tekmedicgloves.com"
185.191.171.12 - - [15/Oct/2022:04:59:45 -0700] "GET /phpMyAdmin/setup/?token=f311451a94542981914b64d41054b827&version_check=1 HTTP/1.1" 200 12687 "-" "Mozilla/5.0 (compatible; SemrushBot/7~bl; +http://www.semrush.com/bot.html)" "tekmedicgloves.com"
185.191.171.24 - - [15/Oct/2022:05:00:03 -0700] "GET /phpMyAdmin/setup/?token=d508a506cb3922fe52755ecaac353e82&version_check=1 HTTP/1.1" 200 12691 "-" "Mozilla/5.0 (compatible; SemrushBot/7~bl; +http://www.semrush.com/bot.html)" "www.tekmedicgloves.com"
185.191.171.20 - - [15/Oct/2022:05:00:11 -0700] "GET /phpMyAdmin/setup/?token=f6b51ef9db3fc6a0b9fc9443fda016b1&version_check=1 HTTP/1.1" 200 12691 "-" "Mozilla/5.0 (compatible; SemrushBot/7~bl; +http://www.semrush.com/bot.html)" "www.tekmedicgloves.com"
185.191.171.44 - - [15/Oct/2022:05:00:49 -0700] "GET /robots.txt HTTP/1.1" 404 88 "-" "Mozilla/5.0 (compatible; SemrushBot/7~bl; +http://www.semrush.com/bot.html)" "tekmedicgloves.com"
185.191.171.21 - - [15/Oct/2022:05:00:49 -0700] "GET /phpMyAdmin/setup/?token=e02d2836939566518c77accf9ace6938&version_check=1 HTTP/1.1" 200 12687 "-" "Mozilla/5.0 (compatible; SemrushBot/7~bl; +http://www.semrush.com/bot.html)" "tekmedicgloves.com"
185.191.171.25 - - [15/Oct/2022:05:00:57 -0700] "GET /phpMyAdmin/setup/?token=f9d45be5bbaf4948ebf230268750fe58&version_check=1 HTTP/1.1" 200 12691 "-" "Mozilla/5.0 (compatible; SemrushBot/7~bl; +http://www.semrush.com/bot.html)" "www.tekmedicgloves.com"
185.191.171.34 - - [15/Oct/2022:05:01:04 -0700] "GET /phpMyAdmin/setup/?token=e6b168a233fe6b42a107f66ed741dd44&version_check=1 HTTP/1.1" 200 12687 "-" "Mozilla/5.0 (compatible; SemrushBot/7~bl; +http://www.semrush.com/bot.html)" "tekmedicgloves.com"
185.191.171.39 - - [15/Oct/2022:05:01:05 -0700] "GET /phpMyAdmin/setup/?token=e06b5748f0dae5a9116257ff8511e74b&version_check=1 HTTP/1.1" 200 12687 "-" "Mozilla/5.0 (compatible; SemrushBot/7~bl; +http://www.semrush.com/bot.html)" "tekmedicgloves.com"
185.191.171.7 - - [15/Oct/2022:05:01:12 -0700] "GET /phpMyAdmin/setup/?token=c130aaa7c6c395d0689b9398802959ad&version_check=1 HTTP/1.1" 200 12691 "-" "Mozilla/5.0 (compatible; SemrushBot/7~bl; +http://www.semrush.com/bot.html)" "www.tekmedicgloves.com"
185.191.171.3 - - [15/Oct/2022:05:01:16 -0700] "GET /phpMyAdmin/setup/?token=fbc7c480e8b18757705dcd1cb3cf0afc&version_check=1 HTTP/1.1" 200 12691 "-" "Mozilla/5.0 (compatible; SemrushBot/7~bl; +http://www.semrush.com/bot.html)" "www.tekmedicgloves.com"
185.191.171.3 - - [15/Oct/2022:05:01:19 -0700] "GET /phpMyAdmin/setup/?token=e510b7b6f8f802d4317fb623ded63371&version_check=1 HTTP/1.1" 200 12687 "-" "Mozilla/5.0 (compatible; SemrushBot/7~bl; +http://www.semrush.com/bot.html)" "tekmedicgloves.com"
185.191.171.21 - - [15/Oct/2022:05:01:21 -0700] "GET /phpMyAdmin/setup/?token=e5128e409557444e3f7256614f9bddba&version_check=1 HTTP/1.1" 200 12687 "-" "Mozilla/5.0 (compatible; SemrushBot/7~bl; +http://www.semrush.com/bot.html)" "tekmedicgloves.com"
212.102.57.149 - - [15/Oct/2022:05:01:29 -0700] "GET /beta/products.php?cat=%27nvOpzp;%20AND%201=1%20OR%20(%3C%27%22%3EiKO)), HTTP/1.1" 200 33823 "-" "-" "tekmedicgloves.com"
185.191.171.16 - - [15/Oct/2022:05:01:33 -0700] "GET /phpMyAdmin/setup/?token=0588efb4f9c039a168d29952ec83a09a&version_check=1 HTTP/1.1" 200 12687 "-" "Mozilla/5.0 (compatible; SemrushBot/7~bl; +http://www.semrush.com/bot.html)" "tekmedicgloves.com"
185.191.171.8 - - [15/Oct/2022:05:01:53 -0700] "GET /phpMyAdmin/setup/?token=df8ce4d04e7352e239778b19f9f615e3&version_check=1 HTTP/1.1" 200 12687 "-" "Mozilla/5.0 (compatible; SemrushBot/7~bl; +http://www.semrush.com/bot.html)" "tekmedicgloves.com"
185.191.171.22 - - [15/Oct/2022:05:02:00 -0700] "GET /phpMyAdmin/setup/?token=ec09a4abbd7f3cd372d3fd80ac8053d7&version_check=1 HTTP/1.1" 200 12691 "-" "Mozilla/5.0 (compatible; SemrushBot/7~bl; +http://www.semrush.com/bot.html)" "www.tekmedicgloves.com"
185.191.171.9 - - [15/Oct/2022:05:03:00 -0700] "GET /phpMyAdmin/setup/?token=facccec36b909ee7377295359afea4be&version_check=1 HTTP/1.1" 200 12691 "-" "Mozilla/5.0 (compatible; SemrushBot/7~bl; +http://www.semrush.com/bot.html)" "www.tekmedicgloves.com"
185.191.171.36 - - [15/Oct/2022:05:03:23 -0700] "GET /phpMyAdmin/setup/?token=e094f7c34ad805dd15e6dcc9d0488a8e&version_check=1 HTTP/1.1" 200 12687 "-" "Mozilla/5.0 (compatible; SemrushBot/7~bl; +http://www.semrush.com/bot.html)" "tekmedicgloves.com"
185.191.171.2 - - [15/Oct/2022:05:03:30 -0700] "GET /phpMyAdmin/setup/?token=e908852844574af451d34ad0b8daca53&version_check=1 HTTP/1.1" 200 12691 "-" "Mozilla/5.0 (compatible; SemrushBot/7~bl; +http://www.semrush.com/bot.html)" "www.tekmedicgloves.com"
185.191.171.45 - - [15/Oct/2022:05:03:32 -0700] "GET /phpMyAdmin/setup/?token=dcd64333041f48d94dd1f3bee1cbb675&version_check=1 HTTP/1.1" 200 12687 "-" "Mozilla/5.0 (compatible; SemrushBot/7~bl; +http://www.semrush.com/bot.html)" "tekmedicgloves.com"
185.191.171.19 - - [15/Oct/2022:05:03:36 -0700] "GET /phpMyAdmin/setup/?token=d59b76b326f05ef04710f2407b1c4859&version_check=1 HTTP/1.1" 200 12691 "-" "Mozilla/5.0 (compatible; SemrushBot/7~bl; +http://www.semrush.com/bot.html)" "www.tekmedicgloves.com"
185.191.171.14 - - [15/Oct/2022:05:03:43 -0700] "GET /phpMyAdmin/setup/?token=ee01175e52a9f344c522776170ffe013&version_check=1 HTTP/1.1" 200 12687 "-" "Mozilla/5.0 (compatible; SemrushBot/7~bl; +http://www.semrush.com/bot.html)" "tekmedicgloves.com"
185.191.171.3 - - [15/Oct/2022:05:03:44 -0700] "GET /phpMyAdmin/setup/?token=eebdb1422c06d124a0fc9205e5cf958f&version_check=1 HTTP/1.1" 200 12691 "-" "Mozilla/5.0 (compatible; SemrushBot/7~bl; +http://www.semrush.com/bot.html)" "www.tekmedicgloves.com"
185.191.171.45 - - [15/Oct/2022:05:04:01 -0700] "GET /phpMyAdmin/setup/?token=10208ed33ac45db616c8fdc9fce66627&version_check=1 HTTP/1.1" 200 12691 "-" "Mozilla/5.0 (compatible; SemrushBot/7~bl; +http://www.semrush.com/bot.html)" "www.tekmedicgloves.com"
185.191.171.40 - - [15/Oct/2022:05:04:06 -0700] "GET /phpMyAdmin/setup/?token=ddf069bace4678451c14ad24e5c69f1e&version_check=1 HTTP/1.1" 200 12687 "-" "Mozilla/5.0 (compatible; SemrushBot/7~bl; +http://www.semrush.com/bot.html)" "tekmedicgloves.com"
185.191.171.2 - - [15/Oct/2022:05:04:12 -0700] "GET /phpMyAdmin/setup/?token=ceed1cf6ea59bc010ffbcd1d77bb34bb&version_check=1 HTTP/1.1" 200 12691 "-" "Mozilla/5.0 (compatible; SemrushBot/7~bl; +http://www.semrush.com/bot.html)" "www.tekmedicgloves.com"
185.191.171.38 - - [15/Oct/2022:05:04:14 -0700] "GET /phpMyAdmin/setup/?token=01aefc60076790a127749e8d1dc9fcb1&version_check=1 HTTP/1.1" 200 12691 "-" "Mozilla/5.0 (compatible; SemrushBot/7~bl; +http://www.semrush.com/bot.html)" "www.tekmedicgloves.com"
185.191.171.23 - - [15/Oct/2022:05:04:41 -0700] "GET /phpMyAdmin/setup/?token=096229a3501cf3fb376392c42bbdfd11&version_check=1 HTTP/1.1" 200 12691 "-" "Mozilla/5.0 (compatible; SemrushBot/7~bl; +http://www.semrush.com/bot.html)" "www.tekmedicgloves.com"
185.191.171.40 - - [15/Oct/2022:05:04:47 -0700] "GET /phpMyAdmin/setup/?token=f2475dc75d602b3ddfcde619504984a1&version_check=1 HTTP/1.1" 200 12691 "-" "Mozilla/5.0 (compatible; SemrushBot/7~bl; +http://www.semrush.com/bot.html)" "www.tekmedicgloves.com"
185.191.171.36 - - [15/Oct/2022:05:05:02 -0700] "GET /phpMyAdmin/setup/?token=f90275605cc63ed77d53a7e1e9ad1c8d&version_check=1 HTTP/1.1" 200 12691 "-" "Mozilla/5.0 (compatible; SemrushBot/7~bl; +http://www.semrush.com/bot.html)" "www.tekmedicgloves.com"
185.191.171.3 - - [15/Oct/2022:05:05:09 -0700] "GET /phpMyAdmin/setup/?token=fc6bc64afbd51aa6016473ad582949ce&version_check=1 HTTP/1.1" 200 12687 "-" "Mozilla/5.0 (compatible; SemrushBot/7~bl; +http://www.semrush.com/bot.html)" "tekmedicgloves.com"
185.191.171.22 - - [15/Oct/2022:05:05:24 -0700] "GET /phpMyAdmin/setup/?token=055c7d7ca0cfce38030d86fbbf3b442c&version_check=1 HTTP/1.1" 200 12691 "-" "Mozilla/5.0 (compatible; SemrushBot/7~bl; +http://www.semrush.com/bot.html)" "www.tekmedicgloves.com"
185.191.171.15 - - [15/Oct/2022:05:05:29 -0700] "GET /phpMyAdmin/setup/?token=0dbe7217cd3c5884ea026148490c03ee&version_check=1 HTTP/1.1" 200 12687 "-" "Mozilla/5.0 (compatible; SemrushBot/7~bl; +http://www.semrush.com/bot.html)" "tekmedicgloves.com"
185.191.171.34 - - [15/Oct/2022:05:05:30 -0700] "GET /phpMyAdmin/setup/?token=f22fc2529048ddeff0f498a7a6018b3a&version_check=1 HTTP/1.1" 200 12691 "-" "Mozilla/5.0 (compatible; SemrushBot/7~bl; +http://www.semrush.com/bot.html)" "www.tekmedicgloves.com"
185.191.171.37 - - [15/Oct/2022:05:05:31 -0700] "GET /phpMyAdmin/setup/?token=f27757a757e1b894649d049ace890c78&version_check=1 HTTP/1.1" 200 12687 "-" "Mozilla/5.0 (compatible; SemrushBot/7~bl; +http://www.semrush.com/bot.html)" "tekmedicgloves.com"
185.191.171.14 - - [15/Oct/2022:05:05:32 -0700] "GET /phpMyAdmin/setup/?token=05b540aa711d9c18f679774b88a81b5c&version_check=1 HTTP/1.1" 200 12691 "-" "Mozilla/5.0 (compatible; SemrushBot/7~bl; +http://www.semrush.com/bot.html)" "www.tekmedicgloves.com"
185.191.171.10 - - [15/Oct/2022:05:05:39 -0700] "GET /phpMyAdmin/setup/?token=f9c4e03bfadca5765d6d72f049ef4588&version_check=1 HTTP/1.1" 200 12691 "-" "Mozilla/5.0 (compatible; SemrushBot/7~bl; +http://www.semrush.com/bot.html)" "www.tekmedicgloves.com"
185.191.171.23 - - [15/Oct/2022:05:05:42 -0700] "GET /phpMyAdmin/setup/?token=fbe1941a7292d667e40414bc8e6f514c&version_check=1 HTTP/1.1" 200 12687 "-" "Mozilla/5.0 (compatible; SemrushBot/7~bl; +http://www.semrush.com/bot.html)" "tekmedicgloves.com"
185.191.171.3 - - [15/Oct/2022:05:05:47 -0700] "GET /phpMyAdmin/setup/?token=011da7582b2a592b18b546752a28798c&version_check=1 HTTP/1.1" 200 12687 "-" "Mozilla/5.0 (compatible; SemrushBot/7~bl; +http://www.semrush.com/bot.html)" "tekmedicgloves.com"
185.191.171.6 - - [15/Oct/2022:05:06:29 -0700] "GET /phpMyAdmin/setup/?token=ce5f93cd0f152b08d27452955428acc9&version_check=1 HTTP/1.1" 200 12691 "-" "Mozilla/5.0 (compatible; SemrushBot/7~bl; +http://www.semrush.com/bot.html)" "www.tekmedicgloves.com"
185.191.171.3 - - [15/Oct/2022:05:06:47 -0700] "GET /phpMyAdmin/setup/?token=004eae3aaccc35ee2937e0ca9b6e1ae6&version_check=1 HTTP/1.1" 200 12687 "-" "Mozilla/5.0 (compatible; SemrushBot/7~bl; +http://www.semrush.com/bot.html)" "tekmedicgloves.com"
185.191.171.26 - - [15/Oct/2022:05:06:56 -0700] "GET /phpMyAdmin/setup/?token=efd658ffbdef914b2584c89aee75a593&version_check=1 HTTP/1.1" 200 12691 "-" "Mozilla/5.0 (compatible; SemrushBot/7~bl; +http://www.semrush.com/bot.html)" "www.tekmedicgloves.com"
185.191.171.33 - - [15/Oct/2022:05:07:05 -0700] "GET /phpMyAdmin/setup/?token=15ac080ee11915014f390d1481c0d734&version_check=1 HTTP/1.1" 200 12687 "-" "Mozilla/5.0 (compatible; SemrushBot/7~bl; +http://www.semrush.com/bot.html)" "tekmedicgloves.com"
185.191.171.23 - - [15/Oct/2022:05:07:14 -0700] "GET /phpMyAdmin/setup/?token=f64f01afa0bb456e66f63adfb2de4bf6&version_check=1 HTTP/1.1" 200 12687 "-" "Mozilla/5.0 (compatible; SemrushBot/7~bl; +http://www.semrush.com/bot.html)" "tekmedicgloves.com"
185.191.171.37 - - [15/Oct/2022:05:07:19 -0700] "GET /robots.txt HTTP/1.1" 404 88 "-" "Mozilla/5.0 (compatible; SemrushBot/7~bl; +http://www.semrush.com/bot.html)" "www.tekmedicgloves.com"
185.191.171.44 - - [15/Oct/2022:05:07:19 -0700] "GET /phpMyAdmin/setup/?token=f5b2c5153957e7bda1dc4d3bf5676509&version_check=1 HTTP/1.1" 200 12691 "-" "Mozilla/5.0 (compatible; SemrushBot/7~bl; +http://www.semrush.com/bot.html)" "www.tekmedicgloves.com"
185.191.171.37 - - [15/Oct/2022:05:08:00 -0700] "GET /phpMyAdmin/setup/?token=00620604a7167653b2991962ad8b42a2&version_check=1 HTTP/1.1" 200 12687 "-" "Mozilla/5.0 (compatible; SemrushBot/7~bl; +http://www.semrush.com/bot.html)" "tekmedicgloves.com"
185.191.171.22 - - [15/Oct/2022:05:08:40 -0700] "GET /phpMyAdmin/setup/?token=edb3955a750e265bcf2428e41fde9d7c&version_check=1 HTTP/1.1" 200 12687 "-" "Mozilla/5.0 (compatible; SemrushBot/7~bl; +http://www.semrush.com/bot.html)" "tekmedicgloves.com"
185.191.171.34 - - [15/Oct/2022:05:09:00 -0700] "GET /phpMyAdmin/setup/?token=f17788154dfd75b4183a8662bfe4123a&version_check=1 HTTP/1.1" 200 12691 "-" "Mozilla/5.0 (compatible; SemrushBot/7~bl; +http://www.semrush.com/bot.html)" "www.tekmedicgloves.com"
185.191.171.26 - - [15/Oct/2022:05:09:00 -0700] "GET /phpMyAdmin/setup/?token=140e8c2e6ebe03d5443ab413066dbf7a&version_check=1 HTTP/1.1" 200 12687 "-" "Mozilla/5.0 (compatible; SemrushBot/7~bl; +http://www.semrush.com/bot.html)" "tekmedicgloves.com"
185.191.171.17 - - [15/Oct/2022:05:09:02 -0700] "GET /phpMyAdmin/setup/?token=bc53d4f41d1b2e4818fcc900b334978a&version_check=1 HTTP/1.1" 200 12691 "-" "Mozilla/5.0 (compatible; SemrushBot/7~bl; +http://www.semrush.com/bot.html)" "www.tekmedicgloves.com"
185.191.171.9 - - [15/Oct/2022:05:09:04 -0700] "GET /phpMyAdmin/setup/?token=f13770d46bf1b022f5c0d038d781156b&version_check=1 HTTP/1.1" 200 12691 "-" "Mozilla/5.0 (compatible; SemrushBot/7~bl; +http://www.semrush.com/bot.html)" "www.tekmedicgloves.com"
185.191.171.20 - - [15/Oct/2022:05:09:09 -0700] "GET /phpMyAdmin/setup/?token=f115242f996750a583bacdac237ede2c&version_check=1 HTTP/1.1" 200 12691 "-" "Mozilla/5.0 (compatible; SemrushBot/7~bl; +http://www.semrush.com/bot.html)" "www.tekmedicgloves.com"
185.191.171.19 - - [15/Oct/2022:05:09:21 -0700] "GET /phpMyAdmin/setup/?token=f933de9c514b773e85eff9b36fdfcc96&version_check=1 HTTP/1.1" 200 12687 "-" "Mozilla/5.0 (compatible; SemrushBot/7~bl; +http://www.semrush.com/bot.html)" "tekmedicgloves.com"
185.191.171.9 - - [15/Oct/2022:05:09:29 -0700] "GET /phpMyAdmin/setup/?token=e3282c6c83fa2d1b745c6ed5d53932a2&version_check=1 HTTP/1.1" 200 12687 "-" "Mozilla/5.0 (compatible; SemrushBot/7~bl; +http://www.semrush.com/bot.html)" "tekmedicgloves.com"
185.191.171.5 - - [15/Oct/2022:05:09:44 -0700] "GET /phpMyAdmin/setup/?token=ed5a204e1895a17695f64a05094fcac4&version_check=1 HTTP/1.1" 200 12691 "-" "Mozilla/5.0 (compatible; SemrushBot/7~bl; +http://www.semrush.com/bot.html)" "www.tekmedicgloves.com"
185.191.171.22 - - [15/Oct/2022:05:09:46 -0700] "GET /phpMyAdmin/setup/?token=ef5f0d9fc2252cefbbcf3bd8d6eb6956&version_check=1 HTTP/1.1" 200 12687 "-" "Mozilla/5.0 (compatible; SemrushBot/7~bl; +http://www.semrush.com/bot.html)" "tekmedicgloves.com"
185.191.171.15 - - [15/Oct/2022:05:09:55 -0700] "GET /phpMyAdmin/setup/?token=0ed4d5b5b99ea484e8bd45b2578d1e92&version_check=1 HTTP/1.1" 200 12691 "-" "Mozilla/5.0 (compatible; SemrushBot/7~bl; +http://www.semrush.com/bot.html)" "www.tekmedicgloves.com"
185.191.171.8 - - [15/Oct/2022:05:10:25 -0700] "GET /phpMyAdmin/setup/?token=07f33419c93148b90d834d62603af889&version_check=1 HTTP/1.1" 200 12691 "-" "Mozilla/5.0 (compatible; SemrushBot/7~bl; +http://www.semrush.com/bot.html)" "www.tekmedicgloves.com"
185.191.171.11 - - [15/Oct/2022:05:10:28 -0700] "GET /phpMyAdmin/setup/?token=001ca1f7d9394e2e0f99c0a24e4b7e5b&version_check=1 HTTP/1.1" 200 12691 "-" "Mozilla/5.0 (compatible; SemrushBot/7~bl; +http://www.semrush.com/bot.html)" "www.tekmedicgloves.com"
185.191.171.24 - - [15/Oct/2022:05:10:31 -0700] "GET /phpMyAdmin/setup/?token=01512434863e39113c71d666e202d3ad&version_check=1 HTTP/1.1" 200 12691 "-" "Mozilla/5.0 (compatible; SemrushBot/7~bl; +http://www.semrush.com/bot.html)" "www.tekmedicgloves.com"
185.191.171.17 - - [15/Oct/2022:05:10:36 -0700] "GET /phpMyAdmin/setup/?token=0fded1c7c0a2de732b4573bd70c400dc&version_check=1 HTTP/1.1" 200 12691 "-" "Mozilla/5.0 (compatible; SemrushBot/7~bl; +http://www.semrush.com/bot.html)" "www.tekmedicgloves.com"
185.191.171.21 - - [15/Oct/2022:05:10:45 -0700] "GET /phpMyAdmin/setup/?token=f626400e81333c99f1a30970411b12e9&version_check=1 HTTP/1.1" 200 12687 "-" "Mozilla/5.0 (compatible; SemrushBot/7~bl; +http://www.semrush.com/bot.html)" "tekmedicgloves.com"
185.191.171.37 - - [15/Oct/2022:05:10:49 -0700] "GET /phpMyAdmin/setup/?token=f097ef4e7eebbe183642bcb719759659&version_check=1 HTTP/1.1" 200 12691 "-" "Mozilla/5.0 (compatible; SemrushBot/7~bl; +http://www.semrush.com/bot.html)" "www.tekmedicgloves.com"
185.191.171.15 - - [15/Oct/2022:05:10:59 -0700] "GET /phpMyAdmin/setup/?token=fea1c3cbf71a85c7b5761ce9039b35cf&version_check=1 HTTP/1.1" 200 12691 "-" "Mozilla/5.0 (compatible; SemrushBot/7~bl; +http://www.semrush.com/bot.html)" "www.tekmedicgloves.com"
185.191.171.19 - - [15/Oct/2022:05:11:05 -0700] "GET /phpMyAdmin/setup/?token=e676e058ef92f6fc98fafe38d022763b&version_check=1 HTTP/1.1" 200 12687 "-" "Mozilla/5.0 (compatible; SemrushBot/7~bl; +http://www.semrush.com/bot.html)" "tekmedicgloves.com"
185.191.171.12 - - [15/Oct/2022:05:11:06 -0700] "GET /phpMyAdmin/setup/?token=09bf6651dc2bb2c356da04587aab125a&version_check=1 HTTP/1.1" 200 12691 "-" "Mozilla/5.0 (compatible; SemrushBot/7~bl; +http://www.semrush.com/bot.html)" "www.tekmedicgloves.com"
