185.191.171.33 - - [14/Oct/2022:18:05:37 -0700] "GET /phpMyAdmin/setup/?token=048ac90c120a5996a1b2b0de9e7c25ca&version_check=1 HTTP/1.1" 200 12687 "-" "Mozilla/5.0 (compatible; SemrushBot/7~bl; +http://www.semrush.com/bot.html)" "tekmedicgloves.com"
185.191.171.7 - - [14/Oct/2022:18:05:38 -0700] "GET /phpMyAdmin/setup/?token=c960757950bdab4f91cf89a1966d5315&version_check=1 HTTP/1.1" 200 12691 "-" "Mozilla/5.0 (compatible; SemrushBot/7~bl; +http://www.semrush.com/bot.html)" "www.tekmedicgloves.com"
185.191.171.15 - - [14/Oct/2022:18:06:02 -0700] "GET /phpMyAdmin/setup/?token=dc2ca91eef9cd253bdd51612747b4db1&version_check=1 HTTP/1.1" 200 12687 "-" "Mozilla/5.0 (compatible; SemrushBot/7~bl; +http://www.semrush.com/bot.html)" "tekmedicgloves.com"
185.191.171.7 - - [14/Oct/2022:18:06:04 -0700] "GET /phpMyAdmin/setup/?token=dffffcb71d8bd3a76fd867caa8f82cbf&version_check=1 HTTP/1.1" 200 12687 "-" "Mozilla/5.0 (compatible; SemrushBot/7~bl; +http://www.semrush.com/bot.html)" "tekmedicgloves.com"
185.191.171.22 - - [14/Oct/2022:18:06:10 -0700] "GET /phpMyAdmin/setup/?token=013516445b4aa155c1b6155fc2c743bb&version_check=1 HTTP/1.1" 200 12691 "-" "Mozilla/5.0 (compatible; SemrushBot/7~bl; +http://www.semrush.com/bot.html)" "www.tekmedicgloves.com"
185.191.171.33 - - [14/Oct/2022:18:06:41 -0700] "GET /phpMyAdmin/setup/?token=de057b3d9626328749a202214943cc07&version_check=1 HTTP/1.1" 200 12687 "-" "Mozilla/5.0 (compatible; SemrushBot/7~bl; +http://www.semrush.com/bot.html)" "tekmedicgloves.com"
185.191.171.40 - - [14/Oct/2022:18:06:45 -0700] "GET /phpMyAdmin/setup/?token=0f3824fe25ef2248d8cea14aa18cfb72&version_check=1 HTTP/1.1" 200 12691 "-" "Mozilla/5.0 (compatible; SemrushBot/7~bl; +http://www.semrush.com/bot.html)" "www.tekmedicgloves.com"
185.191.171.10 - - [14/Oct/2022:18:06:52 -0700] "GET /phpMyAdmin/setup/?token=e3e3057c2e23e5ae19b0cbc458addd3c&version_check=1 HTTP/1.1" 200 12687 "-" "Mozilla/5.0 (compatible; SemrushBot/7~bl; +http://www.semrush.com/bot.html)" "tekmedicgloves.com"
185.191.171.38 - - [14/Oct/2022:18:06:56 -0700] "GET /phpMyAdmin/setup/?token=fabcc130035e49fe8348433a1be313b6&version_check=1 HTTP/1.1" 200 12687 "-" "Mozilla/5.0 (compatible; SemrushBot/7~bl; +http://www.semrush.com/bot.html)" "tekmedicgloves.com"
185.191.171.26 - - [14/Oct/2022:18:07:23 -0700] "GET /phpMyAdmin/setup/?token=eee9451b54f6f31f203d83e5fb8e8d6b&version_check=1 HTTP/1.1" 200 12687 "-" "Mozilla/5.0 (compatible; SemrushBot/7~bl; +http://www.semrush.com/bot.html)" "tekmedicgloves.com"
185.191.171.8 - - [14/Oct/2022:18:07:32 -0700] "GET /phpMyAdmin/setup/?token=dd8996ed6a7b9fbe1062b2d546f94a2e&version_check=1 HTTP/1.1" 200 12687 "-" "Mozilla/5.0 (compatible; SemrushBot/7~bl; +http://www.semrush.com/bot.html)" "tekmedicgloves.com"
185.191.171.40 - - [14/Oct/2022:18:07:46 -0700] "GET /phpMyAdmin/setup/?token=edc3e1a05a874d5a399249789bdc8417&version_check=1 HTTP/1.1" 200 12691 "-" "Mozilla/5.0 (compatible; SemrushBot/7~bl; +http://www.semrush.com/bot.html)" "www.tekmedicgloves.com"
185.191.171.38 - - [14/Oct/2022:18:08:03 -0700] "GET /phpMyAdmin/setup/?token=06a32a7bbd4dd65218c58d1678023f50&version_check=1 HTTP/1.1" 200 12691 "-" "Mozilla/5.0 (compatible; SemrushBot/7~bl; +http://www.semrush.com/bot.html)" "www.tekmedicgloves.com"
185.191.171.14 - - [14/Oct/2022:18:08:11 -0700] "GET /phpMyAdmin/setup/?token=ef191c364c9e8545044b9194fa878160&version_check=1 HTTP/1.1" 200 12691 "-" "Mozilla/5.0 (compatible; SemrushBot/7~bl; +http://www.semrush.com/bot.html)" "www.tekmedicgloves.com"
185.191.171.38 - - [14/Oct/2022:18:08:17 -0700] "GET /phpMyAdmin/setup/?token=eba42a2991d13bd7c663e0b6dcbd0477&version_check=1 HTTP/1.1" 200 12687 "-" "Mozilla/5.0 (compatible; SemrushBot/7~bl; +http://www.semrush.com/bot.html)" "tekmedicgloves.com"
185.191.171.35 - - [14/Oct/2022:18:08:20 -0700] "GET /phpMyAdmin/setup/?token=0a83a524f6d2499ad8cbf5fa80d86d1c&version_check=1 HTTP/1.1" 200 12691 "-" "Mozilla/5.0 (compatible; SemrushBot/7~bl; +http://www.semrush.com/bot.html)" "www.tekmedicgloves.com"
185.191.171.22 - - [14/Oct/2022:18:08:23 -0700] "GET /phpMyAdmin/setup/?token=f19458369194308905039d61431d4adc&version_check=1 HTTP/1.1" 200 12691 "-" "Mozilla/5.0 (compatible; SemrushBot/7~bl; +http://www.semrush.com/bot.html)" "www.tekmedicgloves.com"
185.191.171.9 - - [14/Oct/2022:18:08:35 -0700] "GET /phpMyAdmin/setup/?token=ece7acfdd456bda0afadeb838d3c86c2&version_check=1 HTTP/1.1" 200 12691 "-" "Mozilla/5.0 (compatible; SemrushBot/7~bl; +http://www.semrush.com/bot.html)" "www.tekmedicgloves.com"
185.191.171.39 - - [14/Oct/2022:18:09:10 -0700] "GET /phpMyAdmin/setup/?token=dec867f51520dd3d18153f0ba4f26546&version_check=1 HTTP/1.1" 200 12687 "-" "Mozilla/5.0 (compatible; SemrushBot/7~bl; +http://www.semrush.com/bot.html)" "tekmedicgloves.com"
185.191.171.25 - - [14/Oct/2022:18:09:11 -0700] "GET /phpMyAdmin/setup/?token=fd35dce5cf5e0b1605fc2588a02c1ba9&version_check=1 HTTP/1.1" 200 12691 "-" "Mozilla/5.0 (compatible; SemrushBot/7~bl; +http://www.semrush.com/bot.html)" "www.tekmedicgloves.com"
185.191.171.5 - - [14/Oct/2022:18:09:12 -0700] "GET /phpMyAdmin/setup/?token=02a31bf2cf98a532cf15915e371bc120&version_check=1 HTTP/1.1" 200 12687 "-" "Mozilla/5.0 (compatible; SemrushBot/7~bl; +http://www.semrush.com/bot.html)" "tekmedicgloves.com"
185.191.171.3 - - [14/Oct/2022:18:09:13 -0700] "GET /phpMyAdmin/setup/?token=01892e14fa676c9ec0182689b5a07e3a&version_check=1 HTTP/1.1" 200 12691 "-" "Mozilla/5.0 (compatible; SemrushBot/7~bl; +http://www.semrush.com/bot.html)" "www.tekmedicgloves.com"
185.191.171.1 - - [14/Oct/2022:18:09:19 -0700] "GET /phpMyAdmin/setup/?token=f27cec40c8e47d11fbbed8217205dbd5&version_check=1 HTTP/1.1" 200 12687 "-" "Mozilla/5.0 (compatible; SemrushBot/7~bl; +http://www.semrush.com/bot.html)" "tekmedicgloves.com"
185.191.171.15 - - [14/Oct/2022:18:09:42 -0700] "GET /phpMyAdmin/setup/?token=fa1bf3d486677ade0e8ad0fce05a3dc8&version_check=1 HTTP/1.1" 200 12687 "-" "Mozilla/5.0 (compatible; SemrushBot/7~bl; +http://www.semrush.com/bot.html)" "tekmedicgloves.com"
185.191.171.13 - - [14/Oct/2022:18:09:43 -0700] "GET /phpMyAdmin/setup/?token=cee7f6af080e97ede4af9102a83b9fb6&version_check=1 HTTP/1.1" 200 12691 "-" "Mozilla/5.0 (compatible; SemrushBot/7~bl; +http://www.semrush.com/bot.html)" "www.tekmedicgloves.com"
185.191.171.16 - - [14/Oct/2022:18:09:44 -0700] "GET /phpMyAdmin/setup/?token=e13de7f7d896d768e6b2252e00b18014&version_check=1 HTTP/1.1" 200 12687 "-" "Mozilla/5.0 (compatible; SemrushBot/7~bl; +http://www.semrush.com/bot.html)" "tekmedicgloves.com"
185.191.171.3 - - [14/Oct/2022:18:09:49 -0700] "GET /phpMyAdmin/setup/?token=fb49aa0b944ba8c16bb6596d0c713925&version_check=1 HTTP/1.1" 200 12687 "-" "Mozilla/5.0 (compatible; SemrushBot/7~bl; +http://www.semrush.com/bot.html)" "tekmedicgloves.com"
185.191.171.10 - - [14/Oct/2022:18:10:07 -0700] "GET /phpMyAdmin/setup/?token=0bfcd2f5ba1cf8a0d8f120131817d6b0&version_check=1 HTTP/1.1" 200 12691 "-" "Mozilla/5.0 (compatible; SemrushBot/7~bl; +http://www.semrush.com/bot.html)" "www.tekmedicgloves.com"
185.191.171.42 - - [14/Oct/2022:18:10:12 -0700] "GET /phpMyAdmin/setup/?token=c7d632ee2786d2ad305164328ff282b8&version_check=1 HTTP/1.1" 200 12691 "-" "Mozilla/5.0 (compatible; SemrushBot/7~bl; +http://www.semrush.com/bot.html)" "www.tekmedicgloves.com"
185.191.171.24 - - [14/Oct/2022:18:10:14 -0700] "GET /phpMyAdmin/setup/?token=fa486f5b6042fec5d6f40a11d233963a&version_check=1 HTTP/1.1" 200 12687 "-" "Mozilla/5.0 (compatible; SemrushBot/7~bl; +http://www.semrush.com/bot.html)" "tekmedicgloves.com"
185.191.171.1 - - [14/Oct/2022:18:10:54 -0700] "GET /phpMyAdmin/setup/?token=e32f2c40ef0bcaf3300c3ee31a12749f&version_check=1 HTTP/1.1" 200 12687 "-" "Mozilla/5.0 (compatible; SemrushBot/7~bl; +http://www.semrush.com/bot.html)" "tekmedicgloves.com"
185.191.171.35 - - [14/Oct/2022:18:11:08 -0700] "GET /phpMyAdmin/setup/?token=e9fac0961abf37f377b5de3dc795ebf6&version_check=1 HTTP/1.1" 200 12691 "-" "Mozilla/5.0 (compatible; SemrushBot/7~bl; +http://www.semrush.com/bot.html)" "www.tekmedicgloves.com"
185.191.171.8 - - [14/Oct/2022:18:11:11 -0700] "GET /phpMyAdmin/setup/?token=ec3f77352d39b2921b30dd98d8c2c829&version_check=1 HTTP/1.1" 200 12691 "-" "Mozilla/5.0 (compatible; SemrushBot/7~bl; +http://www.semrush.com/bot.html)" "www.tekmedicgloves.com"
185.191.171.4 - - [14/Oct/2022:18:11:28 -0700] "GET /phpMyAdmin/setup/?token=0560eaeb356b3831da55f951ed2bdb2a&version_check=1 HTTP/1.1" 200 12687 "-" "Mozilla/5.0 (compatible; SemrushBot/7~bl; +http://www.semrush.com/bot.html)" "tekmedicgloves.com"
185.191.171.1 - - [14/Oct/2022:18:11:40 -0700] "GET /phpMyAdmin/setup/?token=e0281eb1ed342bab54e1127bd2c43439&version_check=1 HTTP/1.1" 200 12687 "-" "Mozilla/5.0 (compatible; SemrushBot/7~bl; +http://www.semrush.com/bot.html)" "tekmedicgloves.com"
185.191.171.7 - - [14/Oct/2022:18:11:44 -0700] "GET /phpMyAdmin/setup/?token=0ceeb6e9f283f9b2e314fa7d19a544d1&version_check=1 HTTP/1.1" 200 12687 "-" "Mozilla/5.0 (compatible; SemrushBot/7~bl; +http://www.semrush.com/bot.html)" "tekmedicgloves.com"
185.191.171.1 - - [14/Oct/2022:18:11:48 -0700] "GET /phpMyAdmin/setup/?token=f344cd6bf344ba6accdddc0a20a845c9&version_check=1 HTTP/1.1" 200 12691 "-" "Mozilla/5.0 (compatible; SemrushBot/7~bl; +http://www.semrush.com/bot.html)" "www.tekmedicgloves.com"
185.191.171.26 - - [14/Oct/2022:18:12:13 -0700] "GET /phpMyAdmin/setup/?token=0ac7316396bb9e8a38ed17d3de5f0b62&version_check=1 HTTP/1.1" 200 12691 "-" "Mozilla/5.0 (compatible; SemrushBot/7~bl; +http://www.semrush.com/bot.html)" "www.tekmedicgloves.com"
185.191.171.39 - - [14/Oct/2022:18:12:17 -0700] "GET /phpMyAdmin/setup/?token=dcea28765c067deee7359e208c863fc7&version_check=1 HTTP/1.1" 200 12687 "-" "Mozilla/5.0 (compatible; SemrushBot/7~bl; +http://www.semrush.com/bot.html)" "tekmedicgloves.com"
185.191.171.34 - - [14/Oct/2022:18:12:23 -0700] "GET /phpMyAdmin/setup/?token=ff97b2bb646b01fcf9ea9c60e06a44c8&version_check=1 HTTP/1.1" 200 12691 "-" "Mozilla/5.0 (compatible; SemrushBot/7~bl; +http://www.semrush.com/bot.html)" "www.tekmedicgloves.com"
185.191.171.43 - - [14/Oct/2022:18:12:30 -0700] "GET /phpMyAdmin/setup/?token=f74bbc3fc52eb1dd1eb280ff9b4d8781&version_check=1 HTTP/1.1" 200 12687 "-" "Mozilla/5.0 (compatible; SemrushBot/7~bl; +http://www.semrush.com/bot.html)" "tekmedicgloves.com"
185.191.171.5 - - [14/Oct/2022:18:12:45 -0700] "GET /phpMyAdmin/setup/?token=dc995774ea2911f20786e8e14e051899&version_check=1 HTTP/1.1" 200 12687 "-" "Mozilla/5.0 (compatible; SemrushBot/7~bl; +http://www.semrush.com/bot.html)" "tekmedicgloves.com"
185.191.171.11 - - [14/Oct/2022:18:12:46 -0700] "GET /phpMyAdmin/setup/?token=cd63e32a7db4817efc323b7eab26c9c8&version_check=1 HTTP/1.1" 200 12691 "-" "Mozilla/5.0 (compatible; SemrushBot/7~bl; +http://www.semrush.com/bot.html)" "www.tekmedicgloves.com"
185.191.171.40 - - [14/Oct/2022:18:12:51 -0700] "GET /phpMyAdmin/setup/?token=df0399e87ec8f934e08c5066bde369f5&version_check=1 HTTP/1.1" 200 12687 "-" "Mozilla/5.0 (compatible; SemrushBot/7~bl; +http://www.semrush.com/bot.html)" "tekmedicgloves.com"
185.191.171.15 - - [14/Oct/2022:18:12:54 -0700] "GET /phpMyAdmin/setup/?token=de61c966f2b56c03604180d613e3521c&version_check=1 HTTP/1.1" 200 12687 "-" "Mozilla/5.0 (compatible; SemrushBot/7~bl; +http://www.semrush.com/bot.html)" "tekmedicgloves.com"
185.191.171.15 - - [14/Oct/2022:18:12:59 -0700] "GET /phpMyAdmin/setup/?token=fefbf4855f750b3c4ba3c449e8cf1ad1&version_check=1 HTTP/1.1" 200 12687 "-" "Mozilla/5.0 (compatible; SemrushBot/7~bl; +http://www.semrush.com/bot.html)" "tekmedicgloves.com"
185.191.171.1 - - [14/Oct/2022:18:13:02 -0700] "GET /phpMyAdmin/setup/?token=f83bc22064d5fdb6a9ea3208c286cbab&version_check=1 HTTP/1.1" 200 12691 "-" "Mozilla/5.0 (compatible; SemrushBot/7~bl; +http://www.semrush.com/bot.html)" "www.tekmedicgloves.com"
185.191.171.45 - - [14/Oct/2022:18:13:23 -0700] "GET /robots.txt HTTP/1.1" 404 88 "-" "Mozilla/5.0 (compatible; SemrushBot/7~bl; +http://www.semrush.com/bot.html)" "tekmedicgloves.com"
185.191.171.3 - - [14/Oct/2022:18:13:23 -0700] "GET /phpMyAdmin/setup/?token=df38a64e51becce6b617f8e0ab3a584b&version_check=1 HTTP/1.1" 200 12687 "-" "Mozilla/5.0 (compatible; SemrushBot/7~bl; +http://www.semrush.com/bot.html)" "tekmedicgloves.com"
185.191.171.38 - - [14/Oct/2022:18:14:02 -0700] "GET /phpMyAdmin/setup/?token=f19e1b1698c8d65f2d8389538e3fa3c8&version_check=1 HTTP/1.1" 200 12691 "-" "Mozilla/5.0 (compatible; SemrushBot/7~bl; +http://www.semrush.com/bot.html)" "www.tekmedicgloves.com"
185.191.171.44 - - [14/Oct/2022:18:14:05 -0700] "GET /phpMyAdmin/setup/?token=f62afa692ce73de85b2150a3c92ae83d&version_check=1 HTTP/1.1" 200 12691 "-" "Mozilla/5.0 (compatible; SemrushBot/7~bl; +http://www.semrush.com/bot.html)" "www.tekmedicgloves.com"
185.191.171.17 - - [14/Oct/2022:18:14:07 -0700] "GET /phpMyAdmin/setup/?token=dda0908b5d2493582f81aecfc19f3b08&version_check=1 HTTP/1.1" 200 12687 "-" "Mozilla/5.0 (compatible; SemrushBot/7~bl; +http://www.semrush.com/bot.html)" "tekmedicgloves.com"
185.191.171.22 - - [14/Oct/2022:18:14:12 -0700] "GET /phpMyAdmin/setup/?token=0e7614c977d5dc8a4ecb20b8b60e8388&version_check=1 HTTP/1.1" 200 12691 "-" "Mozilla/5.0 (compatible; SemrushBot/7~bl; +http://www.semrush.com/bot.html)" "www.tekmedicgloves.com"
185.191.171.34 - - [14/Oct/2022:18:14:17 -0700] "GET /phpMyAdmin/setup/?token=ee0c5275cf948595a613adb55cbc2fa6&version_check=1 HTTP/1.1" 200 12687 "-" "Mozilla/5.0 (compatible; SemrushBot/7~bl; +http://www.semrush.com/bot.html)" "tekmedicgloves.com"
185.191.171.23 - - [14/Oct/2022:18:14:27 -0700] "GET /phpMyAdmin/setup/?token=f5749a95c8a4f926ed551790cedd0783&version_check=1 HTTP/1.1" 200 12691 "-" "Mozilla/5.0 (compatible; SemrushBot/7~bl; +http://www.semrush.com/bot.html)" "www.tekmedicgloves.com"
185.191.171.9 - - [14/Oct/2022:18:14:35 -0700] "GET /phpMyAdmin/setup/?token=fda37847a163d1bda04ef23e44e235b7&version_check=1 HTTP/1.1" 200 12691 "-" "Mozilla/5.0 (compatible; SemrushBot/7~bl; +http://www.semrush.com/bot.html)" "www.tekmedicgloves.com"
51.222.253.3 - - [14/Oct/2022:18:14:51 -0700] "GET /beta/products.php?cat=24&subcat=44&id=13 HTTP/1.1" 200 54020 "-" "Mozilla/5.0 (compatible; AhrefsBot/7.0; +http://ahrefs.com/robot/)" "tekmedicgloves.com"
51.222.253.10 - - [14/Oct/2022:18:14:56 -0700] "GET /beta/wp-content/themes/theme48838/style.css HTTP/1.1" 200 243 "-" "Mozilla/5.0 (compatible; AhrefsBot/7.0; +http://ahrefs.com/robot/)" "tekmedicgloves.com"
51.222.253.2 - - [14/Oct/2022:18:14:56 -0700] "GET /beta/wp-content/themes/CherryFramework/js/jquery.mobilemenu.js HTTP/1.1" 200 908 "-" "Mozilla/5.0 (compatible; AhrefsBot/7.0; +http://ahrefs.com/robot/)" "tekmedicgloves.com"
51.222.253.9 - - [14/Oct/2022:18:14:57 -0700] "GET /beta/wp-content/themes/CherryFramework/js/jquery-1.7.2.min.js HTTP/1.1" 200 33630 "-" "Mozilla/5.0 (compatible; AhrefsBot/7.0; +http://ahrefs.com/robot/)" "tekmedicgloves.com"
51.222.253.14 - - [14/Oct/2022:18:14:57 -0700] "GET /beta/wp-content/themes/theme48838/images/social/rss.png HTTP/1.1" 200 2128 "-" "Mozilla/5.0 (compatible; AhrefsBot/7.0; +http://ahrefs.com/robot/)" "tekmedicgloves.com"
51.222.253.9 - - [14/Oct/2022:18:14:58 -0700] "GET /beta/wp-content/plugins/cherry-plugin/lib/js/FlexSlider/flexslider.css HTTP/1.1" 200 1323 "-" "Mozilla/5.0 (compatible; AhrefsBot/7.0; +http://ahrefs.com/robot/)" "tekmedicgloves.com"
51.222.253.8 - - [14/Oct/2022:18:14:58 -0700] "GET /beta/wp-content/plugins/cherry-plugin/includes/css/cherry-plugin.css HTTP/1.1" 200 4752 "-" "Mozilla/5.0 (compatible; AhrefsBot/7.0; +http://ahrefs.com/robot/)" "tekmedicgloves.com"
51.222.253.10 - - [14/Oct/2022:18:14:58 -0700] "GET /beta/wp-content/plugins/cherry-plugin/lib/js/FlexSlider/jquery.flexslider-min.js HTTP/1.1" 200 5177 "-" "Mozilla/5.0 (compatible; AhrefsBot/7.0; +http://ahrefs.com/robot/)" "tekmedicgloves.com"
51.222.253.12 - - [14/Oct/2022:18:14:59 -0700] "GET /beta/wp-content/themes/CherryFramework/js/superfish.js HTTP/1.1" 200 1280 "-" "Mozilla/5.0 (compatible; AhrefsBot/7.0; +http://ahrefs.com/robot/)" "tekmedicgloves.com"
51.222.253.7 - - [14/Oct/2022:18:14:59 -0700] "GET /beta/wp-content/themes/theme48838/images/social/facebook.png HTTP/1.1" 200 1671 "-" "Mozilla/5.0 (compatible; AhrefsBot/7.0; +http://ahrefs.com/robot/)" "tekmedicgloves.com"
51.222.253.18 - - [14/Oct/2022:18:14:59 -0700] "GET /beta/wp-content/themes/theme48838/bootstrap/css/responsive.css HTTP/1.1" 200 4226 "-" "Mozilla/5.0 (compatible; AhrefsBot/7.0; +http://ahrefs.com/robot/)" "tekmedicgloves.com"
51.222.253.14 - - [14/Oct/2022:18:14:59 -0700] "GET /beta/wp-content/themes/theme48838/bootstrap/css/bootstrap.css HTTP/1.1" 200 15793 "-" "Mozilla/5.0 (compatible; AhrefsBot/7.0; +http://ahrefs.com/robot/)" "tekmedicgloves.com"
51.222.253.16 - - [14/Oct/2022:18:15:00 -0700] "GET /beta/wp-content/plugins/contact-form-7/includes/css/styles.css HTTP/1.1" 200 392 "-" "Mozilla/5.0 (compatible; AhrefsBot/7.0; +http://ahrefs.com/robot/)" "tekmedicgloves.com"
51.222.253.17 - - [14/Oct/2022:18:15:00 -0700] "GET /beta/wp-content/plugins/cherry-plugin/includes/js/cherry-plugin.js HTTP/1.1" 200 438 "-" "Mozilla/5.0 (compatible; AhrefsBot/7.0; +http://ahrefs.com/robot/)" "tekmedicgloves.com"
51.222.253.13 - - [14/Oct/2022:18:15:00 -0700] "GET /beta/wp-content/themes/CherryFramework/js/jflickrfeed.js HTTP/1.1" 200 560 "-" "Mozilla/5.0 (compatible; AhrefsBot/7.0; +http://ahrefs.com/robot/)" "tekmedicgloves.com"
185.191.171.4 - - [14/Oct/2022:18:15:00 -0700] "GET /phpMyAdmin/setup/?token=df495851208da1e3132c158d132f19fa&version_check=1 HTTP/1.1" 200 12687 "-" "Mozilla/5.0 (compatible; SemrushBot/7~bl; +http://www.semrush.com/bot.html)" "tekmedicgloves.com"
51.222.253.16 - - [14/Oct/2022:18:15:01 -0700] "GET /beta/wp-content/themes/CherryFramework/js/jquery.debouncedresize.js HTTP/1.1" 200 226 "-" "Mozilla/5.0 (compatible; AhrefsBot/7.0; +http://ahrefs.com/robot/)" "tekmedicgloves.com"
51.222.253.11 - - [14/Oct/2022:18:15:01 -0700] "GET /beta/wp-content/themes/theme48838/main-style.css HTTP/1.1" 200 4849 "-" "Mozilla/5.0 (compatible; AhrefsBot/7.0; +http://ahrefs.com/robot/)" "tekmedicgloves.com"
51.222.253.10 - - [14/Oct/2022:18:15:01 -0700] "GET /beta/wp-content/themes/theme48838/images/social/google.png HTTP/1.1" 200 1611 "-" "Mozilla/5.0 (compatible; AhrefsBot/7.0; +http://ahrefs.com/robot/)" "tekmedicgloves.com"
51.222.253.12 - - [14/Oct/2022:18:15:01 -0700] "GET /beta/wp-content/themes/CherryFramework/js/jquery.mobile.customized.min.js HTTP/1.1" 200 6409 "-" "Mozilla/5.0 (compatible; AhrefsBot/7.0; +http://ahrefs.com/robot/)" "tekmedicgloves.com"
51.222.253.1 - - [14/Oct/2022:18:15:02 -0700] "GET /beta/wp-content/themes/theme48838/images/social/twitter.png HTTP/1.1" 200 1861 "-" "Mozilla/5.0 (compatible; AhrefsBot/7.0; +http://ahrefs.com/robot/)" "tekmedicgloves.com"
51.222.253.20 - - [14/Oct/2022:18:15:02 -0700] "GET /beta/wp-content/themes/CherryFramework/js/jquery.jplayer.min.js HTTP/1.1" 200 11945 "-" "Mozilla/5.0 (compatible; AhrefsBot/7.0; +http://ahrefs.com/robot/)" "tekmedicgloves.com"
51.222.253.16 - - [14/Oct/2022:18:15:02 -0700] "GET /beta/wp-includes/js/swfobject.js HTTP/1.1" 404 88 "-" "Mozilla/5.0 (compatible; AhrefsBot/7.0; +http://ahrefs.com/robot/)" "tekmedicgloves.com"
185.191.171.10 - - [14/Oct/2022:18:15:02 -0700] "GET /phpMyAdmin/setup/?token=ce5bbe76c6c6dcf5af32e8060363f57f&version_check=1 HTTP/1.1" 200 12691 "-" "Mozilla/5.0 (compatible; SemrushBot/7~bl; +http://www.semrush.com/bot.html)" "www.tekmedicgloves.com"
51.222.253.1 - - [14/Oct/2022:18:15:03 -0700] "GET /beta/wp-content/plugins/cherry-plugin/lib/js/jquery.easing.1.3.js HTTP/1.1" 200 814 "-" "Mozilla/5.0 (compatible; AhrefsBot/7.0; +http://ahrefs.com/robot/)" "tekmedicgloves.com"
51.222.253.20 - - [14/Oct/2022:18:15:03 -0700] "GET /beta/wp-content/plugins/contact-form-7/includes/js/jquery.form.min.js HTTP/1.1" 200 5878 "-" "Mozilla/5.0 (compatible; AhrefsBot/7.0; +http://ahrefs.com/robot/)" "tekmedicgloves.com"
51.222.253.3 - - [14/Oct/2022:18:15:03 -0700] "GET /beta/wp-content/themes/CherryFramework/js/camera.min.js HTTP/1.1" 200 8551 "-" "Mozilla/5.0 (compatible; AhrefsBot/7.0; +http://ahrefs.com/robot/)" "tekmedicgloves.com"
51.222.253.10 - - [14/Oct/2022:18:15:04 -0700] "GET /beta/wp-content/themes/CherryFramework/css/magnific-popup.css HTTP/1.1" 200 2166 "-" "Mozilla/5.0 (compatible; AhrefsBot/7.0; +http://ahrefs.com/robot/)" "tekmedicgloves.com"
51.222.253.20 - - [14/Oct/2022:18:15:04 -0700] "GET /beta/wp-content/plugins/cherry-plugin/lib/js/elasti-carousel/jquery.elastislide.js HTTP/1.1" 200 1963 "-" "Mozilla/5.0 (compatible; AhrefsBot/7.0; +http://ahrefs.com/robot/)" "tekmedicgloves.com"
51.222.253.14 - - [14/Oct/2022:18:15:05 -0700] "GET /beta/wp-content/plugins/cherry-plugin/lib/js/owl-carousel/owl.theme.css HTTP/1.1" 200 606 "-" "Mozilla/5.0 (compatible; AhrefsBot/7.0; +http://ahrefs.com/robot/)" "tekmedicgloves.com"
51.222.253.5 - - [14/Oct/2022:18:15:06 -0700] "GET /beta/wp-content/themes/CherryFramework/js/jquery.ba-resize.min.js HTTP/1.1" 200 616 "-" "Mozilla/5.0 (compatible; AhrefsBot/7.0; +http://ahrefs.com/robot/)" "tekmedicgloves.com"
51.222.253.3 - - [14/Oct/2022:18:15:06 -0700] "GET /beta/wp-includes/js/comment-reply.min.js HTTP/1.1" 404 88 "-" "Mozilla/5.0 (compatible; AhrefsBot/7.0; +http://ahrefs.com/robot/)" "tekmedicgloves.com"
51.222.253.8 - - [14/Oct/2022:18:15:06 -0700] "GET /beta/wp-content/themes/CherryFramework/css/camera.css HTTP/1.1" 200 3117 "-" "Mozilla/5.0 (compatible; AhrefsBot/7.0; +http://ahrefs.com/robot/)" "tekmedicgloves.com"
185.191.171.45 - - [14/Oct/2022:18:15:06 -0700] "GET /phpMyAdmin/setup/?token=f0898a765c1330967babbafff9c2d876&version_check=1 HTTP/1.1" 200 12687 "-" "Mozilla/5.0 (compatible; SemrushBot/7~bl; +http://www.semrush.com/bot.html)" "tekmedicgloves.com"
51.222.253.8 - - [14/Oct/2022:18:15:06 -0700] "GET /beta/wp-content/plugins/contact-form-7/includes/js/scripts.js HTTP/1.1" 200 1850 "-" "Mozilla/5.0 (compatible; AhrefsBot/7.0; +http://ahrefs.com/robot/)" "tekmedicgloves.com"
51.222.253.14 - - [14/Oct/2022:18:15:07 -0700] "GET /beta/wp-content/themes/CherryFramework/js/jquery.isotope.js HTTP/1.1" 200 4845 "-" "Mozilla/5.0 (compatible; AhrefsBot/7.0; +http://ahrefs.com/robot/)" "tekmedicgloves.com"
51.222.253.3 - - [14/Oct/2022:18:15:07 -0700] "GET /beta/wp-content/themes/CherryFramework/js/custom.js HTTP/1.1" 200 2131 "-" "Mozilla/5.0 (compatible; AhrefsBot/7.0; +http://ahrefs.com/robot/)" "tekmedicgloves.com"
51.222.253.10 - - [14/Oct/2022:18:15:07 -0700] "GET /beta/wp-content/themes/CherryFramework/bootstrap/js/bootstrap.min.js HTTP/1.1" 200 7654 "-" "Mozilla/5.0 (compatible; AhrefsBot/7.0; +http://ahrefs.com/robot/)" "tekmedicgloves.com"
51.222.253.4 - - [14/Oct/2022:18:15:08 -0700] "GET /beta/wp-content/themes/CherryFramework/js/modernizr.js HTTP/1.1" 200 5141 "-" "Mozilla/5.0 (compatible; AhrefsBot/7.0; +http://ahrefs.com/robot/)" "tekmedicgloves.com"
51.222.253.6 - - [14/Oct/2022:18:15:08 -0700] "GET /beta/wp-content/plugins/cherry-plugin/lib/js/owl-carousel/owl.carousel.css HTTP/1.1" 200 1119 "-" "Mozilla/5.0 (compatible; AhrefsBot/7.0; +http://ahrefs.com/robot/)" "tekmedicgloves.com"
51.222.253.15 - - [14/Oct/2022:18:15:08 -0700] "GET /beta/images/product/20141111074515_inosafe_p_aloevera.jpg HTTP/1.1" 200 707833 "-" "Mozilla/5.0 (compatible; AhrefsBot/7.0; +http://ahrefs.com/robot/)" "tekmedicgloves.com"
51.222.253.1 - - [14/Oct/2022:18:15:09 -0700] "GET /beta/wp-content/themes/CherryFramework/js/jplayer.playlist.min.js HTTP/1.1" 200 2404 "-" "Mozilla/5.0 (compatible; AhrefsBot/7.0; +http://ahrefs.com/robot/)" "tekmedicgloves.com"
51.222.253.2 - - [14/Oct/2022:18:15:09 -0700] "GET /beta/wp-content/themes/CherryFramework/js/jquery.magnific-popup.min.js HTTP/1.1" 200 7493 "-" "Mozilla/5.0 (compatible; AhrefsBot/7.0; +http://ahrefs.com/robot/)" "tekmedicgloves.com"
185.191.171.34 - - [14/Oct/2022:18:15:36 -0700] "GET /phpMyAdmin/setup/?token=fc0b11cd3c4e7648f089c6a4a49f31ce&version_check=1 HTTP/1.1" 200 12691 "-" "Mozilla/5.0 (compatible; SemrushBot/7~bl; +http://www.semrush.com/bot.html)" "www.tekmedicgloves.com"
185.191.171.23 - - [14/Oct/2022:18:15:42 -0700] "GET /phpMyAdmin/setup/?token=028ba5289dfe6ff493f66c0cd9e542c8&version_check=1 HTTP/1.1" 200 12691 "-" "Mozilla/5.0 (compatible; SemrushBot/7~bl; +http://www.semrush.com/bot.html)" "www.tekmedicgloves.com"
185.191.171.34 - - [14/Oct/2022:18:15:49 -0700] "GET /phpMyAdmin/setup/?token=0e850c22ba68614db1349947ddb725eb&version_check=1 HTTP/1.1" 200 12691 "-" "Mozilla/5.0 (compatible; SemrushBot/7~bl; +http://www.semrush.com/bot.html)" "www.tekmedicgloves.com"
185.191.171.2 - - [14/Oct/2022:18:16:04 -0700] "GET /phpMyAdmin/setup/?token=d34c002bcf01967bb295ee00b86b10aa&version_check=1 HTTP/1.1" 200 12691 "-" "Mozilla/5.0 (compatible; SemrushBot/7~bl; +http://www.semrush.com/bot.html)" "www.tekmedicgloves.com"
185.191.171.1 - - [14/Oct/2022:18:16:05 -0700] "GET /phpMyAdmin/setup/?token=1640b457d838368730c49e27f6d7c135&version_check=1 HTTP/1.1" 200 12687 "-" "Mozilla/5.0 (compatible; SemrushBot/7~bl; +http://www.semrush.com/bot.html)" "tekmedicgloves.com"
185.191.171.25 - - [14/Oct/2022:18:16:15 -0700] "GET /phpMyAdmin/setup/?token=ec3891ca71de59ae509b7a14ef75d90a&version_check=1 HTTP/1.1" 200 12687 "-" "Mozilla/5.0 (compatible; SemrushBot/7~bl; +http://www.semrush.com/bot.html)" "tekmedicgloves.com"
185.191.171.22 - - [14/Oct/2022:18:16:28 -0700] "GET /phpMyAdmin/setup/?token=d90f43fd02d107e8a61ef6a21831f70e&version_check=1 HTTP/1.1" 200 12691 "-" "Mozilla/5.0 (compatible; SemrushBot/7~bl; +http://www.semrush.com/bot.html)" "www.tekmedicgloves.com"
185.191.171.42 - - [14/Oct/2022:18:16:42 -0700] "GET /phpMyAdmin/setup/?token=0379c6f3ce9e55afcc96fb4265982ad9&version_check=1 HTTP/1.1" 200 12691 "-" "Mozilla/5.0 (compatible; SemrushBot/7~bl; +http://www.semrush.com/bot.html)" "www.tekmedicgloves.com"
185.191.171.3 - - [14/Oct/2022:18:17:03 -0700] "GET /phpMyAdmin/setup/?token=082d9b01bc29b7d6c725ba68c2f95241&version_check=1 HTTP/1.1" 200 12687 "-" "Mozilla/5.0 (compatible; SemrushBot/7~bl; +http://www.semrush.com/bot.html)" "tekmedicgloves.com"
185.191.171.42 - - [14/Oct/2022:18:17:05 -0700] "GET /phpMyAdmin/setup/?token=e87e956f28fa272df16a21dee59cbe77&version_check=1 HTTP/1.1" 200 12687 "-" "Mozilla/5.0 (compatible; SemrushBot/7~bl; +http://www.semrush.com/bot.html)" "tekmedicgloves.com"
185.191.171.40 - - [14/Oct/2022:18:17:17 -0700] "GET /phpMyAdmin/setup/?token=e20b680d9dd5f5684672aca1fd5afe95&version_check=1 HTTP/1.1" 200 12687 "-" "Mozilla/5.0 (compatible; SemrushBot/7~bl; +http://www.semrush.com/bot.html)" "tekmedicgloves.com"
185.191.171.1 - - [14/Oct/2022:18:17:20 -0700] "GET /phpMyAdmin/setup/?token=e19a60b7edb162d681ca3447668e06b9&version_check=1 HTTP/1.1" 200 12687 "-" "Mozilla/5.0 (compatible; SemrushBot/7~bl; +http://www.semrush.com/bot.html)" "tekmedicgloves.com"
185.191.171.42 - - [14/Oct/2022:18:17:22 -0700] "GET /phpMyAdmin/setup/?token=e95453a28cee1bf1d289739692605ab5&version_check=1 HTTP/1.1" 200 12687 "-" "Mozilla/5.0 (compatible; SemrushBot/7~bl; +http://www.semrush.com/bot.html)" "tekmedicgloves.com"
185.191.171.34 - - [14/Oct/2022:18:17:24 -0700] "GET /phpMyAdmin/setup/?token=0d0aa912074fbd0de7d3f3bf69477078&version_check=1 HTTP/1.1" 200 12691 "-" "Mozilla/5.0 (compatible; SemrushBot/7~bl; +http://www.semrush.com/bot.html)" "www.tekmedicgloves.com"
185.191.171.41 - - [14/Oct/2022:18:17:47 -0700] "GET /phpMyAdmin/setup/?token=e4a9fa07e1dde65633570a808e87c82e&version_check=1 HTTP/1.1" 200 12687 "-" "Mozilla/5.0 (compatible; SemrushBot/7~bl; +http://www.semrush.com/bot.html)" "tekmedicgloves.com"
185.191.171.18 - - [14/Oct/2022:18:17:49 -0700] "GET /phpMyAdmin/setup/?token=fe617e590815d4be4ea33f749e1a4f65&version_check=1 HTTP/1.1" 200 12691 "-" "Mozilla/5.0 (compatible; SemrushBot/7~bl; +http://www.semrush.com/bot.html)" "www.tekmedicgloves.com"
185.191.171.7 - - [14/Oct/2022:18:17:49 -0700] "GET /phpMyAdmin/setup/?token=14a3297eec7e856f53f9e3d964820ec5&version_check=1 HTTP/1.1" 200 12687 "-" "Mozilla/5.0 (compatible; SemrushBot/7~bl; +http://www.semrush.com/bot.html)" "tekmedicgloves.com"
185.191.171.5 - - [14/Oct/2022:18:17:52 -0700] "GET /phpMyAdmin/setup/?token=fee04eaa0a7cd6e01e4231acbe85b951&version_check=1 HTTP/1.1" 200 12687 "-" "Mozilla/5.0 (compatible; SemrushBot/7~bl; +http://www.semrush.com/bot.html)" "tekmedicgloves.com"
185.191.171.4 - - [14/Oct/2022:18:18:37 -0700] "GET /phpMyAdmin/setup/?token=08f1254598a97652a65c53633fc2486e&version_check=1 HTTP/1.1" 200 12691 "-" "Mozilla/5.0 (compatible; SemrushBot/7~bl; +http://www.semrush.com/bot.html)" "www.tekmedicgloves.com"
185.191.171.8 - - [14/Oct/2022:18:18:54 -0700] "GET /phpMyAdmin/setup/?token=e843e76df2cb7b17e084000c21ba1275&version_check=1 HTTP/1.1" 200 12687 "-" "Mozilla/5.0 (compatible; SemrushBot/7~bl; +http://www.semrush.com/bot.html)" "tekmedicgloves.com"
185.191.171.15 - - [14/Oct/2022:18:19:05 -0700] "GET /phpMyAdmin/setup/?token=100a804c24085493d8b29f918ac736d2&version_check=1 HTTP/1.1" 200 12691 "-" "Mozilla/5.0 (compatible; SemrushBot/7~bl; +http://www.semrush.com/bot.html)" "www.tekmedicgloves.com"
185.191.171.15 - - [14/Oct/2022:18:19:08 -0700] "GET /phpMyAdmin/setup/?token=012e45fefb6752fbd2060e15cd326a3b&version_check=1 HTTP/1.1" 200 12691 "-" "Mozilla/5.0 (compatible; SemrushBot/7~bl; +http://www.semrush.com/bot.html)" "www.tekmedicgloves.com"
185.191.171.15 - - [14/Oct/2022:18:19:11 -0700] "GET /phpMyAdmin/setup/?token=c270bd1adabdf2584b9a1057900220f7&version_check=1 HTTP/1.1" 200 12691 "-" "Mozilla/5.0 (compatible; SemrushBot/7~bl; +http://www.semrush.com/bot.html)" "www.tekmedicgloves.com"
185.191.171.37 - - [14/Oct/2022:18:19:25 -0700] "GET /phpMyAdmin/setup/?token=eff1fb0e9bf98c8e4c2fa58975e828bd&version_check=1 HTTP/1.1" 200 12691 "-" "Mozilla/5.0 (compatible; SemrushBot/7~bl; +http://www.semrush.com/bot.html)" "www.tekmedicgloves.com"
185.191.171.15 - - [14/Oct/2022:18:19:26 -0700] "GET /phpMyAdmin/setup/?token=ea53a741dd0b3c9f32287e823b1dfd61&version_check=1 HTTP/1.1" 200 12687 "-" "Mozilla/5.0 (compatible; SemrushBot/7~bl; +http://www.semrush.com/bot.html)" "tekmedicgloves.com"
185.191.171.39 - - [14/Oct/2022:18:19:48 -0700] "GET /phpMyAdmin/setup/?token=0daaa206f255b0293e0312c68310354b&version_check=1 HTTP/1.1" 200 12687 "-" "Mozilla/5.0 (compatible; SemrushBot/7~bl; +http://www.semrush.com/bot.html)" "tekmedicgloves.com"
185.191.171.36 - - [14/Oct/2022:18:19:50 -0700] "GET /phpMyAdmin/setup/?token=095d532d53cea180b635da78950a90d3&version_check=1 HTTP/1.1" 200 12687 "-" "Mozilla/5.0 (compatible; SemrushBot/7~bl; +http://www.semrush.com/bot.html)" "tekmedicgloves.com"
185.191.171.23 - - [14/Oct/2022:18:19:53 -0700] "GET /phpMyAdmin/setup/?token=0903301c4d0d8fa55119a641d994b64c&version_check=1 HTTP/1.1" 200 12691 "-" "Mozilla/5.0 (compatible; SemrushBot/7~bl; +http://www.semrush.com/bot.html)" "www.tekmedicgloves.com"
185.191.171.33 - - [14/Oct/2022:18:19:57 -0700] "GET /phpMyAdmin/setup/?token=d5e86792f92238912927912eb768ca20&version_check=1 HTTP/1.1" 200 12691 "-" "Mozilla/5.0 (compatible; SemrushBot/7~bl; +http://www.semrush.com/bot.html)" "www.tekmedicgloves.com"
185.191.171.25 - - [14/Oct/2022:18:20:08 -0700] "GET /phpMyAdmin/setup/?token=c30504852648b974fcc51a2eccdb8d85&version_check=1 HTTP/1.1" 200 12691 "-" "Mozilla/5.0 (compatible; SemrushBot/7~bl; +http://www.semrush.com/bot.html)" "www.tekmedicgloves.com"
185.191.171.33 - - [14/Oct/2022:18:20:10 -0700] "GET /phpMyAdmin/setup/?token=ef7d8e249b6c5b2f1077e5a7bae74d51&version_check=1 HTTP/1.1" 200 12691 "-" "Mozilla/5.0 (compatible; SemrushBot/7~bl; +http://www.semrush.com/bot.html)" "www.tekmedicgloves.com"
185.191.171.10 - - [14/Oct/2022:18:20:13 -0700] "GET /phpMyAdmin/setup/?token=e5a24a93e105bb6c01d1ee19ffbae036&version_check=1 HTTP/1.1" 200 12687 "-" "Mozilla/5.0 (compatible; SemrushBot/7~bl; +http://www.semrush.com/bot.html)" "tekmedicgloves.com"
185.191.171.23 - - [14/Oct/2022:18:20:16 -0700] "GET /phpMyAdmin/setup/?token=ffd54aa0ffaca474f8f243988f435e55&version_check=1 HTTP/1.1" 200 12687 "-" "Mozilla/5.0 (compatible; SemrushBot/7~bl; +http://www.semrush.com/bot.html)" "tekmedicgloves.com"
185.191.171.4 - - [14/Oct/2022:18:20:24 -0700] "GET /phpMyAdmin/setup/?token=fc52c399247d782f381e6718bbca432e&version_check=1 HTTP/1.1" 200 12687 "-" "Mozilla/5.0 (compatible; SemrushBot/7~bl; +http://www.semrush.com/bot.html)" "tekmedicgloves.com"
185.191.171.33 - - [14/Oct/2022:18:20:35 -0700] "GET /phpMyAdmin/setup/?token=e785a7ad5e650fa5e83e1a75b855340a&version_check=1 HTTP/1.1" 200 12687 "-" "Mozilla/5.0 (compatible; SemrushBot/7~bl; +http://www.semrush.com/bot.html)" "tekmedicgloves.com"
185.191.171.23 - - [14/Oct/2022:18:20:52 -0700] "GET /phpMyAdmin/setup/?token=fbc8dde396885917d20679e177ff5bad&version_check=1 HTTP/1.1" 200 12687 "-" "Mozilla/5.0 (compatible; SemrushBot/7~bl; +http://www.semrush.com/bot.html)" "tekmedicgloves.com"
185.191.171.19 - - [14/Oct/2022:18:20:55 -0700] "GET /phpMyAdmin/setup/?token=f13895b66421cb66ee382270bfb05f59&version_check=1 HTTP/1.1" 200 12687 "-" "Mozilla/5.0 (compatible; SemrushBot/7~bl; +http://www.semrush.com/bot.html)" "tekmedicgloves.com"
185.191.171.33 - - [14/Oct/2022:18:21:09 -0700] "GET /phpMyAdmin/setup/?token=dce203fda21a93efbcdd0c60c361c654&version_check=1 HTTP/1.1" 200 12687 "-" "Mozilla/5.0 (compatible; SemrushBot/7~bl; +http://www.semrush.com/bot.html)" "tekmedicgloves.com"
185.191.171.23 - - [14/Oct/2022:18:21:24 -0700] "GET /phpMyAdmin/setup/?token=ef59403bc902fdb2f0f8db06c431e5ca&version_check=1 HTTP/1.1" 200 12691 "-" "Mozilla/5.0 (compatible; SemrushBot/7~bl; +http://www.semrush.com/bot.html)" "www.tekmedicgloves.com"
185.191.171.45 - - [14/Oct/2022:18:21:35 -0700] "GET /phpMyAdmin/setup/?token=eff0a8546b2f9883fbf6e30024a07610&version_check=1 HTTP/1.1" 200 12691 "-" "Mozilla/5.0 (compatible; SemrushBot/7~bl; +http://www.semrush.com/bot.html)" "www.tekmedicgloves.com"
185.191.171.1 - - [14/Oct/2022:18:21:37 -0700] "GET /phpMyAdmin/setup/?token=f08e8cb8687486c2c5cdb07b12db1e09&version_check=1 HTTP/1.1" 200 12691 "-" "Mozilla/5.0 (compatible; SemrushBot/7~bl; +http://www.semrush.com/bot.html)" "www.tekmedicgloves.com"
185.191.171.34 - - [14/Oct/2022:18:21:37 -0700] "GET /phpMyAdmin/setup/?token=e536f3c6d0caca026355c4ea79091f45&version_check=1 HTTP/1.1" 200 12687 "-" "Mozilla/5.0 (compatible; SemrushBot/7~bl; +http://www.semrush.com/bot.html)" "tekmedicgloves.com"
185.191.171.34 - - [14/Oct/2022:18:22:12 -0700] "GET /phpMyAdmin/setup/?token=161aecbccb48db22260e0e1851f0b3d3&version_check=1 HTTP/1.1" 200 12687 "-" "Mozilla/5.0 (compatible; SemrushBot/7~bl; +http://www.semrush.com/bot.html)" "tekmedicgloves.com"
185.191.171.8 - - [14/Oct/2022:18:22:34 -0700] "GET /phpMyAdmin/setup/?token=f47f6b37fef667cf0d46efb5fbfb88c7&version_check=1 HTTP/1.1" 200 12687 "-" "Mozilla/5.0 (compatible; SemrushBot/7~bl; +http://www.semrush.com/bot.html)" "tekmedicgloves.com"
185.191.171.11 - - [14/Oct/2022:18:22:44 -0700] "GET /phpMyAdmin/setup/?token=cdf7f2c29276905f52c72ac185e7e5ff&version_check=1 HTTP/1.1" 200 12691 "-" "Mozilla/5.0 (compatible; SemrushBot/7~bl; +http://www.semrush.com/bot.html)" "www.tekmedicgloves.com"
185.191.171.3 - - [14/Oct/2022:18:22:50 -0700] "GET /phpMyAdmin/setup/?token=dc92089b5c2274c4af7f9be6c93a2a88&version_check=1 HTTP/1.1" 200 12687 "-" "Mozilla/5.0 (compatible; SemrushBot/7~bl; +http://www.semrush.com/bot.html)" "tekmedicgloves.com"
185.191.171.21 - - [14/Oct/2022:18:23:01 -0700] "GET /phpMyAdmin/setup/?token=b6fe355ad1539dfdd924314612cb3c71&version_check=1 HTTP/1.1" 200 12691 "-" "Mozilla/5.0 (compatible; SemrushBot/7~bl; +http://www.semrush.com/bot.html)" "www.tekmedicgloves.com"
185.191.171.37 - - [14/Oct/2022:18:23:26 -0700] "GET /phpMyAdmin/setup/?token=cb481898349cf171636eeb8824aaaab7&version_check=1 HTTP/1.1" 200 12691 "-" "Mozilla/5.0 (compatible; SemrushBot/7~bl; +http://www.semrush.com/bot.html)" "www.tekmedicgloves.com"
185.191.171.45 - - [14/Oct/2022:18:23:27 -0700] "GET /phpMyAdmin/setup/?token=f002795c861ace55750cce8998f3a8c5&version_check=1 HTTP/1.1" 200 12691 "-" "Mozilla/5.0 (compatible; SemrushBot/7~bl; +http://www.semrush.com/bot.html)" "www.tekmedicgloves.com"
185.191.171.6 - - [14/Oct/2022:18:23:45 -0700] "GET /phpMyAdmin/setup/?token=f6ce68a9f53e7c9864d9f7d2337be28a&version_check=1 HTTP/1.1" 200 12691 "-" "Mozilla/5.0 (compatible; SemrushBot/7~bl; +http://www.semrush.com/bot.html)" "www.tekmedicgloves.com"
185.191.171.4 - - [14/Oct/2022:18:24:08 -0700] "GET /phpMyAdmin/setup/?token=ef9824f753164584440ff122724ae4e1&version_check=1 HTTP/1.1" 200 12691 "-" "Mozilla/5.0 (compatible; SemrushBot/7~bl; +http://www.semrush.com/bot.html)" "www.tekmedicgloves.com"
185.191.171.4 - - [14/Oct/2022:18:24:10 -0700] "GET /phpMyAdmin/setup/?token=fde1491e5a921af7768cfce8b7f32696&version_check=1 HTTP/1.1" 200 12687 "-" "Mozilla/5.0 (compatible; SemrushBot/7~bl; +http://www.semrush.com/bot.html)" "tekmedicgloves.com"
185.191.171.7 - - [14/Oct/2022:18:24:12 -0700] "GET /phpMyAdmin/setup/?token=e42a7cffbb7a935edddc41d796c96fd4&version_check=1 HTTP/1.1" 200 12687 "-" "Mozilla/5.0 (compatible; SemrushBot/7~bl; +http://www.semrush.com/bot.html)" "tekmedicgloves.com"
185.191.171.14 - - [14/Oct/2022:18:24:15 -0700] "GET /phpMyAdmin/setup/?token=eef65b4313297cf40a7fad5da312a499&version_check=1 HTTP/1.1" 200 12691 "-" "Mozilla/5.0 (compatible; SemrushBot/7~bl; +http://www.semrush.com/bot.html)" "www.tekmedicgloves.com"
185.191.171.4 - - [14/Oct/2022:18:24:42 -0700] "GET /phpMyAdmin/setup/?token=f74a3fa6a7088cdfa535efd38245c302&version_check=1 HTTP/1.1" 200 12691 "-" "Mozilla/5.0 (compatible; SemrushBot/7~bl; +http://www.semrush.com/bot.html)" "www.tekmedicgloves.com"
185.191.171.36 - - [14/Oct/2022:18:24:45 -0700] "GET /phpMyAdmin/setup/?token=ce524a4f33768bcca1417659563b2680&version_check=1 HTTP/1.1" 200 12691 "-" "Mozilla/5.0 (compatible; SemrushBot/7~bl; +http://www.semrush.com/bot.html)" "www.tekmedicgloves.com"
185.191.171.5 - - [14/Oct/2022:18:24:48 -0700] "GET /phpMyAdmin/setup/?token=f931afad7e0419f69799241a39504dbc&version_check=1 HTTP/1.1" 200 12687 "-" "Mozilla/5.0 (compatible; SemrushBot/7~bl; +http://www.semrush.com/bot.html)" "tekmedicgloves.com"
185.191.171.17 - - [14/Oct/2022:18:25:18 -0700] "GET /phpMyAdmin/setup/?token=ff7a3370418b92c3e87b1f8ef2075474&version_check=1 HTTP/1.1" 200 12691 "-" "Mozilla/5.0 (compatible; SemrushBot/7~bl; +http://www.semrush.com/bot.html)" "www.tekmedicgloves.com"
185.191.171.34 - - [14/Oct/2022:18:25:27 -0700] "GET /phpMyAdmin/setup/?token=bcddf60e569ff4493906b0bce0a0f415&version_check=1 HTTP/1.1" 200 12691 "-" "Mozilla/5.0 (compatible; SemrushBot/7~bl; +http://www.semrush.com/bot.html)" "www.tekmedicgloves.com"
185.191.171.15 - - [14/Oct/2022:18:25:35 -0700] "GET /phpMyAdmin/setup/?token=ed6270733806532a50f90886aacd7f8f&version_check=1 HTTP/1.1" 200 12687 "-" "Mozilla/5.0 (compatible; SemrushBot/7~bl; +http://www.semrush.com/bot.html)" "tekmedicgloves.com"
185.191.171.45 - - [14/Oct/2022:18:26:00 -0700] "GET /phpMyAdmin/setup/?token=e1534ee2f753d2dccaccc58a32e65c58&version_check=1 HTTP/1.1" 200 12687 "-" "Mozilla/5.0 (compatible; SemrushBot/7~bl; +http://www.semrush.com/bot.html)" "tekmedicgloves.com"
185.191.171.39 - - [14/Oct/2022:18:26:00 -0700] "GET /phpMyAdmin/setup/?token=f06cd57ca96d661c01eada8471b5b9a8&version_check=1 HTTP/1.1" 200 12691 "-" "Mozilla/5.0 (compatible; SemrushBot/7~bl; +http://www.semrush.com/bot.html)" "www.tekmedicgloves.com"
185.191.171.35 - - [14/Oct/2022:18:26:03 -0700] "GET /phpMyAdmin/setup/?token=01cc489ebcd8d57fcf99edd01f1b8592&version_check=1 HTTP/1.1" 200 12691 "-" "Mozilla/5.0 (compatible; SemrushBot/7~bl; +http://www.semrush.com/bot.html)" "www.tekmedicgloves.com"
185.191.171.24 - - [14/Oct/2022:18:26:17 -0700] "GET /phpMyAdmin/setup/?token=f18da9898ead01c811edc7c1e4baa264&version_check=1 HTTP/1.1" 200 12691 "-" "Mozilla/5.0 (compatible; SemrushBot/7~bl; +http://www.semrush.com/bot.html)" "www.tekmedicgloves.com"
185.191.171.12 - - [14/Oct/2022:18:26:22 -0700] "GET /phpMyAdmin/setup/?token=ee228f54ff8d319bacc74c81a047353d&version_check=1 HTTP/1.1" 200 12691 "-" "Mozilla/5.0 (compatible; SemrushBot/7~bl; +http://www.semrush.com/bot.html)" "www.tekmedicgloves.com"
185.191.171.4 - - [14/Oct/2022:18:26:24 -0700] "GET /phpMyAdmin/setup/?token=e7dbc2d94a86446c5e2db4458d856f92&version_check=1 HTTP/1.1" 200 12687 "-" "Mozilla/5.0 (compatible; SemrushBot/7~bl; +http://www.semrush.com/bot.html)" "tekmedicgloves.com"
185.191.171.8 - - [14/Oct/2022:18:26:31 -0700] "GET /phpMyAdmin/setup/?token=be576d6bb9fa812ad9c174653be91407&version_check=1 HTTP/1.1" 200 12691 "-" "Mozilla/5.0 (compatible; SemrushBot/7~bl; +http://www.semrush.com/bot.html)" "www.tekmedicgloves.com"
185.191.171.5 - - [14/Oct/2022:18:26:46 -0700] "GET /phpMyAdmin/setup/?token=0da9917d856a0e461e011d2f2fe2ed24&version_check=1 HTTP/1.1" 200 12687 "-" "Mozilla/5.0 (compatible; SemrushBot/7~bl; +http://www.semrush.com/bot.html)" "tekmedicgloves.com"
185.191.171.23 - - [14/Oct/2022:18:26:59 -0700] "GET /phpMyAdmin/setup/?token=f20dd5645faef8922c6be96a707a64ab&version_check=1 HTTP/1.1" 200 12687 "-" "Mozilla/5.0 (compatible; SemrushBot/7~bl; +http://www.semrush.com/bot.html)" "tekmedicgloves.com"
185.191.171.22 - - [14/Oct/2022:18:27:07 -0700] "GET /phpMyAdmin/setup/?token=0cb2a46b4cec97fa805db1bcf1c799be&version_check=1 HTTP/1.1" 200 12687 "-" "Mozilla/5.0 (compatible; SemrushBot/7~bl; +http://www.semrush.com/bot.html)" "tekmedicgloves.com"
185.191.171.44 - - [14/Oct/2022:18:27:39 -0700] "GET /phpMyAdmin/setup/?token=f049fa9b2a213bf416fb3854a0e31a14&version_check=1 HTTP/1.1" 200 12687 "-" "Mozilla/5.0 (compatible; SemrushBot/7~bl; +http://www.semrush.com/bot.html)" "tekmedicgloves.com"
185.191.171.23 - - [14/Oct/2022:18:27:41 -0700] "GET /phpMyAdmin/setup/?token=ee2cef77188c97a0b1d38ccc48ca729e&version_check=1 HTTP/1.1" 200 12687 "-" "Mozilla/5.0 (compatible; SemrushBot/7~bl; +http://www.semrush.com/bot.html)" "tekmedicgloves.com"
185.191.171.45 - - [14/Oct/2022:18:27:44 -0700] "GET /phpMyAdmin/setup/?token=bb0b5adc3c57ed8af12841192f4b6234&version_check=1 HTTP/1.1" 200 12691 "-" "Mozilla/5.0 (compatible; SemrushBot/7~bl; +http://www.semrush.com/bot.html)" "www.tekmedicgloves.com"
185.191.171.34 - - [14/Oct/2022:18:27:45 -0700] "GET /phpMyAdmin/setup/?token=e119950d529acbbc44dfd70e9819fa1a&version_check=1 HTTP/1.1" 200 12687 "-" "Mozilla/5.0 (compatible; SemrushBot/7~bl; +http://www.semrush.com/bot.html)" "tekmedicgloves.com"
185.191.171.34 - - [14/Oct/2022:18:27:56 -0700] "GET /phpMyAdmin/setup/?token=e6423e92fa6e10903009b4a923f9db00&version_check=1 HTTP/1.1" 200 12687 "-" "Mozilla/5.0 (compatible; SemrushBot/7~bl; +http://www.semrush.com/bot.html)" "tekmedicgloves.com"
185.191.171.40 - - [14/Oct/2022:18:28:06 -0700] "GET /phpMyAdmin/setup/?token=09d8d6c83ed65f2ee1d9286eebeee824&version_check=1 HTTP/1.1" 200 12687 "-" "Mozilla/5.0 (compatible; SemrushBot/7~bl; +http://www.semrush.com/bot.html)" "tekmedicgloves.com"
185.191.171.12 - - [14/Oct/2022:18:28:10 -0700] "GET /phpMyAdmin/setup/?token=f810cd75e7a79ec50176ce75a64e5b05&version_check=1 HTTP/1.1" 200 12691 "-" "Mozilla/5.0 (compatible; SemrushBot/7~bl; +http://www.semrush.com/bot.html)" "www.tekmedicgloves.com"
185.191.171.18 - - [14/Oct/2022:18:28:23 -0700] "GET /phpMyAdmin/setup/?token=e9d3e4d84e79654eddaf8a8f4ed96f17&version_check=1 HTTP/1.1" 200 12687 "-" "Mozilla/5.0 (compatible; SemrushBot/7~bl; +http://www.semrush.com/bot.html)" "tekmedicgloves.com"
185.191.171.33 - - [14/Oct/2022:18:28:46 -0700] "GET /phpMyAdmin/setup/?token=efc3fe579e34fc2b12ccd9c8931f4bef&version_check=1 HTTP/1.1" 200 12691 "-" "Mozilla/5.0 (compatible; SemrushBot/7~bl; +http://www.semrush.com/bot.html)" "www.tekmedicgloves.com"
185.191.171.21 - - [14/Oct/2022:18:28:53 -0700] "GET /phpMyAdmin/setup/?token=f3b9667e4c12e74ecc288aecac806ce4&version_check=1 HTTP/1.1" 200 12691 "-" "Mozilla/5.0 (compatible; SemrushBot/7~bl; +http://www.semrush.com/bot.html)" "www.tekmedicgloves.com"
185.191.171.43 - - [14/Oct/2022:18:29:21 -0700] "GET /phpMyAdmin/setup/?token=07cef1dca27171f97d4652c04edcec1a&version_check=1 HTTP/1.1" 200 12691 "-" "Mozilla/5.0 (compatible; SemrushBot/7~bl; +http://www.semrush.com/bot.html)" "www.tekmedicgloves.com"
185.191.171.40 - - [14/Oct/2022:18:29:38 -0700] "GET /phpMyAdmin/setup/?token=f61c17b88dcb122511af2e2e6d72a7be&version_check=1 HTTP/1.1" 200 12691 "-" "Mozilla/5.0 (compatible; SemrushBot/7~bl; +http://www.semrush.com/bot.html)" "www.tekmedicgloves.com"
185.191.171.39 - - [14/Oct/2022:18:29:42 -0700] "GET /phpMyAdmin/setup/?token=05065d22212fc3fadb2261391b71ec2a&version_check=1 HTTP/1.1" 200 12691 "-" "Mozilla/5.0 (compatible; SemrushBot/7~bl; +http://www.semrush.com/bot.html)" "www.tekmedicgloves.com"
185.191.171.44 - - [14/Oct/2022:18:29:45 -0700] "GET /phpMyAdmin/setup/?token=0a2433cec29c7bdbedaed2e3baf76923&version_check=1 HTTP/1.1" 200 12691 "-" "Mozilla/5.0 (compatible; SemrushBot/7~bl; +http://www.semrush.com/bot.html)" "www.tekmedicgloves.com"
185.191.171.1 - - [14/Oct/2022:18:29:50 -0700] "GET /phpMyAdmin/setup/?token=0cae48cdecf8a66ce4b53e56c2cb174d&version_check=1 HTTP/1.1" 200 12687 "-" "Mozilla/5.0 (compatible; SemrushBot/7~bl; +http://www.semrush.com/bot.html)" "tekmedicgloves.com"
185.191.171.16 - - [14/Oct/2022:18:29:57 -0700] "GET /phpMyAdmin/setup/?token=cc05b021c9d162cc741a8da97d140212&version_check=1 HTTP/1.1" 200 12691 "-" "Mozilla/5.0 (compatible; SemrushBot/7~bl; +http://www.semrush.com/bot.html)" "www.tekmedicgloves.com"
185.191.171.39 - - [14/Oct/2022:18:30:07 -0700] "GET /phpMyAdmin/setup/?token=e07a088c868fe64bda796b3e30e5cad6&version_check=1 HTTP/1.1" 200 12687 "-" "Mozilla/5.0 (compatible; SemrushBot/7~bl; +http://www.semrush.com/bot.html)" "tekmedicgloves.com"
185.191.171.16 - - [14/Oct/2022:18:30:09 -0700] "GET /phpMyAdmin/setup/?token=0689a20e12c0f60a55e5400745c9c463&version_check=1 HTTP/1.1" 200 12687 "-" "Mozilla/5.0 (compatible; SemrushBot/7~bl; +http://www.semrush.com/bot.html)" "tekmedicgloves.com"
185.191.171.8 - - [14/Oct/2022:18:30:22 -0700] "GET /phpMyAdmin/setup/?token=e899fc3a6d2d7a9c905148961c876c1f&version_check=1 HTTP/1.1" 200 12687 "-" "Mozilla/5.0 (compatible; SemrushBot/7~bl; +http://www.semrush.com/bot.html)" "tekmedicgloves.com"
185.191.171.1 - - [14/Oct/2022:18:30:28 -0700] "GET /robots.txt HTTP/1.1" 404 88 "-" "Mozilla/5.0 (compatible; SemrushBot/7~bl; +http://www.semrush.com/bot.html)" "www.tekmedicgloves.com"
185.191.171.18 - - [14/Oct/2022:18:30:28 -0700] "GET /phpMyAdmin/setup/?token=028f44b68739b8a19d344f31c94d1dcd&version_check=1 HTTP/1.1" 200 12691 "-" "Mozilla/5.0 (compatible; SemrushBot/7~bl; +http://www.semrush.com/bot.html)" "www.tekmedicgloves.com"
185.191.171.10 - - [14/Oct/2022:18:30:37 -0700] "GET /phpMyAdmin/setup/?token=0383ec34318bf7cd971a922136fdf7e2&version_check=1 HTTP/1.1" 200 12691 "-" "Mozilla/5.0 (compatible; SemrushBot/7~bl; +http://www.semrush.com/bot.html)" "www.tekmedicgloves.com"
185.191.171.43 - - [14/Oct/2022:18:30:52 -0700] "GET /phpMyAdmin/setup/?token=fbb8fa69802742ccca7cb6607759f9b1&version_check=1 HTTP/1.1" 200 12687 "-" "Mozilla/5.0 (compatible; SemrushBot/7~bl; +http://www.semrush.com/bot.html)" "tekmedicgloves.com"
185.191.171.23 - - [14/Oct/2022:18:30:58 -0700] "GET /phpMyAdmin/setup/?token=0c567bd1143730bb70bd423558c485ee&version_check=1 HTTP/1.1" 200 12691 "-" "Mozilla/5.0 (compatible; SemrushBot/7~bl; +http://www.semrush.com/bot.html)" "www.tekmedicgloves.com"
185.191.171.41 - - [14/Oct/2022:18:31:33 -0700] "GET /phpMyAdmin/setup/?token=c07627cbd56a19ce98c9d6f66382e6a9&version_check=1 HTTP/1.1" 200 12691 "-" "Mozilla/5.0 (compatible; SemrushBot/7~bl; +http://www.semrush.com/bot.html)" "www.tekmedicgloves.com"
185.191.171.3 - - [14/Oct/2022:18:31:45 -0700] "GET /phpMyAdmin/setup/?token=e9c37093ff17557fa7351f7a2fa4eba8&version_check=1 HTTP/1.1" 200 12687 "-" "Mozilla/5.0 (compatible; SemrushBot/7~bl; +http://www.semrush.com/bot.html)" "tekmedicgloves.com"
185.191.171.8 - - [14/Oct/2022:18:31:48 -0700] "GET /phpMyAdmin/setup/?token=ee092c855bd4532323e03f3f1a4cfb23&version_check=1 HTTP/1.1" 200 12687 "-" "Mozilla/5.0 (compatible; SemrushBot/7~bl; +http://www.semrush.com/bot.html)" "tekmedicgloves.com"
185.191.171.34 - - [14/Oct/2022:18:31:48 -0700] "GET /phpMyAdmin/setup/?token=0d49980ed2768034b451d244070d5e00&version_check=1 HTTP/1.1" 200 12691 "-" "Mozilla/5.0 (compatible; SemrushBot/7~bl; +http://www.semrush.com/bot.html)" "www.tekmedicgloves.com"
185.191.171.7 - - [14/Oct/2022:18:32:03 -0700] "GET /phpMyAdmin/setup/?token=e4e19b5d20d7e073141c826ba3d74b4d&version_check=1 HTTP/1.1" 200 12687 "-" "Mozilla/5.0 (compatible; SemrushBot/7~bl; +http://www.semrush.com/bot.html)" "tekmedicgloves.com"
185.191.171.18 - - [14/Oct/2022:18:32:12 -0700] "GET /phpMyAdmin/setup/?token=fdb626370b9ac443655e3c2533516196&version_check=1 HTTP/1.1" 200 12687 "-" "Mozilla/5.0 (compatible; SemrushBot/7~bl; +http://www.semrush.com/bot.html)" "tekmedicgloves.com"
185.191.171.40 - - [14/Oct/2022:18:32:19 -0700] "GET /phpMyAdmin/setup/?token=0f26c929f953404ec062b5aad14087d5&version_check=1 HTTP/1.1" 200 12687 "-" "Mozilla/5.0 (compatible; SemrushBot/7~bl; +http://www.semrush.com/bot.html)" "tekmedicgloves.com"
185.191.171.34 - - [14/Oct/2022:18:32:45 -0700] "GET /phpMyAdmin/setup/?token=db7721138e505f052d950f05d467b7c6&version_check=1 HTTP/1.1" 200 12687 "-" "Mozilla/5.0 (compatible; SemrushBot/7~bl; +http://www.semrush.com/bot.html)" "tekmedicgloves.com"
185.191.171.25 - - [14/Oct/2022:18:33:14 -0700] "GET /phpMyAdmin/setup/?token=cfb42c69559794644e4d430ed8498704&version_check=1 HTTP/1.1" 200 12691 "-" "Mozilla/5.0 (compatible; SemrushBot/7~bl; +http://www.semrush.com/bot.html)" "www.tekmedicgloves.com"
185.191.171.34 - - [14/Oct/2022:18:33:20 -0700] "GET /phpMyAdmin/setup/?token=d172f8f6b9b8bc83b67207dece7a117b&version_check=1 HTTP/1.1" 200 12691 "-" "Mozilla/5.0 (compatible; SemrushBot/7~bl; +http://www.semrush.com/bot.html)" "www.tekmedicgloves.com"
