185.191.171.36 - - [22/Oct/2022:21:55:23 -0700] "GET /phpMyAdmin/setup/?token=f75a485c547b36c16acc17164614996b&version_check=1 HTTP/1.1" 200 12691 "-" "Mozilla/5.0 (compatible; SemrushBot/7~bl; +http://www.semrush.com/bot.html)" "www.tekmedicgloves.com"
185.191.171.16 - - [22/Oct/2022:21:55:24 -0700] "GET /phpMyAdmin/setup/?token=e77d7f4c3bffe3e36bef63fae2d5b31b&version_check=1 HTTP/1.1" 200 12687 "-" "Mozilla/5.0 (compatible; SemrushBot/7~bl; +http://www.semrush.com/bot.html)" "tekmedicgloves.com"
185.191.171.14 - - [22/Oct/2022:21:55:27 -0700] "GET /phpMyAdmin/setup/?token=eaea6b7ff4905e9298edcf8a09c4f0ca&version_check=1 HTTP/1.1" 200 12691 "-" "Mozilla/5.0 (compatible; SemrushBot/7~bl; +http://www.semrush.com/bot.html)" "www.tekmedicgloves.com"
185.191.171.19 - - [22/Oct/2022:21:55:36 -0700] "GET /phpMyAdmin/setup/?token=d7ac595a378df61476c6fff96fa4337c&version_check=1 HTTP/1.1" 200 12691 "-" "Mozilla/5.0 (compatible; SemrushBot/7~bl; +http://www.semrush.com/bot.html)" "www.tekmedicgloves.com"
185.191.171.33 - - [22/Oct/2022:21:55:40 -0700] "GET /phpMyAdmin/setup/?token=ffbc4665b61ec383b3973622c5c3225b&version_check=1 HTTP/1.1" 200 12691 "-" "Mozilla/5.0 (compatible; SemrushBot/7~bl; +http://www.semrush.com/bot.html)" "www.tekmedicgloves.com"
185.191.171.43 - - [22/Oct/2022:21:55:47 -0700] "GET /phpMyAdmin/setup/?token=ea2763536a9f14a74feac3681b99d86d&version_check=1 HTTP/1.1" 200 12691 "-" "Mozilla/5.0 (compatible; SemrushBot/7~bl; +http://www.semrush.com/bot.html)" "www.tekmedicgloves.com"
185.191.171.36 - - [22/Oct/2022:21:56:35 -0700] "GET /phpMyAdmin/setup/?token=ef0ed651101986343a6d08bcffaf4db1&version_check=1 HTTP/1.1" 200 12691 "-" "Mozilla/5.0 (compatible; SemrushBot/7~bl; +http://www.semrush.com/bot.html)" "www.tekmedicgloves.com"
185.191.171.26 - - [22/Oct/2022:21:56:42 -0700] "GET /phpMyAdmin/setup/?token=eec128bc9f7836efd716057957ebed44&version_check=1 HTTP/1.1" 200 12691 "-" "Mozilla/5.0 (compatible; SemrushBot/7~bl; +http://www.semrush.com/bot.html)" "www.tekmedicgloves.com"
185.191.171.18 - - [22/Oct/2022:21:56:45 -0700] "GET /phpMyAdmin/setup/?token=048f8ef0c35830f18e8af33f4d7ff499&version_check=1 HTTP/1.1" 200 12687 "-" "Mozilla/5.0 (compatible; SemrushBot/7~bl; +http://www.semrush.com/bot.html)" "tekmedicgloves.com"
185.191.171.15 - - [22/Oct/2022:21:57:07 -0700] "GET /phpMyAdmin/setup/?token=f0581842bbf08b8f5838c0ccac4b8627&version_check=1 HTTP/1.1" 200 12691 "-" "Mozilla/5.0 (compatible; SemrushBot/7~bl; +http://www.semrush.com/bot.html)" "www.tekmedicgloves.com"
185.191.171.36 - - [22/Oct/2022:21:57:55 -0700] "GET /phpMyAdmin/setup/?token=bfd301697275c3b6ef7a6ac91f98aec6&version_check=1 HTTP/1.1" 200 12691 "-" "Mozilla/5.0 (compatible; SemrushBot/7~bl; +http://www.semrush.com/bot.html)" "www.tekmedicgloves.com"
185.191.171.16 - - [22/Oct/2022:21:57:57 -0700] "GET /phpMyAdmin/setup/?token=e29c2490b2aa758254aa6a6a658ba5e8&version_check=1 HTTP/1.1" 200 12687 "-" "Mozilla/5.0 (compatible; SemrushBot/7~bl; +http://www.semrush.com/bot.html)" "tekmedicgloves.com"
185.191.171.26 - - [22/Oct/2022:21:58:30 -0700] "GET /robots.txt HTTP/1.1" 404 88 "-" "Mozilla/5.0 (compatible; SemrushBot/7~bl; +http://www.semrush.com/bot.html)" "www.tekmedicgloves.com"
185.191.171.41 - - [22/Oct/2022:21:58:31 -0700] "GET /phpMyAdmin/setup/?token=ed4165eaf5ebfe53f0ccdbe7ab046057&version_check=1 HTTP/1.1" 200 12691 "-" "Mozilla/5.0 (compatible; SemrushBot/7~bl; +http://www.semrush.com/bot.html)" "www.tekmedicgloves.com"
185.191.171.33 - - [22/Oct/2022:21:58:51 -0700] "GET /phpMyAdmin/setup/?token=02d39d7e195f1128a5c01ad4c9057ab1&version_check=1 HTTP/1.1" 200 12691 "-" "Mozilla/5.0 (compatible; SemrushBot/7~bl; +http://www.semrush.com/bot.html)" "www.tekmedicgloves.com"
185.191.171.43 - - [22/Oct/2022:21:58:50 -0700] "GET /phpMyAdmin/setup/?token=e3b82e56462013730c8358363646dcb1&version_check=1 HTTP/1.1" 200 12687 "-" "Mozilla/5.0 (compatible; SemrushBot/7~bl; +http://www.semrush.com/bot.html)" "tekmedicgloves.com"
185.191.171.7 - - [22/Oct/2022:21:58:57 -0700] "GET /phpMyAdmin/setup/?token=1427b742dd9670e0bee1cd371852db74&version_check=1 HTTP/1.1" 200 12687 "-" "Mozilla/5.0 (compatible; SemrushBot/7~bl; +http://www.semrush.com/bot.html)" "tekmedicgloves.com"
185.191.171.14 - - [22/Oct/2022:21:59:25 -0700] "GET /phpMyAdmin/setup/?token=d85fa6f07c878d4e8e6ffbb87f68cd50&version_check=1 HTTP/1.1" 200 12687 "-" "Mozilla/5.0 (compatible; SemrushBot/7~bl; +http://www.semrush.com/bot.html)" "tekmedicgloves.com"
185.191.171.20 - - [22/Oct/2022:21:59:30 -0700] "GET /phpMyAdmin/setup/?token=d8e5ac02453026ec8b67ef166c85bbf7&version_check=1 HTTP/1.1" 200 12687 "-" "Mozilla/5.0 (compatible; SemrushBot/7~bl; +http://www.semrush.com/bot.html)" "tekmedicgloves.com"
185.191.171.43 - - [22/Oct/2022:21:59:35 -0700] "GET /phpMyAdmin/setup/?token=01ea67c4342ce0fb8ff02c554179e810&version_check=1 HTTP/1.1" 200 12691 "-" "Mozilla/5.0 (compatible; SemrushBot/7~bl; +http://www.semrush.com/bot.html)" "www.tekmedicgloves.com"
185.191.171.44 - - [22/Oct/2022:21:59:52 -0700] "GET /phpMyAdmin/setup/?token=08d13f7b492998269eb49bd0f0ee4b36&version_check=1 HTTP/1.1" 200 12687 "-" "Mozilla/5.0 (compatible; SemrushBot/7~bl; +http://www.semrush.com/bot.html)" "tekmedicgloves.com"
185.191.171.4 - - [22/Oct/2022:21:59:52 -0700] "GET /phpMyAdmin/setup/?token=0aafae191d2ea0217b0583aa7ac438c2&version_check=1 HTTP/1.1" 200 12691 "-" "Mozilla/5.0 (compatible; SemrushBot/7~bl; +http://www.semrush.com/bot.html)" "www.tekmedicgloves.com"
185.191.171.42 - - [22/Oct/2022:22:00:18 -0700] "GET /phpMyAdmin/setup/?token=025fe2bae8fee364601ca36770d2137b&version_check=1 HTTP/1.1" 200 12691 "-" "Mozilla/5.0 (compatible; SemrushBot/7~bl; +http://www.semrush.com/bot.html)" "www.tekmedicgloves.com"
185.191.171.25 - - [22/Oct/2022:22:00:24 -0700] "GET /phpMyAdmin/setup/?token=d736d300ea11f574fc28a30b1be8d855&version_check=1 HTTP/1.1" 200 12687 "-" "Mozilla/5.0 (compatible; SemrushBot/7~bl; +http://www.semrush.com/bot.html)" "tekmedicgloves.com"
185.191.171.22 - - [22/Oct/2022:22:00:29 -0700] "GET /phpMyAdmin/setup/?token=ec310a794421556abe72d8c341e64644&version_check=1 HTTP/1.1" 200 12691 "-" "Mozilla/5.0 (compatible; SemrushBot/7~bl; +http://www.semrush.com/bot.html)" "www.tekmedicgloves.com"
185.191.171.8 - - [22/Oct/2022:22:00:46 -0700] "GET /phpMyAdmin/setup/?token=e54fc151c299ec2482c79996f5b15547&version_check=1 HTTP/1.1" 200 12687 "-" "Mozilla/5.0 (compatible; SemrushBot/7~bl; +http://www.semrush.com/bot.html)" "tekmedicgloves.com"
185.191.171.23 - - [22/Oct/2022:22:00:49 -0700] "GET /phpMyAdmin/setup/?token=d79c14e0a22b1a2f105187dca054d6b8&version_check=1 HTTP/1.1" 200 12687 "-" "Mozilla/5.0 (compatible; SemrushBot/7~bl; +http://www.semrush.com/bot.html)" "tekmedicgloves.com"
185.191.171.21 - - [22/Oct/2022:22:00:59 -0700] "GET /phpMyAdmin/setup/?token=12a09bd1e4d2f8785c58b0e668302b52&version_check=1 HTTP/1.1" 200 12687 "-" "Mozilla/5.0 (compatible; SemrushBot/7~bl; +http://www.semrush.com/bot.html)" "tekmedicgloves.com"
185.191.171.24 - - [22/Oct/2022:22:01:01 -0700] "GET /phpMyAdmin/setup/?token=cd7f2f95391cf1d9b551023e79f77799&version_check=1 HTTP/1.1" 200 12691 "-" "Mozilla/5.0 (compatible; SemrushBot/7~bl; +http://www.semrush.com/bot.html)" "www.tekmedicgloves.com"
185.191.171.23 - - [22/Oct/2022:22:01:12 -0700] "GET /phpMyAdmin/setup/?token=00da02212d5905b4f51e5db7ff27ae9b&version_check=1 HTTP/1.1" 200 12691 "-" "Mozilla/5.0 (compatible; SemrushBot/7~bl; +http://www.semrush.com/bot.html)" "www.tekmedicgloves.com"
185.191.171.42 - - [22/Oct/2022:22:01:15 -0700] "GET /phpMyAdmin/setup/?token=c519610b54676361be51d5f769eb6377&version_check=1 HTTP/1.1" 200 12691 "-" "Mozilla/5.0 (compatible; SemrushBot/7~bl; +http://www.semrush.com/bot.html)" "www.tekmedicgloves.com"
185.191.171.3 - - [22/Oct/2022:22:01:16 -0700] "GET /phpMyAdmin/setup/?token=0fb0cbff354d27ac9ee878bae83c19ef&version_check=1 HTTP/1.1" 200 12691 "-" "Mozilla/5.0 (compatible; SemrushBot/7~bl; +http://www.semrush.com/bot.html)" "www.tekmedicgloves.com"
185.191.171.1 - - [22/Oct/2022:22:01:30 -0700] "GET /phpMyAdmin/setup/?token=dd457a8f8004cf55e96b630ba66dc975&version_check=1 HTTP/1.1" 200 12687 "-" "Mozilla/5.0 (compatible; SemrushBot/7~bl; +http://www.semrush.com/bot.html)" "tekmedicgloves.com"
185.191.171.17 - - [22/Oct/2022:22:01:32 -0700] "GET /phpMyAdmin/setup/?token=e11c7f54f8359982e489338fac0c177e&version_check=1 HTTP/1.1" 200 12687 "-" "Mozilla/5.0 (compatible; SemrushBot/7~bl; +http://www.semrush.com/bot.html)" "tekmedicgloves.com"
185.191.171.38 - - [22/Oct/2022:22:02:14 -0700] "GET /phpMyAdmin/setup/?token=012916605de6a705c00c8c02057d1937&version_check=1 HTTP/1.1" 200 12691 "-" "Mozilla/5.0 (compatible; SemrushBot/7~bl; +http://www.semrush.com/bot.html)" "www.tekmedicgloves.com"
185.191.171.40 - - [22/Oct/2022:22:02:16 -0700] "GET /phpMyAdmin/setup/?token=d7f424217da989422fdd8c4ad64ae24c&version_check=1 HTTP/1.1" 200 12687 "-" "Mozilla/5.0 (compatible; SemrushBot/7~bl; +http://www.semrush.com/bot.html)" "tekmedicgloves.com"
185.191.171.37 - - [22/Oct/2022:22:02:58 -0700] "GET /phpMyAdmin/setup/?token=dd50e517a7c88ef3f3b4cce21f9b7555&version_check=1 HTTP/1.1" 200 12687 "-" "Mozilla/5.0 (compatible; SemrushBot/7~bl; +http://www.semrush.com/bot.html)" "tekmedicgloves.com"
185.191.171.14 - - [22/Oct/2022:22:03:11 -0700] "GET /phpMyAdmin/setup/?token=03403bda509845981c95756de03bb40d&version_check=1 HTTP/1.1" 200 12691 "-" "Mozilla/5.0 (compatible; SemrushBot/7~bl; +http://www.semrush.com/bot.html)" "www.tekmedicgloves.com"
185.191.171.15 - - [22/Oct/2022:22:03:31 -0700] "GET /phpMyAdmin/setup/?token=f1edb5f88fd164a647cbfceabf426a04&version_check=1 HTTP/1.1" 200 12687 "-" "Mozilla/5.0 (compatible; SemrushBot/7~bl; +http://www.semrush.com/bot.html)" "tekmedicgloves.com"
185.191.171.18 - - [22/Oct/2022:22:03:39 -0700] "GET /phpMyAdmin/setup/?token=ef252a79fd18d44ba71160b72b688e44&version_check=1 HTTP/1.1" 200 12687 "-" "Mozilla/5.0 (compatible; SemrushBot/7~bl; +http://www.semrush.com/bot.html)" "tekmedicgloves.com"
185.191.171.4 - - [22/Oct/2022:22:03:52 -0700] "GET /phpMyAdmin/setup/?token=ede244ebfc41f6219bc617045ddda7f2&version_check=1 HTTP/1.1" 200 12691 "-" "Mozilla/5.0 (compatible; SemrushBot/7~bl; +http://www.semrush.com/bot.html)" "www.tekmedicgloves.com"
185.191.171.3 - - [22/Oct/2022:22:03:59 -0700] "GET /phpMyAdmin/setup/?token=f54b296271dc0afa3a99604222b47164&version_check=1 HTTP/1.1" 200 12687 "-" "Mozilla/5.0 (compatible; SemrushBot/7~bl; +http://www.semrush.com/bot.html)" "tekmedicgloves.com"
185.191.171.17 - - [22/Oct/2022:22:04:00 -0700] "GET /phpMyAdmin/setup/?token=00a5335e14dec21313816c939388f429&version_check=1 HTTP/1.1" 200 12691 "-" "Mozilla/5.0 (compatible; SemrushBot/7~bl; +http://www.semrush.com/bot.html)" "www.tekmedicgloves.com"
185.191.171.4 - - [22/Oct/2022:22:04:57 -0700] "GET /phpMyAdmin/setup/?token=c474f3b13819d98d0da10eb74fa3a4f5&version_check=1 HTTP/1.1" 200 12691 "-" "Mozilla/5.0 (compatible; SemrushBot/7~bl; +http://www.semrush.com/bot.html)" "www.tekmedicgloves.com"
185.191.171.44 - - [22/Oct/2022:22:04:58 -0700] "GET /phpMyAdmin/setup/?token=0d87ef8967b47dfd2a2ba8dbeac5013a&version_check=1 HTTP/1.1" 200 12687 "-" "Mozilla/5.0 (compatible; SemrushBot/7~bl; +http://www.semrush.com/bot.html)" "tekmedicgloves.com"
185.191.171.7 - - [22/Oct/2022:22:05:06 -0700] "GET /phpMyAdmin/setup/?token=b98c5f731fbc24150ecd8f988b54cfd7&version_check=1 HTTP/1.1" 200 12691 "-" "Mozilla/5.0 (compatible; SemrushBot/7~bl; +http://www.semrush.com/bot.html)" "www.tekmedicgloves.com"
185.191.171.23 - - [22/Oct/2022:22:05:11 -0700] "GET /phpMyAdmin/setup/?token=04ef4c314aaba89636a0ac92c328c7af&version_check=1 HTTP/1.1" 200 12691 "-" "Mozilla/5.0 (compatible; SemrushBot/7~bl; +http://www.semrush.com/bot.html)" "www.tekmedicgloves.com"
185.191.171.7 - - [22/Oct/2022:22:05:45 -0700] "GET /phpMyAdmin/setup/?token=fe6077b3b81a7d8bc878d9f92b47a750&version_check=1 HTTP/1.1" 200 12691 "-" "Mozilla/5.0 (compatible; SemrushBot/7~bl; +http://www.semrush.com/bot.html)" "www.tekmedicgloves.com"
185.191.171.12 - - [22/Oct/2022:22:05:48 -0700] "GET /phpMyAdmin/setup/?token=ff44ae6c0446d148899c0ef80c2f8272&version_check=1 HTTP/1.1" 200 12687 "-" "Mozilla/5.0 (compatible; SemrushBot/7~bl; +http://www.semrush.com/bot.html)" "tekmedicgloves.com"
185.191.171.11 - - [22/Oct/2022:22:06:00 -0700] "GET /phpMyAdmin/setup/?token=debc96cd6cfca6687ba81b803e8f6691&version_check=1 HTTP/1.1" 200 12687 "-" "Mozilla/5.0 (compatible; SemrushBot/7~bl; +http://www.semrush.com/bot.html)" "tekmedicgloves.com"
185.191.171.10 - - [22/Oct/2022:22:06:03 -0700] "GET /phpMyAdmin/setup/?token=0a90a99a4e9a070eac3c65fa0bb5d3bb&version_check=1 HTTP/1.1" 200 12687 "-" "Mozilla/5.0 (compatible; SemrushBot/7~bl; +http://www.semrush.com/bot.html)" "tekmedicgloves.com"
185.191.171.20 - - [22/Oct/2022:22:06:10 -0700] "GET /phpMyAdmin/setup/?token=d8cdd2b80420e35f512131f595cb569a&version_check=1 HTTP/1.1" 200 12687 "-" "Mozilla/5.0 (compatible; SemrushBot/7~bl; +http://www.semrush.com/bot.html)" "tekmedicgloves.com"
185.191.171.15 - - [22/Oct/2022:22:06:18 -0700] "GET /phpMyAdmin/setup/?token=0c9f3a72383081d0633099267720a2ef&version_check=1 HTTP/1.1" 200 12691 "-" "Mozilla/5.0 (compatible; SemrushBot/7~bl; +http://www.semrush.com/bot.html)" "www.tekmedicgloves.com"
157.55.39.207 - - [22/Oct/2022:22:06:22 -0700] "GET /beta/products.php?cat=20&id=10 HTTP/1.1" 200 57062 "-" "Mozilla/5.0 (compatible; bingbot/2.0; +http://www.bing.com/bingbot.htm)" "tekmedicgloves.com"
185.191.171.45 - - [22/Oct/2022:22:06:38 -0700] "GET /phpMyAdmin/setup/?token=d5d236806a305375620e13f5aaab5369&version_check=1 HTTP/1.1" 200 12691 "-" "Mozilla/5.0 (compatible; SemrushBot/7~bl; +http://www.semrush.com/bot.html)" "www.tekmedicgloves.com"
185.191.171.21 - - [22/Oct/2022:22:06:38 -0700] "GET /phpMyAdmin/setup/?token=16207065f8db5a7e65d81552c2cee29f&version_check=1 HTTP/1.1" 200 12687 "-" "Mozilla/5.0 (compatible; SemrushBot/7~bl; +http://www.semrush.com/bot.html)" "tekmedicgloves.com"
185.191.171.3 - - [22/Oct/2022:22:06:39 -0700] "GET /phpMyAdmin/setup/?token=01efe308158460e3a9aafe87b13490ab&version_check=1 HTTP/1.1" 200 12691 "-" "Mozilla/5.0 (compatible; SemrushBot/7~bl; +http://www.semrush.com/bot.html)" "www.tekmedicgloves.com"
157.55.39.207 - - [22/Oct/2022:22:06:41 -0700] "GET /beta/wp-content/plugins/cherry-plugin/lib/js/elasti-carousel/jquery.elastislide.js HTTP/1.1" 200 1963 "-" "Mozilla/5.0 (compatible; bingbot/2.0; +http://www.bing.com/bingbot.htm)" "tekmedicgloves.com"
157.55.39.207 - - [22/Oct/2022:22:06:41 -0700] "GET /beta/wp-content/plugins/contact-form-7/includes/js/jquery.form.min.js HTTP/1.1" 200 5878 "-" "Mozilla/5.0 AppleWebKit/537.36 (KHTML, like Gecko; compatible; bingbot/2.0; +http://www.bing.com/bingbot.htm) Chrome/103.0.5060.134 Safari/537.36" "tekmedicgloves.com"
157.55.39.207 - - [22/Oct/2022:22:06:42 -0700] "GET /beta/wp-content/themes/CherryFramework/js/camera.min.js HTTP/1.1" 200 8551 "-" "Mozilla/5.0 AppleWebKit/537.36 (KHTML, like Gecko; compatible; bingbot/2.0; +http://www.bing.com/bingbot.htm) Chrome/103.0.5060.134 Safari/537.36" "tekmedicgloves.com"
157.55.39.207 - - [22/Oct/2022:22:06:42 -0700] "GET /beta/wp-content/themes/CherryFramework/js/jflickrfeed.js HTTP/1.1" 200 560 "-" "Mozilla/5.0 (compatible; bingbot/2.0; +http://www.bing.com/bingbot.htm)" "tekmedicgloves.com"
185.191.171.19 - - [22/Oct/2022:22:06:42 -0700] "GET /phpMyAdmin/setup/?token=d73da52fbc6bfc66a67e73ca6b22b19c&version_check=1 HTTP/1.1" 200 12691 "-" "Mozilla/5.0 (compatible; SemrushBot/7~bl; +http://www.semrush.com/bot.html)" "www.tekmedicgloves.com"
157.55.39.138 - - [22/Oct/2022:22:06:44 -0700] "GET /beta/wp-content/themes/CherryFramework/js/custom.js HTTP/1.1" 200 2131 "-" "Mozilla/5.0 AppleWebKit/537.36 (KHTML, like Gecko; compatible; bingbot/2.0; +http://www.bing.com/bingbot.htm) Chrome/103.0.5060.134 Safari/537.36" "tekmedicgloves.com"
185.191.171.1 - - [22/Oct/2022:22:06:45 -0700] "GET /phpMyAdmin/setup/?token=dc9be1016d602c1b3496d7a4c14ccda0&version_check=1 HTTP/1.1" 200 12687 "-" "Mozilla/5.0 (compatible; SemrushBot/7~bl; +http://www.semrush.com/bot.html)" "tekmedicgloves.com"
207.46.13.159 - - [22/Oct/2022:22:06:45 -0700] "GET /beta/wp-content/plugins/cherry-plugin/lib/js/jquery.easing.1.3.js HTTP/1.1" 200 814 "-" "Mozilla/5.0 (compatible; bingbot/2.0; +http://www.bing.com/bingbot.htm)" "tekmedicgloves.com"
207.46.13.159 - - [22/Oct/2022:22:06:45 -0700] "GET /beta/wp-content/plugins/cherry-plugin/lib/js/owl-carousel/owl.carousel.css HTTP/1.1" 200 1119 "-" "Mozilla/5.0 AppleWebKit/537.36 (KHTML, like Gecko; compatible; bingbot/2.0; +http://www.bing.com/bingbot.htm) Chrome/103.0.5060.134 Safari/537.36" "tekmedicgloves.com"
207.46.13.159 - - [22/Oct/2022:22:06:46 -0700] "GET /beta/wp-content/themes/CherryFramework/js/jquery.ba-resize.min.js HTTP/1.1" 200 616 "-" "Mozilla/5.0 (compatible; bingbot/2.0; +http://www.bing.com/bingbot.htm)" "tekmedicgloves.com"
207.46.13.159 - - [22/Oct/2022:22:06:46 -0700] "GET /beta/wp-content/themes/theme48838/bootstrap/css/responsive.css HTTP/1.1" 200 4226 "-" "Mozilla/5.0 AppleWebKit/537.36 (KHTML, like Gecko; compatible; bingbot/2.0; +http://www.bing.com/bingbot.htm) Chrome/103.0.5060.134 Safari/537.36" "tekmedicgloves.com"
207.46.13.159 - - [22/Oct/2022:22:06:46 -0700] "GET /beta/wp-includes/js/swfobject.js HTTP/1.1" 404 88 "-" "Mozilla/5.0 AppleWebKit/537.36 (KHTML, like Gecko; compatible; bingbot/2.0; +http://www.bing.com/bingbot.htm) Chrome/103.0.5060.134 Safari/537.36" "tekmedicgloves.com"
40.77.167.14 - - [22/Oct/2022:22:06:50 -0700] "GET /beta/wp-content/plugins/cherry-plugin/includes/js/cherry-plugin.js HTTP/1.1" 200 438 "-" "Mozilla/5.0 (compatible; bingbot/2.0; +http://www.bing.com/bingbot.htm)" "tekmedicgloves.com"
40.77.167.14 - - [22/Oct/2022:22:06:50 -0700] "GET /beta/wp-content/plugins/cherry-plugin/lib/js/FlexSlider/flexslider.css HTTP/1.1" 200 1323 "-" "Mozilla/5.0 (compatible; bingbot/2.0; +http://www.bing.com/bingbot.htm)" "tekmedicgloves.com"
40.77.167.14 - - [22/Oct/2022:22:06:50 -0700] "GET /beta/wp-content/plugins/cherry-plugin/lib/js/FlexSlider/jquery.flexslider-min.js HTTP/1.1" 200 5177 "-" "Mozilla/5.0 (compatible; bingbot/2.0; +http://www.bing.com/bingbot.htm)" "tekmedicgloves.com"
40.77.167.14 - - [22/Oct/2022:22:06:51 -0700] "GET /beta/wp-content/themes/CherryFramework/css/camera.css HTTP/1.1" 200 3117 "-" "Mozilla/5.0 AppleWebKit/537.36 (KHTML, like Gecko; compatible; bingbot/2.0; +http://www.bing.com/bingbot.htm) Chrome/103.0.5060.134 Safari/537.36" "tekmedicgloves.com"
40.77.167.14 - - [22/Oct/2022:22:06:51 -0700] "GET /beta/wp-content/themes/CherryFramework/css/magnific-popup.css HTTP/1.1" 200 2166 "-" "Mozilla/5.0 (compatible; bingbot/2.0; +http://www.bing.com/bingbot.htm)" "tekmedicgloves.com"
40.77.167.14 - - [22/Oct/2022:22:06:51 -0700] "GET /beta/wp-content/themes/CherryFramework/js/jquery-1.7.2.min.js HTTP/1.1" 200 33630 "-" "Mozilla/5.0 (compatible; bingbot/2.0; +http://www.bing.com/bingbot.htm)" "tekmedicgloves.com"
40.77.167.14 - - [22/Oct/2022:22:06:51 -0700] "GET /beta/wp-content/themes/CherryFramework/js/jquery.magnific-popup.min.js HTTP/1.1" 200 7493 "-" "Mozilla/5.0 AppleWebKit/537.36 (KHTML, like Gecko; compatible; bingbot/2.0; +http://www.bing.com/bingbot.htm) Chrome/103.0.5060.134 Safari/537.36" "tekmedicgloves.com"
40.77.167.14 - - [22/Oct/2022:22:06:51 -0700] "GET /beta/wp-content/themes/CherryFramework/js/jquery.mobilemenu.js HTTP/1.1" 200 908 "-" "Mozilla/5.0 AppleWebKit/537.36 (KHTML, like Gecko; compatible; bingbot/2.0; +http://www.bing.com/bingbot.htm) Chrome/103.0.5060.134 Safari/537.36" "tekmedicgloves.com"
157.55.39.138 - - [22/Oct/2022:22:06:58 -0700] "GET /beta/wp-content/themes/CherryFramework/js/modernizr.js HTTP/1.1" 200 5141 "-" "Mozilla/5.0 (compatible; bingbot/2.0; +http://www.bing.com/bingbot.htm)" "tekmedicgloves.com"
157.55.39.138 - - [22/Oct/2022:22:06:58 -0700] "GET /beta/wp-content/themes/theme48838/main-style.css HTTP/1.1" 200 4849 "-" "Mozilla/5.0 AppleWebKit/537.36 (KHTML, like Gecko; compatible; bingbot/2.0; +http://www.bing.com/bingbot.htm) Chrome/103.0.5060.134 Safari/537.36" "tekmedicgloves.com"
185.191.171.40 - - [22/Oct/2022:22:07:01 -0700] "GET /phpMyAdmin/setup/?token=d93b4118b9ccbfdda80fab4ac5c47af7&version_check=1 HTTP/1.1" 200 12687 "-" "Mozilla/5.0 (compatible; SemrushBot/7~bl; +http://www.semrush.com/bot.html)" "tekmedicgloves.com"
207.46.13.88 - - [22/Oct/2022:22:07:05 -0700] "GET /beta/wp-content/plugins/cherry-plugin/includes/css/cherry-plugin.css HTTP/1.1" 200 4752 "-" "Mozilla/5.0 (compatible; bingbot/2.0; +http://www.bing.com/bingbot.htm)" "tekmedicgloves.com"
207.46.13.88 - - [22/Oct/2022:22:07:05 -0700] "GET /beta/wp-content/plugins/contact-form-7/includes/css/styles.css HTTP/1.1" 200 392 "-" "Mozilla/5.0 (compatible; bingbot/2.0; +http://www.bing.com/bingbot.htm)" "tekmedicgloves.com"
207.46.13.88 - - [22/Oct/2022:22:07:05 -0700] "GET /beta/wp-content/themes/CherryFramework/bootstrap/js/bootstrap.min.js HTTP/1.1" 200 7654 "-" "Mozilla/5.0 (compatible; bingbot/2.0; +http://www.bing.com/bingbot.htm)" "tekmedicgloves.com"
207.46.13.88 - - [22/Oct/2022:22:07:06 -0700] "GET /beta/wp-content/themes/CherryFramework/js/jplayer.playlist.min.js HTTP/1.1" 200 2404 "-" "Mozilla/5.0 (compatible; bingbot/2.0; +http://www.bing.com/bingbot.htm)" "tekmedicgloves.com"
207.46.13.88 - - [22/Oct/2022:22:07:06 -0700] "GET /beta/wp-content/themes/CherryFramework/js/jquery.jplayer.min.js HTTP/1.1" 200 11945 "-" "Mozilla/5.0 AppleWebKit/537.36 (KHTML, like Gecko; compatible; bingbot/2.0; +http://www.bing.com/bingbot.htm) Chrome/103.0.5060.134 Safari/537.36" "tekmedicgloves.com"
207.46.13.88 - - [22/Oct/2022:22:07:06 -0700] "GET /beta/wp-content/themes/CherryFramework/js/superfish.js HTTP/1.1" 200 1280 "-" "Mozilla/5.0 AppleWebKit/537.36 (KHTML, like Gecko; compatible; bingbot/2.0; +http://www.bing.com/bingbot.htm) Chrome/103.0.5060.134 Safari/537.36" "tekmedicgloves.com"
185.191.171.39 - - [22/Oct/2022:22:07:07 -0700] "GET /phpMyAdmin/setup/?token=f7f7de729847eb764df0f1284bdc30e1&version_check=1 HTTP/1.1" 200 12687 "-" "Mozilla/5.0 (compatible; SemrushBot/7~bl; +http://www.semrush.com/bot.html)" "tekmedicgloves.com"
157.55.39.179 - - [22/Oct/2022:22:07:10 -0700] "GET /beta/wp-content/plugins/cherry-plugin/lib/js/owl-carousel/owl.theme.css HTTP/1.1" 200 606 "-" "Mozilla/5.0 AppleWebKit/537.36 (KHTML, like Gecko; compatible; bingbot/2.0; +http://www.bing.com/bingbot.htm) Chrome/103.0.5060.134 Safari/537.36" "tekmedicgloves.com"
157.55.39.179 - - [22/Oct/2022:22:07:11 -0700] "GET /beta/wp-content/plugins/contact-form-7/includes/js/scripts.js HTTP/1.1" 200 1850 "-" "Mozilla/5.0 AppleWebKit/537.36 (KHTML, like Gecko; compatible; bingbot/2.0; +http://www.bing.com/bingbot.htm) Chrome/103.0.5060.134 Safari/537.36" "tekmedicgloves.com"
157.55.39.179 - - [22/Oct/2022:22:07:11 -0700] "GET /beta/wp-content/themes/CherryFramework/js/jquery.debouncedresize.js HTTP/1.1" 200 226 "-" "Mozilla/5.0 (compatible; bingbot/2.0; +http://www.bing.com/bingbot.htm)" "tekmedicgloves.com"
157.55.39.179 - - [22/Oct/2022:22:07:11 -0700] "GET /beta/wp-content/themes/CherryFramework/js/jquery.mobile.customized.min.js HTTP/1.1" 200 6409 "-" "Mozilla/5.0 (compatible; bingbot/2.0; +http://www.bing.com/bingbot.htm)" "tekmedicgloves.com"
157.55.39.179 - - [22/Oct/2022:22:07:11 -0700] "GET /beta/wp-content/themes/theme48838/style.css HTTP/1.1" 200 243 "-" "Mozilla/5.0 (compatible; bingbot/2.0; +http://www.bing.com/bingbot.htm)" "tekmedicgloves.com"
157.55.39.179 - - [22/Oct/2022:22:07:11 -0700] "GET /beta/wp-includes/js/comment-reply.min.js HTTP/1.1" 404 88 "-" "Mozilla/5.0 (compatible; bingbot/2.0; +http://www.bing.com/bingbot.htm)" "tekmedicgloves.com"
185.191.171.9 - - [22/Oct/2022:22:07:42 -0700] "GET /phpMyAdmin/setup/?token=f0c95dedc92fbdf9aa39a2d1252b27ab&version_check=1 HTTP/1.1" 200 12691 "-" "Mozilla/5.0 (compatible; SemrushBot/7~bl; +http://www.semrush.com/bot.html)" "www.tekmedicgloves.com"
185.191.171.40 - - [22/Oct/2022:22:07:56 -0700] "GET /phpMyAdmin/setup/?token=ea97921d445f20e4858153998d52044e&version_check=1 HTTP/1.1" 200 12691 "-" "Mozilla/5.0 (compatible; SemrushBot/7~bl; +http://www.semrush.com/bot.html)" "www.tekmedicgloves.com"
185.191.171.36 - - [22/Oct/2022:22:08:14 -0700] "GET /phpMyAdmin/setup/?token=0d963ad24dcae4df84f4de1c41bd83ce&version_check=1 HTTP/1.1" 200 12691 "-" "Mozilla/5.0 (compatible; SemrushBot/7~bl; +http://www.semrush.com/bot.html)" "www.tekmedicgloves.com"
185.191.171.6 - - [22/Oct/2022:22:08:46 -0700] "GET /phpMyAdmin/setup/?token=e2cdb0c96adb07b2124ba7eff2f124dc&version_check=1 HTTP/1.1" 200 12687 "-" "Mozilla/5.0 (compatible; SemrushBot/7~bl; +http://www.semrush.com/bot.html)" "tekmedicgloves.com"
185.191.171.15 - - [22/Oct/2022:22:08:53 -0700] "GET /phpMyAdmin/setup/?token=092d947677a42d10c98fec12407973e5&version_check=1 HTTP/1.1" 200 12691 "-" "Mozilla/5.0 (compatible; SemrushBot/7~bl; +http://www.semrush.com/bot.html)" "www.tekmedicgloves.com"
185.191.171.8 - - [22/Oct/2022:22:09:19 -0700] "GET /phpMyAdmin/setup/?token=b5c41591ca7934818526b28ebc344e76&version_check=1 HTTP/1.1" 200 12691 "-" "Mozilla/5.0 (compatible; SemrushBot/7~bl; +http://www.semrush.com/bot.html)" "www.tekmedicgloves.com"
185.191.171.39 - - [22/Oct/2022:22:09:43 -0700] "GET /phpMyAdmin/setup/?token=0a2065f3bc755c68c426dbadb1971346&version_check=1 HTTP/1.1" 200 12691 "-" "Mozilla/5.0 (compatible; SemrushBot/7~bl; +http://www.semrush.com/bot.html)" "www.tekmedicgloves.com"
185.191.171.5 - - [22/Oct/2022:22:10:07 -0700] "GET /phpMyAdmin/setup/?token=e8710702ef896679d4aca17aaa17baae&version_check=1 HTTP/1.1" 200 12687 "-" "Mozilla/5.0 (compatible; SemrushBot/7~bl; +http://www.semrush.com/bot.html)" "tekmedicgloves.com"
185.191.171.14 - - [22/Oct/2022:22:10:08 -0700] "GET /phpMyAdmin/setup/?token=dda940445883a3cb7ec500a641acc9cb&version_check=1 HTTP/1.1" 200 12691 "-" "Mozilla/5.0 (compatible; SemrushBot/7~bl; +http://www.semrush.com/bot.html)" "www.tekmedicgloves.com"
185.191.171.14 - - [22/Oct/2022:22:10:15 -0700] "GET /phpMyAdmin/setup/?token=081e3c711cb1ac7616f8e5ee31c265f4&version_check=1 HTTP/1.1" 200 12687 "-" "Mozilla/5.0 (compatible; SemrushBot/7~bl; +http://www.semrush.com/bot.html)" "tekmedicgloves.com"
185.191.171.24 - - [22/Oct/2022:22:10:17 -0700] "GET /phpMyAdmin/setup/?token=0c74b184d085bf87b0f8903a89d09a5d&version_check=1 HTTP/1.1" 200 12691 "-" "Mozilla/5.0 (compatible; SemrushBot/7~bl; +http://www.semrush.com/bot.html)" "www.tekmedicgloves.com"
185.191.171.37 - - [22/Oct/2022:22:10:35 -0700] "GET /phpMyAdmin/setup/?token=08ea7d9ae0613a43222c456f2ca8b4e7&version_check=1 HTTP/1.1" 200 12691 "-" "Mozilla/5.0 (compatible; SemrushBot/7~bl; +http://www.semrush.com/bot.html)" "www.tekmedicgloves.com"
185.191.171.17 - - [22/Oct/2022:22:10:52 -0700] "GET /phpMyAdmin/setup/?token=eb9b43197c5393961663646ca8cec926&version_check=1 HTTP/1.1" 200 12687 "-" "Mozilla/5.0 (compatible; SemrushBot/7~bl; +http://www.semrush.com/bot.html)" "tekmedicgloves.com"
185.191.171.9 - - [22/Oct/2022:22:11:24 -0700] "GET /phpMyAdmin/setup/?token=f0f2d327a0c4e38d5dd962b39e0e6aae&version_check=1 HTTP/1.1" 200 12691 "-" "Mozilla/5.0 (compatible; SemrushBot/7~bl; +http://www.semrush.com/bot.html)" "www.tekmedicgloves.com"
185.191.171.16 - - [22/Oct/2022:22:11:37 -0700] "GET /phpMyAdmin/setup/?token=f23b028bee7366538cc895f7899c3224&version_check=1 HTTP/1.1" 200 12691 "-" "Mozilla/5.0 (compatible; SemrushBot/7~bl; +http://www.semrush.com/bot.html)" "www.tekmedicgloves.com"
185.191.171.6 - - [22/Oct/2022:22:11:43 -0700] "GET /phpMyAdmin/setup/?token=0b0795d564e4ac5be03d6b44779ec5b3&version_check=1 HTTP/1.1" 200 12687 "-" "Mozilla/5.0 (compatible; SemrushBot/7~bl; +http://www.semrush.com/bot.html)" "tekmedicgloves.com"
185.191.171.26 - - [22/Oct/2022:22:11:50 -0700] "GET /phpMyAdmin/setup/?token=f981af5d91956ee8338928745aec1b41&version_check=1 HTTP/1.1" 200 12691 "-" "Mozilla/5.0 (compatible; SemrushBot/7~bl; +http://www.semrush.com/bot.html)" "www.tekmedicgloves.com"
185.191.171.8 - - [22/Oct/2022:22:11:55 -0700] "GET /phpMyAdmin/setup/?token=de3dc07a0dcf3f5aa41f99195396f8a4&version_check=1 HTTP/1.1" 200 12687 "-" "Mozilla/5.0 (compatible; SemrushBot/7~bl; +http://www.semrush.com/bot.html)" "tekmedicgloves.com"
185.191.171.17 - - [22/Oct/2022:22:11:57 -0700] "GET /phpMyAdmin/setup/?token=04595c30f3994c0173e4439708d8f4d6&version_check=1 HTTP/1.1" 200 12687 "-" "Mozilla/5.0 (compatible; SemrushBot/7~bl; +http://www.semrush.com/bot.html)" "tekmedicgloves.com"
185.191.171.34 - - [22/Oct/2022:22:12:10 -0700] "GET /phpMyAdmin/setup/?token=d8b98d682df5511f6c3bec7f7eb3b4c1&version_check=1 HTTP/1.1" 200 12687 "-" "Mozilla/5.0 (compatible; SemrushBot/7~bl; +http://www.semrush.com/bot.html)" "tekmedicgloves.com"
185.191.171.3 - - [22/Oct/2022:22:12:11 -0700] "GET /phpMyAdmin/setup/?token=e59a7dbb8a143c47c2266e162c6d629b&version_check=1 HTTP/1.1" 200 12691 "-" "Mozilla/5.0 (compatible; SemrushBot/7~bl; +http://www.semrush.com/bot.html)" "www.tekmedicgloves.com"
185.191.171.37 - - [22/Oct/2022:22:12:43 -0700] "GET /phpMyAdmin/setup/?token=fd7d6bd027081e5c8cf71906c5a5cd5c&version_check=1 HTTP/1.1" 200 12691 "-" "Mozilla/5.0 (compatible; SemrushBot/7~bl; +http://www.semrush.com/bot.html)" "www.tekmedicgloves.com"
185.191.171.33 - - [22/Oct/2022:22:12:51 -0700] "GET /phpMyAdmin/setup/?token=0583b9ec68a18e5f67b35111a3c782d4&version_check=1 HTTP/1.1" 200 12691 "-" "Mozilla/5.0 (compatible; SemrushBot/7~bl; +http://www.semrush.com/bot.html)" "www.tekmedicgloves.com"
185.191.171.38 - - [22/Oct/2022:22:13:05 -0700] "GET /phpMyAdmin/setup/?token=e4a1e0ccfdce7293c85437d6b30555cf&version_check=1 HTTP/1.1" 200 12687 "-" "Mozilla/5.0 (compatible; SemrushBot/7~bl; +http://www.semrush.com/bot.html)" "tekmedicgloves.com"
185.191.171.38 - - [22/Oct/2022:22:13:07 -0700] "GET /phpMyAdmin/setup/?token=f34e2cc7bf95a5401005c34a049a1969&version_check=1 HTTP/1.1" 200 12691 "-" "Mozilla/5.0 (compatible; SemrushBot/7~bl; +http://www.semrush.com/bot.html)" "www.tekmedicgloves.com"
185.191.171.6 - - [22/Oct/2022:22:13:15 -0700] "GET /phpMyAdmin/setup/?token=036cf5f178cd57d2c3b22431f5b24e74&version_check=1 HTTP/1.1" 200 12691 "-" "Mozilla/5.0 (compatible; SemrushBot/7~bl; +http://www.semrush.com/bot.html)" "www.tekmedicgloves.com"
185.191.171.16 - - [22/Oct/2022:22:13:48 -0700] "GET /phpMyAdmin/setup/?token=0ee335291e3c8258ff7dcff122756ec0&version_check=1 HTTP/1.1" 200 12691 "-" "Mozilla/5.0 (compatible; SemrushBot/7~bl; +http://www.semrush.com/bot.html)" "www.tekmedicgloves.com"
185.191.171.15 - - [22/Oct/2022:22:13:51 -0700] "GET /phpMyAdmin/setup/?token=cfc0473d87896d58aa27e32f3ea9b4e0&version_check=1 HTTP/1.1" 200 12691 "-" "Mozilla/5.0 (compatible; SemrushBot/7~bl; +http://www.semrush.com/bot.html)" "www.tekmedicgloves.com"
185.191.171.42 - - [22/Oct/2022:22:14:01 -0700] "GET /phpMyAdmin/setup/?token=1178a84e58b97e46503896a6d3b4ca36&version_check=1 HTTP/1.1" 200 12687 "-" "Mozilla/5.0 (compatible; SemrushBot/7~bl; +http://www.semrush.com/bot.html)" "tekmedicgloves.com"
185.191.171.6 - - [22/Oct/2022:22:14:17 -0700] "GET /phpMyAdmin/setup/?token=0b29cbe8d1477dfddc021a7b3d317706&version_check=1 HTTP/1.1" 200 12687 "-" "Mozilla/5.0 (compatible; SemrushBot/7~bl; +http://www.semrush.com/bot.html)" "tekmedicgloves.com"
185.191.171.5 - - [22/Oct/2022:22:14:49 -0700] "GET /phpMyAdmin/setup/?token=e236344a65e50fa2ebf651c22f88be9d&version_check=1 HTTP/1.1" 200 12687 "-" "Mozilla/5.0 (compatible; SemrushBot/7~bl; +http://www.semrush.com/bot.html)" "tekmedicgloves.com"
185.191.171.8 - - [22/Oct/2022:22:15:04 -0700] "GET /phpMyAdmin/setup/?token=cafdb005e22692193346dc20a5e90dcc&version_check=1 HTTP/1.1" 200 12691 "-" "Mozilla/5.0 (compatible; SemrushBot/7~bl; +http://www.semrush.com/bot.html)" "www.tekmedicgloves.com"
185.191.171.3 - - [22/Oct/2022:22:15:11 -0700] "GET /phpMyAdmin/setup/?token=12aa913977d8e230ce16f926f1c43673&version_check=1 HTTP/1.1" 200 12687 "-" "Mozilla/5.0 (compatible; SemrushBot/7~bl; +http://www.semrush.com/bot.html)" "tekmedicgloves.com"
185.191.171.38 - - [22/Oct/2022:22:15:32 -0700] "GET /phpMyAdmin/setup/?token=ef35691151a1a012fccbc968a49c52ca&version_check=1 HTTP/1.1" 200 12691 "-" "Mozilla/5.0 (compatible; SemrushBot/7~bl; +http://www.semrush.com/bot.html)" "www.tekmedicgloves.com"
185.191.171.7 - - [22/Oct/2022:22:15:34 -0700] "GET /phpMyAdmin/setup/?token=0f0dfcf87bae2de53163476ef771f880&version_check=1 HTTP/1.1" 200 12691 "-" "Mozilla/5.0 (compatible; SemrushBot/7~bl; +http://www.semrush.com/bot.html)" "www.tekmedicgloves.com"
185.191.171.41 - - [22/Oct/2022:22:15:42 -0700] "GET /phpMyAdmin/setup/?token=f27812962574c62de4a5eaaf333f89a6&version_check=1 HTTP/1.1" 200 12691 "-" "Mozilla/5.0 (compatible; SemrushBot/7~bl; +http://www.semrush.com/bot.html)" "www.tekmedicgloves.com"
185.191.171.8 - - [22/Oct/2022:22:16:15 -0700] "GET /phpMyAdmin/setup/?token=f1548333352ac62b6b94264cd3fcd3e9&version_check=1 HTTP/1.1" 200 12687 "-" "Mozilla/5.0 (compatible; SemrushBot/7~bl; +http://www.semrush.com/bot.html)" "tekmedicgloves.com"
185.191.171.44 - - [22/Oct/2022:22:16:26 -0700] "GET /phpMyAdmin/setup/?token=00d337e117548456a2f98c3d5728bc47&version_check=1 HTTP/1.1" 200 12691 "-" "Mozilla/5.0 (compatible; SemrushBot/7~bl; +http://www.semrush.com/bot.html)" "www.tekmedicgloves.com"
185.191.171.43 - - [22/Oct/2022:22:16:28 -0700] "GET /phpMyAdmin/setup/?token=0b932dd4dd54d4910f85fb5319bee90d&version_check=1 HTTP/1.1" 200 12691 "-" "Mozilla/5.0 (compatible; SemrushBot/7~bl; +http://www.semrush.com/bot.html)" "www.tekmedicgloves.com"
185.191.171.11 - - [22/Oct/2022:22:16:31 -0700] "GET /phpMyAdmin/setup/?token=ea03cf19ec5c554e1d21bd1c6310ba11&version_check=1 HTTP/1.1" 200 12687 "-" "Mozilla/5.0 (compatible; SemrushBot/7~bl; +http://www.semrush.com/bot.html)" "tekmedicgloves.com"
185.191.171.18 - - [22/Oct/2022:22:16:33 -0700] "GET /phpMyAdmin/setup/?token=d902106833fe29aba44106acbb5221a6&version_check=1 HTTP/1.1" 200 12687 "-" "Mozilla/5.0 (compatible; SemrushBot/7~bl; +http://www.semrush.com/bot.html)" "tekmedicgloves.com"
185.191.171.2 - - [22/Oct/2022:22:16:57 -0700] "GET /phpMyAdmin/setup/?token=db83e3bf3b9368dafa3a2183c241fba7&version_check=1 HTTP/1.1" 200 12687 "-" "Mozilla/5.0 (compatible; SemrushBot/7~bl; +http://www.semrush.com/bot.html)" "tekmedicgloves.com"
185.191.171.34 - - [22/Oct/2022:22:17:02 -0700] "GET /phpMyAdmin/setup/?token=15b8c3a7cf373c9c911b6f2528a40763&version_check=1 HTTP/1.1" 200 12687 "-" "Mozilla/5.0 (compatible; SemrushBot/7~bl; +http://www.semrush.com/bot.html)" "tekmedicgloves.com"
185.191.171.7 - - [22/Oct/2022:22:17:20 -0700] "GET /phpMyAdmin/setup/?token=0d6884dfc15e74aa6b5f3c66ce9b0da7&version_check=1 HTTP/1.1" 200 12691 "-" "Mozilla/5.0 (compatible; SemrushBot/7~bl; +http://www.semrush.com/bot.html)" "www.tekmedicgloves.com"
185.191.171.11 - - [22/Oct/2022:22:17:23 -0700] "GET /phpMyAdmin/setup/?token=f40c892bd8a9cd6e5ed1e15d0e5714d4&version_check=1 HTTP/1.1" 200 12691 "-" "Mozilla/5.0 (compatible; SemrushBot/7~bl; +http://www.semrush.com/bot.html)" "www.tekmedicgloves.com"
185.191.171.12 - - [22/Oct/2022:22:18:15 -0700] "GET /phpMyAdmin/setup/?token=0d5b406f4fe8d952c95693f41bda52ba&version_check=1 HTTP/1.1" 200 12691 "-" "Mozilla/5.0 (compatible; SemrushBot/7~bl; +http://www.semrush.com/bot.html)" "www.tekmedicgloves.com"
185.191.171.16 - - [22/Oct/2022:22:18:39 -0700] "GET /phpMyAdmin/setup/?token=d7b45ba99586e3236d0afbd465284753&version_check=1 HTTP/1.1" 200 12687 "-" "Mozilla/5.0 (compatible; SemrushBot/7~bl; +http://www.semrush.com/bot.html)" "tekmedicgloves.com"
185.191.171.8 - - [22/Oct/2022:22:18:43 -0700] "GET /phpMyAdmin/setup/?token=d0a675b5bab8ff19d228022f365e5323&version_check=1 HTTP/1.1" 200 12691 "-" "Mozilla/5.0 (compatible; SemrushBot/7~bl; +http://www.semrush.com/bot.html)" "www.tekmedicgloves.com"
185.191.171.7 - - [22/Oct/2022:22:18:48 -0700] "GET /phpMyAdmin/setup/?token=e52d806dc1d6641c5a8419ed9e95d36d&version_check=1 HTTP/1.1" 200 12687 "-" "Mozilla/5.0 (compatible; SemrushBot/7~bl; +http://www.semrush.com/bot.html)" "tekmedicgloves.com"
185.191.171.9 - - [22/Oct/2022:22:19:00 -0700] "GET /phpMyAdmin/setup/?token=b8e1e84872c3abd1305515538b600afb&version_check=1 HTTP/1.1" 200 12691 "-" "Mozilla/5.0 (compatible; SemrushBot/7~bl; +http://www.semrush.com/bot.html)" "www.tekmedicgloves.com"
185.191.171.26 - - [22/Oct/2022:22:19:39 -0700] "GET /phpMyAdmin/setup/?token=d7999070be947cd7b6c8a74645649258&version_check=1 HTTP/1.1" 200 12687 "-" "Mozilla/5.0 (compatible; SemrushBot/7~bl; +http://www.semrush.com/bot.html)" "tekmedicgloves.com"
185.191.171.10 - - [22/Oct/2022:22:19:56 -0700] "GET /phpMyAdmin/setup/?token=0953598bac695179e12b1396f1e2d11f&version_check=1 HTTP/1.1" 200 12687 "-" "Mozilla/5.0 (compatible; SemrushBot/7~bl; +http://www.semrush.com/bot.html)" "tekmedicgloves.com"
185.191.171.44 - - [22/Oct/2022:22:19:58 -0700] "GET /phpMyAdmin/setup/?token=05674f66c21de3ef15f40c59a6ce45e7&version_check=1 HTTP/1.1" 200 12691 "-" "Mozilla/5.0 (compatible; SemrushBot/7~bl; +http://www.semrush.com/bot.html)" "www.tekmedicgloves.com"
185.191.171.6 - - [22/Oct/2022:22:20:01 -0700] "GET /phpMyAdmin/setup/?token=fd203080866fb6d02aab6e7342770519&version_check=1 HTTP/1.1" 200 12691 "-" "Mozilla/5.0 (compatible; SemrushBot/7~bl; +http://www.semrush.com/bot.html)" "www.tekmedicgloves.com"
185.191.171.18 - - [22/Oct/2022:22:20:06 -0700] "GET /phpMyAdmin/setup/?token=f8db2840b17a48d352a89cf2a95d9091&version_check=1 HTTP/1.1" 200 12687 "-" "Mozilla/5.0 (compatible; SemrushBot/7~bl; +http://www.semrush.com/bot.html)" "tekmedicgloves.com"
185.191.171.26 - - [22/Oct/2022:22:20:08 -0700] "GET /phpMyAdmin/setup/?token=be41af449bb7cc528d30873251ac4912&version_check=1 HTTP/1.1" 200 12691 "-" "Mozilla/5.0 (compatible; SemrushBot/7~bl; +http://www.semrush.com/bot.html)" "www.tekmedicgloves.com"
185.191.171.38 - - [22/Oct/2022:22:20:13 -0700] "GET /phpMyAdmin/setup/?token=dcb449a6e26917239df12529c3a6cc90&version_check=1 HTTP/1.1" 200 12687 "-" "Mozilla/5.0 (compatible; SemrushBot/7~bl; +http://www.semrush.com/bot.html)" "tekmedicgloves.com"
185.191.171.7 - - [22/Oct/2022:22:20:16 -0700] "GET /phpMyAdmin/setup/?token=cfbd54eba6eab53bd9a263dff1466082&version_check=1 HTTP/1.1" 200 12691 "-" "Mozilla/5.0 (compatible; SemrushBot/7~bl; +http://www.semrush.com/bot.html)" "www.tekmedicgloves.com"
185.191.171.18 - - [22/Oct/2022:22:20:24 -0700] "GET /phpMyAdmin/setup/?token=d9e2e173a3af58c73f0aa18855e1a3e1&version_check=1 HTTP/1.1" 200 12687 "-" "Mozilla/5.0 (compatible; SemrushBot/7~bl; +http://www.semrush.com/bot.html)" "tekmedicgloves.com"
185.191.171.22 - - [22/Oct/2022:22:20:29 -0700] "GET /phpMyAdmin/setup/?token=ff8ba6b63159294aaf5a710c9f374202&version_check=1 HTTP/1.1" 200 12691 "-" "Mozilla/5.0 (compatible; SemrushBot/7~bl; +http://www.semrush.com/bot.html)" "www.tekmedicgloves.com"
185.191.171.35 - - [22/Oct/2022:22:20:41 -0700] "GET /phpMyAdmin/setup/?token=ecdacb6bd2ffa6edf37d5e1a10f2f4c9&version_check=1 HTTP/1.1" 200 12691 "-" "Mozilla/5.0 (compatible; SemrushBot/7~bl; +http://www.semrush.com/bot.html)" "www.tekmedicgloves.com"
185.191.171.19 - - [22/Oct/2022:22:20:44 -0700] "GET /phpMyAdmin/setup/?token=ef176e0e015b4cd93e38d9703605353e&version_check=1 HTTP/1.1" 200 12687 "-" "Mozilla/5.0 (compatible; SemrushBot/7~bl; +http://www.semrush.com/bot.html)" "tekmedicgloves.com"
185.191.171.23 - - [22/Oct/2022:22:21:23 -0700] "GET /robots.txt HTTP/1.1" 404 88 "-" "Mozilla/5.0 (compatible; SemrushBot/7~bl; +http://www.semrush.com/bot.html)" "tekmedicgloves.com"
185.191.171.24 - - [22/Oct/2022:22:21:23 -0700] "GET /phpMyAdmin/setup/?token=79e59b7826ed93a5c35a701b08b673bc&version_check=1 HTTP/1.1" 200 12687 "-" "Mozilla/5.0 (compatible; SemrushBot/7~bl; +http://www.semrush.com/bot.html)" "tekmedicgloves.com"
185.191.171.37 - - [22/Oct/2022:22:21:38 -0700] "GET /phpMyAdmin/setup/?token=d9ba4ca80e9a908f637224b0662a7dd2&version_check=1 HTTP/1.1" 200 12687 "-" "Mozilla/5.0 (compatible; SemrushBot/7~bl; +http://www.semrush.com/bot.html)" "tekmedicgloves.com"
185.191.171.3 - - [22/Oct/2022:22:21:56 -0700] "GET /phpMyAdmin/setup/?token=ef38a03b16eda50ece0f73c403ee5703&version_check=1 HTTP/1.1" 200 12691 "-" "Mozilla/5.0 (compatible; SemrushBot/7~bl; +http://www.semrush.com/bot.html)" "www.tekmedicgloves.com"
185.191.171.12 - - [22/Oct/2022:22:22:08 -0700] "GET /phpMyAdmin/setup/?token=0c624a55d6d7b7af0ae168a637a43f4b&version_check=1 HTTP/1.1" 200 12691 "-" "Mozilla/5.0 (compatible; SemrushBot/7~bl; +http://www.semrush.com/bot.html)" "www.tekmedicgloves.com"
185.191.171.44 - - [22/Oct/2022:22:22:14 -0700] "GET /phpMyAdmin/setup/?token=dc1c7dd369a71b1a7c01f63a7e4fd39c&version_check=1 HTTP/1.1" 200 12687 "-" "Mozilla/5.0 (compatible; SemrushBot/7~bl; +http://www.semrush.com/bot.html)" "tekmedicgloves.com"
185.191.171.4 - - [22/Oct/2022:22:22:17 -0700] "GET /phpMyAdmin/setup/?token=f02ba64414526db47e6ed2ab46949400&version_check=1 HTTP/1.1" 200 12687 "-" "Mozilla/5.0 (compatible; SemrushBot/7~bl; +http://www.semrush.com/bot.html)" "tekmedicgloves.com"
185.191.171.16 - - [22/Oct/2022:22:22:19 -0700] "GET /phpMyAdmin/setup/?token=dc5db7e8f081aeaed3926b2712ea40ca&version_check=1 HTTP/1.1" 200 12687 "-" "Mozilla/5.0 (compatible; SemrushBot/7~bl; +http://www.semrush.com/bot.html)" "tekmedicgloves.com"
185.191.171.3 - - [22/Oct/2022:22:22:33 -0700] "GET /phpMyAdmin/setup/?token=f716df1e5b8d39339abd41c37194d0c1&version_check=1 HTTP/1.1" 200 12691 "-" "Mozilla/5.0 (compatible; SemrushBot/7~bl; +http://www.semrush.com/bot.html)" "www.tekmedicgloves.com"
40.77.190.56 - - [22/Oct/2022:22:22:39 -0700] "GET /beta/wp-content/themes/CherryFramework/style.css HTTP/1.1" 200 331 "http://tekmedicgloves.com/beta/wp-content/themes/theme48838/main-style.css" "Mozilla/5.0 (Windows NT 6.1; WOW64) AppleWebKit/534+ (KHTML, like Gecko) BingPreview/1.0b" "tekmedicgloves.com"
40.77.190.56 - - [22/Oct/2022:22:22:39 -0700] "GET /beta/wp-content/themes/CherryFramework/css/style.css HTTP/1.1" 200 12245 "http://tekmedicgloves.com/beta/wp-content/themes/CherryFramework/style.css" "Mozilla/5.0 (Windows NT 6.1; WOW64) AppleWebKit/534+ (KHTML, like Gecko) BingPreview/1.0b" "tekmedicgloves.com"
185.191.171.25 - - [22/Oct/2022:22:22:39 -0700] "GET /phpMyAdmin/setup/?token=eebf7a224ba4129f458ae9d5941ea3fb&version_check=1 HTTP/1.1" 200 12687 "-" "Mozilla/5.0 (compatible; SemrushBot/7~bl; +http://www.semrush.com/bot.html)" "tekmedicgloves.com"
185.191.171.33 - - [22/Oct/2022:22:22:40 -0700] "GET /phpMyAdmin/setup/?token=fcc60aec9b49c4a07d3610c53ec32bdd&version_check=1 HTTP/1.1" 200 12691 "-" "Mozilla/5.0 (compatible; SemrushBot/7~bl; +http://www.semrush.com/bot.html)" "www.tekmedicgloves.com"
185.191.171.17 - - [22/Oct/2022:22:23:05 -0700] "GET /phpMyAdmin/setup/?token=e880c9bd11d52f42ffaf7fb4c8257faa&version_check=1 HTTP/1.1" 200 12687 "-" "Mozilla/5.0 (compatible; SemrushBot/7~bl; +http://www.semrush.com/bot.html)" "tekmedicgloves.com"
185.191.171.4 - - [22/Oct/2022:22:23:23 -0700] "GET /phpMyAdmin/setup/?token=0f812b1e00b791673f282dd3939030d8&version_check=1 HTTP/1.1" 200 12687 "-" "Mozilla/5.0 (compatible; SemrushBot/7~bl; +http://www.semrush.com/bot.html)" "tekmedicgloves.com"
185.191.171.18 - - [22/Oct/2022:22:23:53 -0700] "GET /phpMyAdmin/setup/?token=05524ce9f86e4804473441402cbc4af3&version_check=1 HTTP/1.1" 200 12687 "-" "Mozilla/5.0 (compatible; SemrushBot/7~bl; +http://www.semrush.com/bot.html)" "tekmedicgloves.com"
185.191.171.25 - - [22/Oct/2022:22:23:59 -0700] "GET /phpMyAdmin/setup/?token=f9466007043087d4ca201d6f86031d94&version_check=1 HTTP/1.1" 200 12691 "-" "Mozilla/5.0 (compatible; SemrushBot/7~bl; +http://www.semrush.com/bot.html)" "www.tekmedicgloves.com"
185.191.171.7 - - [22/Oct/2022:22:24:11 -0700] "GET /phpMyAdmin/setup/?token=064506370b3a8bffb817c58501fb1e4c&version_check=1 HTTP/1.1" 200 12691 "-" "Mozilla/5.0 (compatible; SemrushBot/7~bl; +http://www.semrush.com/bot.html)" "www.tekmedicgloves.com"
185.191.171.44 - - [22/Oct/2022:22:24:17 -0700] "GET /phpMyAdmin/setup/?token=d922d22cff994c41f89900e29b1ff47b&version_check=1 HTTP/1.1" 200 12687 "-" "Mozilla/5.0 (compatible; SemrushBot/7~bl; +http://www.semrush.com/bot.html)" "tekmedicgloves.com"
185.191.171.12 - - [22/Oct/2022:22:24:20 -0700] "GET /phpMyAdmin/setup/?token=fa679fd9b7cbb2432ee00165ebc170ed&version_check=1 HTTP/1.1" 200 12691 "-" "Mozilla/5.0 (compatible; SemrushBot/7~bl; +http://www.semrush.com/bot.html)" "www.tekmedicgloves.com"
185.191.171.18 - - [22/Oct/2022:22:24:31 -0700] "GET /phpMyAdmin/setup/?token=ec085cd38451a201ffc8a966c31085c6&version_check=1 HTTP/1.1" 200 12691 "-" "Mozilla/5.0 (compatible; SemrushBot/7~bl; +http://www.semrush.com/bot.html)" "www.tekmedicgloves.com"
185.191.171.18 - - [22/Oct/2022:22:24:56 -0700] "GET /phpMyAdmin/setup/?token=0d3a764368035d18be6ffe7f6a02273a&version_check=1 HTTP/1.1" 200 12691 "-" "Mozilla/5.0 (compatible; SemrushBot/7~bl; +http://www.semrush.com/bot.html)" "www.tekmedicgloves.com"
185.191.171.22 - - [22/Oct/2022:22:25:01 -0700] "GET /phpMyAdmin/setup/?token=05778c81f5959e90a6de01554bef0513&version_check=1 HTTP/1.1" 200 12691 "-" "Mozilla/5.0 (compatible; SemrushBot/7~bl; +http://www.semrush.com/bot.html)" "www.tekmedicgloves.com"
185.191.171.23 - - [22/Oct/2022:22:25:21 -0700] "GET /phpMyAdmin/setup/?token=004dd3846fc398317213919955458748&version_check=1 HTTP/1.1" 200 12691 "-" "Mozilla/5.0 (compatible; SemrushBot/7~bl; +http://www.semrush.com/bot.html)" "www.tekmedicgloves.com"
185.191.171.8 - - [22/Oct/2022:22:25:40 -0700] "GET /phpMyAdmin/setup/?token=f661a7f2f00cca0c32a516d4b5dc1e13&version_check=1 HTTP/1.1" 200 12687 "-" "Mozilla/5.0 (compatible; SemrushBot/7~bl; +http://www.semrush.com/bot.html)" "tekmedicgloves.com"
185.191.171.4 - - [22/Oct/2022:22:25:46 -0700] "GET /phpMyAdmin/setup/?token=f7a123d9a207dec09434d861f0b8ff3e&version_check=1 HTTP/1.1" 200 12687 "-" "Mozilla/5.0 (compatible; SemrushBot/7~bl; +http://www.semrush.com/bot.html)" "tekmedicgloves.com"
185.191.171.25 - - [22/Oct/2022:22:26:11 -0700] "GET /phpMyAdmin/setup/?token=0b640a80c1a045cfdcc15e8f6d245f4a&version_check=1 HTTP/1.1" 200 12691 "-" "Mozilla/5.0 (compatible; SemrushBot/7~bl; +http://www.semrush.com/bot.html)" "www.tekmedicgloves.com"
185.191.171.33 - - [22/Oct/2022:22:26:14 -0700] "GET /phpMyAdmin/setup/?token=ecfca89d15c954dad32716780d66f793&version_check=1 HTTP/1.1" 200 12691 "-" "Mozilla/5.0 (compatible; SemrushBot/7~bl; +http://www.semrush.com/bot.html)" "www.tekmedicgloves.com"
185.191.171.20 - - [22/Oct/2022:22:26:30 -0700] "GET /phpMyAdmin/setup/?token=d8ec6b07ee2486db13d50b2077bc8ee6&version_check=1 HTTP/1.1" 200 12687 "-" "Mozilla/5.0 (compatible; SemrushBot/7~bl; +http://www.semrush.com/bot.html)" "tekmedicgloves.com"
185.191.171.26 - - [22/Oct/2022:22:26:33 -0700] "GET /phpMyAdmin/setup/?token=05360b3c034de6fbfaa8f7b4c5eb9c5e&version_check=1 HTTP/1.1" 200 12691 "-" "Mozilla/5.0 (compatible; SemrushBot/7~bl; +http://www.semrush.com/bot.html)" "www.tekmedicgloves.com"
185.191.171.33 - - [22/Oct/2022:22:26:52 -0700] "GET /phpMyAdmin/setup/?token=e52399cc88872c184fcc85c9da57036e&version_check=1 HTTP/1.1" 200 12687 "-" "Mozilla/5.0 (compatible; SemrushBot/7~bl; +http://www.semrush.com/bot.html)" "tekmedicgloves.com"
185.191.171.38 - - [22/Oct/2022:22:26:52 -0700] "GET /phpMyAdmin/setup/?token=ab99694c37abe7f53abfb4563200665b&version_check=1 HTTP/1.1" 200 12691 "-" "Mozilla/5.0 (compatible; SemrushBot/7~bl; +http://www.semrush.com/bot.html)" "www.tekmedicgloves.com"
185.191.171.9 - - [22/Oct/2022:22:26:59 -0700] "GET /phpMyAdmin/setup/?token=efe044ba3f24ce1e384e9d57effc658c&version_check=1 HTTP/1.1" 200 12691 "-" "Mozilla/5.0 (compatible; SemrushBot/7~bl; +http://www.semrush.com/bot.html)" "www.tekmedicgloves.com"
185.191.171.4 - - [22/Oct/2022:22:27:30 -0700] "GET /phpMyAdmin/setup/?token=ed86f22a7bf2fe9f951795884b0f138d&version_check=1 HTTP/1.1" 200 12691 "-" "Mozilla/5.0 (compatible; SemrushBot/7~bl; +http://www.semrush.com/bot.html)" "www.tekmedicgloves.com"
185.191.171.21 - - [22/Oct/2022:22:27:56 -0700] "GET /phpMyAdmin/setup/?token=effeebee4730fa94a13863c0662a258e&version_check=1 HTTP/1.1" 200 12691 "-" "Mozilla/5.0 (compatible; SemrushBot/7~bl; +http://www.semrush.com/bot.html)" "www.tekmedicgloves.com"
185.191.171.5 - - [22/Oct/2022:22:28:02 -0700] "GET /phpMyAdmin/setup/?token=eb3b37bbf24b3166b502055b7bae04a6&version_check=1 HTTP/1.1" 200 12687 "-" "Mozilla/5.0 (compatible; SemrushBot/7~bl; +http://www.semrush.com/bot.html)" "tekmedicgloves.com"
185.191.171.21 - - [22/Oct/2022:22:28:21 -0700] "GET /phpMyAdmin/setup/?token=0f16cc293aa8bf5a54f3b15e7f749f3e&version_check=1 HTTP/1.1" 200 12691 "-" "Mozilla/5.0 (compatible; SemrushBot/7~bl; +http://www.semrush.com/bot.html)" "www.tekmedicgloves.com"
185.191.171.15 - - [22/Oct/2022:22:28:43 -0700] "GET /phpMyAdmin/setup/?token=05b688d7a3ecc302eff3b51d909e73e3&version_check=1 HTTP/1.1" 200 12687 "-" "Mozilla/5.0 (compatible; SemrushBot/7~bl; +http://www.semrush.com/bot.html)" "tekmedicgloves.com"
185.191.171.33 - - [22/Oct/2022:22:28:44 -0700] "GET /phpMyAdmin/setup/?token=c18dfe91861e24a24b62d50c0dcb5a21&version_check=1 HTTP/1.1" 200 12691 "-" "Mozilla/5.0 (compatible; SemrushBot/7~bl; +http://www.semrush.com/bot.html)" "www.tekmedicgloves.com"
185.191.171.13 - - [22/Oct/2022:22:29:27 -0700] "GET /phpMyAdmin/setup/?token=e80980db6f9212d0b9ee8a99b83fca49&version_check=1 HTTP/1.1" 200 12687 "-" "Mozilla/5.0 (compatible; SemrushBot/7~bl; +http://www.semrush.com/bot.html)" "tekmedicgloves.com"
185.191.171.8 - - [22/Oct/2022:22:29:28 -0700] "GET /phpMyAdmin/setup/?token=0be4634d68b83cdc1822d2e897c74a9b&version_check=1 HTTP/1.1" 200 12691 "-" "Mozilla/5.0 (compatible; SemrushBot/7~bl; +http://www.semrush.com/bot.html)" "www.tekmedicgloves.com"
185.191.171.7 - - [22/Oct/2022:22:29:36 -0700] "GET /phpMyAdmin/setup/?token=d8a8ae0dcd6c06d0d7f25e0c69ae4182&version_check=1 HTTP/1.1" 200 12687 "-" "Mozilla/5.0 (compatible; SemrushBot/7~bl; +http://www.semrush.com/bot.html)" "tekmedicgloves.com"
