185.191.171.37 - - [23/Oct/2022:04:01:34 -0700] "GET /phpMyAdmin/setup/?token=0be5aec0bf1dca8d0eb4abfe6ff4f0a7&version_check=1 HTTP/1.1" 200 12691 "-" "Mozilla/5.0 (compatible; SemrushBot/7~bl; +http://www.semrush.com/bot.html)" "www.tekmedicgloves.com"
185.191.171.23 - - [23/Oct/2022:04:01:34 -0700] "GET /phpMyAdmin/setup/?token=f087b4c1c6dadf201fa2b27a8a170c0f&version_check=1 HTTP/1.1" 200 12687 "-" "Mozilla/5.0 (compatible; SemrushBot/7~bl; +http://www.semrush.com/bot.html)" "tekmedicgloves.com"
185.191.171.8 - - [23/Oct/2022:04:01:54 -0700] "GET /phpMyAdmin/setup/?token=b83748004ec3164ae64b3d9ee0e92fa7&version_check=1 HTTP/1.1" 200 12691 "-" "Mozilla/5.0 (compatible; SemrushBot/7~bl; +http://www.semrush.com/bot.html)" "www.tekmedicgloves.com"
185.191.171.6 - - [23/Oct/2022:04:02:07 -0700] "GET /phpMyAdmin/setup/?token=eb1d9d531529a9a056edd833c6f246b8&version_check=1 HTTP/1.1" 200 12691 "-" "Mozilla/5.0 (compatible; SemrushBot/7~bl; +http://www.semrush.com/bot.html)" "www.tekmedicgloves.com"
185.191.171.10 - - [23/Oct/2022:04:02:09 -0700] "GET /phpMyAdmin/setup/?token=039e259729e481b705e34dd3b5ccff3d&version_check=1 HTTP/1.1" 200 12687 "-" "Mozilla/5.0 (compatible; SemrushBot/7~bl; +http://www.semrush.com/bot.html)" "tekmedicgloves.com"
185.191.171.15 - - [23/Oct/2022:04:02:34 -0700] "GET /phpMyAdmin/setup/?token=d9dac78ad99ff4e39f18d57f30498fa2&version_check=1 HTTP/1.1" 200 12687 "-" "Mozilla/5.0 (compatible; SemrushBot/7~bl; +http://www.semrush.com/bot.html)" "tekmedicgloves.com"
185.191.171.18 - - [23/Oct/2022:04:02:37 -0700] "GET /phpMyAdmin/setup/?token=f231495627a40c02729c055dd9f6be33&version_check=1 HTTP/1.1" 200 12687 "-" "Mozilla/5.0 (compatible; SemrushBot/7~bl; +http://www.semrush.com/bot.html)" "tekmedicgloves.com"
185.191.171.12 - - [23/Oct/2022:04:03:04 -0700] "GET /phpMyAdmin/setup/?token=0322bddb5c43d65f5fa300b1e53568f2&version_check=1 HTTP/1.1" 200 12691 "-" "Mozilla/5.0 (compatible; SemrushBot/7~bl; +http://www.semrush.com/bot.html)" "www.tekmedicgloves.com"
185.191.171.40 - - [23/Oct/2022:04:03:09 -0700] "GET /phpMyAdmin/setup/?token=ba9b1d60e7738ebf2b080e723f27565a&version_check=1 HTTP/1.1" 200 12691 "-" "Mozilla/5.0 (compatible; SemrushBot/7~bl; +http://www.semrush.com/bot.html)" "www.tekmedicgloves.com"
185.191.171.7 - - [23/Oct/2022:04:03:15 -0700] "GET /phpMyAdmin/setup/?token=d5031cbfe576f416cf50f2f5c6a401f4&version_check=1 HTTP/1.1" 200 12691 "-" "Mozilla/5.0 (compatible; SemrushBot/7~bl; +http://www.semrush.com/bot.html)" "www.tekmedicgloves.com"
185.191.171.11 - - [23/Oct/2022:04:03:22 -0700] "GET /phpMyAdmin/setup/?token=ff14d9575c82fa417027912b14bf06ae&version_check=1 HTTP/1.1" 200 12691 "-" "Mozilla/5.0 (compatible; SemrushBot/7~bl; +http://www.semrush.com/bot.html)" "www.tekmedicgloves.com"
185.191.171.5 - - [23/Oct/2022:04:03:27 -0700] "GET /phpMyAdmin/setup/?token=ff9ff2737c9f88d0c660bebdf91ec613&version_check=1 HTTP/1.1" 200 12691 "-" "Mozilla/5.0 (compatible; SemrushBot/7~bl; +http://www.semrush.com/bot.html)" "www.tekmedicgloves.com"
185.191.171.41 - - [23/Oct/2022:04:03:28 -0700] "GET /phpMyAdmin/setup/?token=f784727a68e6182778e4f4dd20686d86&version_check=1 HTTP/1.1" 200 12691 "-" "Mozilla/5.0 (compatible; SemrushBot/7~bl; +http://www.semrush.com/bot.html)" "www.tekmedicgloves.com"
185.191.171.18 - - [23/Oct/2022:04:03:35 -0700] "GET /phpMyAdmin/setup/?token=bf249bfc9364a21410bbf5e17f086e6b&version_check=1 HTTP/1.1" 200 12691 "-" "Mozilla/5.0 (compatible; SemrushBot/7~bl; +http://www.semrush.com/bot.html)" "www.tekmedicgloves.com"
185.191.171.13 - - [23/Oct/2022:04:04:07 -0700] "GET /phpMyAdmin/setup/?token=c6adba2ec392b9ebe402710c41613bef&version_check=1 HTTP/1.1" 200 12691 "-" "Mozilla/5.0 (compatible; SemrushBot/7~bl; +http://www.semrush.com/bot.html)" "www.tekmedicgloves.com"
185.191.171.2 - - [23/Oct/2022:04:04:11 -0700] "GET /phpMyAdmin/setup/?token=f22aba7f97a19d0f7b4f469225137e4a&version_check=1 HTTP/1.1" 200 12687 "-" "Mozilla/5.0 (compatible; SemrushBot/7~bl; +http://www.semrush.com/bot.html)" "tekmedicgloves.com"
185.191.171.36 - - [23/Oct/2022:04:04:40 -0700] "GET /phpMyAdmin/setup/?token=e98e36935c50be68ce284ea5de56aaab&version_check=1 HTTP/1.1" 200 12691 "-" "Mozilla/5.0 (compatible; SemrushBot/7~bl; +http://www.semrush.com/bot.html)" "www.tekmedicgloves.com"
185.191.171.14 - - [23/Oct/2022:04:04:49 -0700] "GET /phpMyAdmin/setup/?token=12f9a1b0f84444b20219df36e395e4b4&version_check=1 HTTP/1.1" 200 12687 "-" "Mozilla/5.0 (compatible; SemrushBot/7~bl; +http://www.semrush.com/bot.html)" "tekmedicgloves.com"
185.191.171.22 - - [23/Oct/2022:04:04:50 -0700] "GET /phpMyAdmin/setup/?token=f9ba4218cd63c2fe18b47a5510ac059e&version_check=1 HTTP/1.1" 200 12691 "-" "Mozilla/5.0 (compatible; SemrushBot/7~bl; +http://www.semrush.com/bot.html)" "www.tekmedicgloves.com"
185.191.171.38 - - [23/Oct/2022:04:05:09 -0700] "GET /phpMyAdmin/setup/?token=15d7e87b78aff9895a9613bb84dacbc2&version_check=1 HTTP/1.1" 200 12687 "-" "Mozilla/5.0 (compatible; SemrushBot/7~bl; +http://www.semrush.com/bot.html)" "tekmedicgloves.com"
185.191.171.23 - - [23/Oct/2022:04:05:11 -0700] "GET /phpMyAdmin/setup/?token=e7be36931b49cff3e82749d72d5e7f2f&version_check=1 HTTP/1.1" 200 12691 "-" "Mozilla/5.0 (compatible; SemrushBot/7~bl; +http://www.semrush.com/bot.html)" "www.tekmedicgloves.com"
185.191.171.5 - - [23/Oct/2022:04:05:13 -0700] "GET /phpMyAdmin/setup/?token=d4f2360b8576cca87277a555f7deb6e8&version_check=1 HTTP/1.1" 200 12691 "-" "Mozilla/5.0 (compatible; SemrushBot/7~bl; +http://www.semrush.com/bot.html)" "www.tekmedicgloves.com"
185.191.171.21 - - [23/Oct/2022:04:05:18 -0700] "GET /phpMyAdmin/setup/?token=d8ef39fc17510c84a1db6c2b176f49ca&version_check=1 HTTP/1.1" 200 12687 "-" "Mozilla/5.0 (compatible; SemrushBot/7~bl; +http://www.semrush.com/bot.html)" "tekmedicgloves.com"
185.191.171.39 - - [23/Oct/2022:04:05:33 -0700] "GET /phpMyAdmin/setup/?token=f5c24f495c0f0f0cdb31782b1826a9bf&version_check=1 HTTP/1.1" 200 12691 "-" "Mozilla/5.0 (compatible; SemrushBot/7~bl; +http://www.semrush.com/bot.html)" "www.tekmedicgloves.com"
185.191.171.20 - - [23/Oct/2022:04:06:25 -0700] "GET /phpMyAdmin/setup/?token=fb520c7bcafff5aefa79be270876521f&version_check=1 HTTP/1.1" 200 12687 "-" "Mozilla/5.0 (compatible; SemrushBot/7~bl; +http://www.semrush.com/bot.html)" "tekmedicgloves.com"
185.191.171.11 - - [23/Oct/2022:04:06:27 -0700] "GET /phpMyAdmin/setup/?token=facfc397dd98f952f6d382fc74bcb6d3&version_check=1 HTTP/1.1" 200 12687 "-" "Mozilla/5.0 (compatible; SemrushBot/7~bl; +http://www.semrush.com/bot.html)" "tekmedicgloves.com"
185.191.171.20 - - [23/Oct/2022:04:06:35 -0700] "GET /phpMyAdmin/setup/?token=f77f8c0e2dbfed3d3d068441c34ac7a9&version_check=1 HTTP/1.1" 200 12691 "-" "Mozilla/5.0 (compatible; SemrushBot/7~bl; +http://www.semrush.com/bot.html)" "www.tekmedicgloves.com"
185.191.171.10 - - [23/Oct/2022:04:06:47 -0700] "GET /phpMyAdmin/setup/?token=c19e0792d3dac15e99b1ac2a530192ce&version_check=1 HTTP/1.1" 200 12691 "-" "Mozilla/5.0 (compatible; SemrushBot/7~bl; +http://www.semrush.com/bot.html)" "www.tekmedicgloves.com"
185.191.171.5 - - [23/Oct/2022:04:06:58 -0700] "GET /phpMyAdmin/setup/?token=ee8dcc90a5fa5fa88e5e87da72addf73&version_check=1 HTTP/1.1" 200 12691 "-" "Mozilla/5.0 (compatible; SemrushBot/7~bl; +http://www.semrush.com/bot.html)" "www.tekmedicgloves.com"
185.191.171.38 - - [23/Oct/2022:04:07:05 -0700] "GET /phpMyAdmin/setup/?token=0b86963218a497984c710c7dd4029d2a&version_check=1 HTTP/1.1" 200 12691 "-" "Mozilla/5.0 (compatible; SemrushBot/7~bl; +http://www.semrush.com/bot.html)" "www.tekmedicgloves.com"
185.191.171.9 - - [23/Oct/2022:04:07:13 -0700] "GET /phpMyAdmin/setup/?token=e6fcb4f81e08e84dcd93e9c200a8c0f9&version_check=1 HTTP/1.1" 200 12687 "-" "Mozilla/5.0 (compatible; SemrushBot/7~bl; +http://www.semrush.com/bot.html)" "tekmedicgloves.com"
185.191.171.25 - - [23/Oct/2022:04:07:20 -0700] "GET /phpMyAdmin/setup/?token=e682a49709e0cae14f9a54c434bafc37&version_check=1 HTTP/1.1" 200 12687 "-" "Mozilla/5.0 (compatible; SemrushBot/7~bl; +http://www.semrush.com/bot.html)" "tekmedicgloves.com"
185.191.171.34 - - [23/Oct/2022:04:07:33 -0700] "GET /phpMyAdmin/setup/?token=eef636465a585175e65d0930b59c3d1c&version_check=1 HTTP/1.1" 200 12691 "-" "Mozilla/5.0 (compatible; SemrushBot/7~bl; +http://www.semrush.com/bot.html)" "www.tekmedicgloves.com"
185.191.171.4 - - [23/Oct/2022:04:07:41 -0700] "GET /phpMyAdmin/setup/?token=fac315a2cebc8facdae69582112f4b94&version_check=1 HTTP/1.1" 200 12687 "-" "Mozilla/5.0 (compatible; SemrushBot/7~bl; +http://www.semrush.com/bot.html)" "tekmedicgloves.com"
185.191.171.7 - - [23/Oct/2022:04:07:43 -0700] "GET /phpMyAdmin/setup/?token=04e191d86efad2d41ce820e16d9237b5&version_check=1 HTTP/1.1" 200 12691 "-" "Mozilla/5.0 (compatible; SemrushBot/7~bl; +http://www.semrush.com/bot.html)" "www.tekmedicgloves.com"
185.191.171.10 - - [23/Oct/2022:04:07:54 -0700] "GET /phpMyAdmin/setup/?token=0f04990298fa1c3dfb8b7a92ac307616&version_check=1 HTTP/1.1" 200 12691 "-" "Mozilla/5.0 (compatible; SemrushBot/7~bl; +http://www.semrush.com/bot.html)" "www.tekmedicgloves.com"
185.191.171.9 - - [23/Oct/2022:04:08:01 -0700] "GET /phpMyAdmin/setup/?token=0df9e0797e0e8ed2e94bd308a91de8e9&version_check=1 HTTP/1.1" 200 12687 "-" "Mozilla/5.0 (compatible; SemrushBot/7~bl; +http://www.semrush.com/bot.html)" "tekmedicgloves.com"
185.191.171.5 - - [23/Oct/2022:04:08:04 -0700] "GET /phpMyAdmin/setup/?token=f9c15f2edcfb8959ee3b08eaa4756b17&version_check=1 HTTP/1.1" 200 12687 "-" "Mozilla/5.0 (compatible; SemrushBot/7~bl; +http://www.semrush.com/bot.html)" "tekmedicgloves.com"
185.191.171.14 - - [23/Oct/2022:04:08:13 -0700] "GET /phpMyAdmin/setup/?token=d9b0174c978e5ec641afaff6f0decdac&version_check=1 HTTP/1.1" 200 12687 "-" "Mozilla/5.0 (compatible; SemrushBot/7~bl; +http://www.semrush.com/bot.html)" "tekmedicgloves.com"
185.191.171.5 - - [23/Oct/2022:04:09:01 -0700] "GET /phpMyAdmin/setup/?token=fb4380fda138e2af6048f7e486478126&version_check=1 HTTP/1.1" 200 12691 "-" "Mozilla/5.0 (compatible; SemrushBot/7~bl; +http://www.semrush.com/bot.html)" "www.tekmedicgloves.com"
185.191.171.43 - - [23/Oct/2022:04:09:02 -0700] "GET /phpMyAdmin/setup/?token=0b4077b4da29ca42b55948eed17632b7&version_check=1 HTTP/1.1" 200 12687 "-" "Mozilla/5.0 (compatible; SemrushBot/7~bl; +http://www.semrush.com/bot.html)" "tekmedicgloves.com"
185.191.171.39 - - [23/Oct/2022:04:09:06 -0700] "GET /phpMyAdmin/setup/?token=fed956a0d92b8db0b4914dce43d16b16&version_check=1 HTTP/1.1" 200 12691 "-" "Mozilla/5.0 (compatible; SemrushBot/7~bl; +http://www.semrush.com/bot.html)" "www.tekmedicgloves.com"
185.191.171.8 - - [23/Oct/2022:04:09:18 -0700] "GET /phpMyAdmin/setup/?token=dffda7ccd8a7244e878c25919ad721e3&version_check=1 HTTP/1.1" 200 12687 "-" "Mozilla/5.0 (compatible; SemrushBot/7~bl; +http://www.semrush.com/bot.html)" "tekmedicgloves.com"
185.191.171.36 - - [23/Oct/2022:04:09:33 -0700] "GET /phpMyAdmin/setup/?token=dab8b76761d4f2193d6224d5f01f3b30&version_check=1 HTTP/1.1" 200 12687 "-" "Mozilla/5.0 (compatible; SemrushBot/7~bl; +http://www.semrush.com/bot.html)" "tekmedicgloves.com"
185.191.171.36 - - [23/Oct/2022:04:09:36 -0700] "GET /phpMyAdmin/setup/?token=ff21f2641ab923bdbeea395a3d7cb29b&version_check=1 HTTP/1.1" 200 12691 "-" "Mozilla/5.0 (compatible; SemrushBot/7~bl; +http://www.semrush.com/bot.html)" "www.tekmedicgloves.com"
185.191.171.44 - - [23/Oct/2022:04:09:41 -0700] "GET /phpMyAdmin/setup/?token=e0a3ceed1f235313a27d0b07434e3834&version_check=1 HTTP/1.1" 200 12687 "-" "Mozilla/5.0 (compatible; SemrushBot/7~bl; +http://www.semrush.com/bot.html)" "tekmedicgloves.com"
185.191.171.38 - - [23/Oct/2022:04:09:57 -0700] "GET /phpMyAdmin/setup/?token=04cc276ee94b99705adc472c369fe096&version_check=1 HTTP/1.1" 200 12687 "-" "Mozilla/5.0 (compatible; SemrushBot/7~bl; +http://www.semrush.com/bot.html)" "tekmedicgloves.com"
185.191.171.15 - - [23/Oct/2022:04:10:32 -0700] "GET /phpMyAdmin/setup/?token=e6630b5de595a44f2095800186db84f4&version_check=1 HTTP/1.1" 200 12687 "-" "Mozilla/5.0 (compatible; SemrushBot/7~bl; +http://www.semrush.com/bot.html)" "tekmedicgloves.com"
185.191.171.20 - - [23/Oct/2022:04:10:41 -0700] "GET /phpMyAdmin/setup/?token=f03c7f8ad953a99e144c1b71cf63bb78&version_check=1 HTTP/1.1" 200 12687 "-" "Mozilla/5.0 (compatible; SemrushBot/7~bl; +http://www.semrush.com/bot.html)" "tekmedicgloves.com"
185.191.171.8 - - [23/Oct/2022:04:10:50 -0700] "GET /phpMyAdmin/setup/?token=fe7cc3eba3f98cc3a6d2b37fb029c4e3&version_check=1 HTTP/1.1" 200 12691 "-" "Mozilla/5.0 (compatible; SemrushBot/7~bl; +http://www.semrush.com/bot.html)" "www.tekmedicgloves.com"
185.191.171.6 - - [23/Oct/2022:04:10:55 -0700] "GET /phpMyAdmin/setup/?token=0b5c1bc5c4063b5a8a0e122686a441a3&version_check=1 HTTP/1.1" 200 12691 "-" "Mozilla/5.0 (compatible; SemrushBot/7~bl; +http://www.semrush.com/bot.html)" "www.tekmedicgloves.com"
185.191.171.18 - - [23/Oct/2022:04:10:57 -0700] "GET /phpMyAdmin/setup/?token=f38f782e654726feab6c24f49c15bccf&version_check=1 HTTP/1.1" 200 12691 "-" "Mozilla/5.0 (compatible; SemrushBot/7~bl; +http://www.semrush.com/bot.html)" "www.tekmedicgloves.com"
185.191.171.12 - - [23/Oct/2022:04:11:01 -0700] "GET /phpMyAdmin/setup/?token=b9a6f9d1570938fdbc18e319c7651c52&version_check=1 HTTP/1.1" 200 12691 "-" "Mozilla/5.0 (compatible; SemrushBot/7~bl; +http://www.semrush.com/bot.html)" "www.tekmedicgloves.com"
185.191.171.1 - - [23/Oct/2022:04:11:32 -0700] "GET /robots.txt HTTP/1.1" 404 88 "-" "Mozilla/5.0 (compatible; SemrushBot/7~bl; +http://www.semrush.com/bot.html)" "tekmedicgloves.com"
185.191.171.21 - - [23/Oct/2022:04:11:32 -0700] "GET /phpMyAdmin/setup/?token=da3b9508af1e2e1bbac0ba1bf622392f&version_check=1 HTTP/1.1" 200 12687 "-" "Mozilla/5.0 (compatible; SemrushBot/7~bl; +http://www.semrush.com/bot.html)" "tekmedicgloves.com"
185.191.171.37 - - [23/Oct/2022:04:11:35 -0700] "GET /phpMyAdmin/setup/?token=0efc08cad6f84ab9aba22d100324d0a2&version_check=1 HTTP/1.1" 200 12687 "-" "Mozilla/5.0 (compatible; SemrushBot/7~bl; +http://www.semrush.com/bot.html)" "tekmedicgloves.com"
185.191.171.11 - - [23/Oct/2022:04:12:24 -0700] "GET /phpMyAdmin/setup/?token=0ffdd6f22ca1db11bf78a329f834e1bb&version_check=1 HTTP/1.1" 200 12691 "-" "Mozilla/5.0 (compatible; SemrushBot/7~bl; +http://www.semrush.com/bot.html)" "www.tekmedicgloves.com"
185.191.171.1 - - [23/Oct/2022:04:12:43 -0700] "GET /phpMyAdmin/setup/?token=0d11ba754fc0ea532b694905bf2c03b5&version_check=1 HTTP/1.1" 200 12687 "-" "Mozilla/5.0 (compatible; SemrushBot/7~bl; +http://www.semrush.com/bot.html)" "tekmedicgloves.com"
185.191.171.9 - - [23/Oct/2022:04:12:50 -0700] "GET /phpMyAdmin/setup/?token=f91fadbdde86ce52450a0d5616400f62&version_check=1 HTTP/1.1" 200 12691 "-" "Mozilla/5.0 (compatible; SemrushBot/7~bl; +http://www.semrush.com/bot.html)" "www.tekmedicgloves.com"
185.191.171.2 - - [23/Oct/2022:04:13:00 -0700] "GET /phpMyAdmin/setup/?token=c62d45b18dac0e8fd1d5d388f386bcb3&version_check=1 HTTP/1.1" 200 12691 "-" "Mozilla/5.0 (compatible; SemrushBot/7~bl; +http://www.semrush.com/bot.html)" "www.tekmedicgloves.com"
185.191.171.2 - - [23/Oct/2022:04:13:04 -0700] "GET /phpMyAdmin/setup/?token=055a1b5cf72059cc4d1abf00793f6a13&version_check=1 HTTP/1.1" 200 12691 "-" "Mozilla/5.0 (compatible; SemrushBot/7~bl; +http://www.semrush.com/bot.html)" "www.tekmedicgloves.com"
185.191.171.6 - - [23/Oct/2022:04:13:21 -0700] "GET /phpMyAdmin/setup/?token=f05bb68ca69864f4cd8da0cfdb4f50eb&version_check=1 HTTP/1.1" 200 12691 "-" "Mozilla/5.0 (compatible; SemrushBot/7~bl; +http://www.semrush.com/bot.html)" "www.tekmedicgloves.com"
185.191.171.4 - - [23/Oct/2022:04:13:32 -0700] "GET /phpMyAdmin/setup/?token=ea150374f75eb0b2d61a48b142563adc&version_check=1 HTTP/1.1" 200 12691 "-" "Mozilla/5.0 (compatible; SemrushBot/7~bl; +http://www.semrush.com/bot.html)" "www.tekmedicgloves.com"
185.191.171.3 - - [23/Oct/2022:04:14:15 -0700] "GET /phpMyAdmin/setup/?token=e6fe649f37461433b4755dde99003886&version_check=1 HTTP/1.1" 200 12687 "-" "Mozilla/5.0 (compatible; SemrushBot/7~bl; +http://www.semrush.com/bot.html)" "tekmedicgloves.com"
185.191.171.19 - - [23/Oct/2022:04:14:17 -0700] "GET /phpMyAdmin/setup/?token=107ffd5f1873c8425a8fbca667ce4e43&version_check=1 HTTP/1.1" 200 12687 "-" "Mozilla/5.0 (compatible; SemrushBot/7~bl; +http://www.semrush.com/bot.html)" "tekmedicgloves.com"
185.191.171.37 - - [23/Oct/2022:04:14:18 -0700] "GET /phpMyAdmin/setup/?token=e85ef126bf6c5642f4a718506d9e0170&version_check=1 HTTP/1.1" 200 12687 "-" "Mozilla/5.0 (compatible; SemrushBot/7~bl; +http://www.semrush.com/bot.html)" "tekmedicgloves.com"
185.191.171.37 - - [23/Oct/2022:04:14:20 -0700] "GET /phpMyAdmin/setup/?token=fcc5983aa36ceed37568d64953657966&version_check=1 HTTP/1.1" 200 12687 "-" "Mozilla/5.0 (compatible; SemrushBot/7~bl; +http://www.semrush.com/bot.html)" "tekmedicgloves.com"
185.191.171.18 - - [23/Oct/2022:04:14:24 -0700] "GET /phpMyAdmin/setup/?token=edfa2b002e999545dad37ea77683f878&version_check=1 HTTP/1.1" 200 12687 "-" "Mozilla/5.0 (compatible; SemrushBot/7~bl; +http://www.semrush.com/bot.html)" "tekmedicgloves.com"
185.191.171.21 - - [23/Oct/2022:04:14:45 -0700] "GET /phpMyAdmin/setup/?token=e90d896447018709a776e14b67c5c8ae&version_check=1 HTTP/1.1" 200 12691 "-" "Mozilla/5.0 (compatible; SemrushBot/7~bl; +http://www.semrush.com/bot.html)" "www.tekmedicgloves.com"
185.191.171.18 - - [23/Oct/2022:04:14:53 -0700] "GET /phpMyAdmin/setup/?token=f4ff0f495533e1d606c5c204e4bf84cf&version_check=1 HTTP/1.1" 200 12691 "-" "Mozilla/5.0 (compatible; SemrushBot/7~bl; +http://www.semrush.com/bot.html)" "www.tekmedicgloves.com"
185.191.171.38 - - [23/Oct/2022:04:15:09 -0700] "GET /phpMyAdmin/setup/?token=042ed1430be18c837f2777367a33477f&version_check=1 HTTP/1.1" 200 12691 "-" "Mozilla/5.0 (compatible; SemrushBot/7~bl; +http://www.semrush.com/bot.html)" "www.tekmedicgloves.com"
185.191.171.38 - - [23/Oct/2022:04:15:16 -0700] "GET /phpMyAdmin/setup/?token=c8644f3309f32e8e2c73493e58931134&version_check=1 HTTP/1.1" 200 12691 "-" "Mozilla/5.0 (compatible; SemrushBot/7~bl; +http://www.semrush.com/bot.html)" "www.tekmedicgloves.com"
185.191.171.11 - - [23/Oct/2022:04:15:55 -0700] "GET /phpMyAdmin/setup/?token=fe12e1e7fc4cbdada043d31ae08a2ec1&version_check=1 HTTP/1.1" 200 12691 "-" "Mozilla/5.0 (compatible; SemrushBot/7~bl; +http://www.semrush.com/bot.html)" "www.tekmedicgloves.com"
185.191.171.36 - - [23/Oct/2022:04:15:58 -0700] "GET /phpMyAdmin/setup/?token=f61ff49ff5c622e74c7ad1f6d95df5c9&version_check=1 HTTP/1.1" 200 12691 "-" "Mozilla/5.0 (compatible; SemrushBot/7~bl; +http://www.semrush.com/bot.html)" "www.tekmedicgloves.com"
185.191.171.20 - - [23/Oct/2022:04:16:10 -0700] "GET /phpMyAdmin/setup/?token=0c3a86b7e919fd274c237d28852cd3af&version_check=1 HTTP/1.1" 200 12687 "-" "Mozilla/5.0 (compatible; SemrushBot/7~bl; +http://www.semrush.com/bot.html)" "tekmedicgloves.com"
185.191.171.38 - - [23/Oct/2022:04:16:19 -0700] "GET /phpMyAdmin/setup/?token=bf053fe74632c27a6eda45f9c6d505d9&version_check=1 HTTP/1.1" 200 12691 "-" "Mozilla/5.0 (compatible; SemrushBot/7~bl; +http://www.semrush.com/bot.html)" "www.tekmedicgloves.com"
185.191.171.22 - - [23/Oct/2022:04:16:27 -0700] "GET /phpMyAdmin/setup/?token=c1e68141b79f22fc7907f4a5063f0732&version_check=1 HTTP/1.1" 200 12691 "-" "Mozilla/5.0 (compatible; SemrushBot/7~bl; +http://www.semrush.com/bot.html)" "www.tekmedicgloves.com"
185.191.171.5 - - [23/Oct/2022:04:16:31 -0700] "GET /phpMyAdmin/setup/?token=fd3a7a8b842d3108b4d6b4077d301461&version_check=1 HTTP/1.1" 200 12687 "-" "Mozilla/5.0 (compatible; SemrushBot/7~bl; +http://www.semrush.com/bot.html)" "tekmedicgloves.com"
185.191.171.21 - - [23/Oct/2022:04:16:33 -0700] "GET /phpMyAdmin/setup/?token=efcb94d1be26736b8cbee383a3a74789&version_check=1 HTTP/1.1" 200 12687 "-" "Mozilla/5.0 (compatible; SemrushBot/7~bl; +http://www.semrush.com/bot.html)" "tekmedicgloves.com"
185.191.171.9 - - [23/Oct/2022:04:16:34 -0700] "GET /phpMyAdmin/setup/?token=08cd755f7925472f500b5bca35d33405&version_check=1 HTTP/1.1" 200 12691 "-" "Mozilla/5.0 (compatible; SemrushBot/7~bl; +http://www.semrush.com/bot.html)" "www.tekmedicgloves.com"
185.191.171.18 - - [23/Oct/2022:04:16:42 -0700] "GET /phpMyAdmin/setup/?token=dd72d6577830e918c52b0e546ff9039f&version_check=1 HTTP/1.1" 200 12687 "-" "Mozilla/5.0 (compatible; SemrushBot/7~bl; +http://www.semrush.com/bot.html)" "tekmedicgloves.com"
185.191.171.11 - - [23/Oct/2022:04:17:35 -0700] "GET /phpMyAdmin/setup/?token=e3cc1dfa887ef57b39e768a5982ca376&version_check=1 HTTP/1.1" 200 12687 "-" "Mozilla/5.0 (compatible; SemrushBot/7~bl; +http://www.semrush.com/bot.html)" "tekmedicgloves.com"
185.191.171.12 - - [23/Oct/2022:04:17:44 -0700] "GET /phpMyAdmin/setup/?token=05a76ecae0ae34b8a5120e84fa4a1764&version_check=1 HTTP/1.1" 200 12687 "-" "Mozilla/5.0 (compatible; SemrushBot/7~bl; +http://www.semrush.com/bot.html)" "tekmedicgloves.com"
185.191.171.36 - - [23/Oct/2022:04:17:48 -0700] "GET /phpMyAdmin/setup/?token=0a395306bc3af451d3aa1572ad50900e&version_check=1 HTTP/1.1" 200 12691 "-" "Mozilla/5.0 (compatible; SemrushBot/7~bl; +http://www.semrush.com/bot.html)" "www.tekmedicgloves.com"
185.191.171.11 - - [23/Oct/2022:04:17:53 -0700] "GET /phpMyAdmin/setup/?token=cd347a0b45d43111c5ece84c5bc1bb83&version_check=1 HTTP/1.1" 200 12691 "-" "Mozilla/5.0 (compatible; SemrushBot/7~bl; +http://www.semrush.com/bot.html)" "www.tekmedicgloves.com"
185.191.171.13 - - [23/Oct/2022:04:18:04 -0700] "GET /phpMyAdmin/setup/?token=c06ee91702bdb72aa0af91baf8d3a3e0&version_check=1 HTTP/1.1" 200 12691 "-" "Mozilla/5.0 (compatible; SemrushBot/7~bl; +http://www.semrush.com/bot.html)" "www.tekmedicgloves.com"
185.191.171.8 - - [23/Oct/2022:04:18:06 -0700] "GET /phpMyAdmin/setup/?token=e9ff5b6e30f9ad0781c30e5ae03e90ac&version_check=1 HTTP/1.1" 200 12691 "-" "Mozilla/5.0 (compatible; SemrushBot/7~bl; +http://www.semrush.com/bot.html)" "www.tekmedicgloves.com"
185.191.171.5 - - [23/Oct/2022:04:18:35 -0700] "GET /phpMyAdmin/setup/?token=105ecde287bc874dbf1c6f65787989b6&version_check=1 HTTP/1.1" 200 12687 "-" "Mozilla/5.0 (compatible; SemrushBot/7~bl; +http://www.semrush.com/bot.html)" "tekmedicgloves.com"
185.191.171.22 - - [23/Oct/2022:04:19:09 -0700] "GET /phpMyAdmin/setup/?token=ca5be6a92a568e79b7d2ec51373a10fb&version_check=1 HTTP/1.1" 200 12691 "-" "Mozilla/5.0 (compatible; SemrushBot/7~bl; +http://www.semrush.com/bot.html)" "www.tekmedicgloves.com"
185.191.171.24 - - [23/Oct/2022:04:19:57 -0700] "GET /phpMyAdmin/setup/?token=f85ee6f357f381f7541c780a31b3c887&version_check=1 HTTP/1.1" 200 12691 "-" "Mozilla/5.0 (compatible; SemrushBot/7~bl; +http://www.semrush.com/bot.html)" "www.tekmedicgloves.com"
185.191.171.6 - - [23/Oct/2022:04:20:03 -0700] "GET /phpMyAdmin/setup/?token=f0ad37e1064c6ba546a94d801d78fbc1&version_check=1 HTTP/1.1" 200 12687 "-" "Mozilla/5.0 (compatible; SemrushBot/7~bl; +http://www.semrush.com/bot.html)" "tekmedicgloves.com"
185.191.171.12 - - [23/Oct/2022:04:20:07 -0700] "GET /phpMyAdmin/setup/?token=db6f657acd7cea142c0d06e93b429857&version_check=1 HTTP/1.1" 200 12687 "-" "Mozilla/5.0 (compatible; SemrushBot/7~bl; +http://www.semrush.com/bot.html)" "tekmedicgloves.com"
185.191.171.40 - - [23/Oct/2022:04:20:09 -0700] "GET /phpMyAdmin/setup/?token=e7e717886e16d8b252cfdef845b1181b&version_check=1 HTTP/1.1" 200 12687 "-" "Mozilla/5.0 (compatible; SemrushBot/7~bl; +http://www.semrush.com/bot.html)" "tekmedicgloves.com"
185.191.171.34 - - [23/Oct/2022:04:20:25 -0700] "GET /phpMyAdmin/setup/?token=bc234118ce1bd7146814c5f12d9fb7f6&version_check=1 HTTP/1.1" 200 12691 "-" "Mozilla/5.0 (compatible; SemrushBot/7~bl; +http://www.semrush.com/bot.html)" "www.tekmedicgloves.com"
185.191.171.37 - - [23/Oct/2022:04:20:38 -0700] "GET /phpMyAdmin/setup/?token=0eec7362035ad7f48add5edccd73f4d2&version_check=1 HTTP/1.1" 200 12687 "-" "Mozilla/5.0 (compatible; SemrushBot/7~bl; +http://www.semrush.com/bot.html)" "tekmedicgloves.com"
185.191.171.11 - - [23/Oct/2022:04:20:47 -0700] "GET /phpMyAdmin/setup/?token=eee87372aada64613db63ce28d9a58e4&version_check=1 HTTP/1.1" 200 12691 "-" "Mozilla/5.0 (compatible; SemrushBot/7~bl; +http://www.semrush.com/bot.html)" "www.tekmedicgloves.com"
185.191.171.35 - - [23/Oct/2022:04:21:39 -0700] "GET /phpMyAdmin/setup/?token=f813e955c9d0e6c59014c2dfe7058fc6&version_check=1 HTTP/1.1" 200 12687 "-" "Mozilla/5.0 (compatible; SemrushBot/7~bl; +http://www.semrush.com/bot.html)" "tekmedicgloves.com"
185.191.171.6 - - [23/Oct/2022:04:21:47 -0700] "GET /phpMyAdmin/setup/?token=0104eb996219849b6405203f47e622ea&version_check=1 HTTP/1.1" 200 12687 "-" "Mozilla/5.0 (compatible; SemrushBot/7~bl; +http://www.semrush.com/bot.html)" "tekmedicgloves.com"
185.191.171.39 - - [23/Oct/2022:04:21:50 -0700] "GET /phpMyAdmin/setup/?token=cbdeea08ccb3e730e9b6bd9db247a07a&version_check=1 HTTP/1.1" 200 12691 "-" "Mozilla/5.0 (compatible; SemrushBot/7~bl; +http://www.semrush.com/bot.html)" "www.tekmedicgloves.com"
185.191.171.1 - - [23/Oct/2022:04:21:52 -0700] "GET /phpMyAdmin/setup/?token=0b08e116928eb220027ad14ca1465f2c&version_check=1 HTTP/1.1" 200 12691 "-" "Mozilla/5.0 (compatible; SemrushBot/7~bl; +http://www.semrush.com/bot.html)" "www.tekmedicgloves.com"
185.191.171.13 - - [23/Oct/2022:04:22:01 -0700] "GET /phpMyAdmin/setup/?token=005f38b7499d6777ae50ce927728793c&version_check=1 HTTP/1.1" 200 12687 "-" "Mozilla/5.0 (compatible; SemrushBot/7~bl; +http://www.semrush.com/bot.html)" "tekmedicgloves.com"
185.191.171.23 - - [23/Oct/2022:04:22:17 -0700] "GET /phpMyAdmin/setup/?token=f1eaaa5631a278e0b8cedfd55c35d6ea&version_check=1 HTTP/1.1" 200 12687 "-" "Mozilla/5.0 (compatible; SemrushBot/7~bl; +http://www.semrush.com/bot.html)" "tekmedicgloves.com"
185.191.171.37 - - [23/Oct/2022:04:22:18 -0700] "GET /phpMyAdmin/setup/?token=d5ca4030b91f37a74d531e6ba8e25a69&version_check=1 HTTP/1.1" 200 12691 "-" "Mozilla/5.0 (compatible; SemrushBot/7~bl; +http://www.semrush.com/bot.html)" "www.tekmedicgloves.com"
185.191.171.39 - - [23/Oct/2022:04:22:26 -0700] "GET /phpMyAdmin/setup/?token=ee724c06452b78873f3c5af4f7a098fa&version_check=1 HTTP/1.1" 200 12691 "-" "Mozilla/5.0 (compatible; SemrushBot/7~bl; +http://www.semrush.com/bot.html)" "www.tekmedicgloves.com"
185.191.171.18 - - [23/Oct/2022:04:22:34 -0700] "GET /phpMyAdmin/setup/?token=094c7ebd5c351788c1f385937b5ba047&version_check=1 HTTP/1.1" 200 12691 "-" "Mozilla/5.0 (compatible; SemrushBot/7~bl; +http://www.semrush.com/bot.html)" "www.tekmedicgloves.com"
185.191.171.23 - - [23/Oct/2022:04:22:49 -0700] "GET /phpMyAdmin/setup/?token=019f5fbdd4403c8728f22802327bc551&version_check=1 HTTP/1.1" 200 12691 "-" "Mozilla/5.0 (compatible; SemrushBot/7~bl; +http://www.semrush.com/bot.html)" "www.tekmedicgloves.com"
185.191.171.1 - - [23/Oct/2022:04:22:50 -0700] "GET /phpMyAdmin/setup/?token=12e885600b378c8348a53f1d920acd89&version_check=1 HTTP/1.1" 200 12687 "-" "Mozilla/5.0 (compatible; SemrushBot/7~bl; +http://www.semrush.com/bot.html)" "tekmedicgloves.com"
185.191.171.4 - - [23/Oct/2022:04:22:54 -0700] "GET /phpMyAdmin/setup/?token=0d5f9c5a3796d35e6ef4827052bb1599&version_check=1 HTTP/1.1" 200 12691 "-" "Mozilla/5.0 (compatible; SemrushBot/7~bl; +http://www.semrush.com/bot.html)" "www.tekmedicgloves.com"
185.191.171.17 - - [23/Oct/2022:04:22:56 -0700] "GET /phpMyAdmin/setup/?token=fcd336d92b74fee18112d920e0349cdc&version_check=1 HTTP/1.1" 200 12691 "-" "Mozilla/5.0 (compatible; SemrushBot/7~bl; +http://www.semrush.com/bot.html)" "www.tekmedicgloves.com"
185.191.171.26 - - [23/Oct/2022:04:22:58 -0700] "GET /phpMyAdmin/setup/?token=e20ea4042709281d7a2b4ab624670e82&version_check=1 HTTP/1.1" 200 12687 "-" "Mozilla/5.0 (compatible; SemrushBot/7~bl; +http://www.semrush.com/bot.html)" "tekmedicgloves.com"
185.191.171.8 - - [23/Oct/2022:04:23:05 -0700] "GET /phpMyAdmin/setup/?token=e68e79b9fe38fd29eb36e6a1e4065f76&version_check=1 HTTP/1.1" 200 12691 "-" "Mozilla/5.0 (compatible; SemrushBot/7~bl; +http://www.semrush.com/bot.html)" "www.tekmedicgloves.com"
185.191.171.24 - - [23/Oct/2022:04:23:21 -0700] "GET /phpMyAdmin/setup/?token=dbf26600f9698ec3899fa047642d5fd6&version_check=1 HTTP/1.1" 200 12687 "-" "Mozilla/5.0 (compatible; SemrushBot/7~bl; +http://www.semrush.com/bot.html)" "tekmedicgloves.com"
157.90.181.207 - - [23/Oct/2022:04:23:24 -0700] "GET /robots.txt HTTP/1.1" 404 88 "-" "Mozilla/5.0 (compatible; BLEXBot/1.0; +http://webmeup-crawler.com/)" "tekmedicgloves.com"
157.90.181.207 - - [23/Oct/2022:04:23:27 -0700] "GET /sitemap HTTP/1.1" 404 88 "-" "Mozilla/5.0 (compatible; BLEXBot/1.0; +http://webmeup-crawler.com/)" "tekmedicgloves.com"
185.191.171.5 - - [23/Oct/2022:04:23:28 -0700] "GET /phpMyAdmin/setup/?token=f54eff131813b5d62a73556fc4f8dabe&version_check=1 HTTP/1.1" 200 12691 "-" "Mozilla/5.0 (compatible; SemrushBot/7~bl; +http://www.semrush.com/bot.html)" "www.tekmedicgloves.com"
157.90.181.207 - - [23/Oct/2022:04:23:30 -0700] "GET /sitemap.txt HTTP/1.1" 404 88 "-" "Mozilla/5.0 (compatible; BLEXBot/1.0; +http://webmeup-crawler.com/)" "tekmedicgloves.com"
157.90.181.207 - - [23/Oct/2022:04:23:34 -0700] "GET /beta/products.php?cat=20&id=10 HTTP/1.1" 200 57062 "-" "Mozilla/5.0 (compatible; BLEXBot/1.0; +http://webmeup-crawler.com/)" "tekmedicgloves.com"
157.90.181.207 - - [23/Oct/2022:04:23:38 -0700] "GET /beta/products.php?cat=20&id=4 HTTP/1.1" 200 52319 "-" "Mozilla/5.0 (compatible; BLEXBot/1.0; +http://webmeup-crawler.com/)" "tekmedicgloves.com"
157.90.181.207 - - [23/Oct/2022:04:23:41 -0700] "GET /beta/products.php?cat=20&id=5 HTTP/1.1" 200 53956 "-" "Mozilla/5.0 (compatible; BLEXBot/1.0; +http://webmeup-crawler.com/)" "tekmedicgloves.com"
157.90.181.207 - - [23/Oct/2022:04:23:45 -0700] "GET /beta/products.php?cat=20&subcat=26 HTTP/1.1" 200 36681 "-" "Mozilla/5.0 (compatible; BLEXBot/1.0; +http://webmeup-crawler.com/)" "tekmedicgloves.com"
157.90.181.207 - - [23/Oct/2022:04:23:49 -0700] "GET /beta/products.php?cat=20&subcat=27 HTTP/1.1" 200 35564 "-" "Mozilla/5.0 (compatible; BLEXBot/1.0; +http://webmeup-crawler.com/)" "tekmedicgloves.com"
157.90.181.207 - - [23/Oct/2022:04:23:53 -0700] "GET /beta/products.php?cat=20&subcat=33 HTTP/1.1" 200 34372 "-" "Mozilla/5.0 (compatible; BLEXBot/1.0; +http://webmeup-crawler.com/)" "tekmedicgloves.com"
157.90.181.207 - - [23/Oct/2022:04:23:56 -0700] "GET /beta/products.php?cat=21&id=11 HTTP/1.1" 200 56560 "-" "Mozilla/5.0 (compatible; BLEXBot/1.0; +http://webmeup-crawler.com/)" "tekmedicgloves.com"
157.90.181.207 - - [23/Oct/2022:04:24:01 -0700] "GET /beta/products.php?cat=21&id=13 HTTP/1.1" 200 53988 "-" "Mozilla/5.0 (compatible; BLEXBot/1.0; +http://webmeup-crawler.com/)" "tekmedicgloves.com"
185.191.171.1 - - [23/Oct/2022:04:24:03 -0700] "GET /phpMyAdmin/setup/?token=fb19fa93618ec19052eb8847ba6f0b7d&version_check=1 HTTP/1.1" 200 12687 "-" "Mozilla/5.0 (compatible; SemrushBot/7~bl; +http://www.semrush.com/bot.html)" "tekmedicgloves.com"
157.90.181.207 - - [23/Oct/2022:04:24:04 -0700] "GET /beta/products.php?cat=21&id=14 HTTP/1.1" 200 55229 "-" "Mozilla/5.0 (compatible; BLEXBot/1.0; +http://webmeup-crawler.com/)" "tekmedicgloves.com"
157.90.181.207 - - [23/Oct/2022:04:24:07 -0700] "GET /beta/products.php?cat=21&id=6 HTTP/1.1" 200 56596 "-" "Mozilla/5.0 (compatible; BLEXBot/1.0; +http://webmeup-crawler.com/)" "tekmedicgloves.com"
157.90.181.207 - - [23/Oct/2022:04:24:10 -0700] "GET /beta/products.php?cat=21&subcat=28 HTTP/1.1" 200 35493 "-" "Mozilla/5.0 (compatible; BLEXBot/1.0; +http://webmeup-crawler.com/)" "tekmedicgloves.com"
157.90.181.207 - - [23/Oct/2022:04:24:13 -0700] "GET /beta/products.php?cat=21&subcat=34 HTTP/1.1" 200 35556 "-" "Mozilla/5.0 (compatible; BLEXBot/1.0; +http://webmeup-crawler.com/)" "tekmedicgloves.com"
157.90.181.207 - - [23/Oct/2022:04:24:20 -0700] "GET /beta/products.php?cat=21&subcat=47 HTTP/1.1" 200 35541 "-" "Mozilla/5.0 (compatible; BLEXBot/1.0; +http://webmeup-crawler.com/)" "tekmedicgloves.com"
157.90.181.207 - - [23/Oct/2022:04:24:22 -0700] "GET /beta/products.php?cat=21&subcat=48 HTTP/1.1" 200 35559 "-" "Mozilla/5.0 (compatible; BLEXBot/1.0; +http://webmeup-crawler.com/)" "tekmedicgloves.com"
157.90.181.207 - - [23/Oct/2022:04:24:24 -0700] "GET /beta/products.php?cat=22&id=11 HTTP/1.1" 200 56560 "-" "Mozilla/5.0 (compatible; BLEXBot/1.0; +http://webmeup-crawler.com/)" "tekmedicgloves.com"
157.90.181.207 - - [23/Oct/2022:04:24:28 -0700] "GET /beta/products.php?cat=22&id=14 HTTP/1.1" 200 55229 "-" "Mozilla/5.0 (compatible; BLEXBot/1.0; +http://webmeup-crawler.com/)" "tekmedicgloves.com"
157.90.181.207 - - [23/Oct/2022:04:24:30 -0700] "GET /beta/products.php?cat=22&id=6 HTTP/1.1" 200 56596 "-" "Mozilla/5.0 (compatible; BLEXBot/1.0; +http://webmeup-crawler.com/)" "tekmedicgloves.com"
185.191.171.6 - - [23/Oct/2022:04:24:33 -0700] "GET /phpMyAdmin/setup/?token=0f5b2fe2ae3029315ce82d81b98d29bd&version_check=1 HTTP/1.1" 200 12687 "-" "Mozilla/5.0 (compatible; SemrushBot/7~bl; +http://www.semrush.com/bot.html)" "tekmedicgloves.com"
157.90.181.207 - - [23/Oct/2022:04:24:36 -0700] "GET /beta/products.php?cat=22&id=7 HTTP/1.1" 200 56560 "-" "Mozilla/5.0 (compatible; BLEXBot/1.0; +http://webmeup-crawler.com/)" "tekmedicgloves.com"
157.90.181.207 - - [23/Oct/2022:04:24:41 -0700] "GET /beta/products.php?cat=22&subcat=30 HTTP/1.1" 200 35539 "-" "Mozilla/5.0 (compatible; BLEXBot/1.0; +http://webmeup-crawler.com/)" "tekmedicgloves.com"
157.90.181.207 - - [23/Oct/2022:04:24:46 -0700] "GET /beta/products.php?cat=22&subcat=36 HTTP/1.1" 200 35440 "-" "Mozilla/5.0 (compatible; BLEXBot/1.0; +http://webmeup-crawler.com/)" "tekmedicgloves.com"
185.191.171.5 - - [23/Oct/2022:04:24:56 -0700] "GET /phpMyAdmin/setup/?token=fc0ab5ca6d34adbb8cf44913df7c5df1&version_check=1 HTTP/1.1" 200 12691 "-" "Mozilla/5.0 (compatible; SemrushBot/7~bl; +http://www.semrush.com/bot.html)" "www.tekmedicgloves.com"
185.191.171.34 - - [23/Oct/2022:04:25:06 -0700] "GET /phpMyAdmin/setup/?token=ea03ca621c6a6806bda710abd0cf6969&version_check=1 HTTP/1.1" 200 12691 "-" "Mozilla/5.0 (compatible; SemrushBot/7~bl; +http://www.semrush.com/bot.html)" "www.tekmedicgloves.com"
185.191.171.4 - - [23/Oct/2022:04:25:07 -0700] "GET /phpMyAdmin/setup/?token=0f7c9d0f2b69ef1692bb9353b9352321&version_check=1 HTTP/1.1" 200 12687 "-" "Mozilla/5.0 (compatible; SemrushBot/7~bl; +http://www.semrush.com/bot.html)" "tekmedicgloves.com"
185.191.171.39 - - [23/Oct/2022:04:25:20 -0700] "GET /phpMyAdmin/setup/?token=ec16a67ae6e0d11ef4abbc0d0e39705e&version_check=1 HTTP/1.1" 200 12691 "-" "Mozilla/5.0 (compatible; SemrushBot/7~bl; +http://www.semrush.com/bot.html)" "www.tekmedicgloves.com"
157.90.181.207 - - [23/Oct/2022:04:25:20 -0700] "GET /beta/products.php?cat=22&subcat=37 HTTP/1.1" 200 35691 "-" "Mozilla/5.0 (compatible; BLEXBot/1.0; +http://webmeup-crawler.com/)" "tekmedicgloves.com"
185.191.171.6 - - [23/Oct/2022:04:25:36 -0700] "GET /phpMyAdmin/setup/?token=eb862c0dda22e511593a8fb8775ffe24&version_check=1 HTTP/1.1" 200 12691 "-" "Mozilla/5.0 (compatible; SemrushBot/7~bl; +http://www.semrush.com/bot.html)" "www.tekmedicgloves.com"
185.191.171.18 - - [23/Oct/2022:04:25:53 -0700] "GET /phpMyAdmin/setup/?token=ea4ccfae3f9cc29ad991b52ab89fe9cf&version_check=1 HTTP/1.1" 200 12687 "-" "Mozilla/5.0 (compatible; SemrushBot/7~bl; +http://www.semrush.com/bot.html)" "tekmedicgloves.com"
157.90.181.207 - - [23/Oct/2022:04:25:56 -0700] "GET /beta/products.php?cat=22&subcat=38 HTTP/1.1" 200 35743 "-" "Mozilla/5.0 (compatible; BLEXBot/1.0; +http://webmeup-crawler.com/)" "tekmedicgloves.com"
185.191.171.23 - - [23/Oct/2022:04:25:57 -0700] "GET /phpMyAdmin/setup/?token=eeb08b7a83dfe6a1d8389962b77be9c3&version_check=1 HTTP/1.1" 200 12687 "-" "Mozilla/5.0 (compatible; SemrushBot/7~bl; +http://www.semrush.com/bot.html)" "tekmedicgloves.com"
157.90.181.207 - - [23/Oct/2022:04:25:59 -0700] "GET /beta/products.php?cat=23&id=15 HTTP/1.1" 200 56783 "-" "Mozilla/5.0 (compatible; BLEXBot/1.0; +http://webmeup-crawler.com/)" "tekmedicgloves.com"
157.90.181.207 - - [23/Oct/2022:04:26:02 -0700] "GET /beta/products.php?cat=23&id=16 HTTP/1.1" 200 56845 "-" "Mozilla/5.0 (compatible; BLEXBot/1.0; +http://webmeup-crawler.com/)" "tekmedicgloves.com"
157.90.181.207 - - [23/Oct/2022:04:26:05 -0700] "GET /beta/products.php?cat=23&id=17 HTTP/1.1" 200 56896 "-" "Mozilla/5.0 (compatible; BLEXBot/1.0; +http://webmeup-crawler.com/)" "tekmedicgloves.com"
157.90.181.207 - - [23/Oct/2022:04:26:09 -0700] "GET /beta/products.php?cat=23&id=8 HTTP/1.1" 200 55736 "-" "Mozilla/5.0 (compatible; BLEXBot/1.0; +http://webmeup-crawler.com/)" "tekmedicgloves.com"
157.90.181.207 - - [23/Oct/2022:04:26:12 -0700] "GET /beta/products.php?cat=23&subcat=31 HTTP/1.1" 200 35474 "-" "Mozilla/5.0 (compatible; BLEXBot/1.0; +http://webmeup-crawler.com/)" "tekmedicgloves.com"
157.90.181.207 - - [23/Oct/2022:04:26:14 -0700] "GET /beta/products.php?cat=23&subcat=35 HTTP/1.1" 200 35549 "-" "Mozilla/5.0 (compatible; BLEXBot/1.0; +http://webmeup-crawler.com/)" "tekmedicgloves.com"
157.90.181.207 - - [23/Oct/2022:04:26:20 -0700] "GET /beta/products.php?cat=23&subcat=39 HTTP/1.1" 200 35435 "-" "Mozilla/5.0 (compatible; BLEXBot/1.0; +http://webmeup-crawler.com/)" "tekmedicgloves.com"
157.90.181.207 - - [23/Oct/2022:04:26:23 -0700] "GET /beta/products.php?cat=23&subcat=40 HTTP/1.1" 200 35448 "-" "Mozilla/5.0 (compatible; BLEXBot/1.0; +http://webmeup-crawler.com/)" "tekmedicgloves.com"
185.191.171.15 - - [23/Oct/2022:04:26:23 -0700] "GET /phpMyAdmin/setup/?token=f1d53b866f51c680f84ad725470acdf3&version_check=1 HTTP/1.1" 200 12691 "-" "Mozilla/5.0 (compatible; SemrushBot/7~bl; +http://www.semrush.com/bot.html)" "www.tekmedicgloves.com"
157.90.181.207 - - [23/Oct/2022:04:26:27 -0700] "GET /beta/products.php?cat=24&id=13 HTTP/1.1" 200 53984 "-" "Mozilla/5.0 (compatible; BLEXBot/1.0; +http://webmeup-crawler.com/)" "tekmedicgloves.com"
157.90.181.207 - - [23/Oct/2022:04:26:29 -0700] "GET /beta/products.php?cat=24&id=16 HTTP/1.1" 200 56853 "-" "Mozilla/5.0 (compatible; BLEXBot/1.0; +http://webmeup-crawler.com/)" "tekmedicgloves.com"
157.90.181.207 - - [23/Oct/2022:04:26:34 -0700] "GET /beta/products.php?cat=24&id=17 HTTP/1.1" 200 56904 "-" "Mozilla/5.0 (compatible; BLEXBot/1.0; +http://webmeup-crawler.com/)" "tekmedicgloves.com"
185.191.171.12 - - [23/Oct/2022:04:26:36 -0700] "GET /phpMyAdmin/setup/?token=ddef145e962bc01eb50a8ef85a4832e8&version_check=1 HTTP/1.1" 200 12687 "-" "Mozilla/5.0 (compatible; SemrushBot/7~bl; +http://www.semrush.com/bot.html)" "tekmedicgloves.com"
157.90.181.207 - - [23/Oct/2022:04:26:40 -0700] "GET /beta/products.php?cat=24&id=18 HTTP/1.1" 200 56676 "-" "Mozilla/5.0 (compatible; BLEXBot/1.0; +http://webmeup-crawler.com/)" "tekmedicgloves.com"
185.191.171.5 - - [23/Oct/2022:04:26:40 -0700] "GET /phpMyAdmin/setup/?token=f3f68b688cbd52e50a371cc01ed3e5b8&version_check=1 HTTP/1.1" 200 12687 "-" "Mozilla/5.0 (compatible; SemrushBot/7~bl; +http://www.semrush.com/bot.html)" "tekmedicgloves.com"
157.90.181.207 - - [23/Oct/2022:04:26:44 -0700] "GET /beta/products.php?cat=24&id=19 HTTP/1.1" 200 56900 "-" "Mozilla/5.0 (compatible; BLEXBot/1.0; +http://webmeup-crawler.com/)" "tekmedicgloves.com"
185.191.171.37 - - [23/Oct/2022:04:26:44 -0700] "GET /phpMyAdmin/setup/?token=12481e9a8ee76b18d007c7d62beb39e8&version_check=1 HTTP/1.1" 200 12687 "-" "Mozilla/5.0 (compatible; SemrushBot/7~bl; +http://www.semrush.com/bot.html)" "tekmedicgloves.com"
185.191.171.13 - - [23/Oct/2022:04:26:46 -0700] "GET /phpMyAdmin/setup/?token=0f4a3038b9af7fcfe40a29e5b9fe4ce4&version_check=1 HTTP/1.1" 200 12691 "-" "Mozilla/5.0 (compatible; SemrushBot/7~bl; +http://www.semrush.com/bot.html)" "www.tekmedicgloves.com"
157.90.181.207 - - [23/Oct/2022:04:26:47 -0700] "GET /beta/products.php?cat=24&id=20 HTTP/1.1" 200 53954 "-" "Mozilla/5.0 (compatible; BLEXBot/1.0; +http://webmeup-crawler.com/)" "tekmedicgloves.com"
157.90.181.207 - - [23/Oct/2022:04:26:49 -0700] "GET /beta/products.php?cat=24&id=21 HTTP/1.1" 200 54757 "-" "Mozilla/5.0 (compatible; BLEXBot/1.0; +http://webmeup-crawler.com/)" "tekmedicgloves.com"
157.90.181.207 - - [23/Oct/2022:04:26:54 -0700] "GET /beta/products.php?cat=24&subcat=29 HTTP/1.1" 200 35763 "-" "Mozilla/5.0 (compatible; BLEXBot/1.0; +http://webmeup-crawler.com/)" "tekmedicgloves.com"
157.90.181.207 - - [23/Oct/2022:04:26:56 -0700] "GET /beta/products.php?cat=24&subcat=41 HTTP/1.1" 200 35844 "-" "Mozilla/5.0 (compatible; BLEXBot/1.0; +http://webmeup-crawler.com/)" "tekmedicgloves.com"
185.191.171.9 - - [23/Oct/2022:04:27:06 -0700] "GET /phpMyAdmin/setup/?token=f90fc30f505f5c3d5ea05acad6e141b2&version_check=1 HTTP/1.1" 200 12691 "-" "Mozilla/5.0 (compatible; SemrushBot/7~bl; +http://www.semrush.com/bot.html)" "www.tekmedicgloves.com"
157.90.181.207 - - [23/Oct/2022:04:27:05 -0700] "GET /beta/products.php?cat=24&subcat=42 HTTP/1.1" 200 35871 "-" "Mozilla/5.0 (compatible; BLEXBot/1.0; +http://webmeup-crawler.com/)" "tekmedicgloves.com"
157.90.181.207 - - [23/Oct/2022:04:27:15 -0700] "GET /beta/products.php?cat=24&subcat=43 HTTP/1.1" 200 35883 "-" "Mozilla/5.0 (compatible; BLEXBot/1.0; +http://webmeup-crawler.com/)" "tekmedicgloves.com"
185.191.171.40 - - [23/Oct/2022:04:27:19 -0700] "GET /phpMyAdmin/setup/?token=c67ed9028acf35045ae34bfd30a26b53&version_check=1 HTTP/1.1" 200 12691 "-" "Mozilla/5.0 (compatible; SemrushBot/7~bl; +http://www.semrush.com/bot.html)" "www.tekmedicgloves.com"
157.90.181.207 - - [23/Oct/2022:04:27:21 -0700] "GET /beta/products.php?cat=24&subcat=44 HTTP/1.1" 200 35874 "-" "Mozilla/5.0 (compatible; BLEXBot/1.0; +http://webmeup-crawler.com/)" "tekmedicgloves.com"
157.90.181.207 - - [23/Oct/2022:04:27:24 -0700] "GET /beta/products.php?cat=24&subcat=45 HTTP/1.1" 200 35865 "-" "Mozilla/5.0 (compatible; BLEXBot/1.0; +http://webmeup-crawler.com/)" "tekmedicgloves.com"
185.191.171.6 - - [23/Oct/2022:04:27:24 -0700] "GET /phpMyAdmin/setup/?token=df14fad912082e67c371c87215c45b77&version_check=1 HTTP/1.1" 200 12687 "-" "Mozilla/5.0 (compatible; SemrushBot/7~bl; +http://www.semrush.com/bot.html)" "tekmedicgloves.com"
157.90.181.207 - - [23/Oct/2022:04:27:30 -0700] "GET /beta/products.php?cat=24&subcat=46 HTTP/1.1" 200 35920 "-" "Mozilla/5.0 (compatible; BLEXBot/1.0; +http://webmeup-crawler.com/)" "tekmedicgloves.com"
185.191.171.7 - - [23/Oct/2022:04:27:33 -0700] "GET /phpMyAdmin/setup/?token=e6662caec50a131999623ee343177e0b&version_check=1 HTTP/1.1" 200 12691 "-" "Mozilla/5.0 (compatible; SemrushBot/7~bl; +http://www.semrush.com/bot.html)" "www.tekmedicgloves.com"
157.90.181.207 - - [23/Oct/2022:04:27:36 -0700] "GET /beta/team-view/bradley-grosh/wsdindex.html HTTP/1.1" 404 88 "-" "Mozilla/5.0 (compatible; BLEXBot/1.0; +http://webmeup-crawler.com/)" "tekmedicgloves.com"
157.90.181.207 - - [23/Oct/2022:04:27:41 -0700] "GET /beta/team-view/jessica-priston/wsdindex.html HTTP/1.1" 404 88 "-" "Mozilla/5.0 (compatible; BLEXBot/1.0; +http://webmeup-crawler.com/)" "tekmedicgloves.com"
157.90.181.207 - - [23/Oct/2022:04:27:43 -0700] "GET /beta/team-view/linda-smith/wsdindex.html HTTP/1.1" 404 88 "-" "Mozilla/5.0 (compatible; BLEXBot/1.0; +http://webmeup-crawler.com/)" "tekmedicgloves.com"
157.90.181.207 - - [23/Oct/2022:04:27:46 -0700] "GET /beta/team-view/mark-johnson/wsdindex.html HTTP/1.1" 404 88 "-" "Mozilla/5.0 (compatible; BLEXBot/1.0; +http://webmeup-crawler.com/)" "tekmedicgloves.com"
157.90.181.207 - - [23/Oct/2022:04:27:49 -0700] "GET /beta/team-view/olivia-pool/wsdindex.html HTTP/1.1" 404 88 "-" "Mozilla/5.0 (compatible; BLEXBot/1.0; +http://webmeup-crawler.com/)" "tekmedicgloves.com"
185.191.171.36 - - [23/Oct/2022:04:27:49 -0700] "GET /phpMyAdmin/setup/?token=fbecb560be895e064fe46f482c43c308&version_check=1 HTTP/1.1" 200 12691 "-" "Mozilla/5.0 (compatible; SemrushBot/7~bl; +http://www.semrush.com/bot.html)" "www.tekmedicgloves.com"
157.90.181.207 - - [23/Oct/2022:04:27:53 -0700] "GET /beta/team-view/sam-kromstain/wsdindex.html HTTP/1.1" 404 88 "-" "Mozilla/5.0 (compatible; BLEXBot/1.0; +http://webmeup-crawler.com/)" "tekmedicgloves.com"
185.191.171.11 - - [23/Oct/2022:04:27:59 -0700] "GET /phpMyAdmin/setup/?token=cf18a4b02c2b9a7cb8ad5f8bfcdf0940&version_check=1 HTTP/1.1" 200 12691 "-" "Mozilla/5.0 (compatible; SemrushBot/7~bl; +http://www.semrush.com/bot.html)" "www.tekmedicgloves.com"
157.90.181.207 - - [23/Oct/2022:04:28:00 -0700] "GET /beta/wsdindex.html HTTP/1.1" 404 88 "-" "Mozilla/5.0 (compatible; BLEXBot/1.0; +http://webmeup-crawler.com/)" "tekmedicgloves.com"
185.191.171.40 - - [23/Oct/2022:04:28:02 -0700] "GET /phpMyAdmin/setup/?token=db647c8e8b3347a6b0a2b49a029044c8&version_check=1 HTTP/1.1" 200 12687 "-" "Mozilla/5.0 (compatible; SemrushBot/7~bl; +http://www.semrush.com/bot.html)" "tekmedicgloves.com"
185.191.171.44 - - [23/Oct/2022:04:28:12 -0700] "GET /phpMyAdmin/setup/?token=fb648a8c456e069a6fcd9e8c746e7f31&version_check=1 HTTP/1.1" 200 12691 "-" "Mozilla/5.0 (compatible; SemrushBot/7~bl; +http://www.semrush.com/bot.html)" "www.tekmedicgloves.com"
185.191.171.9 - - [23/Oct/2022:04:28:18 -0700] "GET /phpMyAdmin/setup/?token=ce0d6743d8a4cbef4f49b91f9c18b477&version_check=1 HTTP/1.1" 200 12691 "-" "Mozilla/5.0 (compatible; SemrushBot/7~bl; +http://www.semrush.com/bot.html)" "www.tekmedicgloves.com"
185.191.171.6 - - [23/Oct/2022:04:28:36 -0700] "GET /phpMyAdmin/setup/?token=d937b0ca9c133f9f1201ab441a5b456b&version_check=1 HTTP/1.1" 200 12687 "-" "Mozilla/5.0 (compatible; SemrushBot/7~bl; +http://www.semrush.com/bot.html)" "tekmedicgloves.com"
185.191.171.23 - - [23/Oct/2022:04:29:27 -0700] "GET /phpMyAdmin/setup/?token=e1e2d659878d0fb1351bbb99d7b75271&version_check=1 HTTP/1.1" 200 12687 "-" "Mozilla/5.0 (compatible; SemrushBot/7~bl; +http://www.semrush.com/bot.html)" "tekmedicgloves.com"
185.191.171.25 - - [23/Oct/2022:04:29:33 -0700] "GET /phpMyAdmin/setup/?token=df812007d03eeefd81d8b61d1e92a773&version_check=1 HTTP/1.1" 200 12687 "-" "Mozilla/5.0 (compatible; SemrushBot/7~bl; +http://www.semrush.com/bot.html)" "tekmedicgloves.com"
185.191.171.33 - - [23/Oct/2022:04:29:35 -0700] "GET /phpMyAdmin/setup/?token=07b62a2e4bd8e5490177d83f246e7dc6&version_check=1 HTTP/1.1" 200 12691 "-" "Mozilla/5.0 (compatible; SemrushBot/7~bl; +http://www.semrush.com/bot.html)" "www.tekmedicgloves.com"
185.191.171.35 - - [23/Oct/2022:04:29:41 -0700] "GET /phpMyAdmin/setup/?token=ea08bd1a84229d990f41a066410bbad1&version_check=1 HTTP/1.1" 200 12691 "-" "Mozilla/5.0 (compatible; SemrushBot/7~bl; +http://www.semrush.com/bot.html)" "www.tekmedicgloves.com"
185.191.171.39 - - [23/Oct/2022:04:29:47 -0700] "GET /phpMyAdmin/setup/?token=e4cd015011d1ec0dd925591a7df663d1&version_check=1 HTTP/1.1" 200 12691 "-" "Mozilla/5.0 (compatible; SemrushBot/7~bl; +http://www.semrush.com/bot.html)" "www.tekmedicgloves.com"
185.191.171.36 - - [23/Oct/2022:04:29:56 -0700] "GET /phpMyAdmin/setup/?token=da237333b03fcf0d1abebc58b2c046ca&version_check=1 HTTP/1.1" 200 12687 "-" "Mozilla/5.0 (compatible; SemrushBot/7~bl; +http://www.semrush.com/bot.html)" "tekmedicgloves.com"
185.191.171.13 - - [23/Oct/2022:04:30:06 -0700] "GET /phpMyAdmin/setup/?token=ea3352a9047abfb0b23eec724f964f50&version_check=1 HTTP/1.1" 200 12691 "-" "Mozilla/5.0 (compatible; SemrushBot/7~bl; +http://www.semrush.com/bot.html)" "www.tekmedicgloves.com"
185.191.171.18 - - [23/Oct/2022:04:30:13 -0700] "GET /phpMyAdmin/setup/?token=0505e3a6ea5a04aa9399f243de973177&version_check=1 HTTP/1.1" 200 12687 "-" "Mozilla/5.0 (compatible; SemrushBot/7~bl; +http://www.semrush.com/bot.html)" "tekmedicgloves.com"
185.191.171.6 - - [23/Oct/2022:04:30:20 -0700] "GET /phpMyAdmin/setup/?token=ee4b22cdfe5db283b4662f1b97fbb2bc&version_check=1 HTTP/1.1" 200 12691 "-" "Mozilla/5.0 (compatible; SemrushBot/7~bl; +http://www.semrush.com/bot.html)" "www.tekmedicgloves.com"
185.191.171.4 - - [23/Oct/2022:04:30:21 -0700] "GET /phpMyAdmin/setup/?token=dc45c96430f92d917e1cb74901be3ca0&version_check=1 HTTP/1.1" 200 12687 "-" "Mozilla/5.0 (compatible; SemrushBot/7~bl; +http://www.semrush.com/bot.html)" "tekmedicgloves.com"
185.191.171.21 - - [23/Oct/2022:04:30:42 -0700] "GET /phpMyAdmin/setup/?token=dc1691e8561e0869cc0304183c2985e4&version_check=1 HTTP/1.1" 200 12687 "-" "Mozilla/5.0 (compatible; SemrushBot/7~bl; +http://www.semrush.com/bot.html)" "tekmedicgloves.com"
185.191.171.44 - - [23/Oct/2022:04:30:46 -0700] "GET /phpMyAdmin/setup/?token=0ebe763c4e273f4589ebf1cb27106078&version_check=1 HTTP/1.1" 200 12691 "-" "Mozilla/5.0 (compatible; SemrushBot/7~bl; +http://www.semrush.com/bot.html)" "www.tekmedicgloves.com"
185.191.171.4 - - [23/Oct/2022:04:30:49 -0700] "GET /phpMyAdmin/setup/?token=eaf278322feee57c5416ef1804d803d2&version_check=1 HTTP/1.1" 200 12691 "-" "Mozilla/5.0 (compatible; SemrushBot/7~bl; +http://www.semrush.com/bot.html)" "www.tekmedicgloves.com"
185.191.171.20 - - [23/Oct/2022:04:31:07 -0700] "GET /phpMyAdmin/setup/?token=c9dfd9951a59e104cc05391243c6b86d&version_check=1 HTTP/1.1" 200 12691 "-" "Mozilla/5.0 (compatible; SemrushBot/7~bl; +http://www.semrush.com/bot.html)" "www.tekmedicgloves.com"
185.191.171.34 - - [23/Oct/2022:04:31:38 -0700] "GET /phpMyAdmin/setup/?token=060ad3e891c509be1d903a9fe3a6fea4&version_check=1 HTTP/1.1" 200 12691 "-" "Mozilla/5.0 (compatible; SemrushBot/7~bl; +http://www.semrush.com/bot.html)" "www.tekmedicgloves.com"
185.191.171.8 - - [23/Oct/2022:04:31:42 -0700] "GET /phpMyAdmin/setup/?token=0e546b1a29cb0e418093ff177d509f84&version_check=1 HTTP/1.1" 200 12687 "-" "Mozilla/5.0 (compatible; SemrushBot/7~bl; +http://www.semrush.com/bot.html)" "tekmedicgloves.com"
185.191.171.7 - - [23/Oct/2022:04:31:59 -0700] "GET /phpMyAdmin/setup/?token=f8116acd28bb1204ec2f6ebd1d80787a&version_check=1 HTTP/1.1" 200 12687 "-" "Mozilla/5.0 (compatible; SemrushBot/7~bl; +http://www.semrush.com/bot.html)" "tekmedicgloves.com"
185.191.171.9 - - [23/Oct/2022:04:32:51 -0700] "GET /phpMyAdmin/setup/?token=0534a7e83f6aa484d8b03fd1fb66b1bc&version_check=1 HTTP/1.1" 200 12687 "-" "Mozilla/5.0 (compatible; SemrushBot/7~bl; +http://www.semrush.com/bot.html)" "tekmedicgloves.com"
