185.191.171.44 - - [26/Oct/2022:09:34:50 -0700] "GET /phpMyAdmin/setup/?token=0dc15814751cb4d274397bc0d988cfc1&version_check=1 HTTP/1.1" 200 12687 "-" "Mozilla/5.0 (compatible; SemrushBot/7~bl; +http://www.semrush.com/bot.html)" "tekmedicgloves.com"
185.191.171.16 - - [26/Oct/2022:09:34:52 -0700] "GET /phpMyAdmin/setup/?token=f77f47e61fd10166e93a000855a09a69&version_check=1 HTTP/1.1" 200 12691 "-" "Mozilla/5.0 (compatible; SemrushBot/7~bl; +http://www.semrush.com/bot.html)" "www.tekmedicgloves.com"
185.191.171.16 - - [26/Oct/2022:09:34:54 -0700] "GET /phpMyAdmin/setup/?token=c1bcc6bee73bfef6a362ec2d3f734b52&version_check=1 HTTP/1.1" 200 12691 "-" "Mozilla/5.0 (compatible; SemrushBot/7~bl; +http://www.semrush.com/bot.html)" "www.tekmedicgloves.com"
185.191.171.37 - - [26/Oct/2022:09:34:55 -0700] "GET /phpMyAdmin/setup/?token=aaed4bda80ab5dad23de298aeb835f88&version_check=1 HTTP/1.1" 200 12691 "-" "Mozilla/5.0 (compatible; SemrushBot/7~bl; +http://www.semrush.com/bot.html)" "www.tekmedicgloves.com"
185.191.171.3 - - [26/Oct/2022:09:35:00 -0700] "GET /robots.txt HTTP/1.1" 404 88 "-" "Mozilla/5.0 (compatible; SemrushBot/7~bl; +http://www.semrush.com/bot.html)" "tekmedicgloves.com"
185.191.171.8 - - [26/Oct/2022:09:35:00 -0700] "GET /phpMyAdmin/setup/?token=0735755bee884d8f3a2480daa85e5e65&version_check=1 HTTP/1.1" 200 12687 "-" "Mozilla/5.0 (compatible; SemrushBot/7~bl; +http://www.semrush.com/bot.html)" "tekmedicgloves.com"
185.191.171.19 - - [26/Oct/2022:09:35:04 -0700] "GET /phpMyAdmin/setup/?token=e8af922f4a92764d41ad5a80fa14a6eb&version_check=1 HTTP/1.1" 200 12691 "-" "Mozilla/5.0 (compatible; SemrushBot/7~bl; +http://www.semrush.com/bot.html)" "www.tekmedicgloves.com"
185.191.171.8 - - [26/Oct/2022:09:35:05 -0700] "GET /phpMyAdmin/setup/?token=dded575fd0a7f17a02becfbe44894cf4&version_check=1 HTTP/1.1" 200 12687 "-" "Mozilla/5.0 (compatible; SemrushBot/7~bl; +http://www.semrush.com/bot.html)" "tekmedicgloves.com"
185.191.171.4 - - [26/Oct/2022:09:35:13 -0700] "GET /phpMyAdmin/setup/?token=df45abae72eb8b815918b5258072df5a&version_check=1 HTTP/1.1" 200 12687 "-" "Mozilla/5.0 (compatible; SemrushBot/7~bl; +http://www.semrush.com/bot.html)" "tekmedicgloves.com"
185.191.171.37 - - [26/Oct/2022:09:35:42 -0700] "GET /phpMyAdmin/setup/?token=ee3156ddc5724dc92f68d44c7b98987b&version_check=1 HTTP/1.1" 200 12691 "-" "Mozilla/5.0 (compatible; SemrushBot/7~bl; +http://www.semrush.com/bot.html)" "www.tekmedicgloves.com"
185.191.171.25 - - [26/Oct/2022:09:36:00 -0700] "GET /phpMyAdmin/setup/?token=e6c919106461c6b3206a5a0e384f3cb2&version_check=1 HTTP/1.1" 200 12691 "-" "Mozilla/5.0 (compatible; SemrushBot/7~bl; +http://www.semrush.com/bot.html)" "www.tekmedicgloves.com"
185.191.171.25 - - [26/Oct/2022:09:36:24 -0700] "GET /phpMyAdmin/setup/?token=f8ef59e5ffb2f2686d4f354807d76e0d&version_check=1 HTTP/1.1" 200 12687 "-" "Mozilla/5.0 (compatible; SemrushBot/7~bl; +http://www.semrush.com/bot.html)" "tekmedicgloves.com"
185.191.171.7 - - [26/Oct/2022:09:36:27 -0700] "GET /phpMyAdmin/setup/?token=f203bc285b0da0d7d9e3b5443fccc7bb&version_check=1 HTTP/1.1" 200 12691 "-" "Mozilla/5.0 (compatible; SemrushBot/7~bl; +http://www.semrush.com/bot.html)" "www.tekmedicgloves.com"
185.191.171.24 - - [26/Oct/2022:09:36:41 -0700] "GET /phpMyAdmin/setup/?token=fec6b0bae48e28efefad48ae600aa42d&version_check=1 HTTP/1.1" 200 12691 "-" "Mozilla/5.0 (compatible; SemrushBot/7~bl; +http://www.semrush.com/bot.html)" "www.tekmedicgloves.com"
185.191.171.19 - - [26/Oct/2022:09:36:52 -0700] "GET /phpMyAdmin/setup/?token=d5edad98a46283c8a042ee47afcd1172&version_check=1 HTTP/1.1" 200 12687 "-" "Mozilla/5.0 (compatible; SemrushBot/7~bl; +http://www.semrush.com/bot.html)" "tekmedicgloves.com"
185.191.171.16 - - [26/Oct/2022:09:36:54 -0700] "GET /phpMyAdmin/setup/?token=e31b1cf790ea3c2e9ac440aa04d995fc&version_check=1 HTTP/1.1" 200 12687 "-" "Mozilla/5.0 (compatible; SemrushBot/7~bl; +http://www.semrush.com/bot.html)" "tekmedicgloves.com"
185.191.171.26 - - [26/Oct/2022:09:37:13 -0700] "GET /phpMyAdmin/setup/?token=eb0f93a9b7fbf6c31eb8dfd4b15944ac&version_check=1 HTTP/1.1" 200 12687 "-" "Mozilla/5.0 (compatible; SemrushBot/7~bl; +http://www.semrush.com/bot.html)" "tekmedicgloves.com"
185.191.171.44 - - [26/Oct/2022:09:37:15 -0700] "GET /phpMyAdmin/setup/?token=ff51ad0718708b0ec4d4e968ca17de7a&version_check=1 HTTP/1.1" 200 12687 "-" "Mozilla/5.0 (compatible; SemrushBot/7~bl; +http://www.semrush.com/bot.html)" "tekmedicgloves.com"
185.191.171.5 - - [26/Oct/2022:09:37:26 -0700] "GET /phpMyAdmin/setup/?token=e3a20572a337465398a2e580868fbfe8&version_check=1 HTTP/1.1" 200 12687 "-" "Mozilla/5.0 (compatible; SemrushBot/7~bl; +http://www.semrush.com/bot.html)" "tekmedicgloves.com"
185.191.171.4 - - [26/Oct/2022:09:37:34 -0700] "GET /phpMyAdmin/setup/?token=03a64d33ed87d647446b4d7f823d893a&version_check=1 HTTP/1.1" 200 12687 "-" "Mozilla/5.0 (compatible; SemrushBot/7~bl; +http://www.semrush.com/bot.html)" "tekmedicgloves.com"
185.191.171.20 - - [26/Oct/2022:09:37:36 -0700] "GET /phpMyAdmin/setup/?token=0e1c81ca7bf5c6131f36286e9b2aae1b&version_check=1 HTTP/1.1" 200 12691 "-" "Mozilla/5.0 (compatible; SemrushBot/7~bl; +http://www.semrush.com/bot.html)" "www.tekmedicgloves.com"
185.191.171.20 - - [26/Oct/2022:09:38:33 -0700] "GET /phpMyAdmin/setup/?token=b3d62ef2b78f6f0e3cbe2a460d75a0a1&version_check=1 HTTP/1.1" 200 12691 "-" "Mozilla/5.0 (compatible; SemrushBot/7~bl; +http://www.semrush.com/bot.html)" "www.tekmedicgloves.com"
185.191.171.1 - - [26/Oct/2022:09:38:50 -0700] "GET /phpMyAdmin/setup/?token=fea85aeef3a7f4d74d3096fd342bd91b&version_check=1 HTTP/1.1" 200 12691 "-" "Mozilla/5.0 (compatible; SemrushBot/7~bl; +http://www.semrush.com/bot.html)" "www.tekmedicgloves.com"
185.191.171.12 - - [26/Oct/2022:09:38:52 -0700] "GET /phpMyAdmin/setup/?token=ef58602d9844324769f4c2de7fe78bb2&version_check=1 HTTP/1.1" 200 12691 "-" "Mozilla/5.0 (compatible; SemrushBot/7~bl; +http://www.semrush.com/bot.html)" "www.tekmedicgloves.com"
185.191.171.21 - - [26/Oct/2022:09:38:54 -0700] "GET /phpMyAdmin/setup/?token=e765ae66d7c6b4faf2f176794f35c2a8&version_check=1 HTTP/1.1" 200 12691 "-" "Mozilla/5.0 (compatible; SemrushBot/7~bl; +http://www.semrush.com/bot.html)" "www.tekmedicgloves.com"
185.191.171.6 - - [26/Oct/2022:09:39:24 -0700] "GET /phpMyAdmin/setup/?token=e774057c8c478d0893b85f74475519f8&version_check=1 HTTP/1.1" 200 12691 "-" "Mozilla/5.0 (compatible; SemrushBot/7~bl; +http://www.semrush.com/bot.html)" "www.tekmedicgloves.com"
185.191.171.3 - - [26/Oct/2022:09:39:27 -0700] "GET /phpMyAdmin/setup/?token=eac7c2c94de5dcb4319650cf2de1290c&version_check=1 HTTP/1.1" 200 12691 "-" "Mozilla/5.0 (compatible; SemrushBot/7~bl; +http://www.semrush.com/bot.html)" "www.tekmedicgloves.com"
185.191.171.7 - - [26/Oct/2022:09:39:39 -0700] "GET /phpMyAdmin/setup/?token=1033149319a9fd9c84378795ea745bee&version_check=1 HTTP/1.1" 200 12687 "-" "Mozilla/5.0 (compatible; SemrushBot/7~bl; +http://www.semrush.com/bot.html)" "tekmedicgloves.com"
185.191.171.24 - - [26/Oct/2022:09:39:43 -0700] "GET /phpMyAdmin/setup/?token=d61ac33e688400b381dbe309e7f749a2&version_check=1 HTTP/1.1" 200 12691 "-" "Mozilla/5.0 (compatible; SemrushBot/7~bl; +http://www.semrush.com/bot.html)" "www.tekmedicgloves.com"
185.191.171.43 - - [26/Oct/2022:09:39:49 -0700] "GET /phpMyAdmin/setup/?token=0c1e3758f333e68f531c0aeaab8c45ba&version_check=1 HTTP/1.1" 200 12691 "-" "Mozilla/5.0 (compatible; SemrushBot/7~bl; +http://www.semrush.com/bot.html)" "www.tekmedicgloves.com"
185.191.171.39 - - [26/Oct/2022:09:39:53 -0700] "GET /phpMyAdmin/setup/?token=01ef9dddc9a031d952c4ca24ccdb49e5&version_check=1 HTTP/1.1" 200 12691 "-" "Mozilla/5.0 (compatible; SemrushBot/7~bl; +http://www.semrush.com/bot.html)" "www.tekmedicgloves.com"
185.191.171.5 - - [26/Oct/2022:09:40:07 -0700] "GET /phpMyAdmin/setup/?token=ff23fd03443e8ca0ef7738dfee67bf69&version_check=1 HTTP/1.1" 200 12691 "-" "Mozilla/5.0 (compatible; SemrushBot/7~bl; +http://www.semrush.com/bot.html)" "www.tekmedicgloves.com"
185.191.171.5 - - [26/Oct/2022:09:40:07 -0700] "GET /phpMyAdmin/setup/?token=e29a7382cf1c40b72461cb76ad6044c6&version_check=1 HTTP/1.1" 200 12687 "-" "Mozilla/5.0 (compatible; SemrushBot/7~bl; +http://www.semrush.com/bot.html)" "tekmedicgloves.com"
185.191.171.13 - - [26/Oct/2022:09:40:31 -0700] "GET /robots.txt HTTP/1.1" 404 88 "-" "Mozilla/5.0 (compatible; SemrushBot/7~bl; +http://www.semrush.com/bot.html)" "www.tekmedicgloves.com"
185.191.171.16 - - [26/Oct/2022:09:40:31 -0700] "GET /phpMyAdmin/setup/?token=05b1d6c9addd0e9fd79c820ff4211704&version_check=1 HTTP/1.1" 200 12691 "-" "Mozilla/5.0 (compatible; SemrushBot/7~bl; +http://www.semrush.com/bot.html)" "www.tekmedicgloves.com"
185.191.171.33 - - [26/Oct/2022:09:40:44 -0700] "GET /phpMyAdmin/setup/?token=1224011d4fc4464aca4278c70d7b8836&version_check=1 HTTP/1.1" 200 12687 "-" "Mozilla/5.0 (compatible; SemrushBot/7~bl; +http://www.semrush.com/bot.html)" "tekmedicgloves.com"
185.191.171.35 - - [26/Oct/2022:09:41:06 -0700] "GET /phpMyAdmin/setup/?token=e6529b44ecb6b25728ca1b7cccdcbed1&version_check=1 HTTP/1.1" 200 12687 "-" "Mozilla/5.0 (compatible; SemrushBot/7~bl; +http://www.semrush.com/bot.html)" "tekmedicgloves.com"
185.191.171.8 - - [26/Oct/2022:09:41:16 -0700] "GET /phpMyAdmin/setup/?token=d863648ed7cf8e197068ad181b9fa39e&version_check=1 HTTP/1.1" 200 12691 "-" "Mozilla/5.0 (compatible; SemrushBot/7~bl; +http://www.semrush.com/bot.html)" "www.tekmedicgloves.com"
185.191.171.35 - - [26/Oct/2022:09:41:28 -0700] "GET /phpMyAdmin/setup/?token=d703d9e15fe07ffe68b74f761ed88c55&version_check=1 HTTP/1.1" 200 12687 "-" "Mozilla/5.0 (compatible; SemrushBot/7~bl; +http://www.semrush.com/bot.html)" "tekmedicgloves.com"
185.191.171.25 - - [26/Oct/2022:09:41:51 -0700] "GET /phpMyAdmin/setup/?token=ee6adfb07cff9b709a6e3247121d9555&version_check=1 HTTP/1.1" 200 12687 "-" "Mozilla/5.0 (compatible; SemrushBot/7~bl; +http://www.semrush.com/bot.html)" "tekmedicgloves.com"
185.191.171.34 - - [26/Oct/2022:09:41:56 -0700] "GET /phpMyAdmin/setup/?token=eb3ffadc58d209241df8b133e2e61f16&version_check=1 HTTP/1.1" 200 12691 "-" "Mozilla/5.0 (compatible; SemrushBot/7~bl; +http://www.semrush.com/bot.html)" "www.tekmedicgloves.com"
185.191.171.25 - - [26/Oct/2022:09:41:58 -0700] "GET /phpMyAdmin/setup/?token=dbb45c02e8744048a2b06bddb94951e7&version_check=1 HTTP/1.1" 200 12687 "-" "Mozilla/5.0 (compatible; SemrushBot/7~bl; +http://www.semrush.com/bot.html)" "tekmedicgloves.com"
185.191.171.35 - - [26/Oct/2022:09:42:02 -0700] "GET /phpMyAdmin/setup/?token=e33a4d77ff9061ee2c5f9351ebe90cc5&version_check=1 HTTP/1.1" 200 12687 "-" "Mozilla/5.0 (compatible; SemrushBot/7~bl; +http://www.semrush.com/bot.html)" "tekmedicgloves.com"
185.191.171.42 - - [26/Oct/2022:09:42:17 -0700] "GET /phpMyAdmin/setup/?token=04ac333637aee022616f1d0647e727eb&version_check=1 HTTP/1.1" 200 12687 "-" "Mozilla/5.0 (compatible; SemrushBot/7~bl; +http://www.semrush.com/bot.html)" "tekmedicgloves.com"
185.191.171.37 - - [26/Oct/2022:09:42:22 -0700] "GET /phpMyAdmin/setup/?token=d9706362637cf633dba90bd331dc68f8&version_check=1 HTTP/1.1" 200 12687 "-" "Mozilla/5.0 (compatible; SemrushBot/7~bl; +http://www.semrush.com/bot.html)" "tekmedicgloves.com"
185.191.171.20 - - [26/Oct/2022:09:42:25 -0700] "GET /phpMyAdmin/setup/?token=d67baa33f69a63bb99e35934a85a0350&version_check=1 HTTP/1.1" 200 12687 "-" "Mozilla/5.0 (compatible; SemrushBot/7~bl; +http://www.semrush.com/bot.html)" "tekmedicgloves.com"
185.191.171.24 - - [26/Oct/2022:09:42:27 -0700] "GET /phpMyAdmin/setup/?token=dc45f45b89830ff2d76603c9cd8bd922&version_check=1 HTTP/1.1" 200 12687 "-" "Mozilla/5.0 (compatible; SemrushBot/7~bl; +http://www.semrush.com/bot.html)" "tekmedicgloves.com"
185.191.171.5 - - [26/Oct/2022:09:42:39 -0700] "GET /phpMyAdmin/setup/?token=cf2e5845fdd99c846fae0a8b7ba4ab65&version_check=1 HTTP/1.1" 200 12691 "-" "Mozilla/5.0 (compatible; SemrushBot/7~bl; +http://www.semrush.com/bot.html)" "www.tekmedicgloves.com"
185.191.171.6 - - [26/Oct/2022:09:43:11 -0700] "GET /phpMyAdmin/setup/?token=f8af9988a1a5da49297971b67a934adf&version_check=1 HTTP/1.1" 200 12687 "-" "Mozilla/5.0 (compatible; SemrushBot/7~bl; +http://www.semrush.com/bot.html)" "tekmedicgloves.com"
185.191.171.6 - - [26/Oct/2022:09:43:39 -0700] "GET /phpMyAdmin/setup/?token=ce12f94c8d1c0fe0d2f32119ca28534c&version_check=1 HTTP/1.1" 200 12691 "-" "Mozilla/5.0 (compatible; SemrushBot/7~bl; +http://www.semrush.com/bot.html)" "www.tekmedicgloves.com"
185.191.171.16 - - [26/Oct/2022:09:43:41 -0700] "GET /phpMyAdmin/setup/?token=050560fd8000e9980c56ae63f952ce0b&version_check=1 HTTP/1.1" 200 12691 "-" "Mozilla/5.0 (compatible; SemrushBot/7~bl; +http://www.semrush.com/bot.html)" "www.tekmedicgloves.com"
185.191.171.25 - - [26/Oct/2022:09:43:50 -0700] "GET /phpMyAdmin/setup/?token=da50432907edacc86c8205a2add1ac48&version_check=1 HTTP/1.1" 200 12687 "-" "Mozilla/5.0 (compatible; SemrushBot/7~bl; +http://www.semrush.com/bot.html)" "tekmedicgloves.com"
185.191.171.14 - - [26/Oct/2022:09:44:18 -0700] "GET /phpMyAdmin/setup/?token=0580d2f406397f9b4127725fa255479a&version_check=1 HTTP/1.1" 200 12687 "-" "Mozilla/5.0 (compatible; SemrushBot/7~bl; +http://www.semrush.com/bot.html)" "tekmedicgloves.com"
185.191.171.8 - - [26/Oct/2022:09:44:25 -0700] "GET /phpMyAdmin/setup/?token=c4b543be51d4be668fee95561802186b&version_check=1 HTTP/1.1" 200 12691 "-" "Mozilla/5.0 (compatible; SemrushBot/7~bl; +http://www.semrush.com/bot.html)" "www.tekmedicgloves.com"
185.191.171.14 - - [26/Oct/2022:09:44:33 -0700] "GET /phpMyAdmin/setup/?token=ea70de374e9679dc30da76947f62390d&version_check=1 HTTP/1.1" 200 12687 "-" "Mozilla/5.0 (compatible; SemrushBot/7~bl; +http://www.semrush.com/bot.html)" "tekmedicgloves.com"
185.191.171.26 - - [26/Oct/2022:09:44:45 -0700] "GET /phpMyAdmin/setup/?token=ef58bb962bf9dbd555909b8b0b0d0124&version_check=1 HTTP/1.1" 200 12691 "-" "Mozilla/5.0 (compatible; SemrushBot/7~bl; +http://www.semrush.com/bot.html)" "www.tekmedicgloves.com"
185.191.171.8 - - [26/Oct/2022:09:44:50 -0700] "GET /phpMyAdmin/setup/?token=0a542f62ea9b1233e601c34bd34cd808&version_check=1 HTTP/1.1" 200 12691 "-" "Mozilla/5.0 (compatible; SemrushBot/7~bl; +http://www.semrush.com/bot.html)" "www.tekmedicgloves.com"
185.191.171.20 - - [26/Oct/2022:09:44:52 -0700] "GET /phpMyAdmin/setup/?token=f8f9c8709eb67a4b1e2ab986ac413c69&version_check=1 HTTP/1.1" 200 12691 "-" "Mozilla/5.0 (compatible; SemrushBot/7~bl; +http://www.semrush.com/bot.html)" "www.tekmedicgloves.com"
185.191.171.21 - - [26/Oct/2022:09:44:58 -0700] "GET /phpMyAdmin/setup/?token=f948c96253857e76f563cad4409d7104&version_check=1 HTTP/1.1" 200 12691 "-" "Mozilla/5.0 (compatible; SemrushBot/7~bl; +http://www.semrush.com/bot.html)" "www.tekmedicgloves.com"
185.191.171.22 - - [26/Oct/2022:09:46:17 -0700] "GET /phpMyAdmin/setup/?token=d6b9d7d8570ce39ed427237e2d49fe9b&version_check=1 HTTP/1.1" 200 12687 "-" "Mozilla/5.0 (compatible; SemrushBot/7~bl; +http://www.semrush.com/bot.html)" "tekmedicgloves.com"
185.191.171.24 - - [26/Oct/2022:09:46:23 -0700] "GET /phpMyAdmin/setup/?token=ddf3d60ed9c978a7b205d49a9b9568ab&version_check=1 HTTP/1.1" 200 12687 "-" "Mozilla/5.0 (compatible; SemrushBot/7~bl; +http://www.semrush.com/bot.html)" "tekmedicgloves.com"
185.191.171.20 - - [26/Oct/2022:09:46:43 -0700] "GET /phpMyAdmin/setup/?token=d80839abd8b31196ac48151b4768cfa6&version_check=1 HTTP/1.1" 200 12687 "-" "Mozilla/5.0 (compatible; SemrushBot/7~bl; +http://www.semrush.com/bot.html)" "tekmedicgloves.com"
185.191.171.37 - - [26/Oct/2022:09:46:52 -0700] "GET /phpMyAdmin/setup/?token=0e0ce473acbca70650302617d7c9ad08&version_check=1 HTTP/1.1" 200 12687 "-" "Mozilla/5.0 (compatible; SemrushBot/7~bl; +http://www.semrush.com/bot.html)" "tekmedicgloves.com"
185.191.171.33 - - [26/Oct/2022:09:46:54 -0700] "GET /phpMyAdmin/setup/?token=db5796d4005791b4c8e00e519f1a99f6&version_check=1 HTTP/1.1" 200 12687 "-" "Mozilla/5.0 (compatible; SemrushBot/7~bl; +http://www.semrush.com/bot.html)" "tekmedicgloves.com"
185.191.171.44 - - [26/Oct/2022:09:47:11 -0700] "GET /phpMyAdmin/setup/?token=14e78a00974b79f310e7f87de3b28567&version_check=1 HTTP/1.1" 200 12687 "-" "Mozilla/5.0 (compatible; SemrushBot/7~bl; +http://www.semrush.com/bot.html)" "tekmedicgloves.com"
185.191.171.4 - - [26/Oct/2022:09:47:28 -0700] "GET /phpMyAdmin/setup/?token=034505cc19c5ad8a04aa93cb3d42351d&version_check=1 HTTP/1.1" 200 12691 "-" "Mozilla/5.0 (compatible; SemrushBot/7~bl; +http://www.semrush.com/bot.html)" "www.tekmedicgloves.com"
185.191.171.6 - - [26/Oct/2022:09:47:34 -0700] "GET /phpMyAdmin/setup/?token=ee1ee757fc3261e049474106784c1d31&version_check=1 HTTP/1.1" 200 12691 "-" "Mozilla/5.0 (compatible; SemrushBot/7~bl; +http://www.semrush.com/bot.html)" "www.tekmedicgloves.com"
185.191.171.40 - - [26/Oct/2022:09:47:37 -0700] "GET /phpMyAdmin/setup/?token=e6829efd5b12adad7d304a0c05f626be&version_check=1 HTTP/1.1" 200 12691 "-" "Mozilla/5.0 (compatible; SemrushBot/7~bl; +http://www.semrush.com/bot.html)" "www.tekmedicgloves.com"
185.191.171.37 - - [26/Oct/2022:09:48:07 -0700] "GET /phpMyAdmin/setup/?token=140531f952d7117c004cb364e7c6c3a5&version_check=1 HTTP/1.1" 200 12687 "-" "Mozilla/5.0 (compatible; SemrushBot/7~bl; +http://www.semrush.com/bot.html)" "tekmedicgloves.com"
185.191.171.37 - - [26/Oct/2022:09:48:15 -0700] "GET /phpMyAdmin/setup/?token=eb7955c5ee4619aca66d5a918db39cc5&version_check=1 HTTP/1.1" 200 12691 "-" "Mozilla/5.0 (compatible; SemrushBot/7~bl; +http://www.semrush.com/bot.html)" "www.tekmedicgloves.com"
185.191.171.17 - - [26/Oct/2022:09:48:17 -0700] "GET /phpMyAdmin/setup/?token=c7add05f4a5aec37739d71e255822e03&version_check=1 HTTP/1.1" 200 12691 "-" "Mozilla/5.0 (compatible; SemrushBot/7~bl; +http://www.semrush.com/bot.html)" "www.tekmedicgloves.com"
185.191.171.17 - - [26/Oct/2022:09:48:27 -0700] "GET /phpMyAdmin/setup/?token=c858879aa46aea353962c2e36a998b7f&version_check=1 HTTP/1.1" 200 12691 "-" "Mozilla/5.0 (compatible; SemrushBot/7~bl; +http://www.semrush.com/bot.html)" "www.tekmedicgloves.com"
185.191.171.44 - - [26/Oct/2022:09:48:36 -0700] "GET /phpMyAdmin/setup/?token=f678d52ed3536a62b856522dab5c1555&version_check=1 HTTP/1.1" 200 12687 "-" "Mozilla/5.0 (compatible; SemrushBot/7~bl; +http://www.semrush.com/bot.html)" "tekmedicgloves.com"
185.191.171.35 - - [26/Oct/2022:09:48:46 -0700] "GET /phpMyAdmin/setup/?token=e11a271a389cc3119a4345e1e223ff09&version_check=1 HTTP/1.1" 200 12687 "-" "Mozilla/5.0 (compatible; SemrushBot/7~bl; +http://www.semrush.com/bot.html)" "tekmedicgloves.com"
185.191.171.45 - - [26/Oct/2022:09:49:03 -0700] "GET /phpMyAdmin/setup/?token=d4c3a993b40af28147a824ce5a5e3942&version_check=1 HTTP/1.1" 200 12687 "-" "Mozilla/5.0 (compatible; SemrushBot/7~bl; +http://www.semrush.com/bot.html)" "tekmedicgloves.com"
185.191.171.12 - - [26/Oct/2022:09:49:20 -0700] "GET /phpMyAdmin/setup/?token=e43cb798304f60499c5b4b5e94b86d86&version_check=1 HTTP/1.1" 200 12691 "-" "Mozilla/5.0 (compatible; SemrushBot/7~bl; +http://www.semrush.com/bot.html)" "www.tekmedicgloves.com"
185.191.171.6 - - [26/Oct/2022:09:49:51 -0700] "GET /phpMyAdmin/setup/?token=c0a91c2508d11accbe80f0e56cc678ae&version_check=1 HTTP/1.1" 200 12691 "-" "Mozilla/5.0 (compatible; SemrushBot/7~bl; +http://www.semrush.com/bot.html)" "www.tekmedicgloves.com"
185.191.171.35 - - [26/Oct/2022:09:49:52 -0700] "GET /phpMyAdmin/setup/?token=db82217609c4c7223397ebd8814ece09&version_check=1 HTTP/1.1" 200 12687 "-" "Mozilla/5.0 (compatible; SemrushBot/7~bl; +http://www.semrush.com/bot.html)" "tekmedicgloves.com"
185.191.171.21 - - [26/Oct/2022:09:49:55 -0700] "GET /phpMyAdmin/setup/?token=fc9be531ed6a0ad83aca5abb1208b0da&version_check=1 HTTP/1.1" 200 12691 "-" "Mozilla/5.0 (compatible; SemrushBot/7~bl; +http://www.semrush.com/bot.html)" "www.tekmedicgloves.com"
185.191.171.3 - - [26/Oct/2022:09:49:58 -0700] "GET /phpMyAdmin/setup/?token=e559014ca0ae2c1c9565292889d737b4&version_check=1 HTTP/1.1" 200 12691 "-" "Mozilla/5.0 (compatible; SemrushBot/7~bl; +http://www.semrush.com/bot.html)" "www.tekmedicgloves.com"
185.191.171.5 - - [26/Oct/2022:09:50:02 -0700] "GET /phpMyAdmin/setup/?token=f5c7874bac3dfedc4f4ffcd631802499&version_check=1 HTTP/1.1" 200 12691 "-" "Mozilla/5.0 (compatible; SemrushBot/7~bl; +http://www.semrush.com/bot.html)" "www.tekmedicgloves.com"
185.191.171.40 - - [26/Oct/2022:09:50:25 -0700] "GET /phpMyAdmin/setup/?token=c22bc24045b97016a0733047fe36e12f&version_check=1 HTTP/1.1" 200 12691 "-" "Mozilla/5.0 (compatible; SemrushBot/7~bl; +http://www.semrush.com/bot.html)" "www.tekmedicgloves.com"
185.191.171.35 - - [26/Oct/2022:09:50:43 -0700] "GET /phpMyAdmin/setup/?token=0ca416bed90dec23307743ef8fcb960a&version_check=1 HTTP/1.1" 200 12687 "-" "Mozilla/5.0 (compatible; SemrushBot/7~bl; +http://www.semrush.com/bot.html)" "tekmedicgloves.com"
185.191.171.15 - - [26/Oct/2022:09:51:03 -0700] "GET /phpMyAdmin/setup/?token=c2028e6da7aeb591d07a6f0f9961acca&version_check=1 HTTP/1.1" 200 12691 "-" "Mozilla/5.0 (compatible; SemrushBot/7~bl; +http://www.semrush.com/bot.html)" "www.tekmedicgloves.com"
185.191.171.26 - - [26/Oct/2022:09:51:13 -0700] "GET /phpMyAdmin/setup/?token=efc1fcc6c2c52fd1c0dd7d86a544829f&version_check=1 HTTP/1.1" 200 12691 "-" "Mozilla/5.0 (compatible; SemrushBot/7~bl; +http://www.semrush.com/bot.html)" "www.tekmedicgloves.com"
185.191.171.44 - - [26/Oct/2022:09:51:23 -0700] "GET /phpMyAdmin/setup/?token=f63691d78da32fc7be151c2377c4b8af&version_check=1 HTTP/1.1" 200 12687 "-" "Mozilla/5.0 (compatible; SemrushBot/7~bl; +http://www.semrush.com/bot.html)" "tekmedicgloves.com"
185.191.171.16 - - [26/Oct/2022:09:51:28 -0700] "GET /phpMyAdmin/setup/?token=0e4cfbc462b8a6aacda3abca70974948&version_check=1 HTTP/1.1" 200 12691 "-" "Mozilla/5.0 (compatible; SemrushBot/7~bl; +http://www.semrush.com/bot.html)" "www.tekmedicgloves.com"
185.191.171.11 - - [26/Oct/2022:09:51:52 -0700] "GET /phpMyAdmin/setup/?token=ef5544960aaf3357701457934391d280&version_check=1 HTTP/1.1" 200 12687 "-" "Mozilla/5.0 (compatible; SemrushBot/7~bl; +http://www.semrush.com/bot.html)" "tekmedicgloves.com"
185.191.171.22 - - [26/Oct/2022:09:52:04 -0700] "GET /phpMyAdmin/setup/?token=f1ab342473abc4208331e23753379694&version_check=1 HTTP/1.1" 200 12687 "-" "Mozilla/5.0 (compatible; SemrushBot/7~bl; +http://www.semrush.com/bot.html)" "tekmedicgloves.com"
185.191.171.10 - - [26/Oct/2022:09:52:07 -0700] "GET /phpMyAdmin/setup/?token=f97228404706f0dfd2ec3dd812a54c24&version_check=1 HTTP/1.1" 200 12687 "-" "Mozilla/5.0 (compatible; SemrushBot/7~bl; +http://www.semrush.com/bot.html)" "tekmedicgloves.com"
185.191.171.9 - - [26/Oct/2022:09:52:10 -0700] "GET /phpMyAdmin/setup/?token=15db4c8398871d1672fedf58a473d950&version_check=1 HTTP/1.1" 200 12687 "-" "Mozilla/5.0 (compatible; SemrushBot/7~bl; +http://www.semrush.com/bot.html)" "tekmedicgloves.com"
185.191.171.18 - - [26/Oct/2022:09:52:27 -0700] "GET /phpMyAdmin/setup/?token=04e8ef78c064a117c71887ec98b9577c&version_check=1 HTTP/1.1" 200 12687 "-" "Mozilla/5.0 (compatible; SemrushBot/7~bl; +http://www.semrush.com/bot.html)" "tekmedicgloves.com"
185.191.171.40 - - [26/Oct/2022:09:52:38 -0700] "GET /phpMyAdmin/setup/?token=f0b5863e4fe38ce58da7cba6ab25f955&version_check=1 HTTP/1.1" 200 12691 "-" "Mozilla/5.0 (compatible; SemrushBot/7~bl; +http://www.semrush.com/bot.html)" "www.tekmedicgloves.com"
185.191.171.7 - - [26/Oct/2022:09:52:39 -0700] "GET /phpMyAdmin/setup/?token=087e91eba3f18204f9803014e821edee&version_check=1 HTTP/1.1" 200 12691 "-" "Mozilla/5.0 (compatible; SemrushBot/7~bl; +http://www.semrush.com/bot.html)" "www.tekmedicgloves.com"
185.191.171.3 - - [26/Oct/2022:09:52:43 -0700] "GET /phpMyAdmin/setup/?token=f7e02df659c9d4a15546557a0d2f5039&version_check=1 HTTP/1.1" 200 12687 "-" "Mozilla/5.0 (compatible; SemrushBot/7~bl; +http://www.semrush.com/bot.html)" "tekmedicgloves.com"
185.191.171.13 - - [26/Oct/2022:09:52:45 -0700] "GET /phpMyAdmin/setup/?token=f46df16bf76321ed2d30c9a70f996fda&version_check=1 HTTP/1.1" 200 12687 "-" "Mozilla/5.0 (compatible; SemrushBot/7~bl; +http://www.semrush.com/bot.html)" "tekmedicgloves.com"
185.191.171.14 - - [26/Oct/2022:09:52:54 -0700] "GET /phpMyAdmin/setup/?token=eb0433f083d74869cc7242e8d5b6d128&version_check=1 HTTP/1.1" 200 12687 "-" "Mozilla/5.0 (compatible; SemrushBot/7~bl; +http://www.semrush.com/bot.html)" "tekmedicgloves.com"
185.191.171.26 - - [26/Oct/2022:09:53:07 -0700] "GET /phpMyAdmin/setup/?token=0663ae5543d2c50cf0a3c392d7b81bd3&version_check=1 HTTP/1.1" 200 12687 "-" "Mozilla/5.0 (compatible; SemrushBot/7~bl; +http://www.semrush.com/bot.html)" "tekmedicgloves.com"
185.191.171.24 - - [26/Oct/2022:09:53:29 -0700] "GET /phpMyAdmin/setup/?token=fb8e5fb891ba6aeed105dba33b255c5a&version_check=1 HTTP/1.1" 200 12691 "-" "Mozilla/5.0 (compatible; SemrushBot/7~bl; +http://www.semrush.com/bot.html)" "www.tekmedicgloves.com"
185.191.171.20 - - [26/Oct/2022:09:53:51 -0700] "GET /phpMyAdmin/setup/?token=e799f532034c92eb81f99b2a93386146&version_check=1 HTTP/1.1" 200 12687 "-" "Mozilla/5.0 (compatible; SemrushBot/7~bl; +http://www.semrush.com/bot.html)" "tekmedicgloves.com"
185.191.171.25 - - [26/Oct/2022:09:53:51 -0700] "GET /phpMyAdmin/setup/?token=0f855f9074f8e992952c6aea13c28271&version_check=1 HTTP/1.1" 200 12691 "-" "Mozilla/5.0 (compatible; SemrushBot/7~bl; +http://www.semrush.com/bot.html)" "www.tekmedicgloves.com"
185.191.171.7 - - [26/Oct/2022:09:54:10 -0700] "GET /phpMyAdmin/setup/?token=d33f9b74cc6e61b722d1c998c2aa79af&version_check=1 HTTP/1.1" 200 12691 "-" "Mozilla/5.0 (compatible; SemrushBot/7~bl; +http://www.semrush.com/bot.html)" "www.tekmedicgloves.com"
185.191.171.39 - - [26/Oct/2022:09:54:13 -0700] "GET /phpMyAdmin/setup/?token=d492b7fa1b65786151b4d1b51a91074a&version_check=1 HTTP/1.1" 200 12687 "-" "Mozilla/5.0 (compatible; SemrushBot/7~bl; +http://www.semrush.com/bot.html)" "tekmedicgloves.com"
185.191.171.41 - - [26/Oct/2022:09:54:18 -0700] "GET /phpMyAdmin/setup/?token=f0af826647113f67922bf8e81d23dc72&version_check=1 HTTP/1.1" 200 12687 "-" "Mozilla/5.0 (compatible; SemrushBot/7~bl; +http://www.semrush.com/bot.html)" "tekmedicgloves.com"
185.191.171.3 - - [26/Oct/2022:09:54:29 -0700] "GET /phpMyAdmin/setup/?token=f23ec2d81792e8376bfd072dd6ee763f&version_check=1 HTTP/1.1" 200 12691 "-" "Mozilla/5.0 (compatible; SemrushBot/7~bl; +http://www.semrush.com/bot.html)" "www.tekmedicgloves.com"
185.191.171.8 - - [26/Oct/2022:09:54:43 -0700] "GET /phpMyAdmin/setup/?token=00990665b646ab2bd86d9c00f383f807&version_check=1 HTTP/1.1" 200 12691 "-" "Mozilla/5.0 (compatible; SemrushBot/7~bl; +http://www.semrush.com/bot.html)" "www.tekmedicgloves.com"
185.191.171.18 - - [26/Oct/2022:09:54:48 -0700] "GET /phpMyAdmin/setup/?token=05ab3c37f2fa0c401e2ece0805a9c44d&version_check=1 HTTP/1.1" 200 12691 "-" "Mozilla/5.0 (compatible; SemrushBot/7~bl; +http://www.semrush.com/bot.html)" "www.tekmedicgloves.com"
185.191.171.42 - - [26/Oct/2022:09:54:55 -0700] "GET /phpMyAdmin/setup/?token=0c5a00aa5d547582746d2e1bbbee0339&version_check=1 HTTP/1.1" 200 12691 "-" "Mozilla/5.0 (compatible; SemrushBot/7~bl; +http://www.semrush.com/bot.html)" "www.tekmedicgloves.com"
185.191.171.7 - - [26/Oct/2022:09:55:01 -0700] "GET /phpMyAdmin/setup/?token=ec9f987fa81d00649cc98fdd3966bc99&version_check=1 HTTP/1.1" 200 12687 "-" "Mozilla/5.0 (compatible; SemrushBot/7~bl; +http://www.semrush.com/bot.html)" "tekmedicgloves.com"
185.191.171.40 - - [26/Oct/2022:09:55:38 -0700] "GET /phpMyAdmin/setup/?token=ddeeb5598a7867ecb7cdec7fc5d32e45&version_check=1 HTTP/1.1" 200 12687 "-" "Mozilla/5.0 (compatible; SemrushBot/7~bl; +http://www.semrush.com/bot.html)" "tekmedicgloves.com"
185.191.171.15 - - [26/Oct/2022:09:55:48 -0700] "GET /phpMyAdmin/setup/?token=b4ff80d94c37dd09b93b41b678f376ce&version_check=1 HTTP/1.1" 200 12691 "-" "Mozilla/5.0 (compatible; SemrushBot/7~bl; +http://www.semrush.com/bot.html)" "www.tekmedicgloves.com"
185.191.171.10 - - [26/Oct/2022:09:56:04 -0700] "GET /phpMyAdmin/setup/?token=d7cb1f350b6ff6791e463e8c7ae34cbf&version_check=1 HTTP/1.1" 200 12687 "-" "Mozilla/5.0 (compatible; SemrushBot/7~bl; +http://www.semrush.com/bot.html)" "tekmedicgloves.com"
185.191.171.43 - - [26/Oct/2022:09:57:27 -0700] "GET /phpMyAdmin/setup/?token=e5274dd2eb8a67d0cc28eb79e8216e56&version_check=1 HTTP/1.1" 200 12691 "-" "Mozilla/5.0 (compatible; SemrushBot/7~bl; +http://www.semrush.com/bot.html)" "www.tekmedicgloves.com"
185.191.171.14 - - [26/Oct/2022:09:57:44 -0700] "GET /phpMyAdmin/setup/?token=b44567d46d62ab6be0a028d2e0b1bbc0&version_check=1 HTTP/1.1" 200 12691 "-" "Mozilla/5.0 (compatible; SemrushBot/7~bl; +http://www.semrush.com/bot.html)" "www.tekmedicgloves.com"
185.191.171.42 - - [26/Oct/2022:09:57:46 -0700] "GET /phpMyAdmin/setup/?token=f628c482ee948ad6cea12f4b1a846c99&version_check=1 HTTP/1.1" 200 12687 "-" "Mozilla/5.0 (compatible; SemrushBot/7~bl; +http://www.semrush.com/bot.html)" "tekmedicgloves.com"
185.191.171.9 - - [26/Oct/2022:09:57:55 -0700] "GET /phpMyAdmin/setup/?token=f3043a9c96f3741bc47dcd072d98ad31&version_check=1 HTTP/1.1" 200 12691 "-" "Mozilla/5.0 (compatible; SemrushBot/7~bl; +http://www.semrush.com/bot.html)" "www.tekmedicgloves.com"
185.191.171.40 - - [26/Oct/2022:09:57:57 -0700] "GET /phpMyAdmin/setup/?token=d868f65b1874e74f1d68274b35b06bbe&version_check=1 HTTP/1.1" 200 12687 "-" "Mozilla/5.0 (compatible; SemrushBot/7~bl; +http://www.semrush.com/bot.html)" "tekmedicgloves.com"
185.191.171.33 - - [26/Oct/2022:09:58:00 -0700] "GET /phpMyAdmin/setup/?token=fb04493236d25c00405745c6cdc2ac07&version_check=1 HTTP/1.1" 200 12687 "-" "Mozilla/5.0 (compatible; SemrushBot/7~bl; +http://www.semrush.com/bot.html)" "tekmedicgloves.com"
185.191.171.33 - - [26/Oct/2022:09:58:02 -0700] "GET /phpMyAdmin/setup/?token=e92625714bd4c94e1e3425922a64deef&version_check=1 HTTP/1.1" 200 12691 "-" "Mozilla/5.0 (compatible; SemrushBot/7~bl; +http://www.semrush.com/bot.html)" "www.tekmedicgloves.com"
185.191.171.3 - - [26/Oct/2022:09:58:03 -0700] "GET /phpMyAdmin/setup/?token=c885ef79887ba19d3595e71b31141a41&version_check=1 HTTP/1.1" 200 12691 "-" "Mozilla/5.0 (compatible; SemrushBot/7~bl; +http://www.semrush.com/bot.html)" "www.tekmedicgloves.com"
185.191.171.23 - - [26/Oct/2022:09:59:00 -0700] "GET /phpMyAdmin/setup/?token=fa8c398744b7c8a4cfe9e11f98504981&version_check=1 HTTP/1.1" 200 12691 "-" "Mozilla/5.0 (compatible; SemrushBot/7~bl; +http://www.semrush.com/bot.html)" "www.tekmedicgloves.com"
185.191.171.22 - - [26/Oct/2022:09:59:16 -0700] "GET /phpMyAdmin/setup/?token=f1d86f0cbd9ed97f51ef36eb26a62a77&version_check=1 HTTP/1.1" 200 12687 "-" "Mozilla/5.0 (compatible; SemrushBot/7~bl; +http://www.semrush.com/bot.html)" "tekmedicgloves.com"
185.191.171.23 - - [26/Oct/2022:09:59:51 -0700] "GET /phpMyAdmin/setup/?token=06d8a3159b8dbc065ea9aca5af0129ba&version_check=1 HTTP/1.1" 200 12691 "-" "Mozilla/5.0 (compatible; SemrushBot/7~bl; +http://www.semrush.com/bot.html)" "www.tekmedicgloves.com"
185.191.171.25 - - [26/Oct/2022:09:59:56 -0700] "GET /phpMyAdmin/setup/?token=028ee545e3231c8c9a01932f83da9245&version_check=1 HTTP/1.1" 200 12691 "-" "Mozilla/5.0 (compatible; SemrushBot/7~bl; +http://www.semrush.com/bot.html)" "www.tekmedicgloves.com"
185.191.171.26 - - [26/Oct/2022:10:00:11 -0700] "GET /phpMyAdmin/setup/?token=ef9877a1d69924593d7a38f9c7010b5f&version_check=1 HTTP/1.1" 200 12687 "-" "Mozilla/5.0 (compatible; SemrushBot/7~bl; +http://www.semrush.com/bot.html)" "tekmedicgloves.com"
185.191.171.15 - - [26/Oct/2022:10:00:17 -0700] "GET /phpMyAdmin/setup/?token=dc58f87e528f2680678f73c3d7f5aa38&version_check=1 HTTP/1.1" 200 12687 "-" "Mozilla/5.0 (compatible; SemrushBot/7~bl; +http://www.semrush.com/bot.html)" "tekmedicgloves.com"
185.191.171.40 - - [26/Oct/2022:10:00:26 -0700] "GET /phpMyAdmin/setup/?token=d884ddd79e5126c6403c26005d599fed&version_check=1 HTTP/1.1" 200 12687 "-" "Mozilla/5.0 (compatible; SemrushBot/7~bl; +http://www.semrush.com/bot.html)" "tekmedicgloves.com"
185.191.171.22 - - [26/Oct/2022:10:00:27 -0700] "GET /phpMyAdmin/setup/?token=eb1b9df3f204ed55fb2a7736a2998b77&version_check=1 HTTP/1.1" 200 12687 "-" "Mozilla/5.0 (compatible; SemrushBot/7~bl; +http://www.semrush.com/bot.html)" "tekmedicgloves.com"
185.191.171.17 - - [26/Oct/2022:10:00:47 -0700] "GET /phpMyAdmin/setup/?token=084b54293580143e5c798c82e10095c5&version_check=1 HTTP/1.1" 200 12691 "-" "Mozilla/5.0 (compatible; SemrushBot/7~bl; +http://www.semrush.com/bot.html)" "www.tekmedicgloves.com"
185.191.171.39 - - [26/Oct/2022:10:00:51 -0700] "GET /phpMyAdmin/setup/?token=d37a1543637c79733bff758fc3d81122&version_check=1 HTTP/1.1" 200 12691 "-" "Mozilla/5.0 (compatible; SemrushBot/7~bl; +http://www.semrush.com/bot.html)" "www.tekmedicgloves.com"
185.191.171.34 - - [26/Oct/2022:10:00:52 -0700] "GET /phpMyAdmin/setup/?token=e52f64f521daa9ee5792131a1a2e9dbe&version_check=1 HTTP/1.1" 200 12687 "-" "Mozilla/5.0 (compatible; SemrushBot/7~bl; +http://www.semrush.com/bot.html)" "tekmedicgloves.com"
185.191.171.16 - - [26/Oct/2022:10:01:03 -0700] "GET /phpMyAdmin/setup/?token=039b7d87aeb2b823b05672f105cd3b3f&version_check=1 HTTP/1.1" 200 12687 "-" "Mozilla/5.0 (compatible; SemrushBot/7~bl; +http://www.semrush.com/bot.html)" "tekmedicgloves.com"
185.191.171.37 - - [26/Oct/2022:10:01:03 -0700] "GET /phpMyAdmin/setup/?token=b92c1b4376303b5147a1c31a0805b92b&version_check=1 HTTP/1.1" 200 12691 "-" "Mozilla/5.0 (compatible; SemrushBot/7~bl; +http://www.semrush.com/bot.html)" "www.tekmedicgloves.com"
185.191.171.24 - - [26/Oct/2022:10:01:13 -0700] "GET /phpMyAdmin/setup/?token=e30c4151f046ccc98b8c832653cf6f3c&version_check=1 HTTP/1.1" 200 12687 "-" "Mozilla/5.0 (compatible; SemrushBot/7~bl; +http://www.semrush.com/bot.html)" "tekmedicgloves.com"
185.191.171.4 - - [26/Oct/2022:10:01:24 -0700] "GET /phpMyAdmin/setup/?token=0ee80dbc97363fe9dd1fe41165fa97ba&version_check=1 HTTP/1.1" 200 12691 "-" "Mozilla/5.0 (compatible; SemrushBot/7~bl; +http://www.semrush.com/bot.html)" "www.tekmedicgloves.com"
185.191.171.20 - - [26/Oct/2022:10:01:36 -0700] "GET /phpMyAdmin/setup/?token=dc55e78515cd436a2b0f1625be8eaf09&version_check=1 HTTP/1.1" 200 12687 "-" "Mozilla/5.0 (compatible; SemrushBot/7~bl; +http://www.semrush.com/bot.html)" "tekmedicgloves.com"
185.191.171.23 - - [26/Oct/2022:10:01:46 -0700] "GET /phpMyAdmin/setup/?token=0bf4fa8a931a1bdbca111cda8da13c9d&version_check=1 HTTP/1.1" 200 12691 "-" "Mozilla/5.0 (compatible; SemrushBot/7~bl; +http://www.semrush.com/bot.html)" "www.tekmedicgloves.com"
185.191.171.44 - - [26/Oct/2022:10:01:48 -0700] "GET /phpMyAdmin/setup/?token=ba4293f5f9a7f25d356307469e8ad798&version_check=1 HTTP/1.1" 200 12691 "-" "Mozilla/5.0 (compatible; SemrushBot/7~bl; +http://www.semrush.com/bot.html)" "www.tekmedicgloves.com"
185.191.171.21 - - [26/Oct/2022:10:01:49 -0700] "GET /phpMyAdmin/setup/?token=e7d7361012b4c322dabb144d444a95d8&version_check=1 HTTP/1.1" 200 12687 "-" "Mozilla/5.0 (compatible; SemrushBot/7~bl; +http://www.semrush.com/bot.html)" "tekmedicgloves.com"
185.191.171.23 - - [26/Oct/2022:10:02:19 -0700] "GET /phpMyAdmin/setup/?token=e79801279099ae0af6974a6c30a421c7&version_check=1 HTTP/1.1" 200 12691 "-" "Mozilla/5.0 (compatible; SemrushBot/7~bl; +http://www.semrush.com/bot.html)" "www.tekmedicgloves.com"
185.191.171.19 - - [26/Oct/2022:10:02:45 -0700] "GET /phpMyAdmin/setup/?token=fc60510eef1f16d9ba7e3d8f70f94a7f&version_check=1 HTTP/1.1" 200 12691 "-" "Mozilla/5.0 (compatible; SemrushBot/7~bl; +http://www.semrush.com/bot.html)" "www.tekmedicgloves.com"
185.191.171.25 - - [26/Oct/2022:10:03:22 -0700] "GET /phpMyAdmin/setup/?token=c92e7fbfc633ae0c305b69281a0d8743&version_check=1 HTTP/1.1" 200 12691 "-" "Mozilla/5.0 (compatible; SemrushBot/7~bl; +http://www.semrush.com/bot.html)" "www.tekmedicgloves.com"
185.191.171.25 - - [26/Oct/2022:10:03:24 -0700] "GET /phpMyAdmin/setup/?token=df7a8e06ec7042658a0dbafea5dfed2b&version_check=1 HTTP/1.1" 200 12687 "-" "Mozilla/5.0 (compatible; SemrushBot/7~bl; +http://www.semrush.com/bot.html)" "tekmedicgloves.com"
185.191.171.26 - - [26/Oct/2022:10:03:41 -0700] "GET /phpMyAdmin/setup/?token=dcd257777d6beb36720b2287e88ddff2&version_check=1 HTTP/1.1" 200 12687 "-" "Mozilla/5.0 (compatible; SemrushBot/7~bl; +http://www.semrush.com/bot.html)" "tekmedicgloves.com"
185.191.171.14 - - [26/Oct/2022:10:03:43 -0700] "GET /phpMyAdmin/setup/?token=dd3401c2308bad4da6e504187f4e3a5e&version_check=1 HTTP/1.1" 200 12687 "-" "Mozilla/5.0 (compatible; SemrushBot/7~bl; +http://www.semrush.com/bot.html)" "tekmedicgloves.com"
185.191.171.2 - - [26/Oct/2022:10:03:48 -0700] "GET /phpMyAdmin/setup/?token=e2dcaa2f5d58ad83f49f03e04dcd63f8&version_check=1 HTTP/1.1" 200 12687 "-" "Mozilla/5.0 (compatible; SemrushBot/7~bl; +http://www.semrush.com/bot.html)" "tekmedicgloves.com"
185.191.171.25 - - [26/Oct/2022:10:03:57 -0700] "GET /phpMyAdmin/setup/?token=d00394c75918ff3c6d565dfe8103a5bf&version_check=1 HTTP/1.1" 200 12691 "-" "Mozilla/5.0 (compatible; SemrushBot/7~bl; +http://www.semrush.com/bot.html)" "www.tekmedicgloves.com"
185.191.171.26 - - [26/Oct/2022:10:04:49 -0700] "GET /phpMyAdmin/setup/?token=da9d8167c5eb357b21c493c3e1155785&version_check=1 HTTP/1.1" 200 12687 "-" "Mozilla/5.0 (compatible; SemrushBot/7~bl; +http://www.semrush.com/bot.html)" "tekmedicgloves.com"
185.191.171.2 - - [26/Oct/2022:10:05:01 -0700] "GET /phpMyAdmin/setup/?token=c158ab22222e25569cbdab9248695bad&version_check=1 HTTP/1.1" 200 12691 "-" "Mozilla/5.0 (compatible; SemrushBot/7~bl; +http://www.semrush.com/bot.html)" "www.tekmedicgloves.com"
185.191.171.37 - - [26/Oct/2022:10:05:15 -0700] "GET /phpMyAdmin/setup/?token=eba8544aeb4a54cbc6860e3bb15512d6&version_check=1 HTTP/1.1" 200 12691 "-" "Mozilla/5.0 (compatible; SemrushBot/7~bl; +http://www.semrush.com/bot.html)" "www.tekmedicgloves.com"
185.191.171.38 - - [26/Oct/2022:10:05:41 -0700] "GET /phpMyAdmin/setup/?token=f041036565eff0f1f907a7bbb6c831a1&version_check=1 HTTP/1.1" 200 12687 "-" "Mozilla/5.0 (compatible; SemrushBot/7~bl; +http://www.semrush.com/bot.html)" "tekmedicgloves.com"
185.191.171.33 - - [26/Oct/2022:10:06:07 -0700] "GET /phpMyAdmin/setup/?token=d601303fbc883982780eaec4c758efa5&version_check=1 HTTP/1.1" 200 12687 "-" "Mozilla/5.0 (compatible; SemrushBot/7~bl; +http://www.semrush.com/bot.html)" "tekmedicgloves.com"
185.191.171.22 - - [26/Oct/2022:10:06:11 -0700] "GET /phpMyAdmin/setup/?token=f4e95616e19d758a37086ebd00b2bfb1&version_check=1 HTTP/1.1" 200 12691 "-" "Mozilla/5.0 (compatible; SemrushBot/7~bl; +http://www.semrush.com/bot.html)" "www.tekmedicgloves.com"
185.191.171.43 - - [26/Oct/2022:10:06:12 -0700] "GET /phpMyAdmin/setup/?token=e3580f2bc939e0c7100ca9902e45c19a&version_check=1 HTTP/1.1" 200 12687 "-" "Mozilla/5.0 (compatible; SemrushBot/7~bl; +http://www.semrush.com/bot.html)" "tekmedicgloves.com"
185.191.171.21 - - [26/Oct/2022:10:06:14 -0700] "GET /phpMyAdmin/setup/?token=02dbb4943b21fb444d50b35247f205f1&version_check=1 HTTP/1.1" 200 12691 "-" "Mozilla/5.0 (compatible; SemrushBot/7~bl; +http://www.semrush.com/bot.html)" "www.tekmedicgloves.com"
207.46.13.88 - - [26/Oct/2022:10:06:30 -0700] "GET /beta/products.php?cat=23&subcat=40 HTTP/1.1" 200 35448 "-" "Mozilla/5.0 AppleWebKit/537.36 (KHTML, like Gecko; compatible; bingbot/2.0; +http://www.bing.com/bingbot.htm) Chrome/103.0.5060.134 Safari/537.36" "tekmedicgloves.com"
207.46.13.159 - - [26/Oct/2022:10:06:43 -0700] "GET /beta/wp-content/plugins/cherry-plugin/lib/js/jquery.easing.1.3.js HTTP/1.1" 200 814 "-" "Mozilla/5.0 AppleWebKit/537.36 (KHTML, like Gecko; compatible; bingbot/2.0; +http://www.bing.com/bingbot.htm) Chrome/103.0.5060.134 Safari/537.36" "tekmedicgloves.com"
207.46.13.159 - - [26/Oct/2022:10:06:44 -0700] "GET /beta/wp-content/plugins/cherry-plugin/lib/js/owl-carousel/owl.carousel.css HTTP/1.1" 200 1119 "-" "Mozilla/5.0 (compatible; bingbot/2.0; +http://www.bing.com/bingbot.htm)" "tekmedicgloves.com"
207.46.13.159 - - [26/Oct/2022:10:06:44 -0700] "GET /beta/wp-content/themes/CherryFramework/js/jquery.ba-resize.min.js HTTP/1.1" 200 616 "-" "Mozilla/5.0 (compatible; bingbot/2.0; +http://www.bing.com/bingbot.htm)" "tekmedicgloves.com"
207.46.13.159 - - [26/Oct/2022:10:06:44 -0700] "GET /beta/wp-content/themes/theme48838/bootstrap/css/bootstrap.css HTTP/1.1" 200 15793 "-" "Mozilla/5.0 AppleWebKit/537.36 (KHTML, like Gecko; compatible; bingbot/2.0; +http://www.bing.com/bingbot.htm) Chrome/103.0.5060.134 Safari/537.36" "tekmedicgloves.com"
207.46.13.159 - - [26/Oct/2022:10:06:44 -0700] "GET /beta/wp-content/themes/theme48838/bootstrap/css/responsive.css HTTP/1.1" 200 4226 "-" "Mozilla/5.0 (compatible; bingbot/2.0; +http://www.bing.com/bingbot.htm)" "tekmedicgloves.com"
207.46.13.159 - - [26/Oct/2022:10:06:44 -0700] "GET /beta/wp-includes/js/swfobject.js HTTP/1.1" 404 88 "-" "Mozilla/5.0 (compatible; bingbot/2.0; +http://www.bing.com/bingbot.htm)" "tekmedicgloves.com"
185.191.171.2 - - [26/Oct/2022:10:06:45 -0700] "GET /phpMyAdmin/setup/?token=ea5c318e0629dc6d3de56b234368c501&version_check=1 HTTP/1.1" 200 12691 "-" "Mozilla/5.0 (compatible; SemrushBot/7~bl; +http://www.semrush.com/bot.html)" "www.tekmedicgloves.com"
157.55.39.207 - - [26/Oct/2022:10:06:49 -0700] "GET /beta/wp-content/plugins/cherry-plugin/lib/js/elasti-carousel/jquery.elastislide.js HTTP/1.1" 200 1963 "-" "Mozilla/5.0 AppleWebKit/537.36 (KHTML, like Gecko; compatible; bingbot/2.0; +http://www.bing.com/bingbot.htm) Chrome/103.0.5060.134 Safari/537.36" "tekmedicgloves.com"
157.55.39.207 - - [26/Oct/2022:10:06:49 -0700] "GET /beta/wp-content/plugins/contact-form-7/includes/js/jquery.form.min.js HTTP/1.1" 200 5878 "-" "Mozilla/5.0 (compatible; bingbot/2.0; +http://www.bing.com/bingbot.htm)" "tekmedicgloves.com"
157.55.39.207 - - [26/Oct/2022:10:06:49 -0700] "GET /beta/wp-content/themes/CherryFramework/js/camera.min.js HTTP/1.1" 200 8551 "-" "Mozilla/5.0 (compatible; bingbot/2.0; +http://www.bing.com/bingbot.htm)" "tekmedicgloves.com"
157.55.39.207 - - [26/Oct/2022:10:06:49 -0700] "GET /beta/wp-content/themes/CherryFramework/js/jflickrfeed.js HTTP/1.1" 200 560 "-" "Mozilla/5.0 AppleWebKit/537.36 (KHTML, like Gecko; compatible; bingbot/2.0; +http://www.bing.com/bingbot.htm) Chrome/103.0.5060.134 Safari/537.36" "tekmedicgloves.com"
207.46.13.88 - - [26/Oct/2022:10:06:53 -0700] "GET /beta/wp-content/plugins/cherry-plugin/includes/css/cherry-plugin.css HTTP/1.1" 200 4752 "-" "Mozilla/5.0 AppleWebKit/537.36 (KHTML, like Gecko; compatible; bingbot/2.0; +http://www.bing.com/bingbot.htm) Chrome/103.0.5060.134 Safari/537.36" "tekmedicgloves.com"
207.46.13.88 - - [26/Oct/2022:10:06:54 -0700] "GET /beta/wp-content/plugins/contact-form-7/includes/css/styles.css HTTP/1.1" 200 392 "-" "Mozilla/5.0 (compatible; bingbot/2.0; +http://www.bing.com/bingbot.htm)" "tekmedicgloves.com"
207.46.13.88 - - [26/Oct/2022:10:06:54 -0700] "GET /beta/wp-content/themes/CherryFramework/bootstrap/js/bootstrap.min.js HTTP/1.1" 200 7654 "-" "Mozilla/5.0 AppleWebKit/537.36 (KHTML, like Gecko; compatible; bingbot/2.0; +http://www.bing.com/bingbot.htm) Chrome/103.0.5060.134 Safari/537.36" "tekmedicgloves.com"
207.46.13.88 - - [26/Oct/2022:10:06:54 -0700] "GET /beta/wp-content/themes/CherryFramework/js/jplayer.playlist.min.js HTTP/1.1" 200 2404 "-" "Mozilla/5.0 AppleWebKit/537.36 (KHTML, like Gecko; compatible; bingbot/2.0; +http://www.bing.com/bingbot.htm) Chrome/103.0.5060.134 Safari/537.36" "tekmedicgloves.com"
207.46.13.88 - - [26/Oct/2022:10:06:54 -0700] "GET /beta/wp-content/themes/CherryFramework/js/jquery.jplayer.min.js HTTP/1.1" 200 11945 "-" "Mozilla/5.0 (compatible; bingbot/2.0; +http://www.bing.com/bingbot.htm)" "tekmedicgloves.com"
207.46.13.171 - - [26/Oct/2022:10:06:54 -0700] "GET /beta/wp-content/themes/CherryFramework/js/custom.js HTTP/1.1" 200 2131 "-" "Mozilla/5.0 (compatible; bingbot/2.0; +http://www.bing.com/bingbot.htm)" "tekmedicgloves.com"
185.191.171.20 - - [26/Oct/2022:10:07:02 -0700] "GET /phpMyAdmin/setup/?token=0912002bea2810abc9165632e7375c5c&version_check=1 HTTP/1.1" 200 12691 "-" "Mozilla/5.0 (compatible; SemrushBot/7~bl; +http://www.semrush.com/bot.html)" "www.tekmedicgloves.com"
157.55.39.179 - - [26/Oct/2022:10:07:02 -0700] "GET /beta/wp-content/plugins/cherry-plugin/lib/js/owl-carousel/owl.theme.css HTTP/1.1" 200 606 "-" "Mozilla/5.0 (compatible; bingbot/2.0; +http://www.bing.com/bingbot.htm)" "tekmedicgloves.com"
157.55.39.179 - - [26/Oct/2022:10:07:03 -0700] "GET /beta/wp-content/plugins/contact-form-7/includes/js/scripts.js HTTP/1.1" 200 1850 "-" "Mozilla/5.0 AppleWebKit/537.36 (KHTML, like Gecko; compatible; bingbot/2.0; +http://www.bing.com/bingbot.htm) Chrome/103.0.5060.134 Safari/537.36" "tekmedicgloves.com"
157.55.39.179 - - [26/Oct/2022:10:07:03 -0700] "GET /beta/wp-content/themes/CherryFramework/js/jquery.debouncedresize.js HTTP/1.1" 200 226 "-" "Mozilla/5.0 (compatible; bingbot/2.0; +http://www.bing.com/bingbot.htm)" "tekmedicgloves.com"
157.55.39.179 - - [26/Oct/2022:10:07:03 -0700] "GET /beta/wp-content/themes/CherryFramework/js/jquery.mobile.customized.min.js HTTP/1.1" 200 6409 "-" "Mozilla/5.0 AppleWebKit/537.36 (KHTML, like Gecko; compatible; bingbot/2.0; +http://www.bing.com/bingbot.htm) Chrome/103.0.5060.134 Safari/537.36" "tekmedicgloves.com"
157.55.39.179 - - [26/Oct/2022:10:07:03 -0700] "GET /beta/wp-content/themes/theme48838/style.css HTTP/1.1" 200 243 "-" "Mozilla/5.0 AppleWebKit/537.36 (KHTML, like Gecko; compatible; bingbot/2.0; +http://www.bing.com/bingbot.htm) Chrome/103.0.5060.134 Safari/537.36" "tekmedicgloves.com"
157.55.39.179 - - [26/Oct/2022:10:07:03 -0700] "GET /beta/wp-includes/js/comment-reply.min.js HTTP/1.1" 404 88 "-" "Mozilla/5.0 (compatible; bingbot/2.0; +http://www.bing.com/bingbot.htm)" "tekmedicgloves.com"
185.191.171.26 - - [26/Oct/2022:10:07:07 -0700] "GET /phpMyAdmin/setup/?token=e13d0fe445c21978c1e01aec45d4daaa&version_check=1 HTTP/1.1" 200 12687 "-" "Mozilla/5.0 (compatible; SemrushBot/7~bl; +http://www.semrush.com/bot.html)" "tekmedicgloves.com"
40.77.167.14 - - [26/Oct/2022:10:07:08 -0700] "GET /beta/wp-content/plugins/cherry-plugin/includes/js/cherry-plugin.js HTTP/1.1" 200 438 "-" "Mozilla/5.0 (compatible; bingbot/2.0; +http://www.bing.com/bingbot.htm)" "tekmedicgloves.com"
40.77.167.14 - - [26/Oct/2022:10:07:08 -0700] "GET /beta/wp-content/plugins/cherry-plugin/lib/js/FlexSlider/flexslider.css HTTP/1.1" 200 1323 "-" "Mozilla/5.0 (compatible; bingbot/2.0; +http://www.bing.com/bingbot.htm)" "tekmedicgloves.com"
40.77.167.14 - - [26/Oct/2022:10:07:08 -0700] "GET /beta/wp-content/plugins/cherry-plugin/lib/js/FlexSlider/jquery.flexslider-min.js HTTP/1.1" 200 5177 "-" "Mozilla/5.0 AppleWebKit/537.36 (KHTML, like Gecko; compatible; bingbot/2.0; +http://www.bing.com/bingbot.htm) Chrome/103.0.5060.134 Safari/537.36" "tekmedicgloves.com"
40.77.167.14 - - [26/Oct/2022:10:07:08 -0700] "GET /beta/wp-content/themes/CherryFramework/css/camera.css HTTP/1.1" 200 3117 "-" "Mozilla/5.0 AppleWebKit/537.36 (KHTML, like Gecko; compatible; bingbot/2.0; +http://www.bing.com/bingbot.htm) Chrome/103.0.5060.134 Safari/537.36" "tekmedicgloves.com"
40.77.167.14 - - [26/Oct/2022:10:07:08 -0700] "GET /beta/wp-content/themes/CherryFramework/css/magnific-popup.css HTTP/1.1" 200 2166 "-" "Mozilla/5.0 (compatible; bingbot/2.0; +http://www.bing.com/bingbot.htm)" "tekmedicgloves.com"
40.77.167.14 - - [26/Oct/2022:10:07:08 -0700] "GET /beta/wp-content/themes/CherryFramework/js/jquery-1.7.2.min.js HTTP/1.1" 200 33630 "-" "Mozilla/5.0 AppleWebKit/537.36 (KHTML, like Gecko; compatible; bingbot/2.0; +http://www.bing.com/bingbot.htm) Chrome/103.0.5060.134 Safari/537.36" "tekmedicgloves.com"
40.77.167.14 - - [26/Oct/2022:10:07:08 -0700] "GET /beta/wp-content/themes/CherryFramework/js/jquery.magnific-popup.min.js HTTP/1.1" 200 7493 "-" "Mozilla/5.0 AppleWebKit/537.36 (KHTML, like Gecko; compatible; bingbot/2.0; +http://www.bing.com/bingbot.htm) Chrome/103.0.5060.134 Safari/537.36" "tekmedicgloves.com"
40.77.167.14 - - [26/Oct/2022:10:07:08 -0700] "GET /beta/wp-content/themes/CherryFramework/js/jquery.mobilemenu.js HTTP/1.1" 200 908 "-" "Mozilla/5.0 AppleWebKit/537.36 (KHTML, like Gecko; compatible; bingbot/2.0; +http://www.bing.com/bingbot.htm) Chrome/103.0.5060.134 Safari/537.36" "tekmedicgloves.com"
185.191.171.26 - - [26/Oct/2022:10:07:09 -0700] "GET /phpMyAdmin/setup/?token=c91e7da21babce9c61d2f3f2f9d702a5&version_check=1 HTTP/1.1" 200 12691 "-" "Mozilla/5.0 (compatible; SemrushBot/7~bl; +http://www.semrush.com/bot.html)" "www.tekmedicgloves.com"
207.46.13.171 - - [26/Oct/2022:10:07:16 -0700] "GET /beta/wp-content/themes/CherryFramework/js/modernizr.js HTTP/1.1" 200 5141 "-" "Mozilla/5.0 (compatible; bingbot/2.0; +http://www.bing.com/bingbot.htm)" "tekmedicgloves.com"
185.191.171.5 - - [26/Oct/2022:10:07:15 -0700] "GET /phpMyAdmin/setup/?token=f8ba96a192f60f43c4108d78da8d119d&version_check=1 HTTP/1.1" 200 12687 "-" "Mozilla/5.0 (compatible; SemrushBot/7~bl; +http://www.semrush.com/bot.html)" "tekmedicgloves.com"
207.46.13.171 - - [26/Oct/2022:10:07:16 -0700] "GET /beta/wp-content/themes/theme48838/main-style.css HTTP/1.1" 200 4849 "-" "Mozilla/5.0 (compatible; bingbot/2.0; +http://www.bing.com/bingbot.htm)" "tekmedicgloves.com"
185.191.171.3 - - [26/Oct/2022:10:07:21 -0700] "GET /phpMyAdmin/setup/?token=d9564b09c660eab2be21ecd8c621d79e&version_check=1 HTTP/1.1" 200 12687 "-" "Mozilla/5.0 (compatible; SemrushBot/7~bl; +http://www.semrush.com/bot.html)" "tekmedicgloves.com"
185.191.171.23 - - [26/Oct/2022:10:07:22 -0700] "GET /phpMyAdmin/setup/?token=0adf54c8c10a795b2da32dad24b2b104&version_check=1 HTTP/1.1" 200 12691 "-" "Mozilla/5.0 (compatible; SemrushBot/7~bl; +http://www.semrush.com/bot.html)" "www.tekmedicgloves.com"
185.191.171.25 - - [26/Oct/2022:10:07:41 -0700] "GET /phpMyAdmin/setup/?token=03dbb2880f012365405c1ee20caaf484&version_check=1 HTTP/1.1" 200 12687 "-" "Mozilla/5.0 (compatible; SemrushBot/7~bl; +http://www.semrush.com/bot.html)" "tekmedicgloves.com"
