185.191.171.9 - - [26/Oct/2022:01:39:39 -0700] "GET /phpMyAdmin/setup/?token=d7fd1ea36ba8fcfb38bf7e4bf94877d3&version_check=1 HTTP/1.1" 200 12687 "-" "Mozilla/5.0 (compatible; SemrushBot/7~bl; +http://www.semrush.com/bot.html)" "tekmedicgloves.com"
185.191.171.7 - - [26/Oct/2022:01:39:40 -0700] "GET /phpMyAdmin/setup/?token=d1846c8cb7c590b460619815f0ade682&version_check=1 HTTP/1.1" 200 12691 "-" "Mozilla/5.0 (compatible; SemrushBot/7~bl; +http://www.semrush.com/bot.html)" "www.tekmedicgloves.com"
185.191.171.3 - - [26/Oct/2022:01:39:47 -0700] "GET /phpMyAdmin/setup/?token=d6c60e6e9bf8fb7d7ffbe7cb8908215a&version_check=1 HTTP/1.1" 200 12691 "-" "Mozilla/5.0 (compatible; SemrushBot/7~bl; +http://www.semrush.com/bot.html)" "www.tekmedicgloves.com"
185.191.171.40 - - [26/Oct/2022:01:39:49 -0700] "GET /phpMyAdmin/setup/?token=013dcf46006fd12cde3edc33343f90a2&version_check=1 HTTP/1.1" 200 12687 "-" "Mozilla/5.0 (compatible; SemrushBot/7~bl; +http://www.semrush.com/bot.html)" "tekmedicgloves.com"
185.191.171.42 - - [26/Oct/2022:01:40:36 -0700] "GET /phpMyAdmin/setup/?token=d9cf22ea15b356c8733c17b703e0a3b9&version_check=1 HTTP/1.1" 200 12687 "-" "Mozilla/5.0 (compatible; SemrushBot/7~bl; +http://www.semrush.com/bot.html)" "tekmedicgloves.com"
185.191.171.6 - - [26/Oct/2022:01:40:39 -0700] "GET /phpMyAdmin/setup/?token=e8dd99ae3d3a911f6784024c59216e2e&version_check=1 HTTP/1.1" 200 12691 "-" "Mozilla/5.0 (compatible; SemrushBot/7~bl; +http://www.semrush.com/bot.html)" "www.tekmedicgloves.com"
185.191.171.38 - - [26/Oct/2022:01:41:05 -0700] "GET /phpMyAdmin/setup/?token=e0eee76cc9fef260be321732f96bebd1&version_check=1 HTTP/1.1" 200 12687 "-" "Mozilla/5.0 (compatible; SemrushBot/7~bl; +http://www.semrush.com/bot.html)" "tekmedicgloves.com"
185.191.171.38 - - [26/Oct/2022:01:41:07 -0700] "GET /phpMyAdmin/setup/?token=0cc70bf77ca8085b553f5bbc0c02e821&version_check=1 HTTP/1.1" 200 12691 "-" "Mozilla/5.0 (compatible; SemrushBot/7~bl; +http://www.semrush.com/bot.html)" "www.tekmedicgloves.com"
185.191.171.5 - - [26/Oct/2022:01:41:17 -0700] "GET /phpMyAdmin/setup/?token=f816a86b17f6317bfe5595c4bdcaec0a&version_check=1 HTTP/1.1" 200 12691 "-" "Mozilla/5.0 (compatible; SemrushBot/7~bl; +http://www.semrush.com/bot.html)" "www.tekmedicgloves.com"
185.191.171.4 - - [26/Oct/2022:01:41:43 -0700] "GET /phpMyAdmin/setup/?token=e73af02bd7a2eb78baae6a1296445287&version_check=1 HTTP/1.1" 200 12687 "-" "Mozilla/5.0 (compatible; SemrushBot/7~bl; +http://www.semrush.com/bot.html)" "tekmedicgloves.com"
185.191.171.11 - - [26/Oct/2022:01:42:09 -0700] "GET /phpMyAdmin/setup/?token=ec13c41870ea006159b7baf40c12a261&version_check=1 HTTP/1.1" 200 12691 "-" "Mozilla/5.0 (compatible; SemrushBot/7~bl; +http://www.semrush.com/bot.html)" "www.tekmedicgloves.com"
185.191.171.40 - - [26/Oct/2022:01:42:21 -0700] "GET /phpMyAdmin/setup/?token=c441b139f74ddc5e43d16db48eef94d5&version_check=1 HTTP/1.1" 200 12691 "-" "Mozilla/5.0 (compatible; SemrushBot/7~bl; +http://www.semrush.com/bot.html)" "www.tekmedicgloves.com"
185.191.171.40 - - [26/Oct/2022:01:42:36 -0700] "GET /phpMyAdmin/setup/?token=d7fbd08c565418ac18841a1acf930a25&version_check=1 HTTP/1.1" 200 12687 "-" "Mozilla/5.0 (compatible; SemrushBot/7~bl; +http://www.semrush.com/bot.html)" "tekmedicgloves.com"
185.191.171.7 - - [26/Oct/2022:01:42:55 -0700] "GET /phpMyAdmin/setup/?token=e4f5e349043b0835827d48725fe55651&version_check=1 HTTP/1.1" 200 12691 "-" "Mozilla/5.0 (compatible; SemrushBot/7~bl; +http://www.semrush.com/bot.html)" "www.tekmedicgloves.com"
185.191.171.21 - - [26/Oct/2022:01:43:00 -0700] "GET /phpMyAdmin/setup/?token=f843548fe0195db801910a2f0e493767&version_check=1 HTTP/1.1" 200 12687 "-" "Mozilla/5.0 (compatible; SemrushBot/7~bl; +http://www.semrush.com/bot.html)" "tekmedicgloves.com"
185.191.171.9 - - [26/Oct/2022:01:43:31 -0700] "GET /phpMyAdmin/setup/?token=00bf486921e833882685f9114208c480&version_check=1 HTTP/1.1" 200 12691 "-" "Mozilla/5.0 (compatible; SemrushBot/7~bl; +http://www.semrush.com/bot.html)" "www.tekmedicgloves.com"
185.191.171.40 - - [26/Oct/2022:01:43:43 -0700] "GET /phpMyAdmin/setup/?token=d792dad120778345cbb2d256b9139265&version_check=1 HTTP/1.1" 200 12687 "-" "Mozilla/5.0 (compatible; SemrushBot/7~bl; +http://www.semrush.com/bot.html)" "tekmedicgloves.com"
185.191.171.5 - - [26/Oct/2022:01:43:51 -0700] "GET /phpMyAdmin/setup/?token=efbf00f8456fa534ba5c8580731d18f2&version_check=1 HTTP/1.1" 200 12691 "-" "Mozilla/5.0 (compatible; SemrushBot/7~bl; +http://www.semrush.com/bot.html)" "www.tekmedicgloves.com"
185.191.171.19 - - [26/Oct/2022:01:44:06 -0700] "GET /phpMyAdmin/setup/?token=11a48b26cb6808e993d7880cc136d82f&version_check=1 HTTP/1.1" 200 12687 "-" "Mozilla/5.0 (compatible; SemrushBot/7~bl; +http://www.semrush.com/bot.html)" "tekmedicgloves.com"
185.191.171.19 - - [26/Oct/2022:01:44:08 -0700] "GET /phpMyAdmin/setup/?token=d7b4e3a2680f6a4a396bdfc9684009af&version_check=1 HTTP/1.1" 200 12687 "-" "Mozilla/5.0 (compatible; SemrushBot/7~bl; +http://www.semrush.com/bot.html)" "tekmedicgloves.com"
185.191.171.14 - - [26/Oct/2022:01:44:11 -0700] "GET /phpMyAdmin/setup/?token=fefb3a04f29d53cf24d0d5436bc61d2d&version_check=1 HTTP/1.1" 200 12691 "-" "Mozilla/5.0 (compatible; SemrushBot/7~bl; +http://www.semrush.com/bot.html)" "www.tekmedicgloves.com"
185.191.171.14 - - [26/Oct/2022:01:44:36 -0700] "GET /phpMyAdmin/setup/?token=f05fa9d932368f5a415843cfa5c16a85&version_check=1 HTTP/1.1" 200 12691 "-" "Mozilla/5.0 (compatible; SemrushBot/7~bl; +http://www.semrush.com/bot.html)" "www.tekmedicgloves.com"
185.191.171.20 - - [26/Oct/2022:01:44:45 -0700] "GET /phpMyAdmin/setup/?token=ef50c54e96dfb2c2b429fd5e8ea0ceaa&version_check=1 HTTP/1.1" 200 12687 "-" "Mozilla/5.0 (compatible; SemrushBot/7~bl; +http://www.semrush.com/bot.html)" "tekmedicgloves.com"
185.191.171.23 - - [26/Oct/2022:01:44:50 -0700] "GET /phpMyAdmin/setup/?token=fe6a79f0fc71a53d1254070998552efa&version_check=1 HTTP/1.1" 200 12691 "-" "Mozilla/5.0 (compatible; SemrushBot/7~bl; +http://www.semrush.com/bot.html)" "www.tekmedicgloves.com"
185.191.171.40 - - [26/Oct/2022:01:44:58 -0700] "GET /phpMyAdmin/setup/?token=d54a6a4582373e75f8f6c02212e08596&version_check=1 HTTP/1.1" 200 12691 "-" "Mozilla/5.0 (compatible; SemrushBot/7~bl; +http://www.semrush.com/bot.html)" "www.tekmedicgloves.com"
185.191.171.9 - - [26/Oct/2022:01:45:09 -0700] "GET /phpMyAdmin/setup/?token=0aeccbabe8ef94873c111d2426ab1d3a&version_check=1 HTTP/1.1" 200 12687 "-" "Mozilla/5.0 (compatible; SemrushBot/7~bl; +http://www.semrush.com/bot.html)" "tekmedicgloves.com"
185.191.171.40 - - [26/Oct/2022:01:45:11 -0700] "GET /phpMyAdmin/setup/?token=0acf558d53620de1a42e1d7eba3992d7&version_check=1 HTTP/1.1" 200 12691 "-" "Mozilla/5.0 (compatible; SemrushBot/7~bl; +http://www.semrush.com/bot.html)" "www.tekmedicgloves.com"
185.191.171.22 - - [26/Oct/2022:01:45:15 -0700] "GET /phpMyAdmin/setup/?token=02326bdba82160e96b776c2b026ceafe&version_check=1 HTTP/1.1" 200 12691 "-" "Mozilla/5.0 (compatible; SemrushBot/7~bl; +http://www.semrush.com/bot.html)" "www.tekmedicgloves.com"
185.191.171.2 - - [26/Oct/2022:01:45:23 -0700] "GET /phpMyAdmin/setup/?token=e01ad7384e37991e6e1d57562560c49c&version_check=1 HTTP/1.1" 200 12687 "-" "Mozilla/5.0 (compatible; SemrushBot/7~bl; +http://www.semrush.com/bot.html)" "tekmedicgloves.com"
185.191.171.45 - - [26/Oct/2022:01:45:25 -0700] "GET /phpMyAdmin/setup/?token=02ec9d174de9e00b23e417db67e76b0f&version_check=1 HTTP/1.1" 200 12691 "-" "Mozilla/5.0 (compatible; SemrushBot/7~bl; +http://www.semrush.com/bot.html)" "www.tekmedicgloves.com"
185.191.171.37 - - [26/Oct/2022:01:45:27 -0700] "GET /phpMyAdmin/setup/?token=c46815834db900556d8e1f3713b54868&version_check=1 HTTP/1.1" 200 12691 "-" "Mozilla/5.0 (compatible; SemrushBot/7~bl; +http://www.semrush.com/bot.html)" "www.tekmedicgloves.com"
185.191.171.2 - - [26/Oct/2022:01:45:49 -0700] "GET /phpMyAdmin/setup/?token=0c56ed26821efb8e5cc312661b241fb3&version_check=1 HTTP/1.1" 200 12687 "-" "Mozilla/5.0 (compatible; SemrushBot/7~bl; +http://www.semrush.com/bot.html)" "tekmedicgloves.com"
185.191.171.23 - - [26/Oct/2022:01:46:04 -0700] "GET /phpMyAdmin/setup/?token=fe31daba4667885d186d0de934a9b56c&version_check=1 HTTP/1.1" 200 12687 "-" "Mozilla/5.0 (compatible; SemrushBot/7~bl; +http://www.semrush.com/bot.html)" "tekmedicgloves.com"
185.191.171.24 - - [26/Oct/2022:01:46:48 -0700] "GET /phpMyAdmin/setup/?token=dc1d9b4a21797203527d13f98ba3b92b&version_check=1 HTTP/1.1" 200 12687 "-" "Mozilla/5.0 (compatible; SemrushBot/7~bl; +http://www.semrush.com/bot.html)" "tekmedicgloves.com"
185.191.171.24 - - [26/Oct/2022:01:46:48 -0700] "GET /phpMyAdmin/setup/?token=060023e92da67bbbcfa7f5d23d859786&version_check=1 HTTP/1.1" 200 12691 "-" "Mozilla/5.0 (compatible; SemrushBot/7~bl; +http://www.semrush.com/bot.html)" "www.tekmedicgloves.com"
185.191.171.42 - - [26/Oct/2022:01:46:52 -0700] "GET /phpMyAdmin/setup/?token=033e8b1399ce5ad15b2bcc0fa7e72db7&version_check=1 HTTP/1.1" 200 12687 "-" "Mozilla/5.0 (compatible; SemrushBot/7~bl; +http://www.semrush.com/bot.html)" "tekmedicgloves.com"
185.191.171.1 - - [26/Oct/2022:01:47:31 -0700] "GET /phpMyAdmin/setup/?token=eaff95a8bd38562ddd6609027dce5019&version_check=1 HTTP/1.1" 200 12691 "-" "Mozilla/5.0 (compatible; SemrushBot/7~bl; +http://www.semrush.com/bot.html)" "www.tekmedicgloves.com"
185.191.171.24 - - [26/Oct/2022:01:47:46 -0700] "GET /phpMyAdmin/setup/?token=d9b1f9f20d7ad9455879cf3925a2c029&version_check=1 HTTP/1.1" 200 12687 "-" "Mozilla/5.0 (compatible; SemrushBot/7~bl; +http://www.semrush.com/bot.html)" "tekmedicgloves.com"
185.191.171.43 - - [26/Oct/2022:01:47:51 -0700] "GET /phpMyAdmin/setup/?token=ba1d05133a0fabea351e2ca7a2825d86&version_check=1 HTTP/1.1" 200 12691 "-" "Mozilla/5.0 (compatible; SemrushBot/7~bl; +http://www.semrush.com/bot.html)" "www.tekmedicgloves.com"
185.191.171.42 - - [26/Oct/2022:01:48:06 -0700] "GET /phpMyAdmin/setup/?token=fd88928cf3d4247c302a8fcd114a7549&version_check=1 HTTP/1.1" 200 12691 "-" "Mozilla/5.0 (compatible; SemrushBot/7~bl; +http://www.semrush.com/bot.html)" "www.tekmedicgloves.com"
185.191.171.35 - - [26/Oct/2022:01:48:22 -0700] "GET /phpMyAdmin/setup/?token=011ab6cb05fc60a5517a0dd9f15b3d6f&version_check=1 HTTP/1.1" 200 12687 "-" "Mozilla/5.0 (compatible; SemrushBot/7~bl; +http://www.semrush.com/bot.html)" "tekmedicgloves.com"
185.191.171.34 - - [26/Oct/2022:01:48:25 -0700] "GET /phpMyAdmin/setup/?token=fbd3c61dd47988a25e7a0377a36d6f51&version_check=1 HTTP/1.1" 200 12691 "-" "Mozilla/5.0 (compatible; SemrushBot/7~bl; +http://www.semrush.com/bot.html)" "www.tekmedicgloves.com"
185.191.171.45 - - [26/Oct/2022:01:48:27 -0700] "GET /phpMyAdmin/setup/?token=0b26ae4fd6cb795860028514da03918f&version_check=1 HTTP/1.1" 200 12691 "-" "Mozilla/5.0 (compatible; SemrushBot/7~bl; +http://www.semrush.com/bot.html)" "www.tekmedicgloves.com"
185.191.171.16 - - [26/Oct/2022:01:48:34 -0700] "GET /phpMyAdmin/setup/?token=e099593b26548b16cb55522878c98eab&version_check=1 HTTP/1.1" 200 12687 "-" "Mozilla/5.0 (compatible; SemrushBot/7~bl; +http://www.semrush.com/bot.html)" "tekmedicgloves.com"
185.191.171.2 - - [26/Oct/2022:01:48:39 -0700] "GET /phpMyAdmin/setup/?token=f0444a480db0680fc70ff24f3ce00180&version_check=1 HTTP/1.1" 200 12687 "-" "Mozilla/5.0 (compatible; SemrushBot/7~bl; +http://www.semrush.com/bot.html)" "tekmedicgloves.com"
185.191.171.26 - - [26/Oct/2022:01:48:42 -0700] "GET /phpMyAdmin/setup/?token=fafe95a9236f6f3a626e8b264f53d847&version_check=1 HTTP/1.1" 200 12687 "-" "Mozilla/5.0 (compatible; SemrushBot/7~bl; +http://www.semrush.com/bot.html)" "tekmedicgloves.com"
54.187.105.34 - - [26/Oct/2022:01:48:49 -0700] "GET / HTTP/1.1" 200 347 "-" "Mozilla/5.0 (Windows NT 10.0; Win64; x64)AppleWebKit/537.36 (KHTML, like Gecko) Chrome/66.0.3359.181 Safari/537.36" "tekmedicgloves.com"
54.245.147.167 - - [26/Oct/2022:01:48:51 -0700] "GET / HTTP/1.1" 200 347 "-" "Mozilla/5.0 (X11; Linux x86_64) AppleWebKit/537.36 (KHTML, like Gecko) HeadlessChrome/68.0.3440.106 Safari/537.36" "tekmedicgloves.com"
185.191.171.8 - - [26/Oct/2022:01:49:04 -0700] "GET /phpMyAdmin/setup/?token=d77326508a0a6fd2cdfab7881c42c227&version_check=1 HTTP/1.1" 200 12687 "-" "Mozilla/5.0 (compatible; SemrushBot/7~bl; +http://www.semrush.com/bot.html)" "tekmedicgloves.com"
185.191.171.38 - - [26/Oct/2022:01:49:05 -0700] "GET /phpMyAdmin/setup/?token=1537354ad1e2a957dd9dafc60b3a7c14&version_check=1 HTTP/1.1" 200 12687 "-" "Mozilla/5.0 (compatible; SemrushBot/7~bl; +http://www.semrush.com/bot.html)" "tekmedicgloves.com"
185.191.171.22 - - [26/Oct/2022:01:49:13 -0700] "GET /phpMyAdmin/setup/?token=0648bbb99f1b7d80e202f8852347ab46&version_check=1 HTTP/1.1" 200 12691 "-" "Mozilla/5.0 (compatible; SemrushBot/7~bl; +http://www.semrush.com/bot.html)" "www.tekmedicgloves.com"
185.191.171.10 - - [26/Oct/2022:01:49:21 -0700] "GET /phpMyAdmin/setup/?token=ed32443d469d44f3c464e7fa3c8ffd2e&version_check=1 HTTP/1.1" 200 12687 "-" "Mozilla/5.0 (compatible; SemrushBot/7~bl; +http://www.semrush.com/bot.html)" "tekmedicgloves.com"
185.191.171.19 - - [26/Oct/2022:01:49:27 -0700] "GET /phpMyAdmin/setup/?token=e15e2951c656f486e28500f1d0a9d55d&version_check=1 HTTP/1.1" 200 12687 "-" "Mozilla/5.0 (compatible; SemrushBot/7~bl; +http://www.semrush.com/bot.html)" "tekmedicgloves.com"
185.191.171.19 - - [26/Oct/2022:01:49:41 -0700] "GET /phpMyAdmin/setup/?token=e6bca941ee810d77f75823f39cfb551d&version_check=1 HTTP/1.1" 200 12687 "-" "Mozilla/5.0 (compatible; SemrushBot/7~bl; +http://www.semrush.com/bot.html)" "tekmedicgloves.com"
185.191.171.11 - - [26/Oct/2022:01:49:43 -0700] "GET /phpMyAdmin/setup/?token=da9d44660f51248bbd1172beb280909e&version_check=1 HTTP/1.1" 200 12691 "-" "Mozilla/5.0 (compatible; SemrushBot/7~bl; +http://www.semrush.com/bot.html)" "www.tekmedicgloves.com"
185.191.171.12 - - [26/Oct/2022:01:49:51 -0700] "GET /phpMyAdmin/setup/?token=e80a7ba21fdfaa30d3a8fcbed97f06b6&version_check=1 HTTP/1.1" 200 12691 "-" "Mozilla/5.0 (compatible; SemrushBot/7~bl; +http://www.semrush.com/bot.html)" "www.tekmedicgloves.com"
185.191.171.24 - - [26/Oct/2022:01:50:26 -0700] "GET /phpMyAdmin/setup/?token=f58a2fdd88d75bfeee2bf121729f997f&version_check=1 HTTP/1.1" 200 12691 "-" "Mozilla/5.0 (compatible; SemrushBot/7~bl; +http://www.semrush.com/bot.html)" "www.tekmedicgloves.com"
185.191.171.21 - - [26/Oct/2022:01:50:30 -0700] "GET /phpMyAdmin/setup/?token=0334b801a927b61a6fac5339a2c2957c&version_check=1 HTTP/1.1" 200 12691 "-" "Mozilla/5.0 (compatible; SemrushBot/7~bl; +http://www.semrush.com/bot.html)" "www.tekmedicgloves.com"
185.191.171.44 - - [26/Oct/2022:01:50:35 -0700] "GET /phpMyAdmin/setup/?token=01263192ba1f5fc63b4016b1303bfafa&version_check=1 HTTP/1.1" 200 12691 "-" "Mozilla/5.0 (compatible; SemrushBot/7~bl; +http://www.semrush.com/bot.html)" "www.tekmedicgloves.com"
185.191.171.5 - - [26/Oct/2022:01:50:42 -0700] "GET /phpMyAdmin/setup/?token=ddf5ffe282af5b763ddb070954dedda3&version_check=1 HTTP/1.1" 200 12687 "-" "Mozilla/5.0 (compatible; SemrushBot/7~bl; +http://www.semrush.com/bot.html)" "tekmedicgloves.com"
185.191.171.36 - - [26/Oct/2022:01:50:50 -0700] "GET /phpMyAdmin/setup/?token=0e3a45f13cc3c0346b6a35c89df19eca&version_check=1 HTTP/1.1" 200 12687 "-" "Mozilla/5.0 (compatible; SemrushBot/7~bl; +http://www.semrush.com/bot.html)" "tekmedicgloves.com"
185.191.171.45 - - [26/Oct/2022:01:51:12 -0700] "GET /phpMyAdmin/setup/?token=cfa9c15f3d2cefd2d94241e0583cc0ff&version_check=1 HTTP/1.1" 200 12691 "-" "Mozilla/5.0 (compatible; SemrushBot/7~bl; +http://www.semrush.com/bot.html)" "www.tekmedicgloves.com"
185.191.171.21 - - [26/Oct/2022:01:51:38 -0700] "GET /phpMyAdmin/setup/?token=f3e5bfff038c563d3f594e791c7bab31&version_check=1 HTTP/1.1" 200 12687 "-" "Mozilla/5.0 (compatible; SemrushBot/7~bl; +http://www.semrush.com/bot.html)" "tekmedicgloves.com"
185.191.171.36 - - [26/Oct/2022:01:51:43 -0700] "GET /phpMyAdmin/setup/?token=fc7ac66354c5ec05a5840dc1a6302950&version_check=1 HTTP/1.1" 200 12691 "-" "Mozilla/5.0 (compatible; SemrushBot/7~bl; +http://www.semrush.com/bot.html)" "www.tekmedicgloves.com"
185.191.171.36 - - [26/Oct/2022:01:51:50 -0700] "GET /phpMyAdmin/setup/?token=b8c1f84062e571de57fe1fd6a86f6c66&version_check=1 HTTP/1.1" 200 12691 "-" "Mozilla/5.0 (compatible; SemrushBot/7~bl; +http://www.semrush.com/bot.html)" "www.tekmedicgloves.com"
185.191.171.14 - - [26/Oct/2022:01:51:53 -0700] "GET /phpMyAdmin/setup/?token=fb06340001ebb974d9bc985efe3bcd4b&version_check=1 HTTP/1.1" 200 12687 "-" "Mozilla/5.0 (compatible; SemrushBot/7~bl; +http://www.semrush.com/bot.html)" "tekmedicgloves.com"
185.191.171.21 - - [26/Oct/2022:01:52:03 -0700] "GET /phpMyAdmin/setup/?token=c3637ab999fc9f6d3e76300039cec96f&version_check=1 HTTP/1.1" 200 12691 "-" "Mozilla/5.0 (compatible; SemrushBot/7~bl; +http://www.semrush.com/bot.html)" "www.tekmedicgloves.com"
185.191.171.26 - - [26/Oct/2022:01:52:04 -0700] "GET /phpMyAdmin/setup/?token=0257fbb8bb6599a72f2a51dee17e00c3&version_check=1 HTTP/1.1" 200 12687 "-" "Mozilla/5.0 (compatible; SemrushBot/7~bl; +http://www.semrush.com/bot.html)" "tekmedicgloves.com"
185.191.171.10 - - [26/Oct/2022:01:52:17 -0700] "GET /phpMyAdmin/setup/?token=15a273ac92e177440e4c53e6138eb9d0&version_check=1 HTTP/1.1" 200 12687 "-" "Mozilla/5.0 (compatible; SemrushBot/7~bl; +http://www.semrush.com/bot.html)" "tekmedicgloves.com"
185.191.171.4 - - [26/Oct/2022:01:52:25 -0700] "GET /phpMyAdmin/setup/?token=0a13e90c294f8a3997428a2606bfed9f&version_check=1 HTTP/1.1" 200 12691 "-" "Mozilla/5.0 (compatible; SemrushBot/7~bl; +http://www.semrush.com/bot.html)" "www.tekmedicgloves.com"
185.191.171.16 - - [26/Oct/2022:01:52:50 -0700] "GET /phpMyAdmin/setup/?token=d79862c26df577a91195c89f385fcfa9&version_check=1 HTTP/1.1" 200 12687 "-" "Mozilla/5.0 (compatible; SemrushBot/7~bl; +http://www.semrush.com/bot.html)" "tekmedicgloves.com"
185.191.171.10 - - [26/Oct/2022:01:52:53 -0700] "GET /phpMyAdmin/setup/?token=ccba485c9363f8b483f2816643c46c7b&version_check=1 HTTP/1.1" 200 12691 "-" "Mozilla/5.0 (compatible; SemrushBot/7~bl; +http://www.semrush.com/bot.html)" "www.tekmedicgloves.com"
185.191.171.21 - - [26/Oct/2022:01:53:01 -0700] "GET /phpMyAdmin/setup/?token=caabe01a7ad3a22d6b79f53ab4300f31&version_check=1 HTTP/1.1" 200 12691 "-" "Mozilla/5.0 (compatible; SemrushBot/7~bl; +http://www.semrush.com/bot.html)" "www.tekmedicgloves.com"
185.191.171.7 - - [26/Oct/2022:01:53:14 -0700] "GET /phpMyAdmin/setup/?token=fbd937a2c3c038b0b245830ddc1d2308&version_check=1 HTTP/1.1" 200 12687 "-" "Mozilla/5.0 (compatible; SemrushBot/7~bl; +http://www.semrush.com/bot.html)" "tekmedicgloves.com"
185.191.171.40 - - [26/Oct/2022:01:53:16 -0700] "GET /phpMyAdmin/setup/?token=f4ae59e23900576dfd7d3ad102650926&version_check=1 HTTP/1.1" 200 12691 "-" "Mozilla/5.0 (compatible; SemrushBot/7~bl; +http://www.semrush.com/bot.html)" "www.tekmedicgloves.com"
185.191.171.39 - - [26/Oct/2022:01:53:58 -0700] "GET /phpMyAdmin/setup/?token=d6bc4d8d24895ab114b9da6deca764a3&version_check=1 HTTP/1.1" 200 12687 "-" "Mozilla/5.0 (compatible; SemrushBot/7~bl; +http://www.semrush.com/bot.html)" "tekmedicgloves.com"
185.191.171.15 - - [26/Oct/2022:01:54:09 -0700] "GET /phpMyAdmin/setup/?token=eb3cd4d2670633102f37453c95296368&version_check=1 HTTP/1.1" 200 12691 "-" "Mozilla/5.0 (compatible; SemrushBot/7~bl; +http://www.semrush.com/bot.html)" "www.tekmedicgloves.com"
185.191.171.8 - - [26/Oct/2022:01:54:12 -0700] "GET /phpMyAdmin/setup/?token=e6daa49fa769dd8c3468c22b39c5ed27&version_check=1 HTTP/1.1" 200 12691 "-" "Mozilla/5.0 (compatible; SemrushBot/7~bl; +http://www.semrush.com/bot.html)" "www.tekmedicgloves.com"
185.191.171.15 - - [26/Oct/2022:01:54:44 -0700] "GET /phpMyAdmin/setup/?token=e71a2e483c9df99a148f5b30c86184a6&version_check=1 HTTP/1.1" 200 12687 "-" "Mozilla/5.0 (compatible; SemrushBot/7~bl; +http://www.semrush.com/bot.html)" "tekmedicgloves.com"
185.191.171.41 - - [26/Oct/2022:01:54:55 -0700] "GET /phpMyAdmin/setup/?token=e174aba20994e31a38d4b251d52b6b1a&version_check=1 HTTP/1.1" 200 12687 "-" "Mozilla/5.0 (compatible; SemrushBot/7~bl; +http://www.semrush.com/bot.html)" "tekmedicgloves.com"
185.191.171.15 - - [26/Oct/2022:01:54:59 -0700] "GET /phpMyAdmin/setup/?token=fcdb6a764c1401f832e29d50438c31c4&version_check=1 HTTP/1.1" 200 12691 "-" "Mozilla/5.0 (compatible; SemrushBot/7~bl; +http://www.semrush.com/bot.html)" "www.tekmedicgloves.com"
185.191.171.25 - - [26/Oct/2022:01:55:16 -0700] "GET /phpMyAdmin/setup/?token=0c2e4ee5c1a18603a2136afc3868a07c&version_check=1 HTTP/1.1" 200 12687 "-" "Mozilla/5.0 (compatible; SemrushBot/7~bl; +http://www.semrush.com/bot.html)" "tekmedicgloves.com"
185.191.171.38 - - [26/Oct/2022:01:55:18 -0700] "GET /phpMyAdmin/setup/?token=dcd930420afbe7175c5dc0f4c1367ad3&version_check=1 HTTP/1.1" 200 12687 "-" "Mozilla/5.0 (compatible; SemrushBot/7~bl; +http://www.semrush.com/bot.html)" "tekmedicgloves.com"
185.191.171.24 - - [26/Oct/2022:01:55:25 -0700] "GET /phpMyAdmin/setup/?token=e650a5afae22a031c4d5ac321fdd6156&version_check=1 HTTP/1.1" 200 12687 "-" "Mozilla/5.0 (compatible; SemrushBot/7~bl; +http://www.semrush.com/bot.html)" "tekmedicgloves.com"
185.191.171.19 - - [26/Oct/2022:01:55:47 -0700] "GET /phpMyAdmin/setup/?token=f62565a51b25575f88aecf926763c664&version_check=1 HTTP/1.1" 200 12691 "-" "Mozilla/5.0 (compatible; SemrushBot/7~bl; +http://www.semrush.com/bot.html)" "www.tekmedicgloves.com"
185.191.171.24 - - [26/Oct/2022:01:55:56 -0700] "GET /phpMyAdmin/setup/?token=038d3c23251e987a2373409f152d756a&version_check=1 HTTP/1.1" 200 12691 "-" "Mozilla/5.0 (compatible; SemrushBot/7~bl; +http://www.semrush.com/bot.html)" "www.tekmedicgloves.com"
185.191.171.15 - - [26/Oct/2022:01:56:26 -0700] "GET /phpMyAdmin/setup/?token=0a6fce95fae3c15f6be062d376ccbf12&version_check=1 HTTP/1.1" 200 12687 "-" "Mozilla/5.0 (compatible; SemrushBot/7~bl; +http://www.semrush.com/bot.html)" "tekmedicgloves.com"
185.191.171.36 - - [26/Oct/2022:01:56:39 -0700] "GET /phpMyAdmin/setup/?token=10fe563db07afb2ce72e21671ca8ee76&version_check=1 HTTP/1.1" 200 12687 "-" "Mozilla/5.0 (compatible; SemrushBot/7~bl; +http://www.semrush.com/bot.html)" "tekmedicgloves.com"
185.191.171.37 - - [26/Oct/2022:01:57:09 -0700] "GET /phpMyAdmin/setup/?token=e5aa249c6bf90ba39486c0fe45f90889&version_check=1 HTTP/1.1" 200 12691 "-" "Mozilla/5.0 (compatible; SemrushBot/7~bl; +http://www.semrush.com/bot.html)" "www.tekmedicgloves.com"
185.191.171.9 - - [26/Oct/2022:01:57:09 -0700] "GET /phpMyAdmin/setup/?token=10122b7811c5b2cb00274de4d3fc7548&version_check=1 HTTP/1.1" 200 12687 "-" "Mozilla/5.0 (compatible; SemrushBot/7~bl; +http://www.semrush.com/bot.html)" "tekmedicgloves.com"
185.191.171.40 - - [26/Oct/2022:01:57:11 -0700] "GET /phpMyAdmin/setup/?token=f0bff519060c91435b14ee756eeadd53&version_check=1 HTTP/1.1" 200 12691 "-" "Mozilla/5.0 (compatible; SemrushBot/7~bl; +http://www.semrush.com/bot.html)" "www.tekmedicgloves.com"
185.191.171.40 - - [26/Oct/2022:01:57:11 -0700] "GET /phpMyAdmin/setup/?token=f1ea9759aa4c09d11d65843902be24e1&version_check=1 HTTP/1.1" 200 12687 "-" "Mozilla/5.0 (compatible; SemrushBot/7~bl; +http://www.semrush.com/bot.html)" "tekmedicgloves.com"
185.191.171.40 - - [26/Oct/2022:01:57:13 -0700] "GET /phpMyAdmin/setup/?token=f4be1f78bc1893419bbc695828751c8d&version_check=1 HTTP/1.1" 200 12691 "-" "Mozilla/5.0 (compatible; SemrushBot/7~bl; +http://www.semrush.com/bot.html)" "www.tekmedicgloves.com"
185.191.171.3 - - [26/Oct/2022:01:57:16 -0700] "GET /phpMyAdmin/setup/?token=ed308f3060a5466599a04b89e632397b&version_check=1 HTTP/1.1" 200 12687 "-" "Mozilla/5.0 (compatible; SemrushBot/7~bl; +http://www.semrush.com/bot.html)" "tekmedicgloves.com"
185.191.171.21 - - [26/Oct/2022:01:57:23 -0700] "GET /phpMyAdmin/setup/?token=05c09a531cccf4e32b5c55a2a62a8239&version_check=1 HTTP/1.1" 200 12687 "-" "Mozilla/5.0 (compatible; SemrushBot/7~bl; +http://www.semrush.com/bot.html)" "tekmedicgloves.com"
185.191.171.3 - - [26/Oct/2022:01:57:39 -0700] "GET /phpMyAdmin/setup/?token=f3575560014cfbb43e75cfffd7b234ad&version_check=1 HTTP/1.1" 200 12691 "-" "Mozilla/5.0 (compatible; SemrushBot/7~bl; +http://www.semrush.com/bot.html)" "www.tekmedicgloves.com"
185.191.171.3 - - [26/Oct/2022:01:57:50 -0700] "GET /phpMyAdmin/setup/?token=da9d03530c66f871a3ddc76a21a91ebd&version_check=1 HTTP/1.1" 200 12687 "-" "Mozilla/5.0 (compatible; SemrushBot/7~bl; +http://www.semrush.com/bot.html)" "tekmedicgloves.com"
185.191.171.26 - - [26/Oct/2022:01:58:11 -0700] "GET /phpMyAdmin/setup/?token=c681daeb0f9a344650c392c2d6158254&version_check=1 HTTP/1.1" 200 12691 "-" "Mozilla/5.0 (compatible; SemrushBot/7~bl; +http://www.semrush.com/bot.html)" "www.tekmedicgloves.com"
185.191.171.9 - - [26/Oct/2022:01:58:20 -0700] "GET /phpMyAdmin/setup/?token=f5a1876e11ea508e54da78aac483c874&version_check=1 HTTP/1.1" 200 12691 "-" "Mozilla/5.0 (compatible; SemrushBot/7~bl; +http://www.semrush.com/bot.html)" "www.tekmedicgloves.com"
185.191.171.39 - - [26/Oct/2022:01:58:22 -0700] "GET /phpMyAdmin/setup/?token=f0e46329935de27224c98330f85e3757&version_check=1 HTTP/1.1" 200 12691 "-" "Mozilla/5.0 (compatible; SemrushBot/7~bl; +http://www.semrush.com/bot.html)" "www.tekmedicgloves.com"
185.191.171.36 - - [26/Oct/2022:01:58:25 -0700] "GET /phpMyAdmin/setup/?token=f7ad9bd09015e0b2cbbccc3087952b01&version_check=1 HTTP/1.1" 200 12687 "-" "Mozilla/5.0 (compatible; SemrushBot/7~bl; +http://www.semrush.com/bot.html)" "tekmedicgloves.com"
185.191.171.44 - - [26/Oct/2022:01:58:35 -0700] "GET /phpMyAdmin/setup/?token=bb617cde57b415d33c5f1c83f6ec1081&version_check=1 HTTP/1.1" 200 12691 "-" "Mozilla/5.0 (compatible; SemrushBot/7~bl; +http://www.semrush.com/bot.html)" "www.tekmedicgloves.com"
185.191.171.11 - - [26/Oct/2022:01:58:53 -0700] "GET /phpMyAdmin/setup/?token=fc089ba9ec759354cf00f39397326b67&version_check=1 HTTP/1.1" 200 12687 "-" "Mozilla/5.0 (compatible; SemrushBot/7~bl; +http://www.semrush.com/bot.html)" "tekmedicgloves.com"
185.191.171.7 - - [26/Oct/2022:01:59:04 -0700] "GET /phpMyAdmin/setup/?token=ea2a6415d9fa991f329f210ba59435da&version_check=1 HTTP/1.1" 200 12691 "-" "Mozilla/5.0 (compatible; SemrushBot/7~bl; +http://www.semrush.com/bot.html)" "www.tekmedicgloves.com"
185.191.171.11 - - [26/Oct/2022:01:59:09 -0700] "GET /phpMyAdmin/setup/?token=e932b7b5544c9caf673ab4f73e8b65af&version_check=1 HTTP/1.1" 200 12691 "-" "Mozilla/5.0 (compatible; SemrushBot/7~bl; +http://www.semrush.com/bot.html)" "www.tekmedicgloves.com"
185.191.171.14 - - [26/Oct/2022:01:59:17 -0700] "GET /phpMyAdmin/setup/?token=f3d26016ddb23c2d9b9cc83d50ab310c&version_check=1 HTTP/1.1" 200 12691 "-" "Mozilla/5.0 (compatible; SemrushBot/7~bl; +http://www.semrush.com/bot.html)" "www.tekmedicgloves.com"
185.191.171.7 - - [26/Oct/2022:01:59:19 -0700] "GET /phpMyAdmin/setup/?token=ee54ae1d652fb27543720e20591e978f&version_check=1 HTTP/1.1" 200 12691 "-" "Mozilla/5.0 (compatible; SemrushBot/7~bl; +http://www.semrush.com/bot.html)" "www.tekmedicgloves.com"
185.191.171.21 - - [26/Oct/2022:01:59:21 -0700] "GET /phpMyAdmin/setup/?token=f80746007e64ce411cb07789a9f3f0ea&version_check=1 HTTP/1.1" 200 12687 "-" "Mozilla/5.0 (compatible; SemrushBot/7~bl; +http://www.semrush.com/bot.html)" "tekmedicgloves.com"
185.191.171.40 - - [26/Oct/2022:02:00:22 -0700] "GET /phpMyAdmin/setup/?token=dd50ccbf4d795777259dad550c904b41&version_check=1 HTTP/1.1" 200 12687 "-" "Mozilla/5.0 (compatible; SemrushBot/7~bl; +http://www.semrush.com/bot.html)" "tekmedicgloves.com"
185.191.171.37 - - [26/Oct/2022:02:00:22 -0700] "GET /phpMyAdmin/setup/?token=e892bae8480bd8b93d205fb1ab0b2eea&version_check=1 HTTP/1.1" 200 12691 "-" "Mozilla/5.0 (compatible; SemrushBot/7~bl; +http://www.semrush.com/bot.html)" "www.tekmedicgloves.com"
185.191.171.18 - - [26/Oct/2022:02:00:28 -0700] "GET /phpMyAdmin/setup/?token=ee8aa4c15e672f4bc47e68591274748c&version_check=1 HTTP/1.1" 200 12687 "-" "Mozilla/5.0 (compatible; SemrushBot/7~bl; +http://www.semrush.com/bot.html)" "tekmedicgloves.com"
185.191.171.36 - - [26/Oct/2022:02:00:30 -0700] "GET /phpMyAdmin/setup/?token=e069b9b1b3e9ff8e198359f96a0094da&version_check=1 HTTP/1.1" 200 12687 "-" "Mozilla/5.0 (compatible; SemrushBot/7~bl; +http://www.semrush.com/bot.html)" "tekmedicgloves.com"
185.191.171.14 - - [26/Oct/2022:02:00:51 -0700] "GET /phpMyAdmin/setup/?token=dbb3acf87b0c0213b712abd01849faea&version_check=1 HTTP/1.1" 200 12687 "-" "Mozilla/5.0 (compatible; SemrushBot/7~bl; +http://www.semrush.com/bot.html)" "tekmedicgloves.com"
51.222.253.15 - - [26/Oct/2022:02:00:57 -0700] "GET /phpMyAdmin/ HTTP/1.1" 200 7540 "-" "Mozilla/5.0 (compatible; AhrefsBot/7.0; +http://ahrefs.com/robot/)" "tekmedicgloves.com"
51.222.253.13 - - [26/Oct/2022:02:01:02 -0700] "GET /phpMyAdmin/js/jquery/jquery-1.4.4.js?ts=1411961483 HTTP/1.1" 200 26873 "-" "Mozilla/5.0 (compatible; AhrefsBot/7.0; +http://ahrefs.com/robot/)" "tekmedicgloves.com"
51.222.253.10 - - [26/Oct/2022:02:01:08 -0700] "GET /phpMyAdmin/js/jquery/jquery.qtip-1.0.0.min.js?ts=1411961483 HTTP/1.1" 200 9496 "-" "Mozilla/5.0 (compatible; AhrefsBot/7.0; +http://ahrefs.com/robot/)" "tekmedicgloves.com"
185.191.171.2 - - [26/Oct/2022:02:01:10 -0700] "GET /phpMyAdmin/setup/?token=0f01c5e83a05a7ca7e20a669898a8f57&version_check=1 HTTP/1.1" 200 12687 "-" "Mozilla/5.0 (compatible; SemrushBot/7~bl; +http://www.semrush.com/bot.html)" "tekmedicgloves.com"
51.222.253.19 - - [26/Oct/2022:02:01:13 -0700] "GET /phpMyAdmin/themes/pmahomme/img/logo_right.png HTTP/1.1" 200 4921 "-" "Mozilla/5.0 (compatible; AhrefsBot/7.0; +http://ahrefs.com/robot/)" "tekmedicgloves.com"
51.222.253.7 - - [26/Oct/2022:02:01:19 -0700] "GET /phpMyAdmin/phpmyadmin.css.php?server=1&lang=en&collation_connection=utf8_general_ci&js_frame=right&nocache=4235884842 HTTP/1.1" 200 41672 "-" "Mozilla/5.0 (compatible; AhrefsBot/7.0; +http://ahrefs.com/robot/)" "tekmedicgloves.com"
185.191.171.23 - - [26/Oct/2022:02:01:22 -0700] "GET /phpMyAdmin/setup/?token=e20162cee669cd72d3a89beb3bdb9ae5&version_check=1 HTTP/1.1" 200 12687 "-" "Mozilla/5.0 (compatible; SemrushBot/7~bl; +http://www.semrush.com/bot.html)" "tekmedicgloves.com"
51.222.253.2 - - [26/Oct/2022:02:01:24 -0700] "GET /phpMyAdmin/themes/pmahomme/img/b_help.png HTTP/1.1" 200 1594 "-" "Mozilla/5.0 (compatible; AhrefsBot/7.0; +http://ahrefs.com/robot/)" "tekmedicgloves.com"
185.191.171.24 - - [26/Oct/2022:02:01:26 -0700] "GET /phpMyAdmin/setup/?token=fd023dfd31b7f3cefc03f21c5797227f&version_check=1 HTTP/1.1" 200 12691 "-" "Mozilla/5.0 (compatible; SemrushBot/7~bl; +http://www.semrush.com/bot.html)" "www.tekmedicgloves.com"
185.191.171.26 - - [26/Oct/2022:02:01:29 -0700] "GET /phpMyAdmin/setup/?token=0eacfe3a5d05ada7177d0b022c6f36a5&version_check=1 HTTP/1.1" 200 12691 "-" "Mozilla/5.0 (compatible; SemrushBot/7~bl; +http://www.semrush.com/bot.html)" "www.tekmedicgloves.com"
51.222.253.1 - - [26/Oct/2022:02:01:29 -0700] "GET /phpMyAdmin/print.css HTTP/1.1" 200 312 "-" "Mozilla/5.0 (compatible; AhrefsBot/7.0; +http://ahrefs.com/robot/)" "tekmedicgloves.com"
51.222.253.11 - - [26/Oct/2022:02:01:30 -0700] "GET /phpMyAdmin/js/update-location.js?ts=1411961483 HTTP/1.1" 200 359 "-" "Mozilla/5.0 (compatible; AhrefsBot/7.0; +http://ahrefs.com/robot/)" "tekmedicgloves.com"
51.222.253.6 - - [26/Oct/2022:02:01:30 -0700] "GET /phpMyAdmin/js/messages.php?lang=en&db=&collation_connection=utf8_general_ci HTTP/1.1" 200 4935 "-" "Mozilla/5.0 (compatible; AhrefsBot/7.0; +http://ahrefs.com/robot/)" "tekmedicgloves.com"
185.191.171.25 - - [26/Oct/2022:02:01:32 -0700] "GET /robots.txt HTTP/1.1" 404 88 "-" "Mozilla/5.0 (compatible; SemrushBot/7~bl; +http://www.semrush.com/bot.html)" "tekmedicgloves.com"
185.191.171.38 - - [26/Oct/2022:02:01:32 -0700] "GET /phpMyAdmin/setup/?token=da6b4c9e76bfd895108f9788c675beb4&version_check=1 HTTP/1.1" 200 12687 "-" "Mozilla/5.0 (compatible; SemrushBot/7~bl; +http://www.semrush.com/bot.html)" "tekmedicgloves.com"
51.222.253.11 - - [26/Oct/2022:02:01:35 -0700] "GET /phpMyAdmin/themes/pmahomme/jquery/jquery-ui-1.8.custom.css HTTP/1.1" 200 5801 "-" "Mozilla/5.0 (compatible; AhrefsBot/7.0; +http://ahrefs.com/robot/)" "tekmedicgloves.com"
185.191.171.36 - - [26/Oct/2022:02:01:40 -0700] "GET /phpMyAdmin/setup/?token=ca24eb33ac48f4e842be0f47fff9374a&version_check=1 HTTP/1.1" 200 12691 "-" "Mozilla/5.0 (compatible; SemrushBot/7~bl; +http://www.semrush.com/bot.html)" "www.tekmedicgloves.com"
51.222.253.14 - - [26/Oct/2022:02:01:40 -0700] "GET /phpMyAdmin/js/cross_framing_protection.js?ts=1411961483 HTTP/1.1" 200 177 "-" "Mozilla/5.0 (compatible; AhrefsBot/7.0; +http://ahrefs.com/robot/)" "tekmedicgloves.com"
51.222.253.4 - - [26/Oct/2022:02:01:41 -0700] "GET /phpMyAdmin/js/functions.js?ts=1411961483 HTTP/1.1" 200 9047 "-" "Mozilla/5.0 (compatible; AhrefsBot/7.0; +http://ahrefs.com/robot/)" "tekmedicgloves.com"
185.191.171.17 - - [26/Oct/2022:02:01:54 -0700] "GET /phpMyAdmin/setup/?token=eef8854855bd4b468b6e9e97f157f5a9&version_check=1 HTTP/1.1" 200 12691 "-" "Mozilla/5.0 (compatible; SemrushBot/7~bl; +http://www.semrush.com/bot.html)" "www.tekmedicgloves.com"
185.191.171.39 - - [26/Oct/2022:02:01:58 -0700] "GET /phpMyAdmin/setup/?token=f4ef212086fad3d820088ea155dbadc2&version_check=1 HTTP/1.1" 200 12691 "-" "Mozilla/5.0 (compatible; SemrushBot/7~bl; +http://www.semrush.com/bot.html)" "www.tekmedicgloves.com"
185.191.171.43 - - [26/Oct/2022:02:02:00 -0700] "GET /phpMyAdmin/setup/?token=d83fb26939c31f28ed470fb4783c3f6e&version_check=1 HTTP/1.1" 200 12687 "-" "Mozilla/5.0 (compatible; SemrushBot/7~bl; +http://www.semrush.com/bot.html)" "tekmedicgloves.com"
185.191.171.18 - - [26/Oct/2022:02:02:06 -0700] "GET /phpMyAdmin/setup/?token=e4f9abab8d52b9d6ff9ccedc5cda1d2f&version_check=1 HTTP/1.1" 200 12687 "-" "Mozilla/5.0 (compatible; SemrushBot/7~bl; +http://www.semrush.com/bot.html)" "tekmedicgloves.com"
185.191.171.33 - - [26/Oct/2022:02:02:07 -0700] "GET /phpMyAdmin/setup/?token=f0613cf2c4969bd8827bbfd6b97e87ff&version_check=1 HTTP/1.1" 200 12691 "-" "Mozilla/5.0 (compatible; SemrushBot/7~bl; +http://www.semrush.com/bot.html)" "www.tekmedicgloves.com"
185.191.171.10 - - [26/Oct/2022:02:02:08 -0700] "GET /phpMyAdmin/setup/?token=df85afb918da6740ce32e7328a581771&version_check=1 HTTP/1.1" 200 12687 "-" "Mozilla/5.0 (compatible; SemrushBot/7~bl; +http://www.semrush.com/bot.html)" "tekmedicgloves.com"
185.191.171.17 - - [26/Oct/2022:02:02:32 -0700] "GET /phpMyAdmin/setup/?token=0adf2a6c6d9e0ff9ac45da6e2bb82c47&version_check=1 HTTP/1.1" 200 12687 "-" "Mozilla/5.0 (compatible; SemrushBot/7~bl; +http://www.semrush.com/bot.html)" "tekmedicgloves.com"
185.191.171.43 - - [26/Oct/2022:02:02:40 -0700] "GET /phpMyAdmin/setup/?token=0eb124c0c54ef5e54f8db82ffb7242c8&version_check=1 HTTP/1.1" 200 12691 "-" "Mozilla/5.0 (compatible; SemrushBot/7~bl; +http://www.semrush.com/bot.html)" "www.tekmedicgloves.com"
185.191.171.24 - - [26/Oct/2022:02:02:47 -0700] "GET /phpMyAdmin/setup/?token=f419a38fea069973bd63cd4b29bb3618&version_check=1 HTTP/1.1" 200 12691 "-" "Mozilla/5.0 (compatible; SemrushBot/7~bl; +http://www.semrush.com/bot.html)" "www.tekmedicgloves.com"
185.191.171.1 - - [26/Oct/2022:02:03:01 -0700] "GET /phpMyAdmin/setup/?token=ededc4912f21ff05cce3cc80dfb31e20&version_check=1 HTTP/1.1" 200 12691 "-" "Mozilla/5.0 (compatible; SemrushBot/7~bl; +http://www.semrush.com/bot.html)" "www.tekmedicgloves.com"
185.191.171.10 - - [26/Oct/2022:02:03:18 -0700] "GET /phpMyAdmin/setup/?token=f4d5fa9139deba5bc4261c6ffa9f12c2&version_check=1 HTTP/1.1" 200 12691 "-" "Mozilla/5.0 (compatible; SemrushBot/7~bl; +http://www.semrush.com/bot.html)" "www.tekmedicgloves.com"
185.191.171.12 - - [26/Oct/2022:02:03:19 -0700] "GET /phpMyAdmin/setup/?token=ffc9756a38ddda49e7b710c430a69d55&version_check=1 HTTP/1.1" 200 12691 "-" "Mozilla/5.0 (compatible; SemrushBot/7~bl; +http://www.semrush.com/bot.html)" "www.tekmedicgloves.com"
185.191.171.20 - - [26/Oct/2022:02:03:24 -0700] "GET /phpMyAdmin/setup/?token=f8a6236a10fba402f1025c8369b1225e&version_check=1 HTTP/1.1" 200 12691 "-" "Mozilla/5.0 (compatible; SemrushBot/7~bl; +http://www.semrush.com/bot.html)" "www.tekmedicgloves.com"
185.191.171.12 - - [26/Oct/2022:02:03:30 -0700] "GET /phpMyAdmin/setup/?token=efb7a4a77bcbe50b3028467fdd7b19b4&version_check=1 HTTP/1.1" 200 12687 "-" "Mozilla/5.0 (compatible; SemrushBot/7~bl; +http://www.semrush.com/bot.html)" "tekmedicgloves.com"
185.191.171.34 - - [26/Oct/2022:02:04:18 -0700] "GET /phpMyAdmin/setup/?token=eeac3a686de55a7f97471eeb969f7c98&version_check=1 HTTP/1.1" 200 12691 "-" "Mozilla/5.0 (compatible; SemrushBot/7~bl; +http://www.semrush.com/bot.html)" "www.tekmedicgloves.com"
185.191.171.22 - - [26/Oct/2022:02:04:20 -0700] "GET /phpMyAdmin/setup/?token=b990ec4cebee16870b09033e5bde5da7&version_check=1 HTTP/1.1" 200 12691 "-" "Mozilla/5.0 (compatible; SemrushBot/7~bl; +http://www.semrush.com/bot.html)" "www.tekmedicgloves.com"
185.191.171.45 - - [26/Oct/2022:02:04:32 -0700] "GET /phpMyAdmin/setup/?token=fc71243b405d9c36cf0e56c19125323d&version_check=1 HTTP/1.1" 200 12691 "-" "Mozilla/5.0 (compatible; SemrushBot/7~bl; +http://www.semrush.com/bot.html)" "www.tekmedicgloves.com"
185.191.171.42 - - [26/Oct/2022:02:04:33 -0700] "GET /phpMyAdmin/setup/?token=d87830e0c68ac10df9d814e5f7f10104&version_check=1 HTTP/1.1" 200 12687 "-" "Mozilla/5.0 (compatible; SemrushBot/7~bl; +http://www.semrush.com/bot.html)" "tekmedicgloves.com"
185.191.171.33 - - [26/Oct/2022:02:04:49 -0700] "GET /phpMyAdmin/setup/?token=e0aacba46539a23359a696f4c141849b&version_check=1 HTTP/1.1" 200 12687 "-" "Mozilla/5.0 (compatible; SemrushBot/7~bl; +http://www.semrush.com/bot.html)" "tekmedicgloves.com"
185.191.171.13 - - [26/Oct/2022:02:05:20 -0700] "GET /phpMyAdmin/setup/?token=d759fa18023fb5713d62c1bfdcfff5b7&version_check=1 HTTP/1.1" 200 12687 "-" "Mozilla/5.0 (compatible; SemrushBot/7~bl; +http://www.semrush.com/bot.html)" "tekmedicgloves.com"
185.191.171.34 - - [26/Oct/2022:02:05:45 -0700] "GET /phpMyAdmin/setup/?token=d8673f9c1a60eedeb2c117c76d28d942&version_check=1 HTTP/1.1" 200 12687 "-" "Mozilla/5.0 (compatible; SemrushBot/7~bl; +http://www.semrush.com/bot.html)" "tekmedicgloves.com"
185.191.171.38 - - [26/Oct/2022:02:05:49 -0700] "GET /phpMyAdmin/setup/?token=f7dd402adf2ff8298844050c4a0a3853&version_check=1 HTTP/1.1" 200 12687 "-" "Mozilla/5.0 (compatible; SemrushBot/7~bl; +http://www.semrush.com/bot.html)" "tekmedicgloves.com"
185.191.171.23 - - [26/Oct/2022:02:05:51 -0700] "GET /phpMyAdmin/setup/?token=0bd1392b22745fbb872a743ae0efd86d&version_check=1 HTTP/1.1" 200 12687 "-" "Mozilla/5.0 (compatible; SemrushBot/7~bl; +http://www.semrush.com/bot.html)" "tekmedicgloves.com"
185.191.171.5 - - [26/Oct/2022:02:06:03 -0700] "GET /phpMyAdmin/setup/?token=d76ea5f246b0aaaa909c96bc0cb94026&version_check=1 HTTP/1.1" 200 12687 "-" "Mozilla/5.0 (compatible; SemrushBot/7~bl; +http://www.semrush.com/bot.html)" "tekmedicgloves.com"
185.191.171.6 - - [26/Oct/2022:02:06:06 -0700] "GET /phpMyAdmin/setup/?token=eadc2cefbabbd9ab0d81063b7eaafcee&version_check=1 HTTP/1.1" 200 12687 "-" "Mozilla/5.0 (compatible; SemrushBot/7~bl; +http://www.semrush.com/bot.html)" "tekmedicgloves.com"
185.191.171.24 - - [26/Oct/2022:02:06:10 -0700] "GET /phpMyAdmin/setup/?token=fb6db645901411a966b2b3e56d1e2bf9&version_check=1 HTTP/1.1" 200 12687 "-" "Mozilla/5.0 (compatible; SemrushBot/7~bl; +http://www.semrush.com/bot.html)" "tekmedicgloves.com"
185.191.171.15 - - [26/Oct/2022:02:06:19 -0700] "GET /phpMyAdmin/setup/?token=09ead11f24baf91693e0371eee907114&version_check=1 HTTP/1.1" 200 12691 "-" "Mozilla/5.0 (compatible; SemrushBot/7~bl; +http://www.semrush.com/bot.html)" "www.tekmedicgloves.com"
185.191.171.7 - - [26/Oct/2022:02:06:27 -0700] "GET /phpMyAdmin/setup/?token=f400e0342e42729d2bdf0db00ec88c4e&version_check=1 HTTP/1.1" 200 12691 "-" "Mozilla/5.0 (compatible; SemrushBot/7~bl; +http://www.semrush.com/bot.html)" "www.tekmedicgloves.com"
185.191.171.7 - - [26/Oct/2022:02:06:38 -0700] "GET /phpMyAdmin/setup/?token=0466ecc59cce379b538aa05f175ff596&version_check=1 HTTP/1.1" 200 12691 "-" "Mozilla/5.0 (compatible; SemrushBot/7~bl; +http://www.semrush.com/bot.html)" "www.tekmedicgloves.com"
185.191.171.3 - - [26/Oct/2022:02:06:52 -0700] "GET /phpMyAdmin/setup/?token=0bd45d3bb12d5d7d55e5f952e67a5951&version_check=1 HTTP/1.1" 200 12691 "-" "Mozilla/5.0 (compatible; SemrushBot/7~bl; +http://www.semrush.com/bot.html)" "www.tekmedicgloves.com"
185.191.171.2 - - [26/Oct/2022:02:06:59 -0700] "GET /phpMyAdmin/setup/?token=eb2f346ce683d26c75b41fdfde53cab8&version_check=1 HTTP/1.1" 200 12691 "-" "Mozilla/5.0 (compatible; SemrushBot/7~bl; +http://www.semrush.com/bot.html)" "www.tekmedicgloves.com"
185.191.171.4 - - [26/Oct/2022:02:07:12 -0700] "GET /phpMyAdmin/setup/?token=f387209177fcb4a18c1bc0c49a6f675f&version_check=1 HTTP/1.1" 200 12691 "-" "Mozilla/5.0 (compatible; SemrushBot/7~bl; +http://www.semrush.com/bot.html)" "www.tekmedicgloves.com"
185.191.171.45 - - [26/Oct/2022:02:07:17 -0700] "GET /phpMyAdmin/setup/?token=d70742e9068af506ca82534c80da6678&version_check=1 HTTP/1.1" 200 12687 "-" "Mozilla/5.0 (compatible; SemrushBot/7~bl; +http://www.semrush.com/bot.html)" "tekmedicgloves.com"
185.191.171.9 - - [26/Oct/2022:02:07:31 -0700] "GET /phpMyAdmin/setup/?token=e8441457e1e362d97ed1954448c42225&version_check=1 HTTP/1.1" 200 12691 "-" "Mozilla/5.0 (compatible; SemrushBot/7~bl; +http://www.semrush.com/bot.html)" "www.tekmedicgloves.com"
185.191.171.15 - - [26/Oct/2022:02:07:39 -0700] "GET /phpMyAdmin/setup/?token=087380e4f8dff743adbd96515d2327f5&version_check=1 HTTP/1.1" 200 12691 "-" "Mozilla/5.0 (compatible; SemrushBot/7~bl; +http://www.semrush.com/bot.html)" "www.tekmedicgloves.com"
185.191.171.43 - - [26/Oct/2022:02:07:49 -0700] "GET /phpMyAdmin/setup/?token=f95dc82531bb1082e0cb97c214ad0577&version_check=1 HTTP/1.1" 200 12691 "-" "Mozilla/5.0 (compatible; SemrushBot/7~bl; +http://www.semrush.com/bot.html)" "www.tekmedicgloves.com"
185.191.171.35 - - [26/Oct/2022:02:08:17 -0700] "GET /phpMyAdmin/setup/?token=cd5e0df7a57d843f4582412d2692eeaf&version_check=1 HTTP/1.1" 200 12691 "-" "Mozilla/5.0 (compatible; SemrushBot/7~bl; +http://www.semrush.com/bot.html)" "www.tekmedicgloves.com"
185.191.171.43 - - [26/Oct/2022:02:08:33 -0700] "GET /phpMyAdmin/setup/?token=0dbd26014fdaa769187018adbc2c0704&version_check=1 HTTP/1.1" 200 12687 "-" "Mozilla/5.0 (compatible; SemrushBot/7~bl; +http://www.semrush.com/bot.html)" "tekmedicgloves.com"
185.191.171.23 - - [26/Oct/2022:02:08:54 -0700] "GET /phpMyAdmin/setup/?token=0b3e6f9456e3b1ddf0ed4e6b47511a29&version_check=1 HTTP/1.1" 200 12691 "-" "Mozilla/5.0 (compatible; SemrushBot/7~bl; +http://www.semrush.com/bot.html)" "www.tekmedicgloves.com"
185.191.171.7 - - [26/Oct/2022:02:09:29 -0700] "GET /phpMyAdmin/setup/?token=d4a145b7a377f3056fedde650d9e14d4&version_check=1 HTTP/1.1" 200 12687 "-" "Mozilla/5.0 (compatible; SemrushBot/7~bl; +http://www.semrush.com/bot.html)" "tekmedicgloves.com"
66.249.66.47 - - [26/Oct/2022:02:09:36 -0700] "GET /beta/wp-includes/js/comment-reply.min.js HTTP/1.1" 404 88 "http://www.tekmedicgloves.com/beta/products.php?cat=24&subcat=29" "Mozilla/5.0 AppleWebKit/537.36 (KHTML, like Gecko; compatible; Googlebot/2.1; +http://www.google.com/bot.html) Chrome/106.0.5249.119 Safari/537.36" "www.tekmedicgloves.com"
66.249.66.42 - - [26/Oct/2022:02:09:36 -0700] "GET /beta/wp-includes/js/swfobject.js HTTP/1.1" 404 88 "http://www.tekmedicgloves.com/beta/products.php?cat=24&subcat=29" "Mozilla/5.0 AppleWebKit/537.36 (KHTML, like Gecko; compatible; Googlebot/2.1; +http://www.google.com/bot.html) Chrome/106.0.5249.119 Safari/537.36" "www.tekmedicgloves.com"
66.249.66.42 - - [26/Oct/2022:02:09:36 -0700] "GET /beta/wp-includes/js/comment-reply.min.js HTTP/1.1" 404 88 "http://www.tekmedicgloves.com/beta/products.php?cat=24&subcat=29" "Mozilla/5.0 AppleWebKit/537.36 (KHTML, like Gecko; compatible; Googlebot/2.1; +http://www.google.com/bot.html) Chrome/106.0.5249.119 Safari/537.36" "www.tekmedicgloves.com"
66.249.66.45 - - [26/Oct/2022:02:09:37 -0700] "GET /beta/wp-includes/js/swfobject.js HTTP/1.1" 404 88 "http://www.tekmedicgloves.com/beta/products.php?cat=24&subcat=29" "Mozilla/5.0 AppleWebKit/537.36 (KHTML, like Gecko; compatible; Googlebot/2.1; +http://www.google.com/bot.html) Chrome/106.0.5249.119 Safari/537.36" "www.tekmedicgloves.com"
185.191.171.34 - - [26/Oct/2022:02:09:38 -0700] "GET /phpMyAdmin/setup/?token=d969ed3e81b405ecfe3b228b6b11b198&version_check=1 HTTP/1.1" 200 12687 "-" "Mozilla/5.0 (compatible; SemrushBot/7~bl; +http://www.semrush.com/bot.html)" "tekmedicgloves.com"
185.191.171.5 - - [26/Oct/2022:02:09:40 -0700] "GET /phpMyAdmin/setup/?token=ec74f4b7d88b2366d8e02dc7d6fd4433&version_check=1 HTTP/1.1" 200 12687 "-" "Mozilla/5.0 (compatible; SemrushBot/7~bl; +http://www.semrush.com/bot.html)" "tekmedicgloves.com"
185.191.171.16 - - [26/Oct/2022:02:09:50 -0700] "GET /phpMyAdmin/setup/?token=e47968c97a430793ebeed2e3ae5a1f6e&version_check=1 HTTP/1.1" 200 12687 "-" "Mozilla/5.0 (compatible; SemrushBot/7~bl; +http://www.semrush.com/bot.html)" "tekmedicgloves.com"
185.191.171.34 - - [26/Oct/2022:02:09:56 -0700] "GET /phpMyAdmin/setup/?token=03b9474172a3cf608c04eedcc670508d&version_check=1 HTTP/1.1" 200 12691 "-" "Mozilla/5.0 (compatible; SemrushBot/7~bl; +http://www.semrush.com/bot.html)" "www.tekmedicgloves.com"
185.191.171.18 - - [26/Oct/2022:02:10:01 -0700] "GET /phpMyAdmin/setup/?token=d8cadb70ee9aaff371fc6387fb8ed2cb&version_check=1 HTTP/1.1" 200 12687 "-" "Mozilla/5.0 (compatible; SemrushBot/7~bl; +http://www.semrush.com/bot.html)" "tekmedicgloves.com"
185.191.171.1 - - [26/Oct/2022:02:10:12 -0700] "GET /phpMyAdmin/setup/?token=e9a06350f43102bc25c27623eca6eab6&version_check=1 HTTP/1.1" 200 12691 "-" "Mozilla/5.0 (compatible; SemrushBot/7~bl; +http://www.semrush.com/bot.html)" "www.tekmedicgloves.com"
185.191.171.14 - - [26/Oct/2022:02:10:18 -0700] "GET /phpMyAdmin/setup/?token=f861383ae911b5da276f1ca5d9f42402&version_check=1 HTTP/1.1" 200 12691 "-" "Mozilla/5.0 (compatible; SemrushBot/7~bl; +http://www.semrush.com/bot.html)" "www.tekmedicgloves.com"
185.191.171.13 - - [26/Oct/2022:02:10:22 -0700] "GET /phpMyAdmin/setup/?token=fcf8c0d598a3e2b23550dd34590c3ab9&version_check=1 HTTP/1.1" 200 12691 "-" "Mozilla/5.0 (compatible; SemrushBot/7~bl; +http://www.semrush.com/bot.html)" "www.tekmedicgloves.com"
185.191.171.23 - - [26/Oct/2022:02:10:41 -0700] "GET /phpMyAdmin/setup/?token=1445b37280e3e987d900f5425e39d210&version_check=1 HTTP/1.1" 200 12687 "-" "Mozilla/5.0 (compatible; SemrushBot/7~bl; +http://www.semrush.com/bot.html)" "tekmedicgloves.com"
185.191.171.38 - - [26/Oct/2022:02:10:46 -0700] "GET /phpMyAdmin/setup/?token=f6c822d480ec9474a1b5c68d3c2b4f5b&version_check=1 HTTP/1.1" 200 12687 "-" "Mozilla/5.0 (compatible; SemrushBot/7~bl; +http://www.semrush.com/bot.html)" "tekmedicgloves.com"
185.191.171.12 - - [26/Oct/2022:02:10:48 -0700] "GET /phpMyAdmin/setup/?token=f9c3bc725fa6b2c3cd5e7316733d0fec&version_check=1 HTTP/1.1" 200 12691 "-" "Mozilla/5.0 (compatible; SemrushBot/7~bl; +http://www.semrush.com/bot.html)" "www.tekmedicgloves.com"
185.191.171.36 - - [26/Oct/2022:02:10:59 -0700] "GET /phpMyAdmin/setup/?token=e9eebb1a30ef66246275a43d52df9e9a&version_check=1 HTTP/1.1" 200 12687 "-" "Mozilla/5.0 (compatible; SemrushBot/7~bl; +http://www.semrush.com/bot.html)" "tekmedicgloves.com"
185.191.171.10 - - [26/Oct/2022:02:10:59 -0700] "GET /phpMyAdmin/setup/?token=efdf5987106a8253bf883697ac64c89b&version_check=1 HTTP/1.1" 200 12691 "-" "Mozilla/5.0 (compatible; SemrushBot/7~bl; +http://www.semrush.com/bot.html)" "www.tekmedicgloves.com"
185.191.171.34 - - [26/Oct/2022:02:11:11 -0700] "GET /phpMyAdmin/setup/?token=e2d70d4363b762b88fa4a8f92021132e&version_check=1 HTTP/1.1" 200 12687 "-" "Mozilla/5.0 (compatible; SemrushBot/7~bl; +http://www.semrush.com/bot.html)" "tekmedicgloves.com"
185.191.171.3 - - [26/Oct/2022:02:11:15 -0700] "GET /phpMyAdmin/setup/?token=d5c5e5a97c06ef57ae7d562e7a3e669a&version_check=1 HTTP/1.1" 200 12687 "-" "Mozilla/5.0 (compatible; SemrushBot/7~bl; +http://www.semrush.com/bot.html)" "tekmedicgloves.com"
185.191.171.11 - - [26/Oct/2022:02:11:35 -0700] "GET /phpMyAdmin/setup/?token=ee83d6b3375c007fa54cfda9b0fa5e78&version_check=1 HTTP/1.1" 200 12691 "-" "Mozilla/5.0 (compatible; SemrushBot/7~bl; +http://www.semrush.com/bot.html)" "www.tekmedicgloves.com"
185.191.171.34 - - [26/Oct/2022:02:11:43 -0700] "GET /phpMyAdmin/setup/?token=e583a7a605a11a65d542f620af299db0&version_check=1 HTTP/1.1" 200 12687 "-" "Mozilla/5.0 (compatible; SemrushBot/7~bl; +http://www.semrush.com/bot.html)" "tekmedicgloves.com"
185.191.171.12 - - [26/Oct/2022:02:12:11 -0700] "GET /phpMyAdmin/setup/?token=d58dccd842ffea3c59371ab127405680&version_check=1 HTTP/1.1" 200 12687 "-" "Mozilla/5.0 (compatible; SemrushBot/7~bl; +http://www.semrush.com/bot.html)" "tekmedicgloves.com"
185.191.171.25 - - [26/Oct/2022:02:12:11 -0700] "GET /phpMyAdmin/setup/?token=e471f56814d0c3d049e58bf562e3cd71&version_check=1 HTTP/1.1" 200 12691 "-" "Mozilla/5.0 (compatible; SemrushBot/7~bl; +http://www.semrush.com/bot.html)" "www.tekmedicgloves.com"
185.191.171.10 - - [26/Oct/2022:02:12:27 -0700] "GET /phpMyAdmin/setup/?token=068eb118aadf9528a4dbf2d09ed9ba78&version_check=1 HTTP/1.1" 200 12691 "-" "Mozilla/5.0 (compatible; SemrushBot/7~bl; +http://www.semrush.com/bot.html)" "www.tekmedicgloves.com"
185.191.171.1 - - [26/Oct/2022:02:12:29 -0700] "GET /phpMyAdmin/setup/?token=f31704f8d40ec8ed45bf090d074ce65c&version_check=1 HTTP/1.1" 200 12691 "-" "Mozilla/5.0 (compatible; SemrushBot/7~bl; +http://www.semrush.com/bot.html)" "www.tekmedicgloves.com"
185.191.171.26 - - [26/Oct/2022:02:12:34 -0700] "GET /phpMyAdmin/setup/?token=d9f900e879cc03595625195cc57430b1&version_check=1 HTTP/1.1" 200 12687 "-" "Mozilla/5.0 (compatible; SemrushBot/7~bl; +http://www.semrush.com/bot.html)" "tekmedicgloves.com"
185.191.171.26 - - [26/Oct/2022:02:12:38 -0700] "GET /phpMyAdmin/setup/?token=0b26772d57e9ca835be63dcc0a7e341a&version_check=1 HTTP/1.1" 200 12691 "-" "Mozilla/5.0 (compatible; SemrushBot/7~bl; +http://www.semrush.com/bot.html)" "www.tekmedicgloves.com"
