185.191.171.18 - - [31/Oct/2022:20:37:07 -0700] "GET /phpMyAdmin/setup/?token=0d86deac5c31e1422523767e42c92f76&version_check=1 HTTP/1.1" 200 12691 "-" "Mozilla/5.0 (compatible; SemrushBot/7~bl; +http://www.semrush.com/bot.html)" "www.tekmedicgloves.com"
185.191.171.22 - - [31/Oct/2022:20:37:13 -0700] "GET /phpMyAdmin/setup/?token=e33406cb2fb8e77df793e8170dad5b9c&version_check=1 HTTP/1.1" 200 12687 "-" "Mozilla/5.0 (compatible; SemrushBot/7~bl; +http://www.semrush.com/bot.html)" "tekmedicgloves.com"
185.191.171.26 - - [31/Oct/2022:20:37:17 -0700] "GET /phpMyAdmin/setup/?token=e21075277697111db68594459be94d6d&version_check=1 HTTP/1.1" 200 12691 "-" "Mozilla/5.0 (compatible; SemrushBot/7~bl; +http://www.semrush.com/bot.html)" "www.tekmedicgloves.com"
185.191.171.21 - - [31/Oct/2022:20:37:32 -0700] "GET /phpMyAdmin/setup/?token=0e990d006494dfd7b91b02078bb28688&version_check=1 HTTP/1.1" 200 12687 "-" "Mozilla/5.0 (compatible; SemrushBot/7~bl; +http://www.semrush.com/bot.html)" "tekmedicgloves.com"
185.191.171.38 - - [31/Oct/2022:20:38:29 -0700] "GET /phpMyAdmin/setup/?token=f4514dc1be00ab909fea445046ccb617&version_check=1 HTTP/1.1" 200 12691 "-" "Mozilla/5.0 (compatible; SemrushBot/7~bl; +http://www.semrush.com/bot.html)" "www.tekmedicgloves.com"
185.191.171.43 - - [31/Oct/2022:20:38:36 -0700] "GET /phpMyAdmin/setup/?token=e5460026f22fae0266d33c88f603ba71&version_check=1 HTTP/1.1" 200 12691 "-" "Mozilla/5.0 (compatible; SemrushBot/7~bl; +http://www.semrush.com/bot.html)" "www.tekmedicgloves.com"
185.191.171.35 - - [31/Oct/2022:20:38:38 -0700] "GET /phpMyAdmin/setup/?token=d92b6c39c00b12a473449d415482d16c&version_check=1 HTTP/1.1" 200 12687 "-" "Mozilla/5.0 (compatible; SemrushBot/7~bl; +http://www.semrush.com/bot.html)" "tekmedicgloves.com"
185.191.171.7 - - [31/Oct/2022:20:38:40 -0700] "GET /phpMyAdmin/setup/?token=d92ce62990a4a94fc142bce22db44bc1&version_check=1 HTTP/1.1" 200 12687 "-" "Mozilla/5.0 (compatible; SemrushBot/7~bl; +http://www.semrush.com/bot.html)" "tekmedicgloves.com"
185.191.171.23 - - [31/Oct/2022:20:38:41 -0700] "GET /phpMyAdmin/setup/?token=f43f6188db19b9880370cc5a12a3444f&version_check=1 HTTP/1.1" 200 12691 "-" "Mozilla/5.0 (compatible; SemrushBot/7~bl; +http://www.semrush.com/bot.html)" "www.tekmedicgloves.com"
185.191.171.39 - - [31/Oct/2022:20:39:02 -0700] "GET /phpMyAdmin/setup/?token=eb58a03dce0176a3aed3751249e49b64&version_check=1 HTTP/1.1" 200 12687 "-" "Mozilla/5.0 (compatible; SemrushBot/7~bl; +http://www.semrush.com/bot.html)" "tekmedicgloves.com"
185.191.171.43 - - [31/Oct/2022:20:39:10 -0700] "GET /phpMyAdmin/setup/?token=e21473c5996b0753870549a44f37e3b6&version_check=1 HTTP/1.1" 200 12691 "-" "Mozilla/5.0 (compatible; SemrushBot/7~bl; +http://www.semrush.com/bot.html)" "www.tekmedicgloves.com"
185.191.171.2 - - [31/Oct/2022:20:39:12 -0700] "GET /phpMyAdmin/setup/?token=ce9050fe0cb748026d01ad20541348fa&version_check=1 HTTP/1.1" 200 12691 "-" "Mozilla/5.0 (compatible; SemrushBot/7~bl; +http://www.semrush.com/bot.html)" "www.tekmedicgloves.com"
185.191.171.39 - - [31/Oct/2022:20:39:20 -0700] "GET /phpMyAdmin/setup/?token=e5dc7e6c0d3c165289347747ebdecc3c&version_check=1 HTTP/1.1" 200 12687 "-" "Mozilla/5.0 (compatible; SemrushBot/7~bl; +http://www.semrush.com/bot.html)" "tekmedicgloves.com"
185.191.171.25 - - [31/Oct/2022:20:40:06 -0700] "GET /phpMyAdmin/setup/?token=f88c51cafb934fd817aaed713a3ee174&version_check=1 HTTP/1.1" 200 12687 "-" "Mozilla/5.0 (compatible; SemrushBot/7~bl; +http://www.semrush.com/bot.html)" "tekmedicgloves.com"
185.191.171.16 - - [31/Oct/2022:20:40:39 -0700] "GET /phpMyAdmin/setup/?token=d38b6aeb9308da25feb9be99cc6c4eaa&version_check=1 HTTP/1.1" 200 12687 "-" "Mozilla/5.0 (compatible; SemrushBot/7~bl; +http://www.semrush.com/bot.html)" "tekmedicgloves.com"
185.191.171.45 - - [31/Oct/2022:20:41:06 -0700] "GET /phpMyAdmin/setup/?token=ea32400c27a6f83016c986d0d330fd96&version_check=1 HTTP/1.1" 200 12691 "-" "Mozilla/5.0 (compatible; SemrushBot/7~bl; +http://www.semrush.com/bot.html)" "www.tekmedicgloves.com"
185.191.171.1 - - [31/Oct/2022:20:41:34 -0700] "GET /phpMyAdmin/setup/?token=d1fb30bfd63e7a1a6ef5b6463a17f827&version_check=1 HTTP/1.1" 200 12687 "-" "Mozilla/5.0 (compatible; SemrushBot/7~bl; +http://www.semrush.com/bot.html)" "tekmedicgloves.com"
185.191.171.11 - - [31/Oct/2022:20:41:36 -0700] "GET /phpMyAdmin/setup/?token=db55d7e69fed3cdec3fbd56e9f6cc09b&version_check=1 HTTP/1.1" 200 12687 "-" "Mozilla/5.0 (compatible; SemrushBot/7~bl; +http://www.semrush.com/bot.html)" "tekmedicgloves.com"
185.191.171.16 - - [31/Oct/2022:20:42:01 -0700] "GET /phpMyAdmin/setup/?token=ea7b4df4874bf6df8fca2e34a1bd5848&version_check=1 HTTP/1.1" 200 12691 "-" "Mozilla/5.0 (compatible; SemrushBot/7~bl; +http://www.semrush.com/bot.html)" "www.tekmedicgloves.com"
185.191.171.25 - - [31/Oct/2022:20:42:04 -0700] "GET /phpMyAdmin/setup/?token=e3f07345c6cd6706e9a0aece8cf81918&version_check=1 HTTP/1.1" 200 12687 "-" "Mozilla/5.0 (compatible; SemrushBot/7~bl; +http://www.semrush.com/bot.html)" "tekmedicgloves.com"
185.191.171.26 - - [31/Oct/2022:20:42:14 -0700] "GET /phpMyAdmin/setup/?token=0b5213618cc7dd296978cd07b06f950b&version_check=1 HTTP/1.1" 200 12687 "-" "Mozilla/5.0 (compatible; SemrushBot/7~bl; +http://www.semrush.com/bot.html)" "tekmedicgloves.com"
185.191.171.34 - - [31/Oct/2022:20:42:27 -0700] "GET /phpMyAdmin/setup/?token=c35d4ba70180d90a1d033eeb92ee3ca2&version_check=1 HTTP/1.1" 200 12691 "-" "Mozilla/5.0 (compatible; SemrushBot/7~bl; +http://www.semrush.com/bot.html)" "www.tekmedicgloves.com"
185.191.171.5 - - [31/Oct/2022:20:43:04 -0700] "GET /phpMyAdmin/setup/?token=0430d9c863f5437a6c7e1c9cae402dee&version_check=1 HTTP/1.1" 200 12691 "-" "Mozilla/5.0 (compatible; SemrushBot/7~bl; +http://www.semrush.com/bot.html)" "www.tekmedicgloves.com"
185.191.171.5 - - [31/Oct/2022:20:43:18 -0700] "GET /phpMyAdmin/setup/?token=f062c3b6e3a77f706f08feef3b3a4749&version_check=1 HTTP/1.1" 200 12687 "-" "Mozilla/5.0 (compatible; SemrushBot/7~bl; +http://www.semrush.com/bot.html)" "tekmedicgloves.com"
185.191.171.21 - - [31/Oct/2022:20:43:24 -0700] "GET /phpMyAdmin/setup/?token=1189fac6f20d0f6712057099d32235eb&version_check=1 HTTP/1.1" 200 12687 "-" "Mozilla/5.0 (compatible; SemrushBot/7~bl; +http://www.semrush.com/bot.html)" "tekmedicgloves.com"
185.191.171.25 - - [31/Oct/2022:20:43:31 -0700] "GET /phpMyAdmin/setup/?token=e8a38093e081bceb0aa2f8e459a857a4&version_check=1 HTTP/1.1" 200 12691 "-" "Mozilla/5.0 (compatible; SemrushBot/7~bl; +http://www.semrush.com/bot.html)" "www.tekmedicgloves.com"
185.191.171.39 - - [31/Oct/2022:20:43:34 -0700] "GET /phpMyAdmin/setup/?token=eb61b8eecd8debd8e34446acb44267b4&version_check=1 HTTP/1.1" 200 12691 "-" "Mozilla/5.0 (compatible; SemrushBot/7~bl; +http://www.semrush.com/bot.html)" "www.tekmedicgloves.com"
185.191.171.15 - - [31/Oct/2022:20:43:36 -0700] "GET /phpMyAdmin/setup/?token=e8916fbecce96d1e837b71d1ab8e2928&version_check=1 HTTP/1.1" 200 12691 "-" "Mozilla/5.0 (compatible; SemrushBot/7~bl; +http://www.semrush.com/bot.html)" "www.tekmedicgloves.com"
185.191.171.39 - - [31/Oct/2022:20:44:32 -0700] "GET /phpMyAdmin/setup/?token=021c3bad114213ad9d4165b92e738d61&version_check=1 HTTP/1.1" 200 12691 "-" "Mozilla/5.0 (compatible; SemrushBot/7~bl; +http://www.semrush.com/bot.html)" "www.tekmedicgloves.com"
185.191.171.19 - - [31/Oct/2022:20:44:41 -0700] "GET /phpMyAdmin/setup/?token=02fde9f140545bef17f8fc27c3b4a40e&version_check=1 HTTP/1.1" 200 12691 "-" "Mozilla/5.0 (compatible; SemrushBot/7~bl; +http://www.semrush.com/bot.html)" "www.tekmedicgloves.com"
185.191.171.5 - - [31/Oct/2022:20:44:49 -0700] "GET /phpMyAdmin/setup/?token=e6e519655bd024c3c566be92d57803ab&version_check=1 HTTP/1.1" 200 12687 "-" "Mozilla/5.0 (compatible; SemrushBot/7~bl; +http://www.semrush.com/bot.html)" "tekmedicgloves.com"
185.191.171.8 - - [31/Oct/2022:20:44:57 -0700] "GET /phpMyAdmin/setup/?token=fa554ce236f81efc717042edecfba989&version_check=1 HTTP/1.1" 200 12687 "-" "Mozilla/5.0 (compatible; SemrushBot/7~bl; +http://www.semrush.com/bot.html)" "tekmedicgloves.com"
185.191.171.44 - - [31/Oct/2022:20:45:00 -0700] "GET /phpMyAdmin/setup/?token=e4542270b28b2f341a2e830c9d78d1ba&version_check=1 HTTP/1.1" 200 12691 "-" "Mozilla/5.0 (compatible; SemrushBot/7~bl; +http://www.semrush.com/bot.html)" "www.tekmedicgloves.com"
185.191.171.9 - - [31/Oct/2022:20:45:16 -0700] "GET /phpMyAdmin/setup/?token=ecbaa87586bc8273debc5a773ba00891&version_check=1 HTTP/1.1" 200 12691 "-" "Mozilla/5.0 (compatible; SemrushBot/7~bl; +http://www.semrush.com/bot.html)" "www.tekmedicgloves.com"
185.191.171.17 - - [31/Oct/2022:20:45:25 -0700] "GET /phpMyAdmin/setup/?token=e5200a0f271e3d11535fa91bf6519e41&version_check=1 HTTP/1.1" 200 12687 "-" "Mozilla/5.0 (compatible; SemrushBot/7~bl; +http://www.semrush.com/bot.html)" "tekmedicgloves.com"
185.191.171.5 - - [31/Oct/2022:20:45:30 -0700] "GET /phpMyAdmin/setup/?token=c2d398aa447efc8e2b616aaab00ecf46&version_check=1 HTTP/1.1" 200 12691 "-" "Mozilla/5.0 (compatible; SemrushBot/7~bl; +http://www.semrush.com/bot.html)" "www.tekmedicgloves.com"
185.191.171.38 - - [31/Oct/2022:20:45:37 -0700] "GET /phpMyAdmin/setup/?token=0e54a13c8b28401a54f60ec940093c1f&version_check=1 HTTP/1.1" 200 12691 "-" "Mozilla/5.0 (compatible; SemrushBot/7~bl; +http://www.semrush.com/bot.html)" "www.tekmedicgloves.com"
185.191.171.40 - - [31/Oct/2022:20:45:52 -0700] "GET /phpMyAdmin/setup/?token=ed57c36d492c2886390afc2041894a1b&version_check=1 HTTP/1.1" 200 12687 "-" "Mozilla/5.0 (compatible; SemrushBot/7~bl; +http://www.semrush.com/bot.html)" "tekmedicgloves.com"
185.191.171.8 - - [31/Oct/2022:20:45:53 -0700] "GET /phpMyAdmin/setup/?token=f4f052c958f19b020b054b8a623ab83f&version_check=1 HTTP/1.1" 200 12691 "-" "Mozilla/5.0 (compatible; SemrushBot/7~bl; +http://www.semrush.com/bot.html)" "www.tekmedicgloves.com"
114.119.139.25 - - [31/Oct/2022:20:45:56 -0700] "GET / HTTP/1.1" 200 347 "-" "Mozilla/5.0 (Linux; Android 7.0;) AppleWebKit/537.36 (KHTML, like Gecko) Mobile Safari/537.36 (compatible; PetalBot;+https://webmaster.petalsearch.com/site/petalbot)" "www.tekmedicgloves.com"
185.191.171.18 - - [31/Oct/2022:20:46:14 -0700] "GET /phpMyAdmin/setup/?token=e833daceedee614500ec6ae17ae5da0c&version_check=1 HTTP/1.1" 200 12691 "-" "Mozilla/5.0 (compatible; SemrushBot/7~bl; +http://www.semrush.com/bot.html)" "www.tekmedicgloves.com"
185.191.171.25 - - [31/Oct/2022:20:46:30 -0700] "GET /robots.txt HTTP/1.1" 404 88 "-" "Mozilla/5.0 (compatible; SemrushBot/7~bl; +http://www.semrush.com/bot.html)" "tekmedicgloves.com"
185.191.171.2 - - [31/Oct/2022:20:46:30 -0700] "GET /phpMyAdmin/setup/?token=d44cc7fb130e733c3744554c9eec509f&version_check=1 HTTP/1.1" 200 12687 "-" "Mozilla/5.0 (compatible; SemrushBot/7~bl; +http://www.semrush.com/bot.html)" "tekmedicgloves.com"
185.191.171.24 - - [31/Oct/2022:20:46:33 -0700] "GET /phpMyAdmin/setup/?token=0435e54c307112a54b09a8408b90e663&version_check=1 HTTP/1.1" 200 12687 "-" "Mozilla/5.0 (compatible; SemrushBot/7~bl; +http://www.semrush.com/bot.html)" "tekmedicgloves.com"
185.191.171.9 - - [31/Oct/2022:20:46:35 -0700] "GET /phpMyAdmin/setup/?token=f7be6e965baf125f9671860f2a6b0616&version_check=1 HTTP/1.1" 200 12687 "-" "Mozilla/5.0 (compatible; SemrushBot/7~bl; +http://www.semrush.com/bot.html)" "tekmedicgloves.com"
185.191.171.38 - - [31/Oct/2022:20:46:45 -0700] "GET /phpMyAdmin/setup/?token=d3a5a32d86ed0c09bdd9a3da6cef22c3&version_check=1 HTTP/1.1" 200 12687 "-" "Mozilla/5.0 (compatible; SemrushBot/7~bl; +http://www.semrush.com/bot.html)" "tekmedicgloves.com"
185.191.171.33 - - [31/Oct/2022:20:47:00 -0700] "GET /phpMyAdmin/setup/?token=d9de26e3ea7d86c36beb86ed68aec181&version_check=1 HTTP/1.1" 200 12687 "-" "Mozilla/5.0 (compatible; SemrushBot/7~bl; +http://www.semrush.com/bot.html)" "tekmedicgloves.com"
185.191.171.3 - - [31/Oct/2022:20:47:09 -0700] "GET /phpMyAdmin/setup/?token=e32d1d8091437b3c273a1bf396892056&version_check=1 HTTP/1.1" 200 12691 "-" "Mozilla/5.0 (compatible; SemrushBot/7~bl; +http://www.semrush.com/bot.html)" "www.tekmedicgloves.com"
185.191.171.9 - - [31/Oct/2022:20:47:26 -0700] "GET /phpMyAdmin/setup/?token=f2c9b7db5cf65ab198b1ae9890104da9&version_check=1 HTTP/1.1" 200 12687 "-" "Mozilla/5.0 (compatible; SemrushBot/7~bl; +http://www.semrush.com/bot.html)" "tekmedicgloves.com"
185.191.171.5 - - [31/Oct/2022:20:47:28 -0700] "GET /phpMyAdmin/setup/?token=e2f793632de3907bb02aa35f2235cea5&version_check=1 HTTP/1.1" 200 12691 "-" "Mozilla/5.0 (compatible; SemrushBot/7~bl; +http://www.semrush.com/bot.html)" "www.tekmedicgloves.com"
185.191.171.5 - - [31/Oct/2022:20:47:37 -0700] "GET /phpMyAdmin/setup/?token=eb43c39e95a94d0aa80b89d40a19d8a0&version_check=1 HTTP/1.1" 200 12687 "-" "Mozilla/5.0 (compatible; SemrushBot/7~bl; +http://www.semrush.com/bot.html)" "tekmedicgloves.com"
185.191.171.15 - - [31/Oct/2022:20:47:40 -0700] "GET /phpMyAdmin/setup/?token=d1fbdcff5dd8db4d5fd44fe631d28080&version_check=1 HTTP/1.1" 200 12687 "-" "Mozilla/5.0 (compatible; SemrushBot/7~bl; +http://www.semrush.com/bot.html)" "tekmedicgloves.com"
185.191.171.36 - - [31/Oct/2022:20:47:43 -0700] "GET /phpMyAdmin/setup/?token=e2a44347f77134358e09d0ba15cbea29&version_check=1 HTTP/1.1" 200 12691 "-" "Mozilla/5.0 (compatible; SemrushBot/7~bl; +http://www.semrush.com/bot.html)" "www.tekmedicgloves.com"
185.191.171.33 - - [31/Oct/2022:20:47:44 -0700] "GET /phpMyAdmin/setup/?token=d5850ab81108436107749475cef1d528&version_check=1 HTTP/1.1" 200 12687 "-" "Mozilla/5.0 (compatible; SemrushBot/7~bl; +http://www.semrush.com/bot.html)" "tekmedicgloves.com"
185.191.171.42 - - [31/Oct/2022:20:48:21 -0700] "GET /phpMyAdmin/setup/?token=00cea9e2b5596cbb3d0f2bce2ba5135d&version_check=1 HTTP/1.1" 200 12691 "-" "Mozilla/5.0 (compatible; SemrushBot/7~bl; +http://www.semrush.com/bot.html)" "www.tekmedicgloves.com"
185.191.171.23 - - [31/Oct/2022:20:48:36 -0700] "GET /phpMyAdmin/setup/?token=0456161c94da7c3516991e01a725453e&version_check=1 HTTP/1.1" 200 12687 "-" "Mozilla/5.0 (compatible; SemrushBot/7~bl; +http://www.semrush.com/bot.html)" "tekmedicgloves.com"
185.191.171.1 - - [31/Oct/2022:20:48:50 -0700] "GET /phpMyAdmin/setup/?token=ef0a7952e524aef9815d5f36b2dc87ec&version_check=1 HTTP/1.1" 200 12687 "-" "Mozilla/5.0 (compatible; SemrushBot/7~bl; +http://www.semrush.com/bot.html)" "tekmedicgloves.com"
185.191.171.13 - - [31/Oct/2022:20:48:54 -0700] "GET /phpMyAdmin/setup/?token=c6c3b1bf73cd323b83ccf9b1526cca7c&version_check=1 HTTP/1.1" 200 12691 "-" "Mozilla/5.0 (compatible; SemrushBot/7~bl; +http://www.semrush.com/bot.html)" "www.tekmedicgloves.com"
185.191.171.4 - - [31/Oct/2022:20:49:27 -0700] "GET /phpMyAdmin/setup/?token=db0cb05c0b457420a91e05164578c651&version_check=1 HTTP/1.1" 200 12687 "-" "Mozilla/5.0 (compatible; SemrushBot/7~bl; +http://www.semrush.com/bot.html)" "tekmedicgloves.com"
185.191.171.44 - - [31/Oct/2022:20:49:46 -0700] "GET /phpMyAdmin/setup/?token=09a4cbed7fa73c1096ec6176f43c0d38&version_check=1 HTTP/1.1" 200 12687 "-" "Mozilla/5.0 (compatible; SemrushBot/7~bl; +http://www.semrush.com/bot.html)" "tekmedicgloves.com"
185.191.171.20 - - [31/Oct/2022:20:50:03 -0700] "GET /phpMyAdmin/setup/?token=d9688be79f08400f711941892bfc4edd&version_check=1 HTTP/1.1" 200 12687 "-" "Mozilla/5.0 (compatible; SemrushBot/7~bl; +http://www.semrush.com/bot.html)" "tekmedicgloves.com"
185.191.171.18 - - [31/Oct/2022:20:50:07 -0700] "GET /phpMyAdmin/setup/?token=099dae2905031f1c8cc24ea03a0584f8&version_check=1 HTTP/1.1" 200 12687 "-" "Mozilla/5.0 (compatible; SemrushBot/7~bl; +http://www.semrush.com/bot.html)" "tekmedicgloves.com"
185.191.171.26 - - [31/Oct/2022:20:50:10 -0700] "GET /phpMyAdmin/setup/?token=e3f6205a39ce36dd8fb790d0ba941fb7&version_check=1 HTTP/1.1" 200 12687 "-" "Mozilla/5.0 (compatible; SemrushBot/7~bl; +http://www.semrush.com/bot.html)" "tekmedicgloves.com"
185.191.171.45 - - [31/Oct/2022:20:50:23 -0700] "GET /phpMyAdmin/setup/?token=f7d2fd54c06bda3aee0bab480cd4291b&version_check=1 HTTP/1.1" 200 12691 "-" "Mozilla/5.0 (compatible; SemrushBot/7~bl; +http://www.semrush.com/bot.html)" "www.tekmedicgloves.com"
185.191.171.36 - - [31/Oct/2022:20:50:25 -0700] "GET /phpMyAdmin/setup/?token=e9963c8dad56df7e71f51aa545c884ac&version_check=1 HTTP/1.1" 200 12691 "-" "Mozilla/5.0 (compatible; SemrushBot/7~bl; +http://www.semrush.com/bot.html)" "www.tekmedicgloves.com"
185.191.171.2 - - [31/Oct/2022:20:50:33 -0700] "GET /phpMyAdmin/setup/?token=c6963a838841ffbc915b9af74340c178&version_check=1 HTTP/1.1" 200 12691 "-" "Mozilla/5.0 (compatible; SemrushBot/7~bl; +http://www.semrush.com/bot.html)" "www.tekmedicgloves.com"
185.191.171.37 - - [31/Oct/2022:20:50:47 -0700] "GET /phpMyAdmin/setup/?token=c0b03379ad0dc91fa58df8eaa45456b9&version_check=1 HTTP/1.1" 200 12691 "-" "Mozilla/5.0 (compatible; SemrushBot/7~bl; +http://www.semrush.com/bot.html)" "www.tekmedicgloves.com"
185.191.171.36 - - [31/Oct/2022:20:50:49 -0700] "GET /phpMyAdmin/setup/?token=c0d7a08a0a528248d6a531cac1912a64&version_check=1 HTTP/1.1" 200 12691 "-" "Mozilla/5.0 (compatible; SemrushBot/7~bl; +http://www.semrush.com/bot.html)" "www.tekmedicgloves.com"
185.191.171.41 - - [31/Oct/2022:20:50:56 -0700] "GET /phpMyAdmin/setup/?token=e7677a84ccb498cc4bcca54a5c874018&version_check=1 HTTP/1.1" 200 12691 "-" "Mozilla/5.0 (compatible; SemrushBot/7~bl; +http://www.semrush.com/bot.html)" "www.tekmedicgloves.com"
185.191.171.41 - - [31/Oct/2022:20:51:15 -0700] "GET /phpMyAdmin/setup/?token=e710ee218fd1d261b673699443a71c93&version_check=1 HTTP/1.1" 200 12687 "-" "Mozilla/5.0 (compatible; SemrushBot/7~bl; +http://www.semrush.com/bot.html)" "tekmedicgloves.com"
185.191.171.3 - - [31/Oct/2022:20:51:29 -0700] "GET /phpMyAdmin/setup/?token=da7678aac306f94f33ca978ac6fb9275&version_check=1 HTTP/1.1" 200 12687 "-" "Mozilla/5.0 (compatible; SemrushBot/7~bl; +http://www.semrush.com/bot.html)" "tekmedicgloves.com"
185.191.171.15 - - [31/Oct/2022:20:51:36 -0700] "GET /phpMyAdmin/setup/?token=0f45fad850cfa2f4b187fc80f34abd0e&version_check=1 HTTP/1.1" 200 12691 "-" "Mozilla/5.0 (compatible; SemrushBot/7~bl; +http://www.semrush.com/bot.html)" "www.tekmedicgloves.com"
185.191.171.34 - - [31/Oct/2022:20:51:55 -0700] "GET /phpMyAdmin/setup/?token=fc8f67a3d2ea3510170d70a351b043ef&version_check=1 HTTP/1.1" 200 12687 "-" "Mozilla/5.0 (compatible; SemrushBot/7~bl; +http://www.semrush.com/bot.html)" "tekmedicgloves.com"
185.191.171.21 - - [31/Oct/2022:20:51:58 -0700] "GET /phpMyAdmin/setup/?token=ee36a373999dbae3a556df93c7c536a8&version_check=1 HTTP/1.1" 200 12691 "-" "Mozilla/5.0 (compatible; SemrushBot/7~bl; +http://www.semrush.com/bot.html)" "www.tekmedicgloves.com"
185.191.171.26 - - [31/Oct/2022:20:52:22 -0700] "GET /phpMyAdmin/setup/?token=e1f13123e06bf214f478eaa02d6faf54&version_check=1 HTTP/1.1" 200 12687 "-" "Mozilla/5.0 (compatible; SemrushBot/7~bl; +http://www.semrush.com/bot.html)" "tekmedicgloves.com"
185.191.171.3 - - [31/Oct/2022:20:52:25 -0700] "GET /phpMyAdmin/setup/?token=d500209f6a005e81c6a4c5eec5d2bfd4&version_check=1 HTTP/1.1" 200 12687 "-" "Mozilla/5.0 (compatible; SemrushBot/7~bl; +http://www.semrush.com/bot.html)" "tekmedicgloves.com"
185.191.171.21 - - [31/Oct/2022:20:52:37 -0700] "GET /phpMyAdmin/setup/?token=d1b07529164dc1d731bb712379ac12e3&version_check=1 HTTP/1.1" 200 12687 "-" "Mozilla/5.0 (compatible; SemrushBot/7~bl; +http://www.semrush.com/bot.html)" "tekmedicgloves.com"
185.191.171.23 - - [31/Oct/2022:20:53:12 -0700] "GET /phpMyAdmin/setup/?token=d0cdaa211be9818f35562ce4d74a627f&version_check=1 HTTP/1.1" 200 12687 "-" "Mozilla/5.0 (compatible; SemrushBot/7~bl; +http://www.semrush.com/bot.html)" "tekmedicgloves.com"
185.191.171.22 - - [31/Oct/2022:20:53:17 -0700] "GET /phpMyAdmin/setup/?token=0735a8b36c0b24867805b968be458f67&version_check=1 HTTP/1.1" 200 12691 "-" "Mozilla/5.0 (compatible; SemrushBot/7~bl; +http://www.semrush.com/bot.html)" "www.tekmedicgloves.com"
185.191.171.20 - - [31/Oct/2022:20:53:19 -0700] "GET /phpMyAdmin/setup/?token=ba8052b4a987aebf206d5035f97330e1&version_check=1 HTTP/1.1" 200 12691 "-" "Mozilla/5.0 (compatible; SemrushBot/7~bl; +http://www.semrush.com/bot.html)" "www.tekmedicgloves.com"
185.191.171.5 - - [31/Oct/2022:20:53:52 -0700] "GET /phpMyAdmin/setup/?token=d33ca2d66d763daef56a54b3c97a05f4&version_check=1 HTTP/1.1" 200 12691 "-" "Mozilla/5.0 (compatible; SemrushBot/7~bl; +http://www.semrush.com/bot.html)" "www.tekmedicgloves.com"
185.191.171.21 - - [31/Oct/2022:20:53:59 -0700] "GET /phpMyAdmin/setup/?token=d3b307cb11fcf7ae5d3831dfe534a90e&version_check=1 HTTP/1.1" 200 12687 "-" "Mozilla/5.0 (compatible; SemrushBot/7~bl; +http://www.semrush.com/bot.html)" "tekmedicgloves.com"
185.191.171.24 - - [31/Oct/2022:20:54:01 -0700] "GET /phpMyAdmin/setup/?token=b7e0f74c545f5996c99c694c8c220d3a&version_check=1 HTTP/1.1" 200 12691 "-" "Mozilla/5.0 (compatible; SemrushBot/7~bl; +http://www.semrush.com/bot.html)" "www.tekmedicgloves.com"
185.191.171.3 - - [31/Oct/2022:20:54:10 -0700] "GET /phpMyAdmin/setup/?token=0edfc6576405c06751bdadb5f605878f&version_check=1 HTTP/1.1" 200 12691 "-" "Mozilla/5.0 (compatible; SemrushBot/7~bl; +http://www.semrush.com/bot.html)" "www.tekmedicgloves.com"
185.191.171.22 - - [31/Oct/2022:20:54:24 -0700] "GET /phpMyAdmin/setup/?token=0f26d20e157b305fb3622386ef4d3d65&version_check=1 HTTP/1.1" 200 12687 "-" "Mozilla/5.0 (compatible; SemrushBot/7~bl; +http://www.semrush.com/bot.html)" "tekmedicgloves.com"
185.191.171.41 - - [31/Oct/2022:20:54:54 -0700] "GET /robots.txt HTTP/1.1" 404 88 "-" "Mozilla/5.0 (compatible; SemrushBot/7~bl; +http://www.semrush.com/bot.html)" "www.tekmedicgloves.com"
185.191.171.2 - - [31/Oct/2022:20:54:56 -0700] "GET /phpMyAdmin/setup/?token=c68b602c9cb70a928149875fecb3394c&version_check=1 HTTP/1.1" 200 12691 "-" "Mozilla/5.0 (compatible; SemrushBot/7~bl; +http://www.semrush.com/bot.html)" "www.tekmedicgloves.com"
185.191.171.43 - - [31/Oct/2022:20:55:00 -0700] "GET /phpMyAdmin/setup/?token=fc696fcde037d32e12b95cb8f0a36815&version_check=1 HTTP/1.1" 200 12687 "-" "Mozilla/5.0 (compatible; SemrushBot/7~bl; +http://www.semrush.com/bot.html)" "tekmedicgloves.com"
185.191.171.42 - - [31/Oct/2022:20:55:08 -0700] "GET /phpMyAdmin/setup/?token=d2fb8fd069f310792fae13ff6bd9ebc6&version_check=1 HTTP/1.1" 200 12687 "-" "Mozilla/5.0 (compatible; SemrushBot/7~bl; +http://www.semrush.com/bot.html)" "tekmedicgloves.com"
185.191.171.18 - - [31/Oct/2022:20:56:16 -0700] "GET /phpMyAdmin/setup/?token=ebc600d29af2ce701ed5d03145b713ba&version_check=1 HTTP/1.1" 200 12691 "-" "Mozilla/5.0 (compatible; SemrushBot/7~bl; +http://www.semrush.com/bot.html)" "www.tekmedicgloves.com"
185.191.171.43 - - [31/Oct/2022:20:56:16 -0700] "GET /phpMyAdmin/setup/?token=dade442e07dfe6cf52275434c15c4975&version_check=1 HTTP/1.1" 200 12687 "-" "Mozilla/5.0 (compatible; SemrushBot/7~bl; +http://www.semrush.com/bot.html)" "tekmedicgloves.com"
185.191.171.37 - - [31/Oct/2022:20:57:00 -0700] "GET /phpMyAdmin/setup/?token=d814dafe4e8e5af30ee2fd86cf019855&version_check=1 HTTP/1.1" 200 12687 "-" "Mozilla/5.0 (compatible; SemrushBot/7~bl; +http://www.semrush.com/bot.html)" "tekmedicgloves.com"
185.191.171.24 - - [31/Oct/2022:20:57:01 -0700] "GET /phpMyAdmin/setup/?token=e664a203f24932b8468b5017ea8dd238&version_check=1 HTTP/1.1" 200 12691 "-" "Mozilla/5.0 (compatible; SemrushBot/7~bl; +http://www.semrush.com/bot.html)" "www.tekmedicgloves.com"
185.191.171.8 - - [31/Oct/2022:20:57:04 -0700] "GET /phpMyAdmin/setup/?token=d2be4dd086645a27d3cc0f3b4a06d389&version_check=1 HTTP/1.1" 200 12687 "-" "Mozilla/5.0 (compatible; SemrushBot/7~bl; +http://www.semrush.com/bot.html)" "tekmedicgloves.com"
185.191.171.3 - - [31/Oct/2022:20:57:05 -0700] "GET /phpMyAdmin/setup/?token=06bcf6fa13f9a667e7316bc5f8b2674d&version_check=1 HTTP/1.1" 200 12691 "-" "Mozilla/5.0 (compatible; SemrushBot/7~bl; +http://www.semrush.com/bot.html)" "www.tekmedicgloves.com"
185.191.171.44 - - [31/Oct/2022:20:57:29 -0700] "GET /phpMyAdmin/setup/?token=f1ea4f8e5aee93feca274a52ce68546c&version_check=1 HTTP/1.1" 200 12687 "-" "Mozilla/5.0 (compatible; SemrushBot/7~bl; +http://www.semrush.com/bot.html)" "tekmedicgloves.com"
185.191.171.21 - - [31/Oct/2022:20:57:49 -0700] "GET /phpMyAdmin/setup/?token=f9a95ccdd9e5fb9ba7adcaeb7c13398c&version_check=1 HTTP/1.1" 200 12691 "-" "Mozilla/5.0 (compatible; SemrushBot/7~bl; +http://www.semrush.com/bot.html)" "www.tekmedicgloves.com"
185.191.171.21 - - [31/Oct/2022:20:58:01 -0700] "GET /phpMyAdmin/setup/?token=fe9ae0262d485a1be45821f386d4ecca&version_check=1 HTTP/1.1" 200 12691 "-" "Mozilla/5.0 (compatible; SemrushBot/7~bl; +http://www.semrush.com/bot.html)" "www.tekmedicgloves.com"
185.191.171.8 - - [31/Oct/2022:20:58:28 -0700] "GET /phpMyAdmin/setup/?token=dab3dea776df839b03cf49a854b0807a&version_check=1 HTTP/1.1" 200 12687 "-" "Mozilla/5.0 (compatible; SemrushBot/7~bl; +http://www.semrush.com/bot.html)" "tekmedicgloves.com"
185.191.171.21 - - [31/Oct/2022:20:58:49 -0700] "GET /phpMyAdmin/setup/?token=fb12d8c6e949b5d75ab5d9c7acec3fb2&version_check=1 HTTP/1.1" 200 12687 "-" "Mozilla/5.0 (compatible; SemrushBot/7~bl; +http://www.semrush.com/bot.html)" "tekmedicgloves.com"
185.191.171.38 - - [31/Oct/2022:20:59:29 -0700] "GET /phpMyAdmin/setup/?token=1084f0b41960598ec4532577852dd26f&version_check=1 HTTP/1.1" 200 12687 "-" "Mozilla/5.0 (compatible; SemrushBot/7~bl; +http://www.semrush.com/bot.html)" "tekmedicgloves.com"
185.191.171.2 - - [31/Oct/2022:20:59:46 -0700] "GET /phpMyAdmin/setup/?token=e449894bf4960d195187a96c34ae4056&version_check=1 HTTP/1.1" 200 12687 "-" "Mozilla/5.0 (compatible; SemrushBot/7~bl; +http://www.semrush.com/bot.html)" "tekmedicgloves.com"
185.191.171.26 - - [31/Oct/2022:20:59:54 -0700] "GET /phpMyAdmin/setup/?token=06cea6a2d20c25f2a458b8c49f9bca09&version_check=1 HTTP/1.1" 200 12691 "-" "Mozilla/5.0 (compatible; SemrushBot/7~bl; +http://www.semrush.com/bot.html)" "www.tekmedicgloves.com"
185.191.171.41 - - [31/Oct/2022:20:59:55 -0700] "GET /phpMyAdmin/setup/?token=dd04287721378c2a194768178471a562&version_check=1 HTTP/1.1" 200 12687 "-" "Mozilla/5.0 (compatible; SemrushBot/7~bl; +http://www.semrush.com/bot.html)" "tekmedicgloves.com"
185.191.171.6 - - [31/Oct/2022:20:59:59 -0700] "GET /phpMyAdmin/setup/?token=00f76e524d55647abc88c48154bce9d9&version_check=1 HTTP/1.1" 200 12687 "-" "Mozilla/5.0 (compatible; SemrushBot/7~bl; +http://www.semrush.com/bot.html)" "tekmedicgloves.com"
185.191.171.18 - - [31/Oct/2022:21:00:07 -0700] "GET /phpMyAdmin/setup/?token=14b7b293f9129ff20891150aa12517f7&version_check=1 HTTP/1.1" 200 12687 "-" "Mozilla/5.0 (compatible; SemrushBot/7~bl; +http://www.semrush.com/bot.html)" "tekmedicgloves.com"
185.191.171.43 - - [31/Oct/2022:21:00:19 -0700] "GET /phpMyAdmin/setup/?token=b9840230cf499c63846bbd782d5db8a9&version_check=1 HTTP/1.1" 200 12691 "-" "Mozilla/5.0 (compatible; SemrushBot/7~bl; +http://www.semrush.com/bot.html)" "www.tekmedicgloves.com"
185.191.171.6 - - [31/Oct/2022:21:01:00 -0700] "GET /phpMyAdmin/setup/?token=083d29a35f7896479d592fbc708d6a57&version_check=1 HTTP/1.1" 200 12691 "-" "Mozilla/5.0 (compatible; SemrushBot/7~bl; +http://www.semrush.com/bot.html)" "www.tekmedicgloves.com"
185.191.171.1 - - [31/Oct/2022:21:01:21 -0700] "GET /phpMyAdmin/setup/?token=daf025f242c6caa8b125b1ba674c9856&version_check=1 HTTP/1.1" 200 12687 "-" "Mozilla/5.0 (compatible; SemrushBot/7~bl; +http://www.semrush.com/bot.html)" "tekmedicgloves.com"
185.191.171.24 - - [31/Oct/2022:21:01:29 -0700] "GET /phpMyAdmin/setup/?token=f3e35590e33a5f9d0d7529339f29b684&version_check=1 HTTP/1.1" 200 12691 "-" "Mozilla/5.0 (compatible; SemrushBot/7~bl; +http://www.semrush.com/bot.html)" "www.tekmedicgloves.com"
185.191.171.8 - - [31/Oct/2022:21:01:37 -0700] "GET /phpMyAdmin/setup/?token=e36b2023f8af7b3cc4f64bd90fb91fb6&version_check=1 HTTP/1.1" 200 12687 "-" "Mozilla/5.0 (compatible; SemrushBot/7~bl; +http://www.semrush.com/bot.html)" "tekmedicgloves.com"
185.191.171.11 - - [31/Oct/2022:21:01:53 -0700] "GET /phpMyAdmin/setup/?token=c7e2a2e1d68a672b3d9d7ccd7f48aa9e&version_check=1 HTTP/1.1" 200 12691 "-" "Mozilla/5.0 (compatible; SemrushBot/7~bl; +http://www.semrush.com/bot.html)" "www.tekmedicgloves.com"
185.191.171.42 - - [31/Oct/2022:21:02:06 -0700] "GET /phpMyAdmin/setup/?token=e84d1192979a1d561881b908e4ae0f29&version_check=1 HTTP/1.1" 200 12691 "-" "Mozilla/5.0 (compatible; SemrushBot/7~bl; +http://www.semrush.com/bot.html)" "www.tekmedicgloves.com"
185.191.171.20 - - [31/Oct/2022:21:02:14 -0700] "GET /phpMyAdmin/setup/?token=d05417cb9155eb67875804e19c7d714c&version_check=1 HTTP/1.1" 200 12687 "-" "Mozilla/5.0 (compatible; SemrushBot/7~bl; +http://www.semrush.com/bot.html)" "tekmedicgloves.com"
185.191.171.5 - - [31/Oct/2022:21:02:14 -0700] "GET /phpMyAdmin/setup/?token=ffcd67d8d040363069c4d66aecf13419&version_check=1 HTTP/1.1" 200 12691 "-" "Mozilla/5.0 (compatible; SemrushBot/7~bl; +http://www.semrush.com/bot.html)" "www.tekmedicgloves.com"
185.191.171.7 - - [31/Oct/2022:21:02:29 -0700] "GET /phpMyAdmin/setup/?token=f561eca5dfff1d38e9540a25abc29c0b&version_check=1 HTTP/1.1" 200 12691 "-" "Mozilla/5.0 (compatible; SemrushBot/7~bl; +http://www.semrush.com/bot.html)" "www.tekmedicgloves.com"
185.191.171.26 - - [31/Oct/2022:21:02:41 -0700] "GET /phpMyAdmin/setup/?token=0cc23a94c79fc641bbbc695689a18d18&version_check=1 HTTP/1.1" 200 12691 "-" "Mozilla/5.0 (compatible; SemrushBot/7~bl; +http://www.semrush.com/bot.html)" "www.tekmedicgloves.com"
185.191.171.25 - - [31/Oct/2022:21:02:48 -0700] "GET /phpMyAdmin/setup/?token=f79066c9fcdd5ea3e9fc655622e42c4a&version_check=1 HTTP/1.1" 200 12691 "-" "Mozilla/5.0 (compatible; SemrushBot/7~bl; +http://www.semrush.com/bot.html)" "www.tekmedicgloves.com"
185.191.171.1 - - [31/Oct/2022:21:04:09 -0700] "GET /phpMyAdmin/setup/?token=0c1687f490342f8ce32f964511b9eac7&version_check=1 HTTP/1.1" 200 12691 "-" "Mozilla/5.0 (compatible; SemrushBot/7~bl; +http://www.semrush.com/bot.html)" "www.tekmedicgloves.com"
185.191.171.43 - - [31/Oct/2022:21:04:18 -0700] "GET /phpMyAdmin/setup/?token=d24ff092fa28684adfc08aa027be8cdc&version_check=1 HTTP/1.1" 200 12687 "-" "Mozilla/5.0 (compatible; SemrushBot/7~bl; +http://www.semrush.com/bot.html)" "tekmedicgloves.com"
185.191.171.9 - - [31/Oct/2022:21:04:18 -0700] "GET /phpMyAdmin/setup/?token=b3a6775c522d802a33649c5f0e046c1e&version_check=1 HTTP/1.1" 200 12691 "-" "Mozilla/5.0 (compatible; SemrushBot/7~bl; +http://www.semrush.com/bot.html)" "www.tekmedicgloves.com"
185.191.171.22 - - [31/Oct/2022:21:04:59 -0700] "GET /phpMyAdmin/setup/?token=d3b2b52508bccaa257e7c2e92f683b60&version_check=1 HTTP/1.1" 200 12687 "-" "Mozilla/5.0 (compatible; SemrushBot/7~bl; +http://www.semrush.com/bot.html)" "tekmedicgloves.com"
185.191.171.22 - - [31/Oct/2022:21:05:34 -0700] "GET /phpMyAdmin/setup/?token=c8577cf13972e0b33a87300927df4da7&version_check=1 HTTP/1.1" 200 12691 "-" "Mozilla/5.0 (compatible; SemrushBot/7~bl; +http://www.semrush.com/bot.html)" "www.tekmedicgloves.com"
185.191.171.9 - - [31/Oct/2022:21:05:58 -0700] "GET /phpMyAdmin/setup/?token=fa57ed859f82b7dbd5964e3e1677522b&version_check=1 HTTP/1.1" 200 12687 "-" "Mozilla/5.0 (compatible; SemrushBot/7~bl; +http://www.semrush.com/bot.html)" "tekmedicgloves.com"
185.191.171.19 - - [31/Oct/2022:21:06:15 -0700] "GET /phpMyAdmin/setup/?token=debd24526c60a801ae6fc24b8b897f36&version_check=1 HTTP/1.1" 200 12687 "-" "Mozilla/5.0 (compatible; SemrushBot/7~bl; +http://www.semrush.com/bot.html)" "tekmedicgloves.com"
185.191.171.23 - - [31/Oct/2022:21:06:24 -0700] "GET /phpMyAdmin/setup/?token=05f2325d0a1528a0a858893c49cd359e&version_check=1 HTTP/1.1" 200 12691 "-" "Mozilla/5.0 (compatible; SemrushBot/7~bl; +http://www.semrush.com/bot.html)" "www.tekmedicgloves.com"
185.191.171.43 - - [31/Oct/2022:21:06:30 -0700] "GET /phpMyAdmin/setup/?token=f408059e5856462b26f59024dd47f978&version_check=1 HTTP/1.1" 200 12687 "-" "Mozilla/5.0 (compatible; SemrushBot/7~bl; +http://www.semrush.com/bot.html)" "tekmedicgloves.com"
185.191.171.42 - - [31/Oct/2022:21:06:31 -0700] "GET /phpMyAdmin/setup/?token=1420b652af663fe4fe5e26e2dff0b26a&version_check=1 HTTP/1.1" 200 12687 "-" "Mozilla/5.0 (compatible; SemrushBot/7~bl; +http://www.semrush.com/bot.html)" "tekmedicgloves.com"
185.191.171.41 - - [31/Oct/2022:21:06:46 -0700] "GET /phpMyAdmin/setup/?token=e84468c48241a2c77c8ae556e3a68a83&version_check=1 HTTP/1.1" 200 12687 "-" "Mozilla/5.0 (compatible; SemrushBot/7~bl; +http://www.semrush.com/bot.html)" "tekmedicgloves.com"
185.191.171.40 - - [31/Oct/2022:21:06:46 -0700] "GET /phpMyAdmin/setup/?token=ecaeba75c9ce8fbe2cd7de4feaa3dfa6&version_check=1 HTTP/1.1" 200 12691 "-" "Mozilla/5.0 (compatible; SemrushBot/7~bl; +http://www.semrush.com/bot.html)" "www.tekmedicgloves.com"
185.191.171.10 - - [31/Oct/2022:21:06:50 -0700] "GET /phpMyAdmin/setup/?token=00c42c62d7e69b60881203997a991882&version_check=1 HTTP/1.1" 200 12687 "-" "Mozilla/5.0 (compatible; SemrushBot/7~bl; +http://www.semrush.com/bot.html)" "tekmedicgloves.com"
185.191.171.5 - - [31/Oct/2022:21:06:59 -0700] "GET /phpMyAdmin/setup/?token=e6f5ddf9238372be5c34c223aa4e5fc5&version_check=1 HTTP/1.1" 200 12691 "-" "Mozilla/5.0 (compatible; SemrushBot/7~bl; +http://www.semrush.com/bot.html)" "www.tekmedicgloves.com"
185.191.171.4 - - [31/Oct/2022:21:07:44 -0700] "GET /phpMyAdmin/setup/?token=ffc6fb4f38d511a7bd7ef09464afea87&version_check=1 HTTP/1.1" 200 12687 "-" "Mozilla/5.0 (compatible; SemrushBot/7~bl; +http://www.semrush.com/bot.html)" "tekmedicgloves.com"
185.191.171.10 - - [31/Oct/2022:21:07:51 -0700] "GET /phpMyAdmin/setup/?token=e595670ebe2aedef0804c26ac11410c3&version_check=1 HTTP/1.1" 200 12687 "-" "Mozilla/5.0 (compatible; SemrushBot/7~bl; +http://www.semrush.com/bot.html)" "tekmedicgloves.com"
185.191.171.36 - - [31/Oct/2022:21:08:08 -0700] "GET /phpMyAdmin/setup/?token=f353507c9f3120c030afd24945d1deb0&version_check=1 HTTP/1.1" 200 12687 "-" "Mozilla/5.0 (compatible; SemrushBot/7~bl; +http://www.semrush.com/bot.html)" "tekmedicgloves.com"
20.172.158.249 - - [31/Oct/2022:21:08:22 -0700] "GET /xmlrpc.php?rsd HTTP/1.1" 500 5659 "-" "Mozilla/5.0 (Windows NT 10.0; Win64; x64) AppleWebKit/537.36 (KHTML, like Gecko) Chrome/88.0.4240.193 Safari/537.36" "tekmedicgloves.com"
20.172.158.249 - - [31/Oct/2022:21:08:22 -0700] "GET / HTTP/1.1" 200 696 "-" "Mozilla/5.0 (Windows NT 10.0; Win64; x64) AppleWebKit/537.36 (KHTML, like Gecko) Chrome/88.0.4240.193 Safari/537.36" "tekmedicgloves.com"
20.172.158.249 - - [31/Oct/2022:21:08:22 -0700] "GET /website/wp-includes/wlwmanifest.xml HTTP/1.1" 404 73 "-" "Mozilla/5.0 (Windows NT 10.0; Win64; x64) AppleWebKit/537.36 (KHTML, like Gecko) Chrome/88.0.4240.193 Safari/537.36" "tekmedicgloves.com"
20.172.158.249 - - [31/Oct/2022:21:08:22 -0700] "GET /2020/wp-includes/wlwmanifest.xml HTTP/1.1" 404 73 "-" "Mozilla/5.0 (Windows NT 10.0; Win64; x64) AppleWebKit/537.36 (KHTML, like Gecko) Chrome/88.0.4240.193 Safari/537.36" "tekmedicgloves.com"
20.172.158.249 - - [31/Oct/2022:21:08:23 -0700] "GET /shop/wp-includes/wlwmanifest.xml HTTP/1.1" 404 73 "-" "Mozilla/5.0 (Windows NT 10.0; Win64; x64) AppleWebKit/537.36 (KHTML, like Gecko) Chrome/88.0.4240.193 Safari/537.36" "tekmedicgloves.com"
20.172.158.249 - - [31/Oct/2022:21:08:23 -0700] "GET /wp1/wp-includes/wlwmanifest.xml HTTP/1.1" 404 73 "-" "Mozilla/5.0 (Windows NT 10.0; Win64; x64) AppleWebKit/537.36 (KHTML, like Gecko) Chrome/88.0.4240.193 Safari/537.36" "tekmedicgloves.com"
20.172.158.249 - - [31/Oct/2022:21:08:23 -0700] "GET /test/wp-includes/wlwmanifest.xml HTTP/1.1" 404 73 "-" "Mozilla/5.0 (Windows NT 10.0; Win64; x64) AppleWebKit/537.36 (KHTML, like Gecko) Chrome/88.0.4240.193 Safari/537.36" "tekmedicgloves.com"
20.172.158.249 - - [31/Oct/2022:21:08:23 -0700] "GET /site/wp-includes/wlwmanifest.xml HTTP/1.1" 404 73 "-" "Mozilla/5.0 (Windows NT 10.0; Win64; x64) AppleWebKit/537.36 (KHTML, like Gecko) Chrome/88.0.4240.193 Safari/537.36" "tekmedicgloves.com"
185.191.171.14 - - [31/Oct/2022:21:08:25 -0700] "GET /phpMyAdmin/setup/?token=cbcee153875a4c820b77645bef0e82e4&version_check=1 HTTP/1.1" 200 12691 "-" "Mozilla/5.0 (compatible; SemrushBot/7~bl; +http://www.semrush.com/bot.html)" "www.tekmedicgloves.com"
185.191.171.36 - - [31/Oct/2022:21:08:42 -0700] "GET /phpMyAdmin/setup/?token=d30924dbfeb68340bca2c212f72825c0&version_check=1 HTTP/1.1" 200 12687 "-" "Mozilla/5.0 (compatible; SemrushBot/7~bl; +http://www.semrush.com/bot.html)" "tekmedicgloves.com"
185.191.171.44 - - [31/Oct/2022:21:08:42 -0700] "GET /phpMyAdmin/setup/?token=e5c0ab206c9e75b391d6081f28636c9c&version_check=1 HTTP/1.1" 200 12691 "-" "Mozilla/5.0 (compatible; SemrushBot/7~bl; +http://www.semrush.com/bot.html)" "www.tekmedicgloves.com"
185.191.171.36 - - [31/Oct/2022:21:08:53 -0700] "GET /phpMyAdmin/setup/?token=ea2910d360213332945c559cf93c399a&version_check=1 HTTP/1.1" 200 12691 "-" "Mozilla/5.0 (compatible; SemrushBot/7~bl; +http://www.semrush.com/bot.html)" "www.tekmedicgloves.com"
185.191.171.19 - - [31/Oct/2022:21:08:55 -0700] "GET /phpMyAdmin/setup/?token=fd127b95458b7c7d0d1365d5d1c4d2d5&version_check=1 HTTP/1.1" 200 12687 "-" "Mozilla/5.0 (compatible; SemrushBot/7~bl; +http://www.semrush.com/bot.html)" "tekmedicgloves.com"
185.191.171.18 - - [31/Oct/2022:21:09:02 -0700] "GET /phpMyAdmin/setup/?token=c8fcc4da38d2c96deac28d37ce11a331&version_check=1 HTTP/1.1" 200 12691 "-" "Mozilla/5.0 (compatible; SemrushBot/7~bl; +http://www.semrush.com/bot.html)" "www.tekmedicgloves.com"
185.191.171.34 - - [31/Oct/2022:21:09:11 -0700] "GET /phpMyAdmin/setup/?token=dd23f073e338e193f7489970da17c90a&version_check=1 HTTP/1.1" 200 12687 "-" "Mozilla/5.0 (compatible; SemrushBot/7~bl; +http://www.semrush.com/bot.html)" "tekmedicgloves.com"
185.191.171.45 - - [31/Oct/2022:21:09:40 -0700] "GET /phpMyAdmin/setup/?token=f663b7b8c74e3cf1735bf6df606f554e&version_check=1 HTTP/1.1" 200 12687 "-" "Mozilla/5.0 (compatible; SemrushBot/7~bl; +http://www.semrush.com/bot.html)" "tekmedicgloves.com"
198.251.73.105 - - [31/Oct/2022:21:09:43 -0700] "GET /robots.txt HTTP/1.1" 404 88 "-" "IonCrawl (https://www.ionos.de/terms-gtc/faq-crawler-en/)" "tekmedicgloves.com"
185.191.171.11 - - [31/Oct/2022:21:10:01 -0700] "GET /phpMyAdmin/setup/?token=ee3878c99f2d2aca36b429bd36885cc4&version_check=1 HTTP/1.1" 200 12691 "-" "Mozilla/5.0 (compatible; SemrushBot/7~bl; +http://www.semrush.com/bot.html)" "www.tekmedicgloves.com"
185.191.171.13 - - [31/Oct/2022:21:10:21 -0700] "GET /phpMyAdmin/setup/?token=01af242483b406b903db0ba660b88706&version_check=1 HTTP/1.1" 200 12691 "-" "Mozilla/5.0 (compatible; SemrushBot/7~bl; +http://www.semrush.com/bot.html)" "www.tekmedicgloves.com"
185.191.171.14 - - [31/Oct/2022:21:10:37 -0700] "GET /phpMyAdmin/setup/?token=e6d2c395208955b6d3a7f0409bcdc2bf&version_check=1 HTTP/1.1" 200 12687 "-" "Mozilla/5.0 (compatible; SemrushBot/7~bl; +http://www.semrush.com/bot.html)" "tekmedicgloves.com"
185.191.171.26 - - [31/Oct/2022:21:10:52 -0700] "GET /phpMyAdmin/setup/?token=c8b3629ce87a14fc8fb6c0948bdd2cf2&version_check=1 HTTP/1.1" 200 12691 "-" "Mozilla/5.0 (compatible; SemrushBot/7~bl; +http://www.semrush.com/bot.html)" "www.tekmedicgloves.com"
185.191.171.42 - - [31/Oct/2022:21:11:10 -0700] "GET /phpMyAdmin/setup/?token=b50ec18ff2ced27e54ec47fd7cf11c38&version_check=1 HTTP/1.1" 200 12691 "-" "Mozilla/5.0 (compatible; SemrushBot/7~bl; +http://www.semrush.com/bot.html)" "www.tekmedicgloves.com"
198.251.73.85 - - [31/Oct/2022:21:11:11 -0700] "GET /sitemap.xml HTTP/1.1" 404 88 "-" "IonCrawl (https://www.ionos.de/terms-gtc/faq-crawler-en/)" "tekmedicgloves.com"
185.191.171.22 - - [31/Oct/2022:21:11:11 -0700] "GET /phpMyAdmin/setup/?token=f994ae21e271f14f3bb056a13872497f&version_check=1 HTTP/1.1" 200 12691 "-" "Mozilla/5.0 (compatible; SemrushBot/7~bl; +http://www.semrush.com/bot.html)" "www.tekmedicgloves.com"
198.251.73.85 - - [31/Oct/2022:21:11:12 -0700] "GET / HTTP/1.1" 200 347 "-" "IonCrawl (https://www.ionos.de/terms-gtc/faq-crawler-en/)" "tekmedicgloves.com"
198.251.73.85 - - [31/Oct/2022:21:11:13 -0700] "GET /wp-admin/admin-ajax.php HTTP/1.1" 404 88 "-" "IonCrawl (https://www.ionos.de/terms-gtc/faq-crawler-en/)" "tekmedicgloves.com"
185.191.171.42 - - [31/Oct/2022:21:11:41 -0700] "GET /phpMyAdmin/setup/?token=e3a440ae832a32bfcf9d4362c3a18c01&version_check=1 HTTP/1.1" 200 12691 "-" "Mozilla/5.0 (compatible; SemrushBot/7~bl; +http://www.semrush.com/bot.html)" "www.tekmedicgloves.com"
185.191.171.22 - - [31/Oct/2022:21:11:44 -0700] "GET /phpMyAdmin/setup/?token=db7da5e4ff9ec60277a2c8046504bf9c&version_check=1 HTTP/1.1" 200 12687 "-" "Mozilla/5.0 (compatible; SemrushBot/7~bl; +http://www.semrush.com/bot.html)" "tekmedicgloves.com"
185.191.171.8 - - [31/Oct/2022:21:12:22 -0700] "GET /phpMyAdmin/setup/?token=e607f4943fd0d61d098a04cf440763f0&version_check=1 HTTP/1.1" 200 12691 "-" "Mozilla/5.0 (compatible; SemrushBot/7~bl; +http://www.semrush.com/bot.html)" "www.tekmedicgloves.com"
185.191.171.18 - - [31/Oct/2022:21:12:24 -0700] "GET /phpMyAdmin/setup/?token=07dff3ec6740a779f54102be7e9ded8f&version_check=1 HTTP/1.1" 200 12691 "-" "Mozilla/5.0 (compatible; SemrushBot/7~bl; +http://www.semrush.com/bot.html)" "www.tekmedicgloves.com"
185.191.171.38 - - [31/Oct/2022:21:13:27 -0700] "GET /phpMyAdmin/setup/?token=00cd808cc446fd1536aabcfdb0ce97bc&version_check=1 HTTP/1.1" 200 12691 "-" "Mozilla/5.0 (compatible; SemrushBot/7~bl; +http://www.semrush.com/bot.html)" "www.tekmedicgloves.com"
185.191.171.38 - - [31/Oct/2022:21:14:48 -0700] "GET /phpMyAdmin/setup/?token=f28624cb582bf046a62b5bec5384abd3&version_check=1 HTTP/1.1" 200 12687 "-" "Mozilla/5.0 (compatible; SemrushBot/7~bl; +http://www.semrush.com/bot.html)" "tekmedicgloves.com"
185.191.171.2 - - [31/Oct/2022:21:14:52 -0700] "GET /phpMyAdmin/setup/?token=f2a5b10a9ffffebfdf85b514ee8db81e&version_check=1 HTTP/1.1" 200 12691 "-" "Mozilla/5.0 (compatible; SemrushBot/7~bl; +http://www.semrush.com/bot.html)" "www.tekmedicgloves.com"
185.191.171.36 - - [31/Oct/2022:21:15:38 -0700] "GET /phpMyAdmin/setup/?token=e7dd51663fd8bb49c2cbd4569fbbe2ab&version_check=1 HTTP/1.1" 200 12687 "-" "Mozilla/5.0 (compatible; SemrushBot/7~bl; +http://www.semrush.com/bot.html)" "tekmedicgloves.com"
185.191.171.36 - - [31/Oct/2022:21:16:11 -0700] "GET /phpMyAdmin/setup/?token=e4aacd79d91cf46c8541456cb5191506&version_check=1 HTTP/1.1" 200 12687 "-" "Mozilla/5.0 (compatible; SemrushBot/7~bl; +http://www.semrush.com/bot.html)" "tekmedicgloves.com"
185.191.171.12 - - [31/Oct/2022:21:16:44 -0700] "GET /phpMyAdmin/setup/?token=ea77ce4cbc2dc082faf7cb6a61e57788&version_check=1 HTTP/1.1" 200 12691 "-" "Mozilla/5.0 (compatible; SemrushBot/7~bl; +http://www.semrush.com/bot.html)" "www.tekmedicgloves.com"
185.191.171.9 - - [31/Oct/2022:21:16:58 -0700] "GET /phpMyAdmin/setup/?token=dd8745c512d67820665e4fce2dfbc24a&version_check=1 HTTP/1.1" 200 12687 "-" "Mozilla/5.0 (compatible; SemrushBot/7~bl; +http://www.semrush.com/bot.html)" "tekmedicgloves.com"
185.191.171.5 - - [31/Oct/2022:21:17:38 -0700] "GET /phpMyAdmin/setup/?token=08283f6cff1bdab301ac1d9a425c169e&version_check=1 HTTP/1.1" 200 12687 "-" "Mozilla/5.0 (compatible; SemrushBot/7~bl; +http://www.semrush.com/bot.html)" "tekmedicgloves.com"
198.251.73.105 - - [31/Oct/2022:21:18:21 -0700] "GET /phpMyAdmin/ HTTP/1.1" 200 7540 "-" "IonCrawl (https://www.ionos.de/terms-gtc/faq-crawler-en/)" "tekmedicgloves.com"
198.251.73.75 - - [31/Oct/2022:21:18:23 -0700] "GET /?C=M;O=A HTTP/1.1" 200 347 "-" "IonCrawl (https://www.ionos.de/terms-gtc/faq-crawler-en/)" "tekmedicgloves.com"
185.191.171.6 - - [31/Oct/2022:21:19:44 -0700] "GET /phpMyAdmin/setup/?token=c4a1d931a3e31c70021f25d017fd61b9&version_check=1 HTTP/1.1" 200 12691 "-" "Mozilla/5.0 (compatible; SemrushBot/7~bl; +http://www.semrush.com/bot.html)" "www.tekmedicgloves.com"
185.191.171.43 - - [31/Oct/2022:21:20:09 -0700] "GET /phpMyAdmin/setup/?token=1053d5fdb8e71946d769f848a9f5fcf1&version_check=1 HTTP/1.1" 200 12687 "-" "Mozilla/5.0 (compatible; SemrushBot/7~bl; +http://www.semrush.com/bot.html)" "tekmedicgloves.com"
185.191.171.33 - - [31/Oct/2022:21:20:26 -0700] "GET /phpMyAdmin/setup/?token=f212d63921b9c1229cbdc9afb4af73a5&version_check=1 HTTP/1.1" 200 12691 "-" "Mozilla/5.0 (compatible; SemrushBot/7~bl; +http://www.semrush.com/bot.html)" "www.tekmedicgloves.com"
185.191.171.1 - - [31/Oct/2022:21:20:40 -0700] "GET /phpMyAdmin/setup/?token=ec6e583979d98170f9560f654e31e705&version_check=1 HTTP/1.1" 200 12687 "-" "Mozilla/5.0 (compatible; SemrushBot/7~bl; +http://www.semrush.com/bot.html)" "tekmedicgloves.com"
185.191.171.26 - - [31/Oct/2022:21:20:51 -0700] "GET /phpMyAdmin/setup/?token=d4e3cae223e9db823666012fa1dc428f&version_check=1 HTTP/1.1" 200 12687 "-" "Mozilla/5.0 (compatible; SemrushBot/7~bl; +http://www.semrush.com/bot.html)" "tekmedicgloves.com"
185.191.171.33 - - [31/Oct/2022:21:21:06 -0700] "GET /phpMyAdmin/setup/?token=d564d2ad735de2e9a203b7517aac1788&version_check=1 HTTP/1.1" 200 12687 "-" "Mozilla/5.0 (compatible; SemrushBot/7~bl; +http://www.semrush.com/bot.html)" "tekmedicgloves.com"
185.191.171.19 - - [31/Oct/2022:21:21:09 -0700] "GET /phpMyAdmin/setup/?token=03405d9a36f6dc9eb799ccdcf8672b26&version_check=1 HTTP/1.1" 200 12687 "-" "Mozilla/5.0 (compatible; SemrushBot/7~bl; +http://www.semrush.com/bot.html)" "tekmedicgloves.com"
185.191.171.19 - - [31/Oct/2022:21:21:11 -0700] "GET /phpMyAdmin/setup/?token=f459edc1bc74a3f0b33210551cfa3243&version_check=1 HTTP/1.1" 200 12691 "-" "Mozilla/5.0 (compatible; SemrushBot/7~bl; +http://www.semrush.com/bot.html)" "www.tekmedicgloves.com"
185.191.171.3 - - [31/Oct/2022:21:21:37 -0700] "GET /phpMyAdmin/setup/?token=0158a2733c501260f479d03ac3fa3313&version_check=1 HTTP/1.1" 200 12687 "-" "Mozilla/5.0 (compatible; SemrushBot/7~bl; +http://www.semrush.com/bot.html)" "tekmedicgloves.com"
185.191.171.45 - - [31/Oct/2022:21:21:39 -0700] "GET /phpMyAdmin/setup/?token=d3333299643899299f7c8e9b5da2eed3&version_check=1 HTTP/1.1" 200 12687 "-" "Mozilla/5.0 (compatible; SemrushBot/7~bl; +http://www.semrush.com/bot.html)" "tekmedicgloves.com"
185.191.171.38 - - [31/Oct/2022:21:21:49 -0700] "GET /phpMyAdmin/setup/?token=096fbe25d78e3e5815bac1fe75032367&version_check=1 HTTP/1.1" 200 12687 "-" "Mozilla/5.0 (compatible; SemrushBot/7~bl; +http://www.semrush.com/bot.html)" "tekmedicgloves.com"
185.191.171.3 - - [31/Oct/2022:21:21:57 -0700] "GET /phpMyAdmin/setup/?token=dd9434f142f373186f8248e17fd8dc7d&version_check=1 HTTP/1.1" 200 12687 "-" "Mozilla/5.0 (compatible; SemrushBot/7~bl; +http://www.semrush.com/bot.html)" "tekmedicgloves.com"
185.191.171.14 - - [31/Oct/2022:21:21:59 -0700] "GET /phpMyAdmin/setup/?token=d297f1d532c90bb43bdb7cbf4c202a61&version_check=1 HTTP/1.1" 200 12687 "-" "Mozilla/5.0 (compatible; SemrushBot/7~bl; +http://www.semrush.com/bot.html)" "tekmedicgloves.com"
185.191.171.9 - - [31/Oct/2022:21:22:09 -0700] "GET /phpMyAdmin/setup/?token=0f0a8e82cc046e624408474c384ffeab&version_check=1 HTTP/1.1" 200 12691 "-" "Mozilla/5.0 (compatible; SemrushBot/7~bl; +http://www.semrush.com/bot.html)" "www.tekmedicgloves.com"
185.191.171.25 - - [31/Oct/2022:21:22:13 -0700] "GET /phpMyAdmin/setup/?token=07bd4ed99c83de7454f4ceb09106fe30&version_check=1 HTTP/1.1" 200 12691 "-" "Mozilla/5.0 (compatible; SemrushBot/7~bl; +http://www.semrush.com/bot.html)" "www.tekmedicgloves.com"
185.191.171.19 - - [31/Oct/2022:21:22:18 -0700] "GET /phpMyAdmin/setup/?token=d2e9741509fed511d0cdcac8333bdd7d&version_check=1 HTTP/1.1" 200 12687 "-" "Mozilla/5.0 (compatible; SemrushBot/7~bl; +http://www.semrush.com/bot.html)" "tekmedicgloves.com"
185.191.171.16 - - [31/Oct/2022:21:22:25 -0700] "GET /phpMyAdmin/setup/?token=b85a6bbda2f0e3e6f82c631e6c7f252f&version_check=1 HTTP/1.1" 200 12691 "-" "Mozilla/5.0 (compatible; SemrushBot/7~bl; +http://www.semrush.com/bot.html)" "www.tekmedicgloves.com"
185.191.171.8 - - [31/Oct/2022:21:23:10 -0700] "GET /phpMyAdmin/setup/?token=0ca1a7496bbe990bdba83f303ccc50a8&version_check=1 HTTP/1.1" 200 12691 "-" "Mozilla/5.0 (compatible; SemrushBot/7~bl; +http://www.semrush.com/bot.html)" "www.tekmedicgloves.com"
185.191.171.12 - - [31/Oct/2022:21:23:31 -0700] "GET /phpMyAdmin/setup/?token=d7e2f5f0d4da6c3624946adda924b7cb&version_check=1 HTTP/1.1" 200 12687 "-" "Mozilla/5.0 (compatible; SemrushBot/7~bl; +http://www.semrush.com/bot.html)" "tekmedicgloves.com"
185.191.171.16 - - [31/Oct/2022:21:24:02 -0700] "GET /phpMyAdmin/setup/?token=eaff3158df5d07ebe96f1103ca767f46&version_check=1 HTTP/1.1" 200 12691 "-" "Mozilla/5.0 (compatible; SemrushBot/7~bl; +http://www.semrush.com/bot.html)" "www.tekmedicgloves.com"
185.191.171.24 - - [31/Oct/2022:21:24:19 -0700] "GET /phpMyAdmin/setup/?token=c01792a273c650152eff3e6952d85849&version_check=1 HTTP/1.1" 200 12691 "-" "Mozilla/5.0 (compatible; SemrushBot/7~bl; +http://www.semrush.com/bot.html)" "www.tekmedicgloves.com"
185.191.171.35 - - [31/Oct/2022:21:24:54 -0700] "GET /phpMyAdmin/setup/?token=e75fb736222a96ddc0f3a37255a299c8&version_check=1 HTTP/1.1" 200 12691 "-" "Mozilla/5.0 (compatible; SemrushBot/7~bl; +http://www.semrush.com/bot.html)" "www.tekmedicgloves.com"
185.191.171.6 - - [31/Oct/2022:21:24:56 -0700] "GET /phpMyAdmin/setup/?token=c53bcb95cac65f0ef409927d4252fac0&version_check=1 HTTP/1.1" 200 12691 "-" "Mozilla/5.0 (compatible; SemrushBot/7~bl; +http://www.semrush.com/bot.html)" "www.tekmedicgloves.com"
185.191.171.13 - - [31/Oct/2022:21:25:20 -0700] "GET /phpMyAdmin/setup/?token=fcd289caa21c55d93e0f164b479a3ae3&version_check=1 HTTP/1.1" 200 12691 "-" "Mozilla/5.0 (compatible; SemrushBot/7~bl; +http://www.semrush.com/bot.html)" "www.tekmedicgloves.com"
185.191.171.18 - - [31/Oct/2022:21:25:23 -0700] "GET /phpMyAdmin/setup/?token=d554fc6c689e03764920c052ad1821e1&version_check=1 HTTP/1.1" 200 12687 "-" "Mozilla/5.0 (compatible; SemrushBot/7~bl; +http://www.semrush.com/bot.html)" "tekmedicgloves.com"
185.191.171.15 - - [31/Oct/2022:21:25:33 -0700] "GET /phpMyAdmin/setup/?token=e4497b00f9d6758439cf10a279da5995&version_check=1 HTTP/1.1" 200 12687 "-" "Mozilla/5.0 (compatible; SemrushBot/7~bl; +http://www.semrush.com/bot.html)" "tekmedicgloves.com"
