185.191.171.17 - - [01/Nov/2022:14:26:54 -0700] "GET /phpMyAdmin/setup/?token=d31e6ba5d80ae3cba3f2868859cfe8a4&version_check=1 HTTP/1.1" 200 12687 "-" "Mozilla/5.0 (compatible; SemrushBot/7~bl; +http://www.semrush.com/bot.html)" "tekmedicgloves.com"
185.191.171.20 - - [01/Nov/2022:14:27:19 -0700] "GET /phpMyAdmin/setup/?token=0ec5db9097ff50d7391745c59338ea33&version_check=1 HTTP/1.1" 200 12691 "-" "Mozilla/5.0 (compatible; SemrushBot/7~bl; +http://www.semrush.com/bot.html)" "www.tekmedicgloves.com"
185.191.171.24 - - [01/Nov/2022:14:27:33 -0700] "GET /phpMyAdmin/setup/?token=fafa9057a89b8ea8edf2465d127b98cf&version_check=1 HTTP/1.1" 200 12691 "-" "Mozilla/5.0 (compatible; SemrushBot/7~bl; +http://www.semrush.com/bot.html)" "www.tekmedicgloves.com"
185.191.171.5 - - [01/Nov/2022:14:27:49 -0700] "GET /phpMyAdmin/setup/?token=ea7d5feacd36195bf055dd9dcc19749d&version_check=1 HTTP/1.1" 200 12691 "-" "Mozilla/5.0 (compatible; SemrushBot/7~bl; +http://www.semrush.com/bot.html)" "www.tekmedicgloves.com"
185.191.171.1 - - [01/Nov/2022:14:28:04 -0700] "GET /phpMyAdmin/setup/?token=d0523df0537ea1c4d630d7440daddc55&version_check=1 HTTP/1.1" 200 12687 "-" "Mozilla/5.0 (compatible; SemrushBot/7~bl; +http://www.semrush.com/bot.html)" "tekmedicgloves.com"
51.222.253.12 - - [01/Nov/2022:14:28:05 -0700] "GET /beta/products.php?cat=20&subcat=27 HTTP/1.1" 200 35564 "-" "Mozilla/5.0 (compatible; AhrefsBot/7.0; +http://ahrefs.com/robot/)" "tekmedicgloves.com"
51.222.253.16 - - [01/Nov/2022:14:28:11 -0700] "GET /beta/wp-content/themes/theme48838/style.css HTTP/1.1" 200 243 "-" "Mozilla/5.0 (compatible; AhrefsBot/7.0; +http://ahrefs.com/robot/)" "tekmedicgloves.com"
51.222.253.3 - - [01/Nov/2022:14:28:11 -0700] "GET /beta/wp-content/themes/CherryFramework/js/jquery.mobilemenu.js HTTP/1.1" 200 908 "-" "Mozilla/5.0 (compatible; AhrefsBot/7.0; +http://ahrefs.com/robot/)" "tekmedicgloves.com"
51.222.253.20 - - [01/Nov/2022:14:28:16 -0700] "GET /beta/wp-content/themes/CherryFramework/js/jquery-1.7.2.min.js HTTP/1.1" 200 33630 "-" "Mozilla/5.0 (compatible; AhrefsBot/7.0; +http://ahrefs.com/robot/)" "tekmedicgloves.com"
185.191.171.2 - - [01/Nov/2022:14:28:18 -0700] "GET /phpMyAdmin/setup/?token=07b7483ae3a7530302e3ce3f0dee99cf&version_check=1 HTTP/1.1" 200 12691 "-" "Mozilla/5.0 (compatible; SemrushBot/7~bl; +http://www.semrush.com/bot.html)" "www.tekmedicgloves.com"
51.222.253.2 - - [01/Nov/2022:14:28:22 -0700] "GET /beta/wp-content/themes/theme48838/images/social/rss.png HTTP/1.1" 200 2128 "-" "Mozilla/5.0 (compatible; AhrefsBot/7.0; +http://ahrefs.com/robot/)" "tekmedicgloves.com"
51.222.253.9 - - [01/Nov/2022:14:28:27 -0700] "GET /beta/wp-content/plugins/cherry-plugin/lib/js/FlexSlider/flexslider.css HTTP/1.1" 200 1323 "-" "Mozilla/5.0 (compatible; AhrefsBot/7.0; +http://ahrefs.com/robot/)" "tekmedicgloves.com"
51.222.253.9 - - [01/Nov/2022:14:28:32 -0700] "GET /beta/wp-content/plugins/cherry-plugin/includes/css/cherry-plugin.css HTTP/1.1" 200 4752 "-" "Mozilla/5.0 (compatible; AhrefsBot/7.0; +http://ahrefs.com/robot/)" "tekmedicgloves.com"
185.191.171.3 - - [01/Nov/2022:14:28:35 -0700] "GET /phpMyAdmin/setup/?token=b7d626dda21869052b69a71495aa139a&version_check=1 HTTP/1.1" 200 12691 "-" "Mozilla/5.0 (compatible; SemrushBot/7~bl; +http://www.semrush.com/bot.html)" "www.tekmedicgloves.com"
51.222.253.15 - - [01/Nov/2022:14:28:37 -0700] "GET /beta/wp-content/plugins/cherry-plugin/lib/js/FlexSlider/jquery.flexslider-min.js HTTP/1.1" 200 5177 "-" "Mozilla/5.0 (compatible; AhrefsBot/7.0; +http://ahrefs.com/robot/)" "tekmedicgloves.com"
185.191.171.15 - - [01/Nov/2022:14:28:42 -0700] "GET /phpMyAdmin/setup/?token=d1d7ad8ae3dfb17bbf8abc7b7d5e665e&version_check=1 HTTP/1.1" 200 12687 "-" "Mozilla/5.0 (compatible; SemrushBot/7~bl; +http://www.semrush.com/bot.html)" "tekmedicgloves.com"
51.222.253.9 - - [01/Nov/2022:14:28:42 -0700] "GET /beta/wp-content/themes/CherryFramework/js/superfish.js HTTP/1.1" 200 1280 "-" "Mozilla/5.0 (compatible; AhrefsBot/7.0; +http://ahrefs.com/robot/)" "tekmedicgloves.com"
51.222.253.15 - - [01/Nov/2022:14:28:47 -0700] "GET /beta/wp-content/themes/theme48838/images/social/facebook.png HTTP/1.1" 200 1671 "-" "Mozilla/5.0 (compatible; AhrefsBot/7.0; +http://ahrefs.com/robot/)" "tekmedicgloves.com"
51.222.253.2 - - [01/Nov/2022:14:28:52 -0700] "GET /beta/wp-content/themes/theme48838/bootstrap/css/responsive.css HTTP/1.1" 200 4226 "-" "Mozilla/5.0 (compatible; AhrefsBot/7.0; +http://ahrefs.com/robot/)" "tekmedicgloves.com"
51.222.253.3 - - [01/Nov/2022:14:28:57 -0700] "GET /beta/wp-content/themes/theme48838/bootstrap/css/bootstrap.css HTTP/1.1" 200 15793 "-" "Mozilla/5.0 (compatible; AhrefsBot/7.0; +http://ahrefs.com/robot/)" "tekmedicgloves.com"
185.191.171.16 - - [01/Nov/2022:14:29:01 -0700] "GET /phpMyAdmin/setup/?token=e941d54ba729221bdead5ffa77ca3e5e&version_check=1 HTTP/1.1" 200 12691 "-" "Mozilla/5.0 (compatible; SemrushBot/7~bl; +http://www.semrush.com/bot.html)" "www.tekmedicgloves.com"
51.222.253.5 - - [01/Nov/2022:14:29:03 -0700] "GET /beta/wp-content/plugins/contact-form-7/includes/css/styles.css HTTP/1.1" 200 392 "-" "Mozilla/5.0 (compatible; AhrefsBot/7.0; +http://ahrefs.com/robot/)" "tekmedicgloves.com"
51.222.253.19 - - [01/Nov/2022:14:29:03 -0700] "GET /beta/wp-content/plugins/cherry-plugin/includes/js/cherry-plugin.js HTTP/1.1" 200 438 "-" "Mozilla/5.0 (compatible; AhrefsBot/7.0; +http://ahrefs.com/robot/)" "tekmedicgloves.com"
51.222.253.6 - - [01/Nov/2022:14:29:03 -0700] "GET /beta/wp-content/themes/CherryFramework/js/jflickrfeed.js HTTP/1.1" 200 560 "-" "Mozilla/5.0 (compatible; AhrefsBot/7.0; +http://ahrefs.com/robot/)" "tekmedicgloves.com"
51.222.253.16 - - [01/Nov/2022:14:29:04 -0700] "GET /beta/wp-content/themes/CherryFramework/js/jquery.debouncedresize.js HTTP/1.1" 200 226 "-" "Mozilla/5.0 (compatible; AhrefsBot/7.0; +http://ahrefs.com/robot/)" "tekmedicgloves.com"
51.222.253.9 - - [01/Nov/2022:14:29:04 -0700] "GET /beta/wp-content/themes/theme48838/main-style.css HTTP/1.1" 200 4849 "-" "Mozilla/5.0 (compatible; AhrefsBot/7.0; +http://ahrefs.com/robot/)" "tekmedicgloves.com"
185.191.171.1 - - [01/Nov/2022:14:29:04 -0700] "GET /phpMyAdmin/setup/?token=e195283c1b7c96f84aadee41bd177349&version_check=1 HTTP/1.1" 200 12687 "-" "Mozilla/5.0 (compatible; SemrushBot/7~bl; +http://www.semrush.com/bot.html)" "tekmedicgloves.com"
51.222.253.16 - - [01/Nov/2022:14:29:09 -0700] "GET /beta/wp-content/themes/theme48838/images/social/google.png HTTP/1.1" 200 1611 "-" "Mozilla/5.0 (compatible; AhrefsBot/7.0; +http://ahrefs.com/robot/)" "tekmedicgloves.com"
51.222.253.4 - - [01/Nov/2022:14:29:14 -0700] "GET /beta/wp-content/themes/CherryFramework/js/jquery.mobile.customized.min.js HTTP/1.1" 200 6409 "-" "Mozilla/5.0 (compatible; AhrefsBot/7.0; +http://ahrefs.com/robot/)" "tekmedicgloves.com"
185.191.171.34 - - [01/Nov/2022:14:29:19 -0700] "GET /phpMyAdmin/setup/?token=da3bcb717bb82e63920351f7271a1619&version_check=1 HTTP/1.1" 200 12687 "-" "Mozilla/5.0 (compatible; SemrushBot/7~bl; +http://www.semrush.com/bot.html)" "tekmedicgloves.com"
51.222.253.18 - - [01/Nov/2022:14:29:20 -0700] "GET /beta/images/product/20141111050756_3734D-Tekmedic-InoSafe-A2-Poster-Outstanding-Concept.jpg HTTP/1.1" 200 1724750 "-" "Mozilla/5.0 (compatible; AhrefsBot/7.0; +http://ahrefs.com/robot/)" "tekmedicgloves.com"
185.191.171.25 - - [01/Nov/2022:14:29:22 -0700] "GET /phpMyAdmin/setup/?token=e3a3348fe992632c0f7f30d06563a382&version_check=1 HTTP/1.1" 200 12687 "-" "Mozilla/5.0 (compatible; SemrushBot/7~bl; +http://www.semrush.com/bot.html)" "tekmedicgloves.com"
51.222.253.5 - - [01/Nov/2022:14:29:32 -0700] "GET /beta/wp-content/themes/theme48838/images/social/twitter.png HTTP/1.1" 200 1861 "-" "Mozilla/5.0 (compatible; AhrefsBot/7.0; +http://ahrefs.com/robot/)" "tekmedicgloves.com"
51.222.253.20 - - [01/Nov/2022:14:29:37 -0700] "GET /beta/wp-content/themes/CherryFramework/js/jquery.jplayer.min.js HTTP/1.1" 200 11945 "-" "Mozilla/5.0 (compatible; AhrefsBot/7.0; +http://ahrefs.com/robot/)" "tekmedicgloves.com"
185.191.171.44 - - [01/Nov/2022:14:29:37 -0700] "GET /phpMyAdmin/setup/?token=fa95fd5146d811d97ad3031d46b9f97c&version_check=1 HTTP/1.1" 200 12691 "-" "Mozilla/5.0 (compatible; SemrushBot/7~bl; +http://www.semrush.com/bot.html)" "www.tekmedicgloves.com"
51.222.253.16 - - [01/Nov/2022:14:29:38 -0700] "GET /beta/wp-includes/js/swfobject.js HTTP/1.1" 404 88 "-" "Mozilla/5.0 (compatible; AhrefsBot/7.0; +http://ahrefs.com/robot/)" "tekmedicgloves.com"
51.222.253.5 - - [01/Nov/2022:14:29:38 -0700] "GET /beta/wp-content/plugins/cherry-plugin/lib/js/jquery.easing.1.3.js HTTP/1.1" 200 814 "-" "Mozilla/5.0 (compatible; AhrefsBot/7.0; +http://ahrefs.com/robot/)" "tekmedicgloves.com"
51.222.253.15 - - [01/Nov/2022:14:29:43 -0700] "GET /beta/wp-content/plugins/contact-form-7/includes/js/jquery.form.min.js HTTP/1.1" 200 5878 "-" "Mozilla/5.0 (compatible; AhrefsBot/7.0; +http://ahrefs.com/robot/)" "tekmedicgloves.com"
51.222.253.17 - - [01/Nov/2022:14:29:49 -0700] "GET /beta/wp-content/themes/CherryFramework/js/camera.min.js HTTP/1.1" 200 8551 "-" "Mozilla/5.0 (compatible; AhrefsBot/7.0; +http://ahrefs.com/robot/)" "tekmedicgloves.com"
51.222.253.12 - - [01/Nov/2022:14:29:54 -0700] "GET /beta/wp-content/themes/CherryFramework/css/magnific-popup.css HTTP/1.1" 200 2166 "-" "Mozilla/5.0 (compatible; AhrefsBot/7.0; +http://ahrefs.com/robot/)" "tekmedicgloves.com"
51.222.253.13 - - [01/Nov/2022:14:29:59 -0700] "GET /beta/wp-content/plugins/cherry-plugin/lib/js/elasti-carousel/jquery.elastislide.js HTTP/1.1" 200 1963 "-" "Mozilla/5.0 (compatible; AhrefsBot/7.0; +http://ahrefs.com/robot/)" "tekmedicgloves.com"
51.222.253.18 - - [01/Nov/2022:14:30:04 -0700] "GET /beta/wp-content/plugins/cherry-plugin/lib/js/owl-carousel/owl.theme.css HTTP/1.1" 200 606 "-" "Mozilla/5.0 (compatible; AhrefsBot/7.0; +http://ahrefs.com/robot/)" "tekmedicgloves.com"
51.222.253.8 - - [01/Nov/2022:14:30:04 -0700] "GET /beta/wp-content/themes/CherryFramework/js/jquery.ba-resize.min.js HTTP/1.1" 200 616 "-" "Mozilla/5.0 (compatible; AhrefsBot/7.0; +http://ahrefs.com/robot/)" "tekmedicgloves.com"
51.222.253.18 - - [01/Nov/2022:14:30:05 -0700] "GET /beta/wp-includes/js/comment-reply.min.js HTTP/1.1" 404 88 "-" "Mozilla/5.0 (compatible; AhrefsBot/7.0; +http://ahrefs.com/robot/)" "tekmedicgloves.com"
51.222.253.20 - - [01/Nov/2022:14:30:05 -0700] "GET /beta/wp-content/themes/CherryFramework/css/camera.css HTTP/1.1" 200 3117 "-" "Mozilla/5.0 (compatible; AhrefsBot/7.0; +http://ahrefs.com/robot/)" "tekmedicgloves.com"
51.222.253.1 - - [01/Nov/2022:14:30:10 -0700] "GET /beta/wp-content/plugins/contact-form-7/includes/js/scripts.js HTTP/1.1" 200 1850 "-" "Mozilla/5.0 (compatible; AhrefsBot/7.0; +http://ahrefs.com/robot/)" "tekmedicgloves.com"
185.191.171.12 - - [01/Nov/2022:14:30:10 -0700] "GET /phpMyAdmin/setup/?token=f11dcacb8b692a8f203f6c02c67a7773&version_check=1 HTTP/1.1" 200 12691 "-" "Mozilla/5.0 (compatible; SemrushBot/7~bl; +http://www.semrush.com/bot.html)" "www.tekmedicgloves.com"
185.191.171.4 - - [01/Nov/2022:14:30:11 -0700] "GET /phpMyAdmin/setup/?token=0a826d7f142e25429ad1c9a9c399137d&version_check=1 HTTP/1.1" 200 12687 "-" "Mozilla/5.0 (compatible; SemrushBot/7~bl; +http://www.semrush.com/bot.html)" "tekmedicgloves.com"
185.191.171.35 - - [01/Nov/2022:14:30:13 -0700] "GET /phpMyAdmin/setup/?token=f284dee157c0ba28969af30e7cefdd09&version_check=1 HTTP/1.1" 200 12691 "-" "Mozilla/5.0 (compatible; SemrushBot/7~bl; +http://www.semrush.com/bot.html)" "www.tekmedicgloves.com"
185.191.171.18 - - [01/Nov/2022:14:30:14 -0700] "GET /phpMyAdmin/setup/?token=e5df55ee557d161ddc8cc7b2e8348f5f&version_check=1 HTTP/1.1" 200 12691 "-" "Mozilla/5.0 (compatible; SemrushBot/7~bl; +http://www.semrush.com/bot.html)" "www.tekmedicgloves.com"
51.222.253.9 - - [01/Nov/2022:14:30:15 -0700] "GET /beta/wp-content/themes/CherryFramework/js/jquery.isotope.js HTTP/1.1" 200 4845 "-" "Mozilla/5.0 (compatible; AhrefsBot/7.0; +http://ahrefs.com/robot/)" "tekmedicgloves.com"
185.191.171.6 - - [01/Nov/2022:14:30:17 -0700] "GET /phpMyAdmin/setup/?token=d1cfa2df700f3a2a472bba6d89d1255c&version_check=1 HTTP/1.1" 200 12691 "-" "Mozilla/5.0 (compatible; SemrushBot/7~bl; +http://www.semrush.com/bot.html)" "www.tekmedicgloves.com"
51.222.253.9 - - [01/Nov/2022:14:30:20 -0700] "GET /beta/wp-content/themes/CherryFramework/js/custom.js HTTP/1.1" 200 2131 "-" "Mozilla/5.0 (compatible; AhrefsBot/7.0; +http://ahrefs.com/robot/)" "tekmedicgloves.com"
185.191.171.1 - - [01/Nov/2022:14:30:20 -0700] "GET /phpMyAdmin/setup/?token=e4a5dbcc31b92a1bc60eb9e6eed8e980&version_check=1 HTTP/1.1" 200 12687 "-" "Mozilla/5.0 (compatible; SemrushBot/7~bl; +http://www.semrush.com/bot.html)" "tekmedicgloves.com"
51.222.253.4 - - [01/Nov/2022:14:30:25 -0700] "GET /beta/wp-content/themes/CherryFramework/bootstrap/js/bootstrap.min.js HTTP/1.1" 200 7654 "-" "Mozilla/5.0 (compatible; AhrefsBot/7.0; +http://ahrefs.com/robot/)" "tekmedicgloves.com"
185.191.171.43 - - [01/Nov/2022:14:30:29 -0700] "GET /phpMyAdmin/setup/?token=e08b76804ac7c8228bd3659fdbe9ff52&version_check=1 HTTP/1.1" 200 12691 "-" "Mozilla/5.0 (compatible; SemrushBot/7~bl; +http://www.semrush.com/bot.html)" "www.tekmedicgloves.com"
51.222.253.6 - - [01/Nov/2022:14:30:31 -0700] "GET /beta/wp-content/themes/CherryFramework/js/modernizr.js HTTP/1.1" 200 5141 "-" "Mozilla/5.0 (compatible; AhrefsBot/7.0; +http://ahrefs.com/robot/)" "tekmedicgloves.com"
51.222.253.13 - - [01/Nov/2022:14:30:36 -0700] "GET /beta/wp-content/plugins/cherry-plugin/lib/js/owl-carousel/owl.carousel.css HTTP/1.1" 200 1119 "-" "Mozilla/5.0 (compatible; AhrefsBot/7.0; +http://ahrefs.com/robot/)" "tekmedicgloves.com"
51.222.253.13 - - [01/Nov/2022:14:30:41 -0700] "GET /beta/wp-content/themes/CherryFramework/js/jplayer.playlist.min.js HTTP/1.1" 200 2404 "-" "Mozilla/5.0 (compatible; AhrefsBot/7.0; +http://ahrefs.com/robot/)" "tekmedicgloves.com"
51.222.253.5 - - [01/Nov/2022:14:30:46 -0700] "GET /beta/wp-content/themes/CherryFramework/js/jquery.magnific-popup.min.js HTTP/1.1" 200 7493 "-" "Mozilla/5.0 (compatible; AhrefsBot/7.0; +http://ahrefs.com/robot/)" "tekmedicgloves.com"
185.191.171.9 - - [01/Nov/2022:14:30:57 -0700] "GET /phpMyAdmin/setup/?token=bc2e211031bad98ee0035c2b5600e410&version_check=1 HTTP/1.1" 200 12691 "-" "Mozilla/5.0 (compatible; SemrushBot/7~bl; +http://www.semrush.com/bot.html)" "www.tekmedicgloves.com"
185.191.171.38 - - [01/Nov/2022:14:31:08 -0700] "GET /phpMyAdmin/setup/?token=e53ecdbd2344b6cfcbbc48ba90a15f59&version_check=1 HTTP/1.1" 200 12687 "-" "Mozilla/5.0 (compatible; SemrushBot/7~bl; +http://www.semrush.com/bot.html)" "tekmedicgloves.com"
185.191.171.3 - - [01/Nov/2022:14:31:29 -0700] "GET /phpMyAdmin/setup/?token=e7eeddd33e2c930cfe6ffedc4227fcc1&version_check=1 HTTP/1.1" 200 12691 "-" "Mozilla/5.0 (compatible; SemrushBot/7~bl; +http://www.semrush.com/bot.html)" "www.tekmedicgloves.com"
185.191.171.9 - - [01/Nov/2022:14:32:12 -0700] "GET /phpMyAdmin/setup/?token=e9a0009cfa5601772c4f205c4c639105&version_check=1 HTTP/1.1" 200 12687 "-" "Mozilla/5.0 (compatible; SemrushBot/7~bl; +http://www.semrush.com/bot.html)" "tekmedicgloves.com"
185.191.171.37 - - [01/Nov/2022:14:32:31 -0700] "GET /phpMyAdmin/setup/?token=e0237c21aaeab344294c3fb6a9cc06e9&version_check=1 HTTP/1.1" 200 12687 "-" "Mozilla/5.0 (compatible; SemrushBot/7~bl; +http://www.semrush.com/bot.html)" "tekmedicgloves.com"
185.191.171.33 - - [01/Nov/2022:14:32:39 -0700] "GET /phpMyAdmin/setup/?token=e04854bdd0037079d7dea1e7a9a9403e&version_check=1 HTTP/1.1" 200 12687 "-" "Mozilla/5.0 (compatible; SemrushBot/7~bl; +http://www.semrush.com/bot.html)" "tekmedicgloves.com"
185.191.171.11 - - [01/Nov/2022:14:32:48 -0700] "GET /phpMyAdmin/setup/?token=d4f3973f7efe0de379190acc9d7a279e&version_check=1 HTTP/1.1" 200 12687 "-" "Mozilla/5.0 (compatible; SemrushBot/7~bl; +http://www.semrush.com/bot.html)" "tekmedicgloves.com"
185.191.171.25 - - [01/Nov/2022:14:33:07 -0700] "GET /phpMyAdmin/setup/?token=ea72fb3a74566c6b170975d6a01b745c&version_check=1 HTTP/1.1" 200 12687 "-" "Mozilla/5.0 (compatible; SemrushBot/7~bl; +http://www.semrush.com/bot.html)" "tekmedicgloves.com"
185.191.171.17 - - [01/Nov/2022:14:33:21 -0700] "GET /phpMyAdmin/setup/?token=027017b47d4400d2d2571e4f53fa4082&version_check=1 HTTP/1.1" 200 12687 "-" "Mozilla/5.0 (compatible; SemrushBot/7~bl; +http://www.semrush.com/bot.html)" "tekmedicgloves.com"
185.191.171.35 - - [01/Nov/2022:14:33:38 -0700] "GET /phpMyAdmin/setup/?token=0f713d9022b53f88147102d5b80a1e56&version_check=1 HTTP/1.1" 200 12691 "-" "Mozilla/5.0 (compatible; SemrushBot/7~bl; +http://www.semrush.com/bot.html)" "www.tekmedicgloves.com"
185.191.171.3 - - [01/Nov/2022:14:34:07 -0700] "GET /phpMyAdmin/setup/?token=e4eb2f20be3e8c412e19548655b548f4&version_check=1 HTTP/1.1" 200 12687 "-" "Mozilla/5.0 (compatible; SemrushBot/7~bl; +http://www.semrush.com/bot.html)" "tekmedicgloves.com"
185.191.171.19 - - [01/Nov/2022:14:34:19 -0700] "GET /phpMyAdmin/setup/?token=0bdf8dc5532bf86c00daa1b6266549e0&version_check=1 HTTP/1.1" 200 12691 "-" "Mozilla/5.0 (compatible; SemrushBot/7~bl; +http://www.semrush.com/bot.html)" "www.tekmedicgloves.com"
185.191.171.20 - - [01/Nov/2022:14:34:21 -0700] "GET /phpMyAdmin/setup/?token=e19265dde0eba051ec73ca2a94ea5f2a&version_check=1 HTTP/1.1" 200 12691 "-" "Mozilla/5.0 (compatible; SemrushBot/7~bl; +http://www.semrush.com/bot.html)" "www.tekmedicgloves.com"
185.191.171.8 - - [01/Nov/2022:14:34:24 -0700] "GET /phpMyAdmin/setup/?token=e7031ac20b9b21223f2f797d48223825&version_check=1 HTTP/1.1" 200 12691 "-" "Mozilla/5.0 (compatible; SemrushBot/7~bl; +http://www.semrush.com/bot.html)" "www.tekmedicgloves.com"
185.191.171.12 - - [01/Nov/2022:14:35:09 -0700] "GET /phpMyAdmin/setup/?token=e4c2e8f3ad76055695fa41325b29838a&version_check=1 HTTP/1.1" 200 12691 "-" "Mozilla/5.0 (compatible; SemrushBot/7~bl; +http://www.semrush.com/bot.html)" "www.tekmedicgloves.com"
185.191.171.11 - - [01/Nov/2022:14:35:12 -0700] "GET /phpMyAdmin/setup/?token=e16f6d52f773fb337315d5e7ff0389d7&version_check=1 HTTP/1.1" 200 12687 "-" "Mozilla/5.0 (compatible; SemrushBot/7~bl; +http://www.semrush.com/bot.html)" "tekmedicgloves.com"
185.191.171.5 - - [01/Nov/2022:14:35:31 -0700] "GET /phpMyAdmin/setup/?token=e237076a77e90fbd8151c95854274568&version_check=1 HTTP/1.1" 200 12691 "-" "Mozilla/5.0 (compatible; SemrushBot/7~bl; +http://www.semrush.com/bot.html)" "www.tekmedicgloves.com"
185.191.171.3 - - [01/Nov/2022:14:35:35 -0700] "GET /phpMyAdmin/setup/?token=c2208693610de2d33fadf818d7814080&version_check=1 HTTP/1.1" 200 12691 "-" "Mozilla/5.0 (compatible; SemrushBot/7~bl; +http://www.semrush.com/bot.html)" "www.tekmedicgloves.com"
185.191.171.20 - - [01/Nov/2022:14:35:37 -0700] "GET /phpMyAdmin/setup/?token=0334bf8792abaeba438144febf4fc805&version_check=1 HTTP/1.1" 200 12691 "-" "Mozilla/5.0 (compatible; SemrushBot/7~bl; +http://www.semrush.com/bot.html)" "www.tekmedicgloves.com"
185.191.171.40 - - [01/Nov/2022:14:35:59 -0700] "GET /phpMyAdmin/setup/?token=b8190c6c17b5e7409add6ab7c2ce9fae&version_check=1 HTTP/1.1" 200 12691 "-" "Mozilla/5.0 (compatible; SemrushBot/7~bl; +http://www.semrush.com/bot.html)" "www.tekmedicgloves.com"
185.191.171.39 - - [01/Nov/2022:14:36:22 -0700] "GET /phpMyAdmin/setup/?token=fae793ea75b60463e309e07aaa76dfe9&version_check=1 HTTP/1.1" 200 12691 "-" "Mozilla/5.0 (compatible; SemrushBot/7~bl; +http://www.semrush.com/bot.html)" "www.tekmedicgloves.com"
185.191.171.37 - - [01/Nov/2022:14:36:43 -0700] "GET /phpMyAdmin/setup/?token=ef206b5771f739df0f7c27741c8173dc&version_check=1 HTTP/1.1" 200 12687 "-" "Mozilla/5.0 (compatible; SemrushBot/7~bl; +http://www.semrush.com/bot.html)" "tekmedicgloves.com"
185.191.171.41 - - [01/Nov/2022:14:36:48 -0700] "GET /phpMyAdmin/setup/?token=d4e09cc7402b861f6664d4fc9f360628&version_check=1 HTTP/1.1" 200 12687 "-" "Mozilla/5.0 (compatible; SemrushBot/7~bl; +http://www.semrush.com/bot.html)" "tekmedicgloves.com"
185.191.171.41 - - [01/Nov/2022:14:36:50 -0700] "GET /phpMyAdmin/setup/?token=c16ed3f4d5870934934ad07f0e50412f&version_check=1 HTTP/1.1" 200 12691 "-" "Mozilla/5.0 (compatible; SemrushBot/7~bl; +http://www.semrush.com/bot.html)" "www.tekmedicgloves.com"
185.191.171.9 - - [01/Nov/2022:14:36:52 -0700] "GET /phpMyAdmin/setup/?token=f3f53b7edcbaf777960d3b88cd9606dc&version_check=1 HTTP/1.1" 200 12687 "-" "Mozilla/5.0 (compatible; SemrushBot/7~bl; +http://www.semrush.com/bot.html)" "tekmedicgloves.com"
185.191.171.37 - - [01/Nov/2022:14:37:21 -0700] "GET /phpMyAdmin/setup/?token=0f41f4b3a1b63fad659e12f0a736b635&version_check=1 HTTP/1.1" 200 12687 "-" "Mozilla/5.0 (compatible; SemrushBot/7~bl; +http://www.semrush.com/bot.html)" "tekmedicgloves.com"
185.191.171.21 - - [01/Nov/2022:14:37:41 -0700] "GET /phpMyAdmin/setup/?token=ff9f787dfe33a43775e25e5fe88f5c14&version_check=1 HTTP/1.1" 200 12687 "-" "Mozilla/5.0 (compatible; SemrushBot/7~bl; +http://www.semrush.com/bot.html)" "tekmedicgloves.com"
185.191.171.9 - - [01/Nov/2022:14:37:47 -0700] "GET /phpMyAdmin/setup/?token=e6d9ebfa0b141938b9c6f53ad456de81&version_check=1 HTTP/1.1" 200 12687 "-" "Mozilla/5.0 (compatible; SemrushBot/7~bl; +http://www.semrush.com/bot.html)" "tekmedicgloves.com"
185.191.171.22 - - [01/Nov/2022:14:37:48 -0700] "GET /phpMyAdmin/setup/?token=e480db74ccc9049d6070ce93393161b9&version_check=1 HTTP/1.1" 200 12691 "-" "Mozilla/5.0 (compatible; SemrushBot/7~bl; +http://www.semrush.com/bot.html)" "www.tekmedicgloves.com"
185.191.171.34 - - [01/Nov/2022:14:37:52 -0700] "GET /phpMyAdmin/setup/?token=07c0dfb512f075813a06500d0f6e1b21&version_check=1 HTTP/1.1" 200 12687 "-" "Mozilla/5.0 (compatible; SemrushBot/7~bl; +http://www.semrush.com/bot.html)" "tekmedicgloves.com"
185.191.171.7 - - [01/Nov/2022:14:38:01 -0700] "GET /phpMyAdmin/setup/?token=d63a6612a2b14b88e95726543e2468c1&version_check=1 HTTP/1.1" 200 12687 "-" "Mozilla/5.0 (compatible; SemrushBot/7~bl; +http://www.semrush.com/bot.html)" "tekmedicgloves.com"
185.191.171.26 - - [01/Nov/2022:14:38:43 -0700] "GET /phpMyAdmin/setup/?token=bba30060010f670cd6ae3ab67d3dd6c9&version_check=1 HTTP/1.1" 200 12691 "-" "Mozilla/5.0 (compatible; SemrushBot/7~bl; +http://www.semrush.com/bot.html)" "www.tekmedicgloves.com"
185.191.171.22 - - [01/Nov/2022:14:38:49 -0700] "GET /phpMyAdmin/setup/?token=04632d31ff159ed7343bc60e52ea8c85&version_check=1 HTTP/1.1" 200 12687 "-" "Mozilla/5.0 (compatible; SemrushBot/7~bl; +http://www.semrush.com/bot.html)" "tekmedicgloves.com"
185.191.171.37 - - [01/Nov/2022:14:38:59 -0700] "GET /phpMyAdmin/setup/?token=e0ff1d762a624a8a9840f94f381d05cf&version_check=1 HTTP/1.1" 200 12687 "-" "Mozilla/5.0 (compatible; SemrushBot/7~bl; +http://www.semrush.com/bot.html)" "tekmedicgloves.com"
185.191.171.3 - - [01/Nov/2022:14:39:41 -0700] "GET /phpMyAdmin/setup/?token=d57cfefd69ca6abe96b80c59e58fc4be&version_check=1 HTTP/1.1" 200 12687 "-" "Mozilla/5.0 (compatible; SemrushBot/7~bl; +http://www.semrush.com/bot.html)" "tekmedicgloves.com"
185.191.171.37 - - [01/Nov/2022:14:39:54 -0700] "GET /phpMyAdmin/setup/?token=dfed1d089d0318e70fdbc21dc25838ea&version_check=1 HTTP/1.1" 200 12687 "-" "Mozilla/5.0 (compatible; SemrushBot/7~bl; +http://www.semrush.com/bot.html)" "tekmedicgloves.com"
185.191.171.37 - - [01/Nov/2022:14:40:10 -0700] "GET /phpMyAdmin/setup/?token=d58ee3b1d909ef6cde2cb02cc9d8498e&version_check=1 HTTP/1.1" 200 12691 "-" "Mozilla/5.0 (compatible; SemrushBot/7~bl; +http://www.semrush.com/bot.html)" "www.tekmedicgloves.com"
185.191.171.14 - - [01/Nov/2022:14:40:16 -0700] "GET /phpMyAdmin/setup/?token=ff08f20603b42aceee26df1009e13a78&version_check=1 HTTP/1.1" 200 12691 "-" "Mozilla/5.0 (compatible; SemrushBot/7~bl; +http://www.semrush.com/bot.html)" "www.tekmedicgloves.com"
185.191.171.14 - - [01/Nov/2022:14:40:19 -0700] "GET /phpMyAdmin/setup/?token=f050d9a82378d903ae0e3a8ec642c649&version_check=1 HTTP/1.1" 200 12691 "-" "Mozilla/5.0 (compatible; SemrushBot/7~bl; +http://www.semrush.com/bot.html)" "www.tekmedicgloves.com"
185.191.171.44 - - [01/Nov/2022:14:40:52 -0700] "GET /phpMyAdmin/setup/?token=d29c0b5cf5a8c400fbb87a59cb18d8e7&version_check=1 HTTP/1.1" 200 12687 "-" "Mozilla/5.0 (compatible; SemrushBot/7~bl; +http://www.semrush.com/bot.html)" "tekmedicgloves.com"
185.191.171.34 - - [01/Nov/2022:14:41:11 -0700] "GET /phpMyAdmin/setup/?token=beb105e88797a9ff90a3ba76178c1682&version_check=1 HTTP/1.1" 200 12691 "-" "Mozilla/5.0 (compatible; SemrushBot/7~bl; +http://www.semrush.com/bot.html)" "www.tekmedicgloves.com"
185.191.171.3 - - [01/Nov/2022:14:41:41 -0700] "GET /phpMyAdmin/setup/?token=dcbbf56359e64acddfead501f2914c43&version_check=1 HTTP/1.1" 200 12687 "-" "Mozilla/5.0 (compatible; SemrushBot/7~bl; +http://www.semrush.com/bot.html)" "tekmedicgloves.com"
185.191.171.6 - - [01/Nov/2022:14:41:44 -0700] "GET /phpMyAdmin/setup/?token=bfca2034b80a5641935a2b708b676b5d&version_check=1 HTTP/1.1" 200 12691 "-" "Mozilla/5.0 (compatible; SemrushBot/7~bl; +http://www.semrush.com/bot.html)" "www.tekmedicgloves.com"
185.191.171.17 - - [01/Nov/2022:14:41:45 -0700] "GET /phpMyAdmin/setup/?token=d6c80f2752f17d3fd1579aec7a052cfb&version_check=1 HTTP/1.1" 200 12687 "-" "Mozilla/5.0 (compatible; SemrushBot/7~bl; +http://www.semrush.com/bot.html)" "tekmedicgloves.com"
185.191.171.26 - - [01/Nov/2022:14:41:51 -0700] "GET /phpMyAdmin/setup/?token=c180bbe87f29921caa3b623a172abbf3&version_check=1 HTTP/1.1" 200 12691 "-" "Mozilla/5.0 (compatible; SemrushBot/7~bl; +http://www.semrush.com/bot.html)" "www.tekmedicgloves.com"
185.191.171.43 - - [01/Nov/2022:14:41:57 -0700] "GET /phpMyAdmin/setup/?token=0538b96fc044008dfbf45db3fcbdd36d&version_check=1 HTTP/1.1" 200 12687 "-" "Mozilla/5.0 (compatible; SemrushBot/7~bl; +http://www.semrush.com/bot.html)" "tekmedicgloves.com"
185.191.171.16 - - [01/Nov/2022:14:41:58 -0700] "GET /phpMyAdmin/setup/?token=0c1f6dacb10fe4b8ffbffac7071e985a&version_check=1 HTTP/1.1" 200 12691 "-" "Mozilla/5.0 (compatible; SemrushBot/7~bl; +http://www.semrush.com/bot.html)" "www.tekmedicgloves.com"
185.191.171.14 - - [01/Nov/2022:14:42:11 -0700] "GET /phpMyAdmin/setup/?token=00382937d6c82e41bf0e362d13794389&version_check=1 HTTP/1.1" 200 12691 "-" "Mozilla/5.0 (compatible; SemrushBot/7~bl; +http://www.semrush.com/bot.html)" "www.tekmedicgloves.com"
185.191.171.22 - - [01/Nov/2022:14:42:22 -0700] "GET /phpMyAdmin/setup/?token=14fb202142fb2c1617701cc579a6a978&version_check=1 HTTP/1.1" 200 12687 "-" "Mozilla/5.0 (compatible; SemrushBot/7~bl; +http://www.semrush.com/bot.html)" "tekmedicgloves.com"
185.191.171.44 - - [01/Nov/2022:14:42:33 -0700] "GET /phpMyAdmin/setup/?token=e7c76811646d5fc0aa52e9682fa54e79&version_check=1 HTTP/1.1" 200 12691 "-" "Mozilla/5.0 (compatible; SemrushBot/7~bl; +http://www.semrush.com/bot.html)" "www.tekmedicgloves.com"
185.191.171.37 - - [01/Nov/2022:14:43:00 -0700] "GET /phpMyAdmin/setup/?token=dbc5fd48296b50d6c174de0b3d44b16c&version_check=1 HTTP/1.1" 200 12687 "-" "Mozilla/5.0 (compatible; SemrushBot/7~bl; +http://www.semrush.com/bot.html)" "tekmedicgloves.com"
185.191.171.13 - - [01/Nov/2022:14:43:10 -0700] "GET /phpMyAdmin/setup/?token=bec0b2a9155f714c499ce74db4e34171&version_check=1 HTTP/1.1" 200 12691 "-" "Mozilla/5.0 (compatible; SemrushBot/7~bl; +http://www.semrush.com/bot.html)" "www.tekmedicgloves.com"
185.191.171.20 - - [01/Nov/2022:14:43:45 -0700] "GET /phpMyAdmin/setup/?token=b7c1301631ca5dc72ad1356498bf8ba2&version_check=1 HTTP/1.1" 200 12691 "-" "Mozilla/5.0 (compatible; SemrushBot/7~bl; +http://www.semrush.com/bot.html)" "www.tekmedicgloves.com"
185.191.171.1 - - [01/Nov/2022:14:43:47 -0700] "GET /phpMyAdmin/setup/?token=b9317ef3db748de146fbc4dd2c13571e&version_check=1 HTTP/1.1" 200 12691 "-" "Mozilla/5.0 (compatible; SemrushBot/7~bl; +http://www.semrush.com/bot.html)" "www.tekmedicgloves.com"
185.191.171.11 - - [01/Nov/2022:14:43:49 -0700] "GET /phpMyAdmin/setup/?token=d35fe6d9d2379e8bbb92ecf6724f7005&version_check=1 HTTP/1.1" 200 12687 "-" "Mozilla/5.0 (compatible; SemrushBot/7~bl; +http://www.semrush.com/bot.html)" "tekmedicgloves.com"
185.191.171.37 - - [01/Nov/2022:14:44:13 -0700] "GET /phpMyAdmin/setup/?token=fe2222100205e2a26648951e3f4e547b&version_check=1 HTTP/1.1" 200 12691 "-" "Mozilla/5.0 (compatible; SemrushBot/7~bl; +http://www.semrush.com/bot.html)" "www.tekmedicgloves.com"
185.191.171.10 - - [01/Nov/2022:14:44:25 -0700] "GET /phpMyAdmin/setup/?token=0901ea4b7d4c6a802f0e462477707365&version_check=1 HTTP/1.1" 200 12687 "-" "Mozilla/5.0 (compatible; SemrushBot/7~bl; +http://www.semrush.com/bot.html)" "tekmedicgloves.com"
185.191.171.44 - - [01/Nov/2022:14:44:37 -0700] "GET /phpMyAdmin/setup/?token=bd313d7d2d299edc1345083e798837b5&version_check=1 HTTP/1.1" 200 12691 "-" "Mozilla/5.0 (compatible; SemrushBot/7~bl; +http://www.semrush.com/bot.html)" "www.tekmedicgloves.com"
185.191.171.4 - - [01/Nov/2022:14:44:38 -0700] "GET /phpMyAdmin/setup/?token=e319ca2226917c86f760bfd00b673061&version_check=1 HTTP/1.1" 200 12687 "-" "Mozilla/5.0 (compatible; SemrushBot/7~bl; +http://www.semrush.com/bot.html)" "tekmedicgloves.com"
185.191.171.16 - - [01/Nov/2022:14:44:42 -0700] "GET /phpMyAdmin/setup/?token=cf2a3c1936419f9fc21a4b025d527ccb&version_check=1 HTTP/1.1" 200 12691 "-" "Mozilla/5.0 (compatible; SemrushBot/7~bl; +http://www.semrush.com/bot.html)" "www.tekmedicgloves.com"
185.191.171.17 - - [01/Nov/2022:14:44:43 -0700] "GET /phpMyAdmin/setup/?token=030edcba34bc71966770332db9a94aab&version_check=1 HTTP/1.1" 200 12687 "-" "Mozilla/5.0 (compatible; SemrushBot/7~bl; +http://www.semrush.com/bot.html)" "tekmedicgloves.com"
185.191.171.3 - - [01/Nov/2022:14:45:05 -0700] "GET /phpMyAdmin/setup/?token=d85c121a3877857c7d9191208e8a5a44&version_check=1 HTTP/1.1" 200 12687 "-" "Mozilla/5.0 (compatible; SemrushBot/7~bl; +http://www.semrush.com/bot.html)" "tekmedicgloves.com"
185.191.171.23 - - [01/Nov/2022:14:45:33 -0700] "GET /phpMyAdmin/setup/?token=e2275aeb9df41605b0a11a75d3d46ab7&version_check=1 HTTP/1.1" 200 12687 "-" "Mozilla/5.0 (compatible; SemrushBot/7~bl; +http://www.semrush.com/bot.html)" "tekmedicgloves.com"
185.191.171.43 - - [01/Nov/2022:14:45:54 -0700] "GET /phpMyAdmin/setup/?token=fb43523ea687ace18104ebf0ee117847&version_check=1 HTTP/1.1" 200 12687 "-" "Mozilla/5.0 (compatible; SemrushBot/7~bl; +http://www.semrush.com/bot.html)" "tekmedicgloves.com"
185.191.171.34 - - [01/Nov/2022:14:46:19 -0700] "GET /phpMyAdmin/setup/?token=f638753a158e8d275497c10353c1c7a3&version_check=1 HTTP/1.1" 200 12691 "-" "Mozilla/5.0 (compatible; SemrushBot/7~bl; +http://www.semrush.com/bot.html)" "www.tekmedicgloves.com"
185.191.171.24 - - [01/Nov/2022:14:46:27 -0700] "GET /phpMyAdmin/setup/?token=ee668ed9b67e62d962825d0f129d78de&version_check=1 HTTP/1.1" 200 12691 "-" "Mozilla/5.0 (compatible; SemrushBot/7~bl; +http://www.semrush.com/bot.html)" "www.tekmedicgloves.com"
185.191.171.36 - - [01/Nov/2022:14:46:41 -0700] "GET /phpMyAdmin/setup/?token=e02dc5e1d8c9e7eb1b67f513b2b0e74a&version_check=1 HTTP/1.1" 200 12691 "-" "Mozilla/5.0 (compatible; SemrushBot/7~bl; +http://www.semrush.com/bot.html)" "www.tekmedicgloves.com"
185.191.171.16 - - [01/Nov/2022:14:46:46 -0700] "GET /phpMyAdmin/setup/?token=ea385960e66db57389005577e42e5ff2&version_check=1 HTTP/1.1" 200 12691 "-" "Mozilla/5.0 (compatible; SemrushBot/7~bl; +http://www.semrush.com/bot.html)" "www.tekmedicgloves.com"
185.191.171.16 - - [01/Nov/2022:14:46:57 -0700] "GET /phpMyAdmin/setup/?token=d7b7bc6c1896685cb1cc2dc440382802&version_check=1 HTTP/1.1" 200 12691 "-" "Mozilla/5.0 (compatible; SemrushBot/7~bl; +http://www.semrush.com/bot.html)" "www.tekmedicgloves.com"
185.191.171.7 - - [01/Nov/2022:14:47:10 -0700] "GET /phpMyAdmin/setup/?token=ca5b5e916fdfe434381075eecd38a15d&version_check=1 HTTP/1.1" 200 12691 "-" "Mozilla/5.0 (compatible; SemrushBot/7~bl; +http://www.semrush.com/bot.html)" "www.tekmedicgloves.com"
185.191.171.16 - - [01/Nov/2022:14:47:14 -0700] "GET /phpMyAdmin/setup/?token=06577db092985b2806c1930d9e1a6c91&version_check=1 HTTP/1.1" 200 12687 "-" "Mozilla/5.0 (compatible; SemrushBot/7~bl; +http://www.semrush.com/bot.html)" "tekmedicgloves.com"
185.191.171.40 - - [01/Nov/2022:14:47:33 -0700] "GET /phpMyAdmin/setup/?token=d98c814307de15f4c1b06af0e582150b&version_check=1 HTTP/1.1" 200 12687 "-" "Mozilla/5.0 (compatible; SemrushBot/7~bl; +http://www.semrush.com/bot.html)" "tekmedicgloves.com"
185.191.171.3 - - [01/Nov/2022:14:47:42 -0700] "GET /phpMyAdmin/setup/?token=f2a09583594c62d280aae89675b8eebf&version_check=1 HTTP/1.1" 200 12691 "-" "Mozilla/5.0 (compatible; SemrushBot/7~bl; +http://www.semrush.com/bot.html)" "www.tekmedicgloves.com"
185.191.171.36 - - [01/Nov/2022:14:48:02 -0700] "GET /phpMyAdmin/setup/?token=d8d30f116c931fadb473f4027590605d&version_check=1 HTTP/1.1" 200 12687 "-" "Mozilla/5.0 (compatible; SemrushBot/7~bl; +http://www.semrush.com/bot.html)" "tekmedicgloves.com"
185.191.171.25 - - [01/Nov/2022:14:48:08 -0700] "GET /phpMyAdmin/setup/?token=f995c414cb2c46993543b8e44c763c4e&version_check=1 HTTP/1.1" 200 12691 "-" "Mozilla/5.0 (compatible; SemrushBot/7~bl; +http://www.semrush.com/bot.html)" "www.tekmedicgloves.com"
185.191.171.13 - - [01/Nov/2022:14:48:10 -0700] "GET /phpMyAdmin/setup/?token=0566542bacd0cf5dde0ad03af9fae457&version_check=1 HTTP/1.1" 200 12687 "-" "Mozilla/5.0 (compatible; SemrushBot/7~bl; +http://www.semrush.com/bot.html)" "tekmedicgloves.com"
185.191.171.34 - - [01/Nov/2022:14:48:19 -0700] "GET /phpMyAdmin/setup/?token=e950e34d8e90239fb9f1bbee3bee1e86&version_check=1 HTTP/1.1" 200 12687 "-" "Mozilla/5.0 (compatible; SemrushBot/7~bl; +http://www.semrush.com/bot.html)" "tekmedicgloves.com"
185.191.171.26 - - [01/Nov/2022:14:48:35 -0700] "GET /phpMyAdmin/setup/?token=1140969f1713a40726a033c3db92740e&version_check=1 HTTP/1.1" 200 12687 "-" "Mozilla/5.0 (compatible; SemrushBot/7~bl; +http://www.semrush.com/bot.html)" "tekmedicgloves.com"
185.191.171.1 - - [01/Nov/2022:14:48:39 -0700] "GET /phpMyAdmin/setup/?token=ef45f3a50f4e2f3e108af1f68c5f4138&version_check=1 HTTP/1.1" 200 12691 "-" "Mozilla/5.0 (compatible; SemrushBot/7~bl; +http://www.semrush.com/bot.html)" "www.tekmedicgloves.com"
185.191.171.9 - - [01/Nov/2022:14:48:41 -0700] "GET /phpMyAdmin/setup/?token=f953b3ffad6e9562e7881cfde9761447&version_check=1 HTTP/1.1" 200 12691 "-" "Mozilla/5.0 (compatible; SemrushBot/7~bl; +http://www.semrush.com/bot.html)" "www.tekmedicgloves.com"
185.191.171.42 - - [01/Nov/2022:14:49:04 -0700] "GET /phpMyAdmin/setup/?token=e400f20392dc97334dff70caba708162&version_check=1 HTTP/1.1" 200 12691 "-" "Mozilla/5.0 (compatible; SemrushBot/7~bl; +http://www.semrush.com/bot.html)" "www.tekmedicgloves.com"
185.191.171.8 - - [01/Nov/2022:14:49:12 -0700] "GET /phpMyAdmin/setup/?token=c5ecef9edc6a89067c0c97aab716c8d9&version_check=1 HTTP/1.1" 200 12691 "-" "Mozilla/5.0 (compatible; SemrushBot/7~bl; +http://www.semrush.com/bot.html)" "www.tekmedicgloves.com"
185.191.171.2 - - [01/Nov/2022:14:49:18 -0700] "GET /phpMyAdmin/setup/?token=ed03a5b20fbb07cd1291847531ed7e2d&version_check=1 HTTP/1.1" 200 12691 "-" "Mozilla/5.0 (compatible; SemrushBot/7~bl; +http://www.semrush.com/bot.html)" "www.tekmedicgloves.com"
185.191.171.40 - - [01/Nov/2022:14:49:24 -0700] "GET /phpMyAdmin/setup/?token=e8869c5e63b7c375bb9f29d818274ddd&version_check=1 HTTP/1.1" 200 12691 "-" "Mozilla/5.0 (compatible; SemrushBot/7~bl; +http://www.semrush.com/bot.html)" "www.tekmedicgloves.com"
185.191.171.7 - - [01/Nov/2022:14:49:41 -0700] "GET /phpMyAdmin/setup/?token=dde1601102c61631d44bbbb2c770161e&version_check=1 HTTP/1.1" 200 12687 "-" "Mozilla/5.0 (compatible; SemrushBot/7~bl; +http://www.semrush.com/bot.html)" "tekmedicgloves.com"
185.191.171.10 - - [01/Nov/2022:14:50:10 -0700] "GET /phpMyAdmin/setup/?token=efe65bd863ae6e3dc4694c324242adb5&version_check=1 HTTP/1.1" 200 12691 "-" "Mozilla/5.0 (compatible; SemrushBot/7~bl; +http://www.semrush.com/bot.html)" "www.tekmedicgloves.com"
185.191.171.34 - - [01/Nov/2022:14:50:16 -0700] "GET /phpMyAdmin/setup/?token=df26731ed58eb312eeafb8274caadc0e&version_check=1 HTTP/1.1" 200 12687 "-" "Mozilla/5.0 (compatible; SemrushBot/7~bl; +http://www.semrush.com/bot.html)" "tekmedicgloves.com"
185.191.171.34 - - [01/Nov/2022:14:50:22 -0700] "GET /phpMyAdmin/setup/?token=d3b88785118e87b3c20618a2746f3075&version_check=1 HTTP/1.1" 200 12687 "-" "Mozilla/5.0 (compatible; SemrushBot/7~bl; +http://www.semrush.com/bot.html)" "tekmedicgloves.com"
185.191.171.2 - - [01/Nov/2022:14:50:23 -0700] "GET /robots.txt HTTP/1.1" 404 88 "-" "Mozilla/5.0 (compatible; SemrushBot/7~bl; +http://www.semrush.com/bot.html)" "tekmedicgloves.com"
185.191.171.44 - - [01/Nov/2022:14:50:24 -0700] "GET /phpMyAdmin/setup/?token=035e8411fe0f083a1e4753359b7beb39&version_check=1 HTTP/1.1" 200 12687 "-" "Mozilla/5.0 (compatible; SemrushBot/7~bl; +http://www.semrush.com/bot.html)" "tekmedicgloves.com"
185.191.171.4 - - [01/Nov/2022:14:50:55 -0700] "GET /phpMyAdmin/setup/?token=09a77e316df74c756e1aafecf9e58979&version_check=1 HTTP/1.1" 200 12687 "-" "Mozilla/5.0 (compatible; SemrushBot/7~bl; +http://www.semrush.com/bot.html)" "tekmedicgloves.com"
185.191.171.17 - - [01/Nov/2022:14:50:57 -0700] "GET /phpMyAdmin/setup/?token=0a9c36399ea2bcc5a26107f8205fd8e8&version_check=1 HTTP/1.1" 200 12687 "-" "Mozilla/5.0 (compatible; SemrushBot/7~bl; +http://www.semrush.com/bot.html)" "tekmedicgloves.com"
185.191.171.45 - - [01/Nov/2022:14:51:14 -0700] "GET /phpMyAdmin/setup/?token=e619f21b36ce60d83b1ec73052a52849&version_check=1 HTTP/1.1" 200 12687 "-" "Mozilla/5.0 (compatible; SemrushBot/7~bl; +http://www.semrush.com/bot.html)" "tekmedicgloves.com"
185.191.171.14 - - [01/Nov/2022:14:51:15 -0700] "GET /phpMyAdmin/setup/?token=ee6b85b7d6c6a26c2dad427e7ff06f48&version_check=1 HTTP/1.1" 200 12691 "-" "Mozilla/5.0 (compatible; SemrushBot/7~bl; +http://www.semrush.com/bot.html)" "www.tekmedicgloves.com"
185.191.171.39 - - [01/Nov/2022:14:51:52 -0700] "GET /phpMyAdmin/setup/?token=e76bd2640d160aa28110936976e475cb&version_check=1 HTTP/1.1" 200 12691 "-" "Mozilla/5.0 (compatible; SemrushBot/7~bl; +http://www.semrush.com/bot.html)" "www.tekmedicgloves.com"
185.191.171.7 - - [01/Nov/2022:14:52:13 -0700] "GET /phpMyAdmin/setup/?token=ecd7ed8837b29b144e14dd05fd2d6433&version_check=1 HTTP/1.1" 200 12687 "-" "Mozilla/5.0 (compatible; SemrushBot/7~bl; +http://www.semrush.com/bot.html)" "tekmedicgloves.com"
185.191.171.2 - - [01/Nov/2022:14:52:16 -0700] "GET /phpMyAdmin/setup/?token=bb9125e58e5e124ac333d1182864ec6b&version_check=1 HTTP/1.1" 200 12691 "-" "Mozilla/5.0 (compatible; SemrushBot/7~bl; +http://www.semrush.com/bot.html)" "www.tekmedicgloves.com"
185.191.171.1 - - [01/Nov/2022:14:52:51 -0700] "GET /phpMyAdmin/setup/?token=ef2507ebab0f35e5a5ee995378f901e9&version_check=1 HTTP/1.1" 200 12691 "-" "Mozilla/5.0 (compatible; SemrushBot/7~bl; +http://www.semrush.com/bot.html)" "www.tekmedicgloves.com"
185.191.171.12 - - [01/Nov/2022:14:52:52 -0700] "GET /phpMyAdmin/setup/?token=ec5d23265c0c1164ae9a16cc4b8c3ac1&version_check=1 HTTP/1.1" 200 12687 "-" "Mozilla/5.0 (compatible; SemrushBot/7~bl; +http://www.semrush.com/bot.html)" "tekmedicgloves.com"
185.191.171.44 - - [01/Nov/2022:14:53:13 -0700] "GET /phpMyAdmin/setup/?token=d05e6c16790014e8ba007a94fda5650c&version_check=1 HTTP/1.1" 200 12687 "-" "Mozilla/5.0 (compatible; SemrushBot/7~bl; +http://www.semrush.com/bot.html)" "tekmedicgloves.com"
185.191.171.34 - - [01/Nov/2022:14:53:21 -0700] "GET /phpMyAdmin/setup/?token=bca2767d9b6d136d82fa645576d655c7&version_check=1 HTTP/1.1" 200 12691 "-" "Mozilla/5.0 (compatible; SemrushBot/7~bl; +http://www.semrush.com/bot.html)" "www.tekmedicgloves.com"
185.191.171.43 - - [01/Nov/2022:14:53:34 -0700] "GET /phpMyAdmin/setup/?token=ede67f5efd927e264905be3a0ee08866&version_check=1 HTTP/1.1" 200 12691 "-" "Mozilla/5.0 (compatible; SemrushBot/7~bl; +http://www.semrush.com/bot.html)" "www.tekmedicgloves.com"
185.191.171.24 - - [01/Nov/2022:14:53:54 -0700] "GET /phpMyAdmin/setup/?token=d2b0f858c8558ded9be959aa2d1fb3ef&version_check=1 HTTP/1.1" 200 12687 "-" "Mozilla/5.0 (compatible; SemrushBot/7~bl; +http://www.semrush.com/bot.html)" "tekmedicgloves.com"
185.191.171.4 - - [01/Nov/2022:14:53:59 -0700] "GET /phpMyAdmin/setup/?token=d7fe0a6ae0ec7828b9e492e461d16760&version_check=1 HTTP/1.1" 200 12687 "-" "Mozilla/5.0 (compatible; SemrushBot/7~bl; +http://www.semrush.com/bot.html)" "tekmedicgloves.com"
185.191.171.44 - - [01/Nov/2022:14:54:12 -0700] "GET /phpMyAdmin/setup/?token=fa7b796b157512551e7712f2888588b4&version_check=1 HTTP/1.1" 200 12687 "-" "Mozilla/5.0 (compatible; SemrushBot/7~bl; +http://www.semrush.com/bot.html)" "tekmedicgloves.com"
185.191.171.8 - - [01/Nov/2022:14:54:19 -0700] "GET /phpMyAdmin/setup/?token=9f6df5413cf9b6f3f6f59b32e062769c&version_check=1 HTTP/1.1" 200 12687 "-" "Mozilla/5.0 (compatible; SemrushBot/7~bl; +http://www.semrush.com/bot.html)" "tekmedicgloves.com"
185.191.171.23 - - [01/Nov/2022:14:54:25 -0700] "GET /phpMyAdmin/setup/?token=df0be621b6ae9bf7e0029f6fd6ebc19d&version_check=1 HTTP/1.1" 200 12687 "-" "Mozilla/5.0 (compatible; SemrushBot/7~bl; +http://www.semrush.com/bot.html)" "tekmedicgloves.com"
185.191.171.10 - - [01/Nov/2022:14:54:26 -0700] "GET /phpMyAdmin/setup/?token=f4ee85d7097a3d6b6d92c7ff8fb5783a&version_check=1 HTTP/1.1" 200 12691 "-" "Mozilla/5.0 (compatible; SemrushBot/7~bl; +http://www.semrush.com/bot.html)" "www.tekmedicgloves.com"
185.191.171.11 - - [01/Nov/2022:14:55:03 -0700] "GET /phpMyAdmin/setup/?token=09f92c7f7a2abbc4a9564faf804d7044&version_check=1 HTTP/1.1" 200 12687 "-" "Mozilla/5.0 (compatible; SemrushBot/7~bl; +http://www.semrush.com/bot.html)" "tekmedicgloves.com"
185.191.171.14 - - [01/Nov/2022:14:55:18 -0700] "GET /robots.txt HTTP/1.1" 404 88 "-" "Mozilla/5.0 (compatible; SemrushBot/7~bl; +http://www.semrush.com/bot.html)" "www.tekmedicgloves.com"
185.191.171.20 - - [01/Nov/2022:14:55:18 -0700] "GET /phpMyAdmin/setup/?token=0f5df12f763b22556357a01487058c7d&version_check=1 HTTP/1.1" 200 12691 "-" "Mozilla/5.0 (compatible; SemrushBot/7~bl; +http://www.semrush.com/bot.html)" "www.tekmedicgloves.com"
185.191.171.23 - - [01/Nov/2022:14:55:18 -0700] "GET /phpMyAdmin/setup/?token=e4bf312987a08df154a85b4bf00e986b&version_check=1 HTTP/1.1" 200 12687 "-" "Mozilla/5.0 (compatible; SemrushBot/7~bl; +http://www.semrush.com/bot.html)" "tekmedicgloves.com"
185.191.171.43 - - [01/Nov/2022:14:55:21 -0700] "GET /phpMyAdmin/setup/?token=e75caf6092b7b8ab6d95d26c0f58e94a&version_check=1 HTTP/1.1" 200 12687 "-" "Mozilla/5.0 (compatible; SemrushBot/7~bl; +http://www.semrush.com/bot.html)" "tekmedicgloves.com"
185.191.171.23 - - [01/Nov/2022:14:55:29 -0700] "GET /phpMyAdmin/setup/?token=f2d13fb280a51dce7af1bb18809787ab&version_check=1 HTTP/1.1" 200 12691 "-" "Mozilla/5.0 (compatible; SemrushBot/7~bl; +http://www.semrush.com/bot.html)" "www.tekmedicgloves.com"
185.191.171.21 - - [01/Nov/2022:14:55:37 -0700] "GET /phpMyAdmin/setup/?token=e549222898d3ade310e43f7941b9e49f&version_check=1 HTTP/1.1" 200 12691 "-" "Mozilla/5.0 (compatible; SemrushBot/7~bl; +http://www.semrush.com/bot.html)" "www.tekmedicgloves.com"
185.191.171.18 - - [01/Nov/2022:14:56:04 -0700] "GET /phpMyAdmin/setup/?token=ccf0c5c511f9195913fd2107bd7cf2fb&version_check=1 HTTP/1.1" 200 12691 "-" "Mozilla/5.0 (compatible; SemrushBot/7~bl; +http://www.semrush.com/bot.html)" "www.tekmedicgloves.com"
185.191.171.34 - - [01/Nov/2022:14:56:12 -0700] "GET /phpMyAdmin/setup/?token=c1efb14ab73dc5b3641d05e5288399f6&version_check=1 HTTP/1.1" 200 12691 "-" "Mozilla/5.0 (compatible; SemrushBot/7~bl; +http://www.semrush.com/bot.html)" "www.tekmedicgloves.com"
185.191.171.38 - - [01/Nov/2022:14:56:37 -0700] "GET /phpMyAdmin/setup/?token=d7088b2d252cc60658b85342f5ee350e&version_check=1 HTTP/1.1" 200 12687 "-" "Mozilla/5.0 (compatible; SemrushBot/7~bl; +http://www.semrush.com/bot.html)" "tekmedicgloves.com"
185.191.171.16 - - [01/Nov/2022:14:56:42 -0700] "GET /phpMyAdmin/setup/?token=07fad6c3724f1b7c232959acd0a44822&version_check=1 HTTP/1.1" 200 12691 "-" "Mozilla/5.0 (compatible; SemrushBot/7~bl; +http://www.semrush.com/bot.html)" "www.tekmedicgloves.com"
185.191.171.26 - - [01/Nov/2022:14:56:52 -0700] "GET /phpMyAdmin/setup/?token=fe12f6b808f77c89e1db6cdd2cc1da0d&version_check=1 HTTP/1.1" 200 12691 "-" "Mozilla/5.0 (compatible; SemrushBot/7~bl; +http://www.semrush.com/bot.html)" "www.tekmedicgloves.com"
185.191.171.3 - - [01/Nov/2022:14:57:09 -0700] "GET /phpMyAdmin/setup/?token=042a694752d60175d5dbae9798cec5a1&version_check=1 HTTP/1.1" 200 12687 "-" "Mozilla/5.0 (compatible; SemrushBot/7~bl; +http://www.semrush.com/bot.html)" "tekmedicgloves.com"
185.191.171.3 - - [01/Nov/2022:14:57:11 -0700] "GET /phpMyAdmin/setup/?token=e59045793edc692082ae09aa7d3bd30e&version_check=1 HTTP/1.1" 200 12691 "-" "Mozilla/5.0 (compatible; SemrushBot/7~bl; +http://www.semrush.com/bot.html)" "www.tekmedicgloves.com"
185.191.171.20 - - [01/Nov/2022:14:57:37 -0700] "GET /phpMyAdmin/setup/?token=e59d5db1cd418bfa34eb6323720a53d1&version_check=1 HTTP/1.1" 200 12687 "-" "Mozilla/5.0 (compatible; SemrushBot/7~bl; +http://www.semrush.com/bot.html)" "tekmedicgloves.com"
185.191.171.16 - - [01/Nov/2022:14:57:47 -0700] "GET /phpMyAdmin/setup/?token=f1c286207b11a96d479520dc4cf5c295&version_check=1 HTTP/1.1" 200 12691 "-" "Mozilla/5.0 (compatible; SemrushBot/7~bl; +http://www.semrush.com/bot.html)" "www.tekmedicgloves.com"
185.191.171.3 - - [01/Nov/2022:14:57:50 -0700] "GET /phpMyAdmin/setup/?token=e4b105464be24459b4e5b2d93837865b&version_check=1 HTTP/1.1" 200 12691 "-" "Mozilla/5.0 (compatible; SemrushBot/7~bl; +http://www.semrush.com/bot.html)" "www.tekmedicgloves.com"
185.191.171.35 - - [01/Nov/2022:14:58:05 -0700] "GET /phpMyAdmin/setup/?token=e69227bb45f36aaab745a9147be9be02&version_check=1 HTTP/1.1" 200 12687 "-" "Mozilla/5.0 (compatible; SemrushBot/7~bl; +http://www.semrush.com/bot.html)" "tekmedicgloves.com"
185.191.171.35 - - [01/Nov/2022:14:58:08 -0700] "GET /phpMyAdmin/setup/?token=0c87fc8b2c13e2197d582e2f8e72eed1&version_check=1 HTTP/1.1" 200 12687 "-" "Mozilla/5.0 (compatible; SemrushBot/7~bl; +http://www.semrush.com/bot.html)" "tekmedicgloves.com"
185.191.171.45 - - [01/Nov/2022:14:58:38 -0700] "GET /phpMyAdmin/setup/?token=e938fb9a8738beb9f971ef3f4c06a861&version_check=1 HTTP/1.1" 200 12687 "-" "Mozilla/5.0 (compatible; SemrushBot/7~bl; +http://www.semrush.com/bot.html)" "tekmedicgloves.com"
185.191.171.23 - - [01/Nov/2022:14:58:48 -0700] "GET /phpMyAdmin/setup/?token=e467240ec5b638fa44ed16881e891003&version_check=1 HTTP/1.1" 200 12687 "-" "Mozilla/5.0 (compatible; SemrushBot/7~bl; +http://www.semrush.com/bot.html)" "tekmedicgloves.com"
185.191.171.20 - - [01/Nov/2022:14:58:55 -0700] "GET /phpMyAdmin/setup/?token=fcb2f348b3a2dd67a7090224a6c17326&version_check=1 HTTP/1.1" 200 12691 "-" "Mozilla/5.0 (compatible; SemrushBot/7~bl; +http://www.semrush.com/bot.html)" "www.tekmedicgloves.com"
185.191.171.20 - - [01/Nov/2022:14:59:08 -0700] "GET /phpMyAdmin/setup/?token=eb8c01d53160b435ea9c264a6f04a5e5&version_check=1 HTTP/1.1" 200 12691 "-" "Mozilla/5.0 (compatible; SemrushBot/7~bl; +http://www.semrush.com/bot.html)" "www.tekmedicgloves.com"
185.191.171.21 - - [01/Nov/2022:14:59:25 -0700] "GET /phpMyAdmin/setup/?token=0cc2fecc5b51e4d363b62a70cd0cf2fc&version_check=1 HTTP/1.1" 200 12691 "-" "Mozilla/5.0 (compatible; SemrushBot/7~bl; +http://www.semrush.com/bot.html)" "www.tekmedicgloves.com"
185.191.171.24 - - [01/Nov/2022:14:59:53 -0700] "GET /phpMyAdmin/setup/?token=f3420d1bcf0a1f6c5d90fe5da6a0e007&version_check=1 HTTP/1.1" 200 12691 "-" "Mozilla/5.0 (compatible; SemrushBot/7~bl; +http://www.semrush.com/bot.html)" "www.tekmedicgloves.com"
185.191.171.40 - - [01/Nov/2022:15:00:08 -0700] "GET /phpMyAdmin/setup/?token=f966bde7efadb564716d7302f8980718&version_check=1 HTTP/1.1" 200 12691 "-" "Mozilla/5.0 (compatible; SemrushBot/7~bl; +http://www.semrush.com/bot.html)" "www.tekmedicgloves.com"
185.191.171.34 - - [01/Nov/2022:15:00:14 -0700] "GET /phpMyAdmin/setup/?token=f86f70cffb6674b10635e7ce8bdecad8&version_check=1 HTTP/1.1" 200 12691 "-" "Mozilla/5.0 (compatible; SemrushBot/7~bl; +http://www.semrush.com/bot.html)" "www.tekmedicgloves.com"
185.191.171.1 - - [01/Nov/2022:15:00:35 -0700] "GET /phpMyAdmin/setup/?token=027327f87e2d0061ba3da5f9000215fc&version_check=1 HTTP/1.1" 200 12691 "-" "Mozilla/5.0 (compatible; SemrushBot/7~bl; +http://www.semrush.com/bot.html)" "www.tekmedicgloves.com"
185.191.171.16 - - [01/Nov/2022:15:00:43 -0700] "GET /phpMyAdmin/setup/?token=bcad69e083fa085c6c23daa57aae7b88&version_check=1 HTTP/1.1" 200 12691 "-" "Mozilla/5.0 (compatible; SemrushBot/7~bl; +http://www.semrush.com/bot.html)" "www.tekmedicgloves.com"
185.191.171.19 - - [01/Nov/2022:15:00:46 -0700] "GET /phpMyAdmin/setup/?token=e79913628662c069d2da40eb45c08795&version_check=1 HTTP/1.1" 200 12691 "-" "Mozilla/5.0 (compatible; SemrushBot/7~bl; +http://www.semrush.com/bot.html)" "www.tekmedicgloves.com"
185.191.171.20 - - [01/Nov/2022:15:00:49 -0700] "GET /phpMyAdmin/setup/?token=0ebeddf07fde84633f630dc975b1d187&version_check=1 HTTP/1.1" 200 12687 "-" "Mozilla/5.0 (compatible; SemrushBot/7~bl; +http://www.semrush.com/bot.html)" "tekmedicgloves.com"
185.191.171.20 - - [01/Nov/2022:15:00:52 -0700] "GET /phpMyAdmin/setup/?token=d1bb3d3399c6c232e1fa9f3c394b0d1b&version_check=1 HTTP/1.1" 200 12687 "-" "Mozilla/5.0 (compatible; SemrushBot/7~bl; +http://www.semrush.com/bot.html)" "tekmedicgloves.com"
185.191.171.41 - - [01/Nov/2022:15:00:59 -0700] "GET /phpMyAdmin/setup/?token=02fb97b90459ec8e88b09b110bbecd23&version_check=1 HTTP/1.1" 200 12691 "-" "Mozilla/5.0 (compatible; SemrushBot/7~bl; +http://www.semrush.com/bot.html)" "www.tekmedicgloves.com"
185.191.171.8 - - [01/Nov/2022:15:01:26 -0700] "GET /phpMyAdmin/setup/?token=d2a57d935561f308ada646bfd004d245&version_check=1 HTTP/1.1" 200 12687 "-" "Mozilla/5.0 (compatible; SemrushBot/7~bl; +http://www.semrush.com/bot.html)" "tekmedicgloves.com"
