185.191.171.20 - - [31/Oct/2022:21:26:00 -0700] "GET /phpMyAdmin/setup/?token=efedfb946af134ef382bc18963a984a9&version_check=1 HTTP/1.1" 200 12691 "-" "Mozilla/5.0 (compatible; SemrushBot/7~bl; +http://www.semrush.com/bot.html)" "www.tekmedicgloves.com"
185.191.171.23 - - [31/Oct/2022:21:26:06 -0700] "GET /phpMyAdmin/setup/?token=e57cff85ffb1408b108acd0e2905925c&version_check=1 HTTP/1.1" 200 12691 "-" "Mozilla/5.0 (compatible; SemrushBot/7~bl; +http://www.semrush.com/bot.html)" "www.tekmedicgloves.com"
185.191.171.35 - - [31/Oct/2022:21:26:11 -0700] "GET /phpMyAdmin/setup/?token=053aa778b5bc049b89b1830fe6e3110d&version_check=1 HTTP/1.1" 200 12687 "-" "Mozilla/5.0 (compatible; SemrushBot/7~bl; +http://www.semrush.com/bot.html)" "tekmedicgloves.com"
185.191.171.40 - - [31/Oct/2022:21:26:15 -0700] "GET /phpMyAdmin/setup/?token=e4faf451569dab234a54d70b4c08ba58&version_check=1 HTTP/1.1" 200 12687 "-" "Mozilla/5.0 (compatible; SemrushBot/7~bl; +http://www.semrush.com/bot.html)" "tekmedicgloves.com"
185.191.171.20 - - [31/Oct/2022:21:27:07 -0700] "GET /phpMyAdmin/setup/?token=eaaf19cead5d6f691306d86afd0f5373&version_check=1 HTTP/1.1" 200 12691 "-" "Mozilla/5.0 (compatible; SemrushBot/7~bl; +http://www.semrush.com/bot.html)" "www.tekmedicgloves.com"
185.191.171.10 - - [31/Oct/2022:21:27:14 -0700] "GET /phpMyAdmin/setup/?token=132e9e089144d9e69529fbc199661b20&version_check=1 HTTP/1.1" 200 12687 "-" "Mozilla/5.0 (compatible; SemrushBot/7~bl; +http://www.semrush.com/bot.html)" "tekmedicgloves.com"
185.191.171.15 - - [31/Oct/2022:21:27:29 -0700] "GET /phpMyAdmin/setup/?token=f6909fe83ce4c0726fe724c2a513e6ce&version_check=1 HTTP/1.1" 200 12687 "-" "Mozilla/5.0 (compatible; SemrushBot/7~bl; +http://www.semrush.com/bot.html)" "tekmedicgloves.com"
185.191.171.14 - - [31/Oct/2022:21:27:33 -0700] "GET /phpMyAdmin/setup/?token=e6c716100e2fdb1f54babafdba24a03c&version_check=1 HTTP/1.1" 200 12691 "-" "Mozilla/5.0 (compatible; SemrushBot/7~bl; +http://www.semrush.com/bot.html)" "www.tekmedicgloves.com"
185.191.171.19 - - [31/Oct/2022:21:27:36 -0700] "GET /phpMyAdmin/setup/?token=069b7c19c7b792c667e0b61d0f4f09b8&version_check=1 HTTP/1.1" 200 12687 "-" "Mozilla/5.0 (compatible; SemrushBot/7~bl; +http://www.semrush.com/bot.html)" "tekmedicgloves.com"
185.191.171.3 - - [31/Oct/2022:21:27:48 -0700] "GET /phpMyAdmin/setup/?token=e1460524967a0201f511980b2b11b9d6&version_check=1 HTTP/1.1" 200 12687 "-" "Mozilla/5.0 (compatible; SemrushBot/7~bl; +http://www.semrush.com/bot.html)" "tekmedicgloves.com"
77.88.5.245 - - [31/Oct/2022:21:27:49 -0700] "GET /robots.txt HTTP/1.1" 404 73 "-" "Mozilla/5.0 (compatible; YandexBot/3.0; +http://yandex.com/bots)" "tekmedicgloves.com"
77.88.5.245 - - [31/Oct/2022:21:27:52 -0700] "GET /beta/market.php?id=8 HTTP/1.1" 200 6349 "-" "Mozilla/5.0 (compatible; YandexBot/3.0; +http://yandex.com/bots)" "tekmedicgloves.com"
185.191.171.24 - - [31/Oct/2022:21:28:00 -0700] "GET /phpMyAdmin/setup/?token=e26945b526b61705d208ef01641a5990&version_check=1 HTTP/1.1" 200 12691 "-" "Mozilla/5.0 (compatible; SemrushBot/7~bl; +http://www.semrush.com/bot.html)" "www.tekmedicgloves.com"
198.251.73.85 - - [31/Oct/2022:21:28:00 -0700] "GET /phpMyAdmin/Documentation.html HTTP/1.1" 200 72425 "-" "IonCrawl (https://www.ionos.de/terms-gtc/faq-crawler-en/)" "tekmedicgloves.com"
198.251.73.95 - - [31/Oct/2022:21:28:03 -0700] "GET /?C=D;O=D HTTP/1.1" 200 345 "-" "IonCrawl (https://www.ionos.de/terms-gtc/faq-crawler-en/)" "tekmedicgloves.com"
198.251.73.75 - - [31/Oct/2022:21:28:04 -0700] "GET /?C=M;O=D HTTP/1.1" 200 345 "-" "IonCrawl (https://www.ionos.de/terms-gtc/faq-crawler-en/)" "tekmedicgloves.com"
198.251.73.75 - - [31/Oct/2022:21:28:06 -0700] "GET /?C=N;O=A HTTP/1.1" 200 347 "-" "IonCrawl (https://www.ionos.de/terms-gtc/faq-crawler-en/)" "tekmedicgloves.com"
198.251.73.95 - - [31/Oct/2022:21:28:07 -0700] "GET /beta/home.php HTTP/1.1" 200 35074 "-" "IonCrawl (https://www.ionos.de/terms-gtc/faq-crawler-en/)" "tekmedicgloves.com"
198.251.73.105 - - [31/Oct/2022:21:28:09 -0700] "GET /phpMyAdmin/url.php?url=http%3A%2F%2Fwww.phpmyadmin.net%2F&lang=en&collation_connection=utf8_general_ci&token=4f0ccd5a0167f193979e8454bfca43c0 HTTP/1.1" 200 7267 "-" "IonCrawl (https://www.ionos.de/terms-gtc/faq-crawler-en/)" "tekmedicgloves.com"
198.251.73.105 - - [31/Oct/2022:21:28:17 -0700] "GET /?C=S;O=D HTTP/1.1" 200 345 "-" "IonCrawl (https://www.ionos.de/terms-gtc/faq-crawler-en/)" "tekmedicgloves.com"
185.191.171.18 - - [31/Oct/2022:21:28:18 -0700] "GET /phpMyAdmin/setup/?token=ee4a86a59af49a306e24dab2fff2c0d8&version_check=1 HTTP/1.1" 200 12687 "-" "Mozilla/5.0 (compatible; SemrushBot/7~bl; +http://www.semrush.com/bot.html)" "tekmedicgloves.com"
185.191.171.11 - - [31/Oct/2022:21:28:52 -0700] "GET /phpMyAdmin/setup/?token=05ade13aae98fa89a4323917ebe43049&version_check=1 HTTP/1.1" 200 12691 "-" "Mozilla/5.0 (compatible; SemrushBot/7~bl; +http://www.semrush.com/bot.html)" "www.tekmedicgloves.com"
185.191.171.11 - - [31/Oct/2022:21:29:04 -0700] "GET /phpMyAdmin/setup/?token=b7eaf9b30f4e3e1e7d926e76240adf56&version_check=1 HTTP/1.1" 200 12691 "-" "Mozilla/5.0 (compatible; SemrushBot/7~bl; +http://www.semrush.com/bot.html)" "www.tekmedicgloves.com"
185.191.171.3 - - [31/Oct/2022:21:29:07 -0700] "GET /robots.txt HTTP/1.1" 404 88 "-" "Mozilla/5.0 (compatible; SemrushBot/7~bl; +http://www.semrush.com/bot.html)" "tekmedicgloves.com"
185.191.171.25 - - [31/Oct/2022:21:29:08 -0700] "GET /phpMyAdmin/setup/?token=d13a14cb6cbed0142bb82980f883461f&version_check=1 HTTP/1.1" 200 12687 "-" "Mozilla/5.0 (compatible; SemrushBot/7~bl; +http://www.semrush.com/bot.html)" "tekmedicgloves.com"
185.191.171.37 - - [31/Oct/2022:21:29:21 -0700] "GET /phpMyAdmin/setup/?token=0aaf25390ac2ddf2f3bec5a041ed4422&version_check=1 HTTP/1.1" 200 12691 "-" "Mozilla/5.0 (compatible; SemrushBot/7~bl; +http://www.semrush.com/bot.html)" "www.tekmedicgloves.com"
185.191.171.25 - - [31/Oct/2022:21:29:34 -0700] "GET /phpMyAdmin/setup/?token=d226043b356384d527494927755d9f17&version_check=1 HTTP/1.1" 200 12687 "-" "Mozilla/5.0 (compatible; SemrushBot/7~bl; +http://www.semrush.com/bot.html)" "tekmedicgloves.com"
185.191.171.11 - - [31/Oct/2022:21:29:36 -0700] "GET /phpMyAdmin/setup/?token=dcf3300ca59eaa603bd2627a8444a847&version_check=1 HTTP/1.1" 200 12687 "-" "Mozilla/5.0 (compatible; SemrushBot/7~bl; +http://www.semrush.com/bot.html)" "tekmedicgloves.com"
185.191.171.23 - - [31/Oct/2022:21:29:53 -0700] "GET /phpMyAdmin/setup/?token=0cca0897193e0421de1459efb3e6c0f9&version_check=1 HTTP/1.1" 200 12691 "-" "Mozilla/5.0 (compatible; SemrushBot/7~bl; +http://www.semrush.com/bot.html)" "www.tekmedicgloves.com"
198.251.73.105 - - [31/Oct/2022:21:29:59 -0700] "GET /phpMyAdmin/setup/ HTTP/1.1" 200 12569 "-" "IonCrawl (https://www.ionos.de/terms-gtc/faq-crawler-en/)" "tekmedicgloves.com"
198.251.73.95 - - [31/Oct/2022:21:29:59 -0700] "GET /phpMyAdmin/license.php HTTP/1.1" 200 7540 "-" "IonCrawl (https://www.ionos.de/terms-gtc/faq-crawler-en/)" "tekmedicgloves.com"
198.251.73.105 - - [31/Oct/2022:21:30:00 -0700] "GET /beta/contacts.php HTTP/1.1" 200 24038 "-" "IonCrawl (https://www.ionos.de/terms-gtc/faq-crawler-en/)" "tekmedicgloves.com"
185.191.171.9 - - [31/Oct/2022:21:30:03 -0700] "GET /phpMyAdmin/setup/?token=c3d85ddfbcf0ec74b80697d70b366e81&version_check=1 HTTP/1.1" 200 12691 "-" "Mozilla/5.0 (compatible; SemrushBot/7~bl; +http://www.semrush.com/bot.html)" "www.tekmedicgloves.com"
185.191.171.25 - - [31/Oct/2022:21:30:07 -0700] "GET /phpMyAdmin/setup/?token=0c34b4a036a60e26ed5962697338613a&version_check=1 HTTP/1.1" 200 12691 "-" "Mozilla/5.0 (compatible; SemrushBot/7~bl; +http://www.semrush.com/bot.html)" "www.tekmedicgloves.com"
185.191.171.3 - - [31/Oct/2022:21:30:18 -0700] "GET /phpMyAdmin/setup/?token=d5b817fde84bfb19d1d849393baaca07&version_check=1 HTTP/1.1" 200 12687 "-" "Mozilla/5.0 (compatible; SemrushBot/7~bl; +http://www.semrush.com/bot.html)" "tekmedicgloves.com"
185.191.171.6 - - [31/Oct/2022:21:30:21 -0700] "GET /phpMyAdmin/setup/?token=da4ee39ef84f236b60a74e50a26b8686&version_check=1 HTTP/1.1" 200 12691 "-" "Mozilla/5.0 (compatible; SemrushBot/7~bl; +http://www.semrush.com/bot.html)" "www.tekmedicgloves.com"
185.191.171.44 - - [31/Oct/2022:21:30:23 -0700] "GET /phpMyAdmin/setup/?token=d98af6766448b7df9eed4675822e0cb9&version_check=1 HTTP/1.1" 200 12687 "-" "Mozilla/5.0 (compatible; SemrushBot/7~bl; +http://www.semrush.com/bot.html)" "tekmedicgloves.com"
185.191.171.23 - - [31/Oct/2022:21:30:28 -0700] "GET /phpMyAdmin/setup/?token=ef0d3e51a13fe03e7410701ecab2131f&version_check=1 HTTP/1.1" 200 12691 "-" "Mozilla/5.0 (compatible; SemrushBot/7~bl; +http://www.semrush.com/bot.html)" "www.tekmedicgloves.com"
185.191.171.38 - - [31/Oct/2022:21:30:40 -0700] "GET /phpMyAdmin/setup/?token=08ef32970e19c2413429732a4b3451a1&version_check=1 HTTP/1.1" 200 12691 "-" "Mozilla/5.0 (compatible; SemrushBot/7~bl; +http://www.semrush.com/bot.html)" "www.tekmedicgloves.com"
185.191.171.5 - - [31/Oct/2022:21:30:43 -0700] "GET /phpMyAdmin/setup/?token=ee8029bbc6d2e18e8efed6a6bb18ab51&version_check=1 HTTP/1.1" 200 12687 "-" "Mozilla/5.0 (compatible; SemrushBot/7~bl; +http://www.semrush.com/bot.html)" "tekmedicgloves.com"
185.191.171.39 - - [31/Oct/2022:21:30:48 -0700] "GET /phpMyAdmin/setup/?token=ab27de612960488556d2703356390029&version_check=1 HTTP/1.1" 200 12691 "-" "Mozilla/5.0 (compatible; SemrushBot/7~bl; +http://www.semrush.com/bot.html)" "www.tekmedicgloves.com"
198.251.73.95 - - [31/Oct/2022:21:31:09 -0700] "GET /phpMyAdmin/index.php HTTP/1.1" 200 7540 "-" "IonCrawl (https://www.ionos.de/terms-gtc/faq-crawler-en/)" "tekmedicgloves.com"
198.251.73.85 - - [31/Oct/2022:21:31:10 -0700] "GET /phpMyAdmin/changelog.php HTTP/1.1" 200 7540 "-" "IonCrawl (https://www.ionos.de/terms-gtc/faq-crawler-en/)" "tekmedicgloves.com"
198.251.73.95 - - [31/Oct/2022:21:31:10 -0700] "GET /phpMyAdmin/LICENSE HTTP/1.1" 200 18011 "-" "IonCrawl (https://www.ionos.de/terms-gtc/faq-crawler-en/)" "tekmedicgloves.com"
185.191.171.6 - - [31/Oct/2022:21:31:17 -0700] "GET /phpMyAdmin/setup/?token=d5503fb73f1c98d0210c2f24e4d9a6d3&version_check=1 HTTP/1.1" 200 12687 "-" "Mozilla/5.0 (compatible; SemrushBot/7~bl; +http://www.semrush.com/bot.html)" "tekmedicgloves.com"
185.191.171.1 - - [31/Oct/2022:21:31:35 -0700] "GET /phpMyAdmin/setup/?token=b79a479f7c77699fb0ac11018b1e3c54&version_check=1 HTTP/1.1" 200 12691 "-" "Mozilla/5.0 (compatible; SemrushBot/7~bl; +http://www.semrush.com/bot.html)" "www.tekmedicgloves.com"
185.191.171.4 - - [31/Oct/2022:21:32:03 -0700] "GET /phpMyAdmin/setup/?token=bb83717b7b295811ed927084928c3a32&version_check=1 HTTP/1.1" 200 12691 "-" "Mozilla/5.0 (compatible; SemrushBot/7~bl; +http://www.semrush.com/bot.html)" "www.tekmedicgloves.com"
185.191.171.1 - - [31/Oct/2022:21:32:10 -0700] "GET /phpMyAdmin/setup/?token=ecb373dc5133b0a2b993c99b08f815d5&version_check=1 HTTP/1.1" 200 12691 "-" "Mozilla/5.0 (compatible; SemrushBot/7~bl; +http://www.semrush.com/bot.html)" "www.tekmedicgloves.com"
185.191.171.35 - - [31/Oct/2022:21:32:13 -0700] "GET /phpMyAdmin/setup/?token=dea1af3e32081986671887211ee7270d&version_check=1 HTTP/1.1" 200 12687 "-" "Mozilla/5.0 (compatible; SemrushBot/7~bl; +http://www.semrush.com/bot.html)" "tekmedicgloves.com"
185.191.171.10 - - [31/Oct/2022:21:32:14 -0700] "GET /phpMyAdmin/setup/?token=e25a4a143c752ddee67b7ba6a27e9416&version_check=1 HTTP/1.1" 200 12691 "-" "Mozilla/5.0 (compatible; SemrushBot/7~bl; +http://www.semrush.com/bot.html)" "www.tekmedicgloves.com"
185.191.171.42 - - [31/Oct/2022:21:32:29 -0700] "GET /phpMyAdmin/setup/?token=d550d064369593beb4156c6e3a293fd6&version_check=1 HTTP/1.1" 200 12687 "-" "Mozilla/5.0 (compatible; SemrushBot/7~bl; +http://www.semrush.com/bot.html)" "tekmedicgloves.com"
185.191.171.42 - - [31/Oct/2022:21:32:43 -0700] "GET /phpMyAdmin/setup/?token=fcc54348e4f15364974f2476899a6cc2&version_check=1 HTTP/1.1" 200 12691 "-" "Mozilla/5.0 (compatible; SemrushBot/7~bl; +http://www.semrush.com/bot.html)" "www.tekmedicgloves.com"
185.191.171.38 - - [31/Oct/2022:21:32:52 -0700] "GET /phpMyAdmin/setup/?token=be6b4f087b4c8329922198e2b19382ff&version_check=1 HTTP/1.1" 200 12691 "-" "Mozilla/5.0 (compatible; SemrushBot/7~bl; +http://www.semrush.com/bot.html)" "www.tekmedicgloves.com"
185.191.171.15 - - [31/Oct/2022:21:32:54 -0700] "GET /phpMyAdmin/setup/?token=01afd53f8a89e141e59b6489aa7a3dfe&version_check=1 HTTP/1.1" 200 12687 "-" "Mozilla/5.0 (compatible; SemrushBot/7~bl; +http://www.semrush.com/bot.html)" "tekmedicgloves.com"
185.191.171.41 - - [31/Oct/2022:21:33:13 -0700] "GET /phpMyAdmin/setup/?token=f52abc1af38ea864558b6210d0e9fecb&version_check=1 HTTP/1.1" 200 12687 "-" "Mozilla/5.0 (compatible; SemrushBot/7~bl; +http://www.semrush.com/bot.html)" "tekmedicgloves.com"
185.191.171.2 - - [31/Oct/2022:21:33:33 -0700] "GET /phpMyAdmin/setup/?token=c42e406bc33abb6dff20ba78d47a8fec&version_check=1 HTTP/1.1" 200 12691 "-" "Mozilla/5.0 (compatible; SemrushBot/7~bl; +http://www.semrush.com/bot.html)" "www.tekmedicgloves.com"
185.191.171.20 - - [31/Oct/2022:21:34:03 -0700] "GET /phpMyAdmin/setup/?token=e100e954c7bf693caa7d25ecba8b64e9&version_check=1 HTTP/1.1" 200 12687 "-" "Mozilla/5.0 (compatible; SemrushBot/7~bl; +http://www.semrush.com/bot.html)" "tekmedicgloves.com"
185.191.171.42 - - [31/Oct/2022:21:34:08 -0700] "GET /phpMyAdmin/setup/?token=d862645197394ce0ed1fbdd8c96edc20&version_check=1 HTTP/1.1" 200 12687 "-" "Mozilla/5.0 (compatible; SemrushBot/7~bl; +http://www.semrush.com/bot.html)" "tekmedicgloves.com"
185.191.171.43 - - [31/Oct/2022:21:34:42 -0700] "GET /phpMyAdmin/setup/?token=f1680f2cd8e54eed3d37a3350225ec02&version_check=1 HTTP/1.1" 200 12687 "-" "Mozilla/5.0 (compatible; SemrushBot/7~bl; +http://www.semrush.com/bot.html)" "tekmedicgloves.com"
185.191.171.2 - - [31/Oct/2022:21:34:47 -0700] "GET /phpMyAdmin/setup/?token=d46891c71de452f3e3149b77eee2fd26&version_check=1 HTTP/1.1" 200 12687 "-" "Mozilla/5.0 (compatible; SemrushBot/7~bl; +http://www.semrush.com/bot.html)" "tekmedicgloves.com"
185.191.171.1 - - [31/Oct/2022:21:34:50 -0700] "GET /phpMyAdmin/setup/?token=d2ecc0c2b0ff76a83abf7e6475d5c03a&version_check=1 HTTP/1.1" 200 12687 "-" "Mozilla/5.0 (compatible; SemrushBot/7~bl; +http://www.semrush.com/bot.html)" "tekmedicgloves.com"
185.191.171.35 - - [31/Oct/2022:21:35:18 -0700] "GET /phpMyAdmin/setup/?token=f71cb7fa34a383e121a9749fb2f8319f&version_check=1 HTTP/1.1" 200 12687 "-" "Mozilla/5.0 (compatible; SemrushBot/7~bl; +http://www.semrush.com/bot.html)" "tekmedicgloves.com"
185.191.171.6 - - [31/Oct/2022:21:35:25 -0700] "GET /phpMyAdmin/setup/?token=e72e6d47c591a649f1166da0d5859a6e&version_check=1 HTTP/1.1" 200 12691 "-" "Mozilla/5.0 (compatible; SemrushBot/7~bl; +http://www.semrush.com/bot.html)" "www.tekmedicgloves.com"
185.191.171.8 - - [31/Oct/2022:21:35:34 -0700] "GET /phpMyAdmin/setup/?token=093ba9c35e8769c5a95f090a115f111c&version_check=1 HTTP/1.1" 200 12687 "-" "Mozilla/5.0 (compatible; SemrushBot/7~bl; +http://www.semrush.com/bot.html)" "tekmedicgloves.com"
157.55.39.179 - - [31/Oct/2022:21:35:43 -0700] "GET /beta/images/product/20141110114348_3734D-Tekmedic-InoSafe-A2-Poster-Outstanding-Concept.jpg HTTP/1.1" 200 1724750 "-" "Mozilla/5.0 AppleWebKit/537.36 (KHTML, like Gecko; compatible; bingbot/2.0; +http://www.bing.com/bingbot.htm) Chrome/103.0.5060.134 Safari/537.36" "tekmedicgloves.com"
185.191.171.37 - - [31/Oct/2022:21:35:49 -0700] "GET /phpMyAdmin/setup/?token=c8951dcbf35661a61f12f33254586d40&version_check=1 HTTP/1.1" 200 12691 "-" "Mozilla/5.0 (compatible; SemrushBot/7~bl; +http://www.semrush.com/bot.html)" "www.tekmedicgloves.com"
185.191.171.34 - - [31/Oct/2022:21:35:54 -0700] "GET /phpMyAdmin/setup/?token=f000dcf7475d1924aa14fa469eb185c8&version_check=1 HTTP/1.1" 200 12691 "-" "Mozilla/5.0 (compatible; SemrushBot/7~bl; +http://www.semrush.com/bot.html)" "www.tekmedicgloves.com"
185.191.171.40 - - [31/Oct/2022:21:35:57 -0700] "GET /phpMyAdmin/setup/?token=ebb81ba19f0453374c45a7e6125e9fc9&version_check=1 HTTP/1.1" 200 12687 "-" "Mozilla/5.0 (compatible; SemrushBot/7~bl; +http://www.semrush.com/bot.html)" "tekmedicgloves.com"
185.191.171.21 - - [31/Oct/2022:21:36:03 -0700] "GET /phpMyAdmin/setup/?token=b541ca7073e69ac63488484e3cb64969&version_check=1 HTTP/1.1" 200 12691 "-" "Mozilla/5.0 (compatible; SemrushBot/7~bl; +http://www.semrush.com/bot.html)" "www.tekmedicgloves.com"
185.191.171.11 - - [31/Oct/2022:21:36:16 -0700] "GET /phpMyAdmin/setup/?token=e5cae28e071abadfcfc7fc8beea10d86&version_check=1 HTTP/1.1" 200 12691 "-" "Mozilla/5.0 (compatible; SemrushBot/7~bl; +http://www.semrush.com/bot.html)" "www.tekmedicgloves.com"
185.191.171.40 - - [31/Oct/2022:21:36:36 -0700] "GET /phpMyAdmin/setup/?token=dc97647478a3af091117957689e510ba&version_check=1 HTTP/1.1" 200 12687 "-" "Mozilla/5.0 (compatible; SemrushBot/7~bl; +http://www.semrush.com/bot.html)" "tekmedicgloves.com"
185.191.171.24 - - [31/Oct/2022:21:36:51 -0700] "GET /phpMyAdmin/setup/?token=eb8f12cffec418e59126f52b5c7057a0&version_check=1 HTTP/1.1" 200 12687 "-" "Mozilla/5.0 (compatible; SemrushBot/7~bl; +http://www.semrush.com/bot.html)" "tekmedicgloves.com"
185.191.171.21 - - [31/Oct/2022:21:36:55 -0700] "GET /phpMyAdmin/setup/?token=e9a73bec59c210b081888dd6a1c3f611&version_check=1 HTTP/1.1" 200 12691 "-" "Mozilla/5.0 (compatible; SemrushBot/7~bl; +http://www.semrush.com/bot.html)" "www.tekmedicgloves.com"
185.191.171.41 - - [31/Oct/2022:21:37:47 -0700] "GET /phpMyAdmin/setup/?token=d73be43c41410e9ababa2e35ed7d8a87&version_check=1 HTTP/1.1" 200 12687 "-" "Mozilla/5.0 (compatible; SemrushBot/7~bl; +http://www.semrush.com/bot.html)" "tekmedicgloves.com"
185.191.171.5 - - [31/Oct/2022:21:37:53 -0700] "GET /phpMyAdmin/setup/?token=fa5bb6425219d6bf78e2544d82e36975&version_check=1 HTTP/1.1" 200 12691 "-" "Mozilla/5.0 (compatible; SemrushBot/7~bl; +http://www.semrush.com/bot.html)" "www.tekmedicgloves.com"
185.191.171.20 - - [31/Oct/2022:21:37:55 -0700] "GET /phpMyAdmin/setup/?token=f4371a168342b69adfb44741de675f88&version_check=1 HTTP/1.1" 200 12691 "-" "Mozilla/5.0 (compatible; SemrushBot/7~bl; +http://www.semrush.com/bot.html)" "www.tekmedicgloves.com"
185.191.171.12 - - [31/Oct/2022:21:37:57 -0700] "GET /phpMyAdmin/setup/?token=c91b0535b433a2750a1ff37641c75525&version_check=1 HTTP/1.1" 200 12691 "-" "Mozilla/5.0 (compatible; SemrushBot/7~bl; +http://www.semrush.com/bot.html)" "www.tekmedicgloves.com"
185.191.171.22 - - [31/Oct/2022:21:38:17 -0700] "GET /phpMyAdmin/setup/?token=e77344aa6f177c2b92263e4a1f578206&version_check=1 HTTP/1.1" 200 12691 "-" "Mozilla/5.0 (compatible; SemrushBot/7~bl; +http://www.semrush.com/bot.html)" "www.tekmedicgloves.com"
185.191.171.33 - - [31/Oct/2022:21:38:19 -0700] "GET /phpMyAdmin/setup/?token=f2ea8c1467a34a71d41dddba8db79caf&version_check=1 HTTP/1.1" 200 12687 "-" "Mozilla/5.0 (compatible; SemrushBot/7~bl; +http://www.semrush.com/bot.html)" "tekmedicgloves.com"
185.191.171.11 - - [31/Oct/2022:21:38:43 -0700] "GET /phpMyAdmin/setup/?token=f43cdfb65174949a98956ab2807587bf&version_check=1 HTTP/1.1" 200 12687 "-" "Mozilla/5.0 (compatible; SemrushBot/7~bl; +http://www.semrush.com/bot.html)" "tekmedicgloves.com"
185.191.171.21 - - [31/Oct/2022:21:38:55 -0700] "GET /phpMyAdmin/setup/?token=fff975e04b8786c872831ba808d1a71b&version_check=1 HTTP/1.1" 200 12687 "-" "Mozilla/5.0 (compatible; SemrushBot/7~bl; +http://www.semrush.com/bot.html)" "tekmedicgloves.com"
185.191.171.22 - - [31/Oct/2022:21:39:02 -0700] "GET /phpMyAdmin/setup/?token=0f8b9a9635ee9c8ca940f8a80b1b17fd&version_check=1 HTTP/1.1" 200 12691 "-" "Mozilla/5.0 (compatible; SemrushBot/7~bl; +http://www.semrush.com/bot.html)" "www.tekmedicgloves.com"
185.191.171.24 - - [31/Oct/2022:21:39:07 -0700] "GET /phpMyAdmin/setup/?token=e2904b05eafd1b1a0b39b42a13c24ff1&version_check=1 HTTP/1.1" 200 12687 "-" "Mozilla/5.0 (compatible; SemrushBot/7~bl; +http://www.semrush.com/bot.html)" "tekmedicgloves.com"
185.191.171.2 - - [31/Oct/2022:21:39:18 -0700] "GET /phpMyAdmin/setup/?token=f3ccd0c144658fd066ea2dbc3fac820d&version_check=1 HTTP/1.1" 200 12691 "-" "Mozilla/5.0 (compatible; SemrushBot/7~bl; +http://www.semrush.com/bot.html)" "www.tekmedicgloves.com"
185.191.171.3 - - [31/Oct/2022:21:39:29 -0700] "GET /robots.txt HTTP/1.1" 404 88 "-" "Mozilla/5.0 (compatible; SemrushBot/7~bl; +http://www.semrush.com/bot.html)" "www.tekmedicgloves.com"
185.191.171.13 - - [31/Oct/2022:21:39:29 -0700] "GET /phpMyAdmin/setup/?token=b8f133954110430eedaf5301114cb74d&version_check=1 HTTP/1.1" 200 12691 "-" "Mozilla/5.0 (compatible; SemrushBot/7~bl; +http://www.semrush.com/bot.html)" "www.tekmedicgloves.com"
185.191.171.45 - - [31/Oct/2022:21:39:38 -0700] "GET /phpMyAdmin/setup/?token=1557078188316fab01a18f9b38f8e0ef&version_check=1 HTTP/1.1" 200 12687 "-" "Mozilla/5.0 (compatible; SemrushBot/7~bl; +http://www.semrush.com/bot.html)" "tekmedicgloves.com"
185.191.171.15 - - [31/Oct/2022:21:39:47 -0700] "GET /phpMyAdmin/setup/?token=c3db497d2b41f3b1e5a92124179b6ff4&version_check=1 HTTP/1.1" 200 12691 "-" "Mozilla/5.0 (compatible; SemrushBot/7~bl; +http://www.semrush.com/bot.html)" "www.tekmedicgloves.com"
185.191.171.40 - - [31/Oct/2022:21:40:16 -0700] "GET /phpMyAdmin/setup/?token=fc746aa7526f7c707551e2dffdc7fb98&version_check=1 HTTP/1.1" 200 12687 "-" "Mozilla/5.0 (compatible; SemrushBot/7~bl; +http://www.semrush.com/bot.html)" "tekmedicgloves.com"
185.191.171.41 - - [31/Oct/2022:21:41:01 -0700] "GET /phpMyAdmin/setup/?token=d30b2e2a351d2e93ec22445b9f755cd3&version_check=1 HTTP/1.1" 200 12687 "-" "Mozilla/5.0 (compatible; SemrushBot/7~bl; +http://www.semrush.com/bot.html)" "tekmedicgloves.com"
185.191.171.21 - - [31/Oct/2022:21:41:05 -0700] "GET /phpMyAdmin/setup/?token=e091df84c66d090542af912983df5b2a&version_check=1 HTTP/1.1" 200 12687 "-" "Mozilla/5.0 (compatible; SemrushBot/7~bl; +http://www.semrush.com/bot.html)" "tekmedicgloves.com"
185.191.171.20 - - [31/Oct/2022:21:41:14 -0700] "GET /phpMyAdmin/setup/?token=ed9797db3c90052119399d81e2106153&version_check=1 HTTP/1.1" 200 12687 "-" "Mozilla/5.0 (compatible; SemrushBot/7~bl; +http://www.semrush.com/bot.html)" "tekmedicgloves.com"
185.191.171.15 - - [31/Oct/2022:21:41:23 -0700] "GET /phpMyAdmin/setup/?token=0969d6fe305050396a5b8ef6416a76af&version_check=1 HTTP/1.1" 200 12691 "-" "Mozilla/5.0 (compatible; SemrushBot/7~bl; +http://www.semrush.com/bot.html)" "www.tekmedicgloves.com"
185.191.171.35 - - [31/Oct/2022:21:41:33 -0700] "GET /phpMyAdmin/setup/?token=072778ad55f9fcb23c3b05e0de1a2108&version_check=1 HTTP/1.1" 200 12691 "-" "Mozilla/5.0 (compatible; SemrushBot/7~bl; +http://www.semrush.com/bot.html)" "www.tekmedicgloves.com"
185.191.171.3 - - [31/Oct/2022:21:41:38 -0700] "GET /phpMyAdmin/setup/?token=e234725ac03c4b3d849782ae3b12e69f&version_check=1 HTTP/1.1" 200 12691 "-" "Mozilla/5.0 (compatible; SemrushBot/7~bl; +http://www.semrush.com/bot.html)" "www.tekmedicgloves.com"
185.191.171.20 - - [31/Oct/2022:21:41:47 -0700] "GET /phpMyAdmin/setup/?token=e1ac2d0359ac1f3b07a49257917e9a13&version_check=1 HTTP/1.1" 200 12687 "-" "Mozilla/5.0 (compatible; SemrushBot/7~bl; +http://www.semrush.com/bot.html)" "tekmedicgloves.com"
185.191.171.16 - - [31/Oct/2022:21:41:50 -0700] "GET /phpMyAdmin/setup/?token=c41f497efdc9c899ba7670e7d4b2bcb2&version_check=1 HTTP/1.1" 200 12691 "-" "Mozilla/5.0 (compatible; SemrushBot/7~bl; +http://www.semrush.com/bot.html)" "www.tekmedicgloves.com"
185.191.171.14 - - [31/Oct/2022:21:42:00 -0700] "GET /phpMyAdmin/setup/?token=d597a403fcb01c82e3c4506bd0d938f2&version_check=1 HTTP/1.1" 200 12687 "-" "Mozilla/5.0 (compatible; SemrushBot/7~bl; +http://www.semrush.com/bot.html)" "tekmedicgloves.com"
185.191.171.3 - - [31/Oct/2022:21:42:10 -0700] "GET /phpMyAdmin/setup/?token=ee2ae0ef4fbfcc4ff59c61edb30d1126&version_check=1 HTTP/1.1" 200 12687 "-" "Mozilla/5.0 (compatible; SemrushBot/7~bl; +http://www.semrush.com/bot.html)" "tekmedicgloves.com"
185.191.171.16 - - [31/Oct/2022:21:42:39 -0700] "GET /phpMyAdmin/setup/?token=cbbd7ea4fe1ec0fb87fd1baf798f0d52&version_check=1 HTTP/1.1" 200 12691 "-" "Mozilla/5.0 (compatible; SemrushBot/7~bl; +http://www.semrush.com/bot.html)" "www.tekmedicgloves.com"
185.191.171.3 - - [31/Oct/2022:21:42:41 -0700] "GET /phpMyAdmin/setup/?token=e706c010c11d17a8300906e764f7ded3&version_check=1 HTTP/1.1" 200 12691 "-" "Mozilla/5.0 (compatible; SemrushBot/7~bl; +http://www.semrush.com/bot.html)" "www.tekmedicgloves.com"
185.191.171.34 - - [31/Oct/2022:21:43:08 -0700] "GET /phpMyAdmin/setup/?token=0937e27be02cda0e85d599d6928530a7&version_check=1 HTTP/1.1" 200 12691 "-" "Mozilla/5.0 (compatible; SemrushBot/7~bl; +http://www.semrush.com/bot.html)" "www.tekmedicgloves.com"
185.191.171.26 - - [31/Oct/2022:21:43:08 -0700] "GET /phpMyAdmin/setup/?token=fbd54146abfa57fc2ed77ef7f1e00ba8&version_check=1 HTTP/1.1" 200 12687 "-" "Mozilla/5.0 (compatible; SemrushBot/7~bl; +http://www.semrush.com/bot.html)" "tekmedicgloves.com"
185.191.171.43 - - [31/Oct/2022:21:43:09 -0700] "GET /phpMyAdmin/setup/?token=bfc5b66d430b2807d645a3fe3ff6ac84&version_check=1 HTTP/1.1" 200 12691 "-" "Mozilla/5.0 (compatible; SemrushBot/7~bl; +http://www.semrush.com/bot.html)" "www.tekmedicgloves.com"
185.191.171.25 - - [31/Oct/2022:21:43:24 -0700] "GET /phpMyAdmin/setup/?token=159526082ac4994e0c8a480d4df78332&version_check=1 HTTP/1.1" 200 12687 "-" "Mozilla/5.0 (compatible; SemrushBot/7~bl; +http://www.semrush.com/bot.html)" "tekmedicgloves.com"
185.191.171.20 - - [31/Oct/2022:21:43:31 -0700] "GET /phpMyAdmin/setup/?token=ef26f3bf976306eb988510965cfcb281&version_check=1 HTTP/1.1" 200 12687 "-" "Mozilla/5.0 (compatible; SemrushBot/7~bl; +http://www.semrush.com/bot.html)" "tekmedicgloves.com"
185.191.171.24 - - [31/Oct/2022:21:43:35 -0700] "GET /phpMyAdmin/setup/?token=c9fcf804427ef6c8dec6672221302bcd&version_check=1 HTTP/1.1" 200 12691 "-" "Mozilla/5.0 (compatible; SemrushBot/7~bl; +http://www.semrush.com/bot.html)" "www.tekmedicgloves.com"
185.191.171.10 - - [31/Oct/2022:21:43:38 -0700] "GET /phpMyAdmin/setup/?token=0331925c313eae39c9be229024d1de4c&version_check=1 HTTP/1.1" 200 12687 "-" "Mozilla/5.0 (compatible; SemrushBot/7~bl; +http://www.semrush.com/bot.html)" "tekmedicgloves.com"
185.191.171.23 - - [31/Oct/2022:21:44:06 -0700] "GET /phpMyAdmin/setup/?token=df030d2dfbf4b8f872a48d855469e760&version_check=1 HTTP/1.1" 200 12687 "-" "Mozilla/5.0 (compatible; SemrushBot/7~bl; +http://www.semrush.com/bot.html)" "tekmedicgloves.com"
185.191.171.38 - - [31/Oct/2022:21:44:14 -0700] "GET /phpMyAdmin/setup/?token=ab2f3db85662629ea63d3398adf23d43&version_check=1 HTTP/1.1" 200 12691 "-" "Mozilla/5.0 (compatible; SemrushBot/7~bl; +http://www.semrush.com/bot.html)" "www.tekmedicgloves.com"
185.191.171.4 - - [31/Oct/2022:21:44:35 -0700] "GET /phpMyAdmin/setup/?token=d2f0d8d2936b0653454322fab3fac12a&version_check=1 HTTP/1.1" 200 12687 "-" "Mozilla/5.0 (compatible; SemrushBot/7~bl; +http://www.semrush.com/bot.html)" "tekmedicgloves.com"
185.191.171.7 - - [31/Oct/2022:21:44:41 -0700] "GET /phpMyAdmin/setup/?token=f1e9fced0c589710ff39ce2baa493f27&version_check=1 HTTP/1.1" 200 12687 "-" "Mozilla/5.0 (compatible; SemrushBot/7~bl; +http://www.semrush.com/bot.html)" "tekmedicgloves.com"
185.191.171.9 - - [31/Oct/2022:21:44:56 -0700] "GET /phpMyAdmin/setup/?token=03b5da5d1dc28b16c5e9a85161601538&version_check=1 HTTP/1.1" 200 12691 "-" "Mozilla/5.0 (compatible; SemrushBot/7~bl; +http://www.semrush.com/bot.html)" "www.tekmedicgloves.com"
185.191.171.33 - - [31/Oct/2022:21:45:02 -0700] "GET /phpMyAdmin/setup/?token=e4c53da4e8da3a1b9d579abbc377a179&version_check=1 HTTP/1.1" 200 12687 "-" "Mozilla/5.0 (compatible; SemrushBot/7~bl; +http://www.semrush.com/bot.html)" "tekmedicgloves.com"
185.191.171.4 - - [31/Oct/2022:21:45:03 -0700] "GET /phpMyAdmin/setup/?token=d882524cc0dc6a9c270356df44eb4c17&version_check=1 HTTP/1.1" 200 12687 "-" "Mozilla/5.0 (compatible; SemrushBot/7~bl; +http://www.semrush.com/bot.html)" "tekmedicgloves.com"
185.191.171.16 - - [31/Oct/2022:21:45:10 -0700] "GET /phpMyAdmin/setup/?token=074c8e795bef8b386bc1aeec7e89bbf3&version_check=1 HTTP/1.1" 200 12687 "-" "Mozilla/5.0 (compatible; SemrushBot/7~bl; +http://www.semrush.com/bot.html)" "tekmedicgloves.com"
185.191.171.21 - - [31/Oct/2022:21:45:18 -0700] "GET /phpMyAdmin/setup/?token=d5a0c16f1e306ef64776e1d44b67f5f5&version_check=1 HTTP/1.1" 200 12687 "-" "Mozilla/5.0 (compatible; SemrushBot/7~bl; +http://www.semrush.com/bot.html)" "tekmedicgloves.com"
185.191.171.21 - - [31/Oct/2022:21:45:23 -0700] "GET /phpMyAdmin/setup/?token=0140e8c1f4a508d89289b7116211c6de&version_check=1 HTTP/1.1" 200 12691 "-" "Mozilla/5.0 (compatible; SemrushBot/7~bl; +http://www.semrush.com/bot.html)" "www.tekmedicgloves.com"
185.191.171.25 - - [31/Oct/2022:21:45:52 -0700] "GET /phpMyAdmin/setup/?token=f13d9d002f6e72180c4c1922c887e506&version_check=1 HTTP/1.1" 200 12691 "-" "Mozilla/5.0 (compatible; SemrushBot/7~bl; +http://www.semrush.com/bot.html)" "www.tekmedicgloves.com"
185.191.171.5 - - [31/Oct/2022:21:45:55 -0700] "GET /phpMyAdmin/setup/?token=d6e9671c17c0844b0ef1fd9f32fa3b65&version_check=1 HTTP/1.1" 200 12687 "-" "Mozilla/5.0 (compatible; SemrushBot/7~bl; +http://www.semrush.com/bot.html)" "tekmedicgloves.com"
185.191.171.42 - - [31/Oct/2022:21:46:23 -0700] "GET /phpMyAdmin/setup/?token=f3e4d9fcdaf58e6b9a36a63a2ea7af03&version_check=1 HTTP/1.1" 200 12691 "-" "Mozilla/5.0 (compatible; SemrushBot/7~bl; +http://www.semrush.com/bot.html)" "www.tekmedicgloves.com"
185.191.171.15 - - [31/Oct/2022:21:46:25 -0700] "GET /phpMyAdmin/setup/?token=0c4f470500258b394da0395959856fb3&version_check=1 HTTP/1.1" 200 12691 "-" "Mozilla/5.0 (compatible; SemrushBot/7~bl; +http://www.semrush.com/bot.html)" "www.tekmedicgloves.com"
185.191.171.16 - - [31/Oct/2022:21:46:26 -0700] "GET /phpMyAdmin/setup/?token=df7b5d39e257b16832042c99167ef9a3&version_check=1 HTTP/1.1" 200 12687 "-" "Mozilla/5.0 (compatible; SemrushBot/7~bl; +http://www.semrush.com/bot.html)" "tekmedicgloves.com"
185.191.171.16 - - [31/Oct/2022:21:46:34 -0700] "GET /phpMyAdmin/setup/?token=dfc3cacf1f7a054bd928d8fcb6689e9e&version_check=1 HTTP/1.1" 200 12687 "-" "Mozilla/5.0 (compatible; SemrushBot/7~bl; +http://www.semrush.com/bot.html)" "tekmedicgloves.com"
185.191.171.14 - - [31/Oct/2022:21:46:37 -0700] "GET /phpMyAdmin/setup/?token=05f6440499a4513a4f1d6a11e5740d25&version_check=1 HTTP/1.1" 200 12687 "-" "Mozilla/5.0 (compatible; SemrushBot/7~bl; +http://www.semrush.com/bot.html)" "tekmedicgloves.com"
185.191.171.23 - - [31/Oct/2022:21:47:06 -0700] "GET /phpMyAdmin/setup/?token=017d99d82d010c4a3a83ff9eea28e2db&version_check=1 HTTP/1.1" 200 12691 "-" "Mozilla/5.0 (compatible; SemrushBot/7~bl; +http://www.semrush.com/bot.html)" "www.tekmedicgloves.com"
185.191.171.4 - - [31/Oct/2022:21:47:08 -0700] "GET /phpMyAdmin/setup/?token=e8a244e1423d94c394099e1f86635912&version_check=1 HTTP/1.1" 200 12691 "-" "Mozilla/5.0 (compatible; SemrushBot/7~bl; +http://www.semrush.com/bot.html)" "www.tekmedicgloves.com"
185.191.171.13 - - [31/Oct/2022:21:47:10 -0700] "GET /phpMyAdmin/setup/?token=04febbab68b0e90d377e80f06036cb23&version_check=1 HTTP/1.1" 200 12687 "-" "Mozilla/5.0 (compatible; SemrushBot/7~bl; +http://www.semrush.com/bot.html)" "tekmedicgloves.com"
185.191.171.33 - - [31/Oct/2022:21:47:21 -0700] "GET /phpMyAdmin/setup/?token=fd4af4bb2dd5ea45cd3b674af74a8cb0&version_check=1 HTTP/1.1" 200 12687 "-" "Mozilla/5.0 (compatible; SemrushBot/7~bl; +http://www.semrush.com/bot.html)" "tekmedicgloves.com"
185.191.171.7 - - [31/Oct/2022:21:48:13 -0700] "GET /phpMyAdmin/setup/?token=cad51fe7939194995b8203d2d67e5579&version_check=1 HTTP/1.1" 200 12691 "-" "Mozilla/5.0 (compatible; SemrushBot/7~bl; +http://www.semrush.com/bot.html)" "www.tekmedicgloves.com"
185.191.171.12 - - [31/Oct/2022:21:48:52 -0700] "GET /phpMyAdmin/setup/?token=f93aeaa9c05b12e4807b38517c42e79e&version_check=1 HTTP/1.1" 200 12687 "-" "Mozilla/5.0 (compatible; SemrushBot/7~bl; +http://www.semrush.com/bot.html)" "tekmedicgloves.com"
185.191.171.13 - - [31/Oct/2022:21:48:57 -0700] "GET /phpMyAdmin/setup/?token=c0739e26bc4b757237ebd7606f71f49a&version_check=1 HTTP/1.1" 200 12691 "-" "Mozilla/5.0 (compatible; SemrushBot/7~bl; +http://www.semrush.com/bot.html)" "www.tekmedicgloves.com"
185.191.171.10 - - [31/Oct/2022:21:49:04 -0700] "GET /phpMyAdmin/setup/?token=b2b4d139c0cd06fca2f95c1ba81d9e4d&version_check=1 HTTP/1.1" 200 12691 "-" "Mozilla/5.0 (compatible; SemrushBot/7~bl; +http://www.semrush.com/bot.html)" "www.tekmedicgloves.com"
185.191.171.15 - - [31/Oct/2022:21:49:09 -0700] "GET /phpMyAdmin/setup/?token=becbc35e1e5b75c101bbdd183c63ebf6&version_check=1 HTTP/1.1" 200 12691 "-" "Mozilla/5.0 (compatible; SemrushBot/7~bl; +http://www.semrush.com/bot.html)" "www.tekmedicgloves.com"
185.191.171.43 - - [31/Oct/2022:21:49:12 -0700] "GET /phpMyAdmin/setup/?token=ccb420026015e85c00430f1968c283fe&version_check=1 HTTP/1.1" 200 12691 "-" "Mozilla/5.0 (compatible; SemrushBot/7~bl; +http://www.semrush.com/bot.html)" "www.tekmedicgloves.com"
185.191.171.9 - - [31/Oct/2022:21:49:24 -0700] "GET /phpMyAdmin/setup/?token=dac4c8f2f3b9a986c47288485de679b2&version_check=1 HTTP/1.1" 200 12687 "-" "Mozilla/5.0 (compatible; SemrushBot/7~bl; +http://www.semrush.com/bot.html)" "tekmedicgloves.com"
185.191.171.3 - - [31/Oct/2022:21:49:28 -0700] "GET /phpMyAdmin/setup/?token=e85a78f8a5a74fa339c3d29f3d4c27ca&version_check=1 HTTP/1.1" 200 12691 "-" "Mozilla/5.0 (compatible; SemrushBot/7~bl; +http://www.semrush.com/bot.html)" "www.tekmedicgloves.com"
185.191.171.1 - - [31/Oct/2022:21:50:01 -0700] "GET /phpMyAdmin/setup/?token=e9e4d61328a62f2ef811d184478912ff&version_check=1 HTTP/1.1" 200 12691 "-" "Mozilla/5.0 (compatible; SemrushBot/7~bl; +http://www.semrush.com/bot.html)" "www.tekmedicgloves.com"
185.191.171.24 - - [31/Oct/2022:21:50:18 -0700] "GET /phpMyAdmin/setup/?token=f558cce0f0300358ae54c6435b6e748b&version_check=1 HTTP/1.1" 200 12687 "-" "Mozilla/5.0 (compatible; SemrushBot/7~bl; +http://www.semrush.com/bot.html)" "tekmedicgloves.com"
185.191.171.35 - - [31/Oct/2022:21:50:20 -0700] "GET /phpMyAdmin/setup/?token=01e158a48992467eb9fe33bcafcb9cb1&version_check=1 HTTP/1.1" 200 12691 "-" "Mozilla/5.0 (compatible; SemrushBot/7~bl; +http://www.semrush.com/bot.html)" "www.tekmedicgloves.com"
185.191.171.13 - - [31/Oct/2022:21:50:46 -0700] "GET /phpMyAdmin/setup/?token=d32dbbf1371e41a902faa1cf90bab535&version_check=1 HTTP/1.1" 200 12687 "-" "Mozilla/5.0 (compatible; SemrushBot/7~bl; +http://www.semrush.com/bot.html)" "tekmedicgloves.com"
185.191.171.21 - - [31/Oct/2022:21:50:47 -0700] "GET /phpMyAdmin/setup/?token=05da4b9b6dd87a3242b390e7edc6d322&version_check=1 HTTP/1.1" 200 12687 "-" "Mozilla/5.0 (compatible; SemrushBot/7~bl; +http://www.semrush.com/bot.html)" "tekmedicgloves.com"
185.191.171.34 - - [31/Oct/2022:21:50:49 -0700] "GET /phpMyAdmin/setup/?token=e54ea37c4c796fd11931335a3e29535b&version_check=1 HTTP/1.1" 200 12687 "-" "Mozilla/5.0 (compatible; SemrushBot/7~bl; +http://www.semrush.com/bot.html)" "tekmedicgloves.com"
185.191.171.21 - - [31/Oct/2022:21:50:51 -0700] "GET /phpMyAdmin/setup/?token=d75f621009bf3f935b17b919dafc8337&version_check=1 HTTP/1.1" 200 12687 "-" "Mozilla/5.0 (compatible; SemrushBot/7~bl; +http://www.semrush.com/bot.html)" "tekmedicgloves.com"
185.191.171.15 - - [31/Oct/2022:21:50:54 -0700] "GET /phpMyAdmin/setup/?token=e25187ed58617d6d3f2b6bb70eae3fa2&version_check=1 HTTP/1.1" 200 12691 "-" "Mozilla/5.0 (compatible; SemrushBot/7~bl; +http://www.semrush.com/bot.html)" "www.tekmedicgloves.com"
185.191.171.19 - - [31/Oct/2022:21:51:18 -0700] "GET /phpMyAdmin/setup/?token=0259c903ea27b145a1f04c0b1ddb0b35&version_check=1 HTTP/1.1" 200 12691 "-" "Mozilla/5.0 (compatible; SemrushBot/7~bl; +http://www.semrush.com/bot.html)" "www.tekmedicgloves.com"
185.191.171.14 - - [31/Oct/2022:21:51:28 -0700] "GET /phpMyAdmin/setup/?token=0b4c73b2fe394c7ce1334dcc99c29368&version_check=1 HTTP/1.1" 200 12691 "-" "Mozilla/5.0 (compatible; SemrushBot/7~bl; +http://www.semrush.com/bot.html)" "www.tekmedicgloves.com"
185.191.171.4 - - [31/Oct/2022:21:51:31 -0700] "GET /phpMyAdmin/setup/?token=d708b778866dcc3c880ed8e4b3af189c&version_check=1 HTTP/1.1" 200 12691 "-" "Mozilla/5.0 (compatible; SemrushBot/7~bl; +http://www.semrush.com/bot.html)" "www.tekmedicgloves.com"
185.191.171.21 - - [31/Oct/2022:21:51:35 -0700] "GET /phpMyAdmin/setup/?token=fa6934b79dd6a64fe4a2546fd49820d8&version_check=1 HTTP/1.1" 200 12691 "-" "Mozilla/5.0 (compatible; SemrushBot/7~bl; +http://www.semrush.com/bot.html)" "www.tekmedicgloves.com"
185.191.171.5 - - [31/Oct/2022:21:51:38 -0700] "GET /phpMyAdmin/setup/?token=e2f26a62bd12cfce1194e8b9835a4869&version_check=1 HTTP/1.1" 200 12687 "-" "Mozilla/5.0 (compatible; SemrushBot/7~bl; +http://www.semrush.com/bot.html)" "tekmedicgloves.com"
185.191.171.2 - - [31/Oct/2022:21:52:31 -0700] "GET /phpMyAdmin/setup/?token=f8d87ea2db4e6dd006b5631a60c3a641&version_check=1 HTTP/1.1" 200 12691 "-" "Mozilla/5.0 (compatible; SemrushBot/7~bl; +http://www.semrush.com/bot.html)" "www.tekmedicgloves.com"
185.191.171.35 - - [31/Oct/2022:21:52:38 -0700] "GET /phpMyAdmin/setup/?token=ef3ae196cf9b8b0518ca75f9842c8892&version_check=1 HTTP/1.1" 200 12691 "-" "Mozilla/5.0 (compatible; SemrushBot/7~bl; +http://www.semrush.com/bot.html)" "www.tekmedicgloves.com"
185.191.171.36 - - [31/Oct/2022:21:53:15 -0700] "GET /phpMyAdmin/setup/?token=e52af844b354a22c863e51a119255983&version_check=1 HTTP/1.1" 200 12691 "-" "Mozilla/5.0 (compatible; SemrushBot/7~bl; +http://www.semrush.com/bot.html)" "www.tekmedicgloves.com"
138.122.83.245 - - [31/Oct/2022:21:53:53 -0700] "GET /robots.txt HTTP/1.1" 404 88 "-" "Mozilla/5.0 (Windows NT 10.0; Win64; x64) AppleWebKit/537.36 (KHTML, like Gecko) Chrome/92.0.4515.159 Safari/537.36" "tekmedicgloves.com"
185.191.171.15 - - [31/Oct/2022:21:54:24 -0700] "GET /phpMyAdmin/setup/?token=dff589dee7b78d2ea68e4c9b858fd6c5&version_check=1 HTTP/1.1" 200 12687 "-" "Mozilla/5.0 (compatible; SemrushBot/7~bl; +http://www.semrush.com/bot.html)" "tekmedicgloves.com"
185.191.171.15 - - [31/Oct/2022:21:54:47 -0700] "GET /phpMyAdmin/setup/?token=e3a2ae394224aa6358d5f4d9ee01a470&version_check=1 HTTP/1.1" 200 12687 "-" "Mozilla/5.0 (compatible; SemrushBot/7~bl; +http://www.semrush.com/bot.html)" "tekmedicgloves.com"
185.191.171.8 - - [31/Oct/2022:21:54:51 -0700] "GET /phpMyAdmin/setup/?token=da8a6501c2af414061ef33f81b3057d0&version_check=1 HTTP/1.1" 200 12687 "-" "Mozilla/5.0 (compatible; SemrushBot/7~bl; +http://www.semrush.com/bot.html)" "tekmedicgloves.com"
185.191.171.2 - - [31/Oct/2022:21:54:55 -0700] "GET /phpMyAdmin/setup/?token=b931f90350af4acc72925e6e9188de29&version_check=1 HTTP/1.1" 200 12691 "-" "Mozilla/5.0 (compatible; SemrushBot/7~bl; +http://www.semrush.com/bot.html)" "www.tekmedicgloves.com"
185.191.171.24 - - [31/Oct/2022:21:54:59 -0700] "GET /phpMyAdmin/setup/?token=e4f1f5f8b01d9fc895020f4b7d212cf5&version_check=1 HTTP/1.1" 200 12691 "-" "Mozilla/5.0 (compatible; SemrushBot/7~bl; +http://www.semrush.com/bot.html)" "www.tekmedicgloves.com"
185.191.171.5 - - [31/Oct/2022:21:55:13 -0700] "GET /phpMyAdmin/setup/?token=e2d68a2883864ca11b2150493215aaaf&version_check=1 HTTP/1.1" 200 12687 "-" "Mozilla/5.0 (compatible; SemrushBot/7~bl; +http://www.semrush.com/bot.html)" "tekmedicgloves.com"
185.191.171.3 - - [31/Oct/2022:21:55:14 -0700] "GET /phpMyAdmin/setup/?token=d15398ae7f40b52482d837e628c33fbf&version_check=1 HTTP/1.1" 200 12687 "-" "Mozilla/5.0 (compatible; SemrushBot/7~bl; +http://www.semrush.com/bot.html)" "tekmedicgloves.com"
185.191.171.5 - - [31/Oct/2022:21:55:17 -0700] "GET /phpMyAdmin/setup/?token=f65c4a253d9a01a4f42d1809f03b2ef8&version_check=1 HTTP/1.1" 200 12691 "-" "Mozilla/5.0 (compatible; SemrushBot/7~bl; +http://www.semrush.com/bot.html)" "www.tekmedicgloves.com"
185.191.171.12 - - [31/Oct/2022:21:55:21 -0700] "GET /phpMyAdmin/setup/?token=b8bc3a4408f155d8775d28327e2f5d29&version_check=1 HTTP/1.1" 200 12691 "-" "Mozilla/5.0 (compatible; SemrushBot/7~bl; +http://www.semrush.com/bot.html)" "www.tekmedicgloves.com"
185.191.171.5 - - [31/Oct/2022:21:55:46 -0700] "GET /phpMyAdmin/setup/?token=e9b33a5ce6fc780f53685cf1cff6fd9e&version_check=1 HTTP/1.1" 200 12687 "-" "Mozilla/5.0 (compatible; SemrushBot/7~bl; +http://www.semrush.com/bot.html)" "tekmedicgloves.com"
185.191.171.26 - - [31/Oct/2022:21:55:48 -0700] "GET /phpMyAdmin/setup/?token=f7c21c31a4c34e07d16fc41bbaba1bc1&version_check=1 HTTP/1.1" 200 12687 "-" "Mozilla/5.0 (compatible; SemrushBot/7~bl; +http://www.semrush.com/bot.html)" "tekmedicgloves.com"
185.191.171.11 - - [31/Oct/2022:21:55:51 -0700] "GET /phpMyAdmin/setup/?token=04d94a22ec8e3014d4e80f80407c4894&version_check=1 HTTP/1.1" 200 12691 "-" "Mozilla/5.0 (compatible; SemrushBot/7~bl; +http://www.semrush.com/bot.html)" "www.tekmedicgloves.com"
185.191.171.10 - - [31/Oct/2022:21:56:20 -0700] "GET /phpMyAdmin/setup/?token=d4143f89a6e80abaec7c59c0b7c99b6a&version_check=1 HTTP/1.1" 200 12687 "-" "Mozilla/5.0 (compatible; SemrushBot/7~bl; +http://www.semrush.com/bot.html)" "tekmedicgloves.com"
185.191.171.44 - - [31/Oct/2022:21:56:28 -0700] "GET /phpMyAdmin/setup/?token=094adc002c97327f2b1a4c51d3f6f51b&version_check=1 HTTP/1.1" 200 12687 "-" "Mozilla/5.0 (compatible; SemrushBot/7~bl; +http://www.semrush.com/bot.html)" "tekmedicgloves.com"
185.191.171.4 - - [31/Oct/2022:21:56:34 -0700] "GET /phpMyAdmin/setup/?token=d225803799643e249c785bb9eed9be8c&version_check=1 HTTP/1.1" 200 12687 "-" "Mozilla/5.0 (compatible; SemrushBot/7~bl; +http://www.semrush.com/bot.html)" "tekmedicgloves.com"
185.191.171.6 - - [31/Oct/2022:21:56:39 -0700] "GET /phpMyAdmin/setup/?token=0211a0c0cca544caea14d8dd1f99d622&version_check=1 HTTP/1.1" 200 12691 "-" "Mozilla/5.0 (compatible; SemrushBot/7~bl; +http://www.semrush.com/bot.html)" "www.tekmedicgloves.com"
185.191.171.13 - - [31/Oct/2022:21:57:04 -0700] "GET /phpMyAdmin/setup/?token=0caabecae53cee75cc21c6fde4e8239c&version_check=1 HTTP/1.1" 200 12691 "-" "Mozilla/5.0 (compatible; SemrushBot/7~bl; +http://www.semrush.com/bot.html)" "www.tekmedicgloves.com"
185.191.171.8 - - [31/Oct/2022:21:57:14 -0700] "GET /phpMyAdmin/setup/?token=efcca23206458e19f4896dcea24267b6&version_check=1 HTTP/1.1" 200 12687 "-" "Mozilla/5.0 (compatible; SemrushBot/7~bl; +http://www.semrush.com/bot.html)" "tekmedicgloves.com"
185.191.171.6 - - [31/Oct/2022:21:57:22 -0700] "GET /phpMyAdmin/setup/?token=db55bea63113fb2895e384ba5659f430&version_check=1 HTTP/1.1" 200 12687 "-" "Mozilla/5.0 (compatible; SemrushBot/7~bl; +http://www.semrush.com/bot.html)" "tekmedicgloves.com"
185.191.171.8 - - [31/Oct/2022:21:57:33 -0700] "GET /phpMyAdmin/setup/?token=c089f5804c7293def6e6bf7d2c8c9b3d&version_check=1 HTTP/1.1" 200 12691 "-" "Mozilla/5.0 (compatible; SemrushBot/7~bl; +http://www.semrush.com/bot.html)" "www.tekmedicgloves.com"
185.191.171.9 - - [31/Oct/2022:21:57:42 -0700] "GET /phpMyAdmin/setup/?token=d3ba2ce58c8f07b94e09ab0faaec2411&version_check=1 HTTP/1.1" 200 12687 "-" "Mozilla/5.0 (compatible; SemrushBot/7~bl; +http://www.semrush.com/bot.html)" "tekmedicgloves.com"
185.191.171.14 - - [31/Oct/2022:21:58:19 -0700] "GET /phpMyAdmin/setup/?token=f6f88fdde8a96df4ed543cf40195aff3&version_check=1 HTTP/1.1" 200 12691 "-" "Mozilla/5.0 (compatible; SemrushBot/7~bl; +http://www.semrush.com/bot.html)" "www.tekmedicgloves.com"
185.191.171.17 - - [31/Oct/2022:21:58:28 -0700] "GET /phpMyAdmin/setup/?token=0b36fcafb0ee093cce367e08bb58d212&version_check=1 HTTP/1.1" 200 12691 "-" "Mozilla/5.0 (compatible; SemrushBot/7~bl; +http://www.semrush.com/bot.html)" "www.tekmedicgloves.com"
185.191.171.8 - - [31/Oct/2022:21:58:39 -0700] "GET /phpMyAdmin/setup/?token=f0b7c8502f4195f6496f03769696a538&version_check=1 HTTP/1.1" 200 12687 "-" "Mozilla/5.0 (compatible; SemrushBot/7~bl; +http://www.semrush.com/bot.html)" "tekmedicgloves.com"
185.191.171.21 - - [31/Oct/2022:21:58:50 -0700] "GET /phpMyAdmin/setup/?token=f48730f972f276fe5949667c6288eb11&version_check=1 HTTP/1.1" 200 12691 "-" "Mozilla/5.0 (compatible; SemrushBot/7~bl; +http://www.semrush.com/bot.html)" "www.tekmedicgloves.com"
185.191.171.33 - - [31/Oct/2022:21:59:08 -0700] "GET /phpMyAdmin/setup/?token=fb3eb6f522d9f848a05cdba8d6c13eed&version_check=1 HTTP/1.1" 200 12691 "-" "Mozilla/5.0 (compatible; SemrushBot/7~bl; +http://www.semrush.com/bot.html)" "www.tekmedicgloves.com"
185.191.171.13 - - [31/Oct/2022:21:59:29 -0700] "GET /phpMyAdmin/setup/?token=c63b23c6c31a2fffa1543e71ba5a056e&version_check=1 HTTP/1.1" 200 12691 "-" "Mozilla/5.0 (compatible; SemrushBot/7~bl; +http://www.semrush.com/bot.html)" "www.tekmedicgloves.com"
185.191.171.42 - - [31/Oct/2022:21:59:33 -0700] "GET /phpMyAdmin/setup/?token=d2cf22d3ef5149617013d3771a2597db&version_check=1 HTTP/1.1" 200 12687 "-" "Mozilla/5.0 (compatible; SemrushBot/7~bl; +http://www.semrush.com/bot.html)" "tekmedicgloves.com"
185.191.171.33 - - [31/Oct/2022:21:59:51 -0700] "GET /phpMyAdmin/setup/?token=edd90210e4066347fcc83e9dd1ff9dce&version_check=1 HTTP/1.1" 200 12687 "-" "Mozilla/5.0 (compatible; SemrushBot/7~bl; +http://www.semrush.com/bot.html)" "tekmedicgloves.com"
185.191.171.19 - - [31/Oct/2022:22:00:01 -0700] "GET /phpMyAdmin/setup/?token=ec6497e4a3d8dc34eead3334d8a352a3&version_check=1 HTTP/1.1" 200 12691 "-" "Mozilla/5.0 (compatible; SemrushBot/7~bl; +http://www.semrush.com/bot.html)" "www.tekmedicgloves.com"
185.191.171.2 - - [31/Oct/2022:22:00:13 -0700] "GET /phpMyAdmin/setup/?token=f672b05eda0efffbbaac9fa7723fd6c4&version_check=1 HTTP/1.1" 200 12691 "-" "Mozilla/5.0 (compatible; SemrushBot/7~bl; +http://www.semrush.com/bot.html)" "www.tekmedicgloves.com"
185.191.171.39 - - [31/Oct/2022:22:00:22 -0700] "GET /phpMyAdmin/setup/?token=c13334db09329a17b5d6e2ea947a5e98&version_check=1 HTTP/1.1" 200 12691 "-" "Mozilla/5.0 (compatible; SemrushBot/7~bl; +http://www.semrush.com/bot.html)" "www.tekmedicgloves.com"
185.191.171.44 - - [31/Oct/2022:22:00:26 -0700] "GET /phpMyAdmin/setup/?token=dc03e2647d58d255b87d6254408aa298&version_check=1 HTTP/1.1" 200 12687 "-" "Mozilla/5.0 (compatible; SemrushBot/7~bl; +http://www.semrush.com/bot.html)" "tekmedicgloves.com"
185.191.171.18 - - [31/Oct/2022:22:00:42 -0700] "GET /phpMyAdmin/setup/?token=ecca0ec248b8b0d432a85a71155072d5&version_check=1 HTTP/1.1" 200 12687 "-" "Mozilla/5.0 (compatible; SemrushBot/7~bl; +http://www.semrush.com/bot.html)" "tekmedicgloves.com"
185.191.171.13 - - [31/Oct/2022:22:00:50 -0700] "GET /phpMyAdmin/setup/?token=1560f5df5d44aa818f01f793f6b91502&version_check=1 HTTP/1.1" 200 12687 "-" "Mozilla/5.0 (compatible; SemrushBot/7~bl; +http://www.semrush.com/bot.html)" "tekmedicgloves.com"
185.191.171.4 - - [31/Oct/2022:22:00:58 -0700] "GET /phpMyAdmin/setup/?token=08f3632596b7bc636da5de554323f62f&version_check=1 HTTP/1.1" 200 12687 "-" "Mozilla/5.0 (compatible; SemrushBot/7~bl; +http://www.semrush.com/bot.html)" "tekmedicgloves.com"
185.191.171.16 - - [31/Oct/2022:22:01:11 -0700] "GET /phpMyAdmin/setup/?token=df116612b0b63b24db1a2b4c4484f48d&version_check=1 HTTP/1.1" 200 12687 "-" "Mozilla/5.0 (compatible; SemrushBot/7~bl; +http://www.semrush.com/bot.html)" "tekmedicgloves.com"
185.191.171.5 - - [31/Oct/2022:22:01:13 -0700] "GET /phpMyAdmin/setup/?token=d3f6cb699b563e5b7003336bd3ebc9b4&version_check=1 HTTP/1.1" 200 12687 "-" "Mozilla/5.0 (compatible; SemrushBot/7~bl; +http://www.semrush.com/bot.html)" "tekmedicgloves.com"
185.191.171.45 - - [31/Oct/2022:22:01:22 -0700] "GET /phpMyAdmin/setup/?token=e63ab5ee035f35413b7edfe37c494ad8&version_check=1 HTTP/1.1" 200 12691 "-" "Mozilla/5.0 (compatible; SemrushBot/7~bl; +http://www.semrush.com/bot.html)" "www.tekmedicgloves.com"
185.191.171.15 - - [31/Oct/2022:22:01:45 -0700] "GET /phpMyAdmin/setup/?token=f9a0dcfd6e04849f62012555b5afc2f6&version_check=1 HTTP/1.1" 200 12687 "-" "Mozilla/5.0 (compatible; SemrushBot/7~bl; +http://www.semrush.com/bot.html)" "tekmedicgloves.com"
185.191.171.4 - - [31/Oct/2022:22:02:22 -0700] "GET /phpMyAdmin/setup/?token=f7fe8001960e459731ee17a958584863&version_check=1 HTTP/1.1" 200 12691 "-" "Mozilla/5.0 (compatible; SemrushBot/7~bl; +http://www.semrush.com/bot.html)" "www.tekmedicgloves.com"
185.191.171.38 - - [31/Oct/2022:22:02:36 -0700] "GET /phpMyAdmin/setup/?token=d26e31063d5e4953b82b79cbd1a4c74d&version_check=1 HTTP/1.1" 200 12687 "-" "Mozilla/5.0 (compatible; SemrushBot/7~bl; +http://www.semrush.com/bot.html)" "tekmedicgloves.com"
185.191.171.44 - - [31/Oct/2022:22:02:39 -0700] "GET /phpMyAdmin/setup/?token=0c7997e06e28bca29dd588327f812b76&version_check=1 HTTP/1.1" 200 12691 "-" "Mozilla/5.0 (compatible; SemrushBot/7~bl; +http://www.semrush.com/bot.html)" "www.tekmedicgloves.com"
185.191.171.18 - - [31/Oct/2022:22:02:41 -0700] "GET /phpMyAdmin/setup/?token=e93e7e70234befc26aef1f26956d9826&version_check=1 HTTP/1.1" 200 12691 "-" "Mozilla/5.0 (compatible; SemrushBot/7~bl; +http://www.semrush.com/bot.html)" "www.tekmedicgloves.com"
185.191.171.1 - - [31/Oct/2022:22:03:09 -0700] "GET /phpMyAdmin/setup/?token=d0eaf456135b0d31deeabb3d3ee99589&version_check=1 HTTP/1.1" 200 12687 "-" "Mozilla/5.0 (compatible; SemrushBot/7~bl; +http://www.semrush.com/bot.html)" "tekmedicgloves.com"
185.191.171.42 - - [31/Oct/2022:22:03:13 -0700] "GET /phpMyAdmin/setup/?token=fdc3c3a96fdef757ad404f32a094dc27&version_check=1 HTTP/1.1" 200 12691 "-" "Mozilla/5.0 (compatible; SemrushBot/7~bl; +http://www.semrush.com/bot.html)" "www.tekmedicgloves.com"
185.191.171.3 - - [31/Oct/2022:22:03:44 -0700] "GET /phpMyAdmin/setup/?token=fd3dd04cad76b1e915a55050c67e21a5&version_check=1 HTTP/1.1" 200 12687 "-" "Mozilla/5.0 (compatible; SemrushBot/7~bl; +http://www.semrush.com/bot.html)" "tekmedicgloves.com"
185.191.171.18 - - [31/Oct/2022:22:03:44 -0700] "GET /phpMyAdmin/setup/?token=0f018f6375b9bb4a736abd4192b14290&version_check=1 HTTP/1.1" 200 12691 "-" "Mozilla/5.0 (compatible; SemrushBot/7~bl; +http://www.semrush.com/bot.html)" "www.tekmedicgloves.com"
185.191.171.9 - - [31/Oct/2022:22:03:57 -0700] "GET /phpMyAdmin/setup/?token=c401715e4805bccf86b11c591e1ed511&version_check=1 HTTP/1.1" 200 12691 "-" "Mozilla/5.0 (compatible; SemrushBot/7~bl; +http://www.semrush.com/bot.html)" "www.tekmedicgloves.com"
