185.191.171.11 - - [01/Nov/2022:07:52:21 -0700] "GET /phpMyAdmin/setup/?token=0b2e10d6a4bfd27d794a66e0b2313da5&version_check=1 HTTP/1.1" 200 12691 "-" "Mozilla/5.0 (compatible; SemrushBot/7~bl; +http://www.semrush.com/bot.html)" "www.tekmedicgloves.com"
185.191.171.33 - - [01/Nov/2022:07:52:22 -0700] "GET /phpMyAdmin/setup/?token=07d2e1fb0ca9de8e3667835aacd2299a&version_check=1 HTTP/1.1" 200 12691 "-" "Mozilla/5.0 (compatible; SemrushBot/7~bl; +http://www.semrush.com/bot.html)" "www.tekmedicgloves.com"
185.191.171.21 - - [01/Nov/2022:07:52:27 -0700] "GET /phpMyAdmin/setup/?token=049f72931890b5a1d2d26fc36f8097d2&version_check=1 HTTP/1.1" 200 12691 "-" "Mozilla/5.0 (compatible; SemrushBot/7~bl; +http://www.semrush.com/bot.html)" "www.tekmedicgloves.com"
185.191.171.23 - - [01/Nov/2022:07:53:03 -0700] "GET /phpMyAdmin/setup/?token=ea46482d65280639d2ddf758792aa957&version_check=1 HTTP/1.1" 200 12687 "-" "Mozilla/5.0 (compatible; SemrushBot/7~bl; +http://www.semrush.com/bot.html)" "tekmedicgloves.com"
185.191.171.38 - - [01/Nov/2022:07:53:12 -0700] "GET /phpMyAdmin/setup/?token=f477121c69dd94513436f93e85586a72&version_check=1 HTTP/1.1" 200 12691 "-" "Mozilla/5.0 (compatible; SemrushBot/7~bl; +http://www.semrush.com/bot.html)" "www.tekmedicgloves.com"
185.191.171.44 - - [01/Nov/2022:07:53:38 -0700] "GET /phpMyAdmin/setup/?token=0f7e733ea252f37d9389a0782edef891&version_check=1 HTTP/1.1" 200 12691 "-" "Mozilla/5.0 (compatible; SemrushBot/7~bl; +http://www.semrush.com/bot.html)" "www.tekmedicgloves.com"
185.191.171.5 - - [01/Nov/2022:07:53:43 -0700] "GET /phpMyAdmin/setup/?token=e40ae830dc6bf36940facfcb7b4b3f75&version_check=1 HTTP/1.1" 200 12687 "-" "Mozilla/5.0 (compatible; SemrushBot/7~bl; +http://www.semrush.com/bot.html)" "tekmedicgloves.com"
185.191.171.16 - - [01/Nov/2022:07:53:45 -0700] "GET /robots.txt HTTP/1.1" 404 88 "-" "Mozilla/5.0 (compatible; SemrushBot/7~bl; +http://www.semrush.com/bot.html)" "www.tekmedicgloves.com"
185.191.171.26 - - [01/Nov/2022:07:53:46 -0700] "GET /phpMyAdmin/setup/?token=fba4de5b936bdb1b2ee6281e5a3ee05a&version_check=1 HTTP/1.1" 200 12691 "-" "Mozilla/5.0 (compatible; SemrushBot/7~bl; +http://www.semrush.com/bot.html)" "www.tekmedicgloves.com"
185.191.171.9 - - [01/Nov/2022:07:53:46 -0700] "GET /phpMyAdmin/setup/?token=d4191c1a43381032fa1bfe5e3de59b71&version_check=1 HTTP/1.1" 200 12687 "-" "Mozilla/5.0 (compatible; SemrushBot/7~bl; +http://www.semrush.com/bot.html)" "tekmedicgloves.com"
185.191.171.10 - - [01/Nov/2022:07:53:48 -0700] "GET /phpMyAdmin/setup/?token=d273ff601ed1a7269f76e7a466b91ed0&version_check=1 HTTP/1.1" 200 12687 "-" "Mozilla/5.0 (compatible; SemrushBot/7~bl; +http://www.semrush.com/bot.html)" "tekmedicgloves.com"
185.191.171.36 - - [01/Nov/2022:07:53:55 -0700] "GET /phpMyAdmin/setup/?token=fbcc2c7cddaf55c7520ab87ad04d0e4e&version_check=1 HTTP/1.1" 200 12687 "-" "Mozilla/5.0 (compatible; SemrushBot/7~bl; +http://www.semrush.com/bot.html)" "tekmedicgloves.com"
185.191.171.4 - - [01/Nov/2022:07:54:12 -0700] "GET /phpMyAdmin/setup/?token=c535e301c7512fd537a7f9c389a37541&version_check=1 HTTP/1.1" 200 12691 "-" "Mozilla/5.0 (compatible; SemrushBot/7~bl; +http://www.semrush.com/bot.html)" "www.tekmedicgloves.com"
185.191.171.42 - - [01/Nov/2022:07:54:49 -0700] "GET /phpMyAdmin/setup/?token=fd790790f9350bfc2fed2e77c60602b5&version_check=1 HTTP/1.1" 200 12691 "-" "Mozilla/5.0 (compatible; SemrushBot/7~bl; +http://www.semrush.com/bot.html)" "www.tekmedicgloves.com"
185.191.171.19 - - [01/Nov/2022:07:54:55 -0700] "GET /phpMyAdmin/setup/?token=10f059a8812ec49da59a468d5cb546b3&version_check=1 HTTP/1.1" 200 12687 "-" "Mozilla/5.0 (compatible; SemrushBot/7~bl; +http://www.semrush.com/bot.html)" "tekmedicgloves.com"
185.191.171.17 - - [01/Nov/2022:07:54:57 -0700] "GET /phpMyAdmin/setup/?token=fa756d6a83bc997e77b7d4819d2263fe&version_check=1 HTTP/1.1" 200 12687 "-" "Mozilla/5.0 (compatible; SemrushBot/7~bl; +http://www.semrush.com/bot.html)" "tekmedicgloves.com"
185.191.171.1 - - [01/Nov/2022:07:55:29 -0700] "GET /phpMyAdmin/setup/?token=138b8fb5ebab6726992fbf96a75fbd55&version_check=1 HTTP/1.1" 200 12687 "-" "Mozilla/5.0 (compatible; SemrushBot/7~bl; +http://www.semrush.com/bot.html)" "tekmedicgloves.com"
185.191.171.35 - - [01/Nov/2022:07:55:32 -0700] "GET /phpMyAdmin/setup/?token=bd03d016468cd704cdf3019534104e63&version_check=1 HTTP/1.1" 200 12691 "-" "Mozilla/5.0 (compatible; SemrushBot/7~bl; +http://www.semrush.com/bot.html)" "www.tekmedicgloves.com"
185.191.171.14 - - [01/Nov/2022:07:55:40 -0700] "GET /phpMyAdmin/setup/?token=0b50058df1c069e05ded67dc1cde1be0&version_check=1 HTTP/1.1" 200 12691 "-" "Mozilla/5.0 (compatible; SemrushBot/7~bl; +http://www.semrush.com/bot.html)" "www.tekmedicgloves.com"
185.191.171.6 - - [01/Nov/2022:07:55:50 -0700] "GET /phpMyAdmin/setup/?token=fac4a4b5518a03ee9638a237249bae83&version_check=1 HTTP/1.1" 200 12687 "-" "Mozilla/5.0 (compatible; SemrushBot/7~bl; +http://www.semrush.com/bot.html)" "tekmedicgloves.com"
185.191.171.8 - - [01/Nov/2022:07:55:53 -0700] "GET /phpMyAdmin/setup/?token=0b94e98a30c3874882013b585ff7b1ec&version_check=1 HTTP/1.1" 200 12691 "-" "Mozilla/5.0 (compatible; SemrushBot/7~bl; +http://www.semrush.com/bot.html)" "www.tekmedicgloves.com"
185.191.171.1 - - [01/Nov/2022:07:56:08 -0700] "GET /phpMyAdmin/setup/?token=0b6d92c8b38f04907c39d37779575002&version_check=1 HTTP/1.1" 200 12687 "-" "Mozilla/5.0 (compatible; SemrushBot/7~bl; +http://www.semrush.com/bot.html)" "tekmedicgloves.com"
185.191.171.35 - - [01/Nov/2022:07:56:27 -0700] "GET /phpMyAdmin/setup/?token=f8d5d986b13db2b2570cdbd6f7e4b3c9&version_check=1 HTTP/1.1" 200 12687 "-" "Mozilla/5.0 (compatible; SemrushBot/7~bl; +http://www.semrush.com/bot.html)" "tekmedicgloves.com"
185.191.171.44 - - [01/Nov/2022:07:56:32 -0700] "GET /phpMyAdmin/setup/?token=f3041fea8e5cfd76b435c1324db1058b&version_check=1 HTTP/1.1" 200 12687 "-" "Mozilla/5.0 (compatible; SemrushBot/7~bl; +http://www.semrush.com/bot.html)" "tekmedicgloves.com"
185.191.171.12 - - [01/Nov/2022:07:56:38 -0700] "GET /phpMyAdmin/setup/?token=bccfea1015312884000abaa8b4513df0&version_check=1 HTTP/1.1" 200 12691 "-" "Mozilla/5.0 (compatible; SemrushBot/7~bl; +http://www.semrush.com/bot.html)" "www.tekmedicgloves.com"
185.191.171.43 - - [01/Nov/2022:07:56:48 -0700] "GET /phpMyAdmin/setup/?token=08adfdc43fffb004e48669e582c1d7a2&version_check=1 HTTP/1.1" 200 12687 "-" "Mozilla/5.0 (compatible; SemrushBot/7~bl; +http://www.semrush.com/bot.html)" "tekmedicgloves.com"
185.191.171.4 - - [01/Nov/2022:07:56:49 -0700] "GET /phpMyAdmin/setup/?token=ea074be1a9b8344ba686a4cfb56247ea&version_check=1 HTTP/1.1" 200 12691 "-" "Mozilla/5.0 (compatible; SemrushBot/7~bl; +http://www.semrush.com/bot.html)" "www.tekmedicgloves.com"
185.191.171.17 - - [01/Nov/2022:07:56:52 -0700] "GET /phpMyAdmin/setup/?token=e45a482e80b49582c256f7531c4198a0&version_check=1 HTTP/1.1" 200 12691 "-" "Mozilla/5.0 (compatible; SemrushBot/7~bl; +http://www.semrush.com/bot.html)" "www.tekmedicgloves.com"
185.191.171.16 - - [01/Nov/2022:07:56:55 -0700] "GET /phpMyAdmin/setup/?token=b52cd5500133e6edfd49ebd909c55415&version_check=1 HTTP/1.1" 200 12691 "-" "Mozilla/5.0 (compatible; SemrushBot/7~bl; +http://www.semrush.com/bot.html)" "www.tekmedicgloves.com"
185.191.171.7 - - [01/Nov/2022:07:57:08 -0700] "GET /phpMyAdmin/setup/?token=0d6a13cebc4db35bfe992a88c7bbfc37&version_check=1 HTTP/1.1" 200 12691 "-" "Mozilla/5.0 (compatible; SemrushBot/7~bl; +http://www.semrush.com/bot.html)" "www.tekmedicgloves.com"
185.191.171.18 - - [01/Nov/2022:07:57:16 -0700] "GET /phpMyAdmin/setup/?token=e59bc2840b181070edc61862cc404d5e&version_check=1 HTTP/1.1" 200 12687 "-" "Mozilla/5.0 (compatible; SemrushBot/7~bl; +http://www.semrush.com/bot.html)" "tekmedicgloves.com"
51.222.253.7 - - [01/Nov/2022:07:57:45 -0700] "GET /beta/products.php?cat=24&id=19 HTTP/1.1" 200 56900 "-" "Mozilla/5.0 (compatible; AhrefsBot/7.0; +http://ahrefs.com/robot/)" "tekmedicgloves.com"
185.191.171.25 - - [01/Nov/2022:07:57:48 -0700] "GET /phpMyAdmin/setup/?token=ebf88ef14262596027732b7e1671a171&version_check=1 HTTP/1.1" 200 12691 "-" "Mozilla/5.0 (compatible; SemrushBot/7~bl; +http://www.semrush.com/bot.html)" "www.tekmedicgloves.com"
51.222.253.19 - - [01/Nov/2022:07:57:52 -0700] "GET /beta/wp-content/themes/CherryFramework/js/jquery.ba-resize.min.js HTTP/1.1" 200 616 "-" "Mozilla/5.0 (compatible; AhrefsBot/7.0; +http://ahrefs.com/robot/)" "tekmedicgloves.com"
51.222.253.12 - - [01/Nov/2022:07:57:52 -0700] "GET /beta/wp-content/themes/CherryFramework/js/jflickrfeed.js HTTP/1.1" 200 560 "-" "Mozilla/5.0 (compatible; AhrefsBot/7.0; +http://ahrefs.com/robot/)" "tekmedicgloves.com"
51.222.253.7 - - [01/Nov/2022:07:57:52 -0700] "GET /beta/wp-content/plugins/cherry-plugin/lib/js/FlexSlider/flexslider.css HTTP/1.1" 200 1323 "-" "Mozilla/5.0 (compatible; AhrefsBot/7.0; +http://ahrefs.com/robot/)" "tekmedicgloves.com"
185.191.171.21 - - [01/Nov/2022:07:57:56 -0700] "GET /phpMyAdmin/setup/?token=e17b405bee98f4c0156c392f39585ba4&version_check=1 HTTP/1.1" 200 12691 "-" "Mozilla/5.0 (compatible; SemrushBot/7~bl; +http://www.semrush.com/bot.html)" "www.tekmedicgloves.com"
51.222.253.15 - - [01/Nov/2022:07:57:57 -0700] "GET /beta/wp-content/themes/theme48838/bootstrap/css/responsive.css HTTP/1.1" 200 4226 "-" "Mozilla/5.0 (compatible; AhrefsBot/7.0; +http://ahrefs.com/robot/)" "tekmedicgloves.com"
51.222.253.15 - - [01/Nov/2022:07:58:02 -0700] "GET /beta/wp-content/themes/theme48838/images/social/facebook.png HTTP/1.1" 200 1671 "-" "Mozilla/5.0 (compatible; AhrefsBot/7.0; +http://ahrefs.com/robot/)" "tekmedicgloves.com"
185.191.171.10 - - [01/Nov/2022:07:58:02 -0700] "GET /phpMyAdmin/setup/?token=e1e22029bf56947c9b82f683395ebc8d&version_check=1 HTTP/1.1" 200 12691 "-" "Mozilla/5.0 (compatible; SemrushBot/7~bl; +http://www.semrush.com/bot.html)" "www.tekmedicgloves.com"
185.191.171.35 - - [01/Nov/2022:07:58:05 -0700] "GET /phpMyAdmin/setup/?token=dda7f1519be90aa69a5970b30255b2b0&version_check=1 HTTP/1.1" 200 12687 "-" "Mozilla/5.0 (compatible; SemrushBot/7~bl; +http://www.semrush.com/bot.html)" "tekmedicgloves.com"
51.222.253.5 - - [01/Nov/2022:07:58:07 -0700] "GET /beta/wp-content/themes/theme48838/images/logo.png HTTP/1.1" 200 27710 "-" "Mozilla/5.0 (compatible; AhrefsBot/7.0; +http://ahrefs.com/robot/)" "tekmedicgloves.com"
51.222.253.5 - - [01/Nov/2022:07:58:13 -0700] "GET /beta/wp-content/themes/theme48838/images/social/rss.png HTTP/1.1" 200 2128 "-" "Mozilla/5.0 (compatible; AhrefsBot/7.0; +http://ahrefs.com/robot/)" "tekmedicgloves.com"
51.222.253.20 - - [01/Nov/2022:07:58:18 -0700] "GET /beta/wp-content/themes/CherryFramework/js/jplayer.playlist.min.js HTTP/1.1" 200 2404 "-" "Mozilla/5.0 (compatible; AhrefsBot/7.0; +http://ahrefs.com/robot/)" "tekmedicgloves.com"
51.222.253.10 - - [01/Nov/2022:07:58:23 -0700] "GET /beta/wp-content/themes/CherryFramework/js/superfish.js HTTP/1.1" 200 1280 "-" "Mozilla/5.0 (compatible; AhrefsBot/7.0; +http://ahrefs.com/robot/)" "tekmedicgloves.com"
185.191.171.34 - - [01/Nov/2022:07:58:27 -0700] "GET /phpMyAdmin/setup/?token=d76951a4e6f4d3c9c9910e071e153a9d&version_check=1 HTTP/1.1" 200 12687 "-" "Mozilla/5.0 (compatible; SemrushBot/7~bl; +http://www.semrush.com/bot.html)" "tekmedicgloves.com"
51.222.253.12 - - [01/Nov/2022:07:58:29 -0700] "GET /beta/images/product/20141110115254_3734D-Tekmedic-InoSafe-A2-Poster-Outstanding-Concept.jpg HTTP/1.1" 200 1724750 "-" "Mozilla/5.0 (compatible; AhrefsBot/7.0; +http://ahrefs.com/robot/)" "tekmedicgloves.com"
51.222.253.10 - - [01/Nov/2022:07:58:40 -0700] "GET /beta/wp-content/plugins/cherry-plugin/lib/js/owl-carousel/owl.theme.css HTTP/1.1" 200 606 "-" "Mozilla/5.0 (compatible; AhrefsBot/7.0; +http://ahrefs.com/robot/)" "tekmedicgloves.com"
51.222.253.14 - - [01/Nov/2022:07:58:41 -0700] "GET /beta/wp-content/themes/theme48838/images/social/google.png HTTP/1.1" 200 1611 "-" "Mozilla/5.0 (compatible; AhrefsBot/7.0; +http://ahrefs.com/robot/)" "tekmedicgloves.com"
185.191.171.45 - - [01/Nov/2022:07:58:42 -0700] "GET /phpMyAdmin/setup/?token=ed3eec6dab7f8b85b24d26cb94745595&version_check=1 HTTP/1.1" 200 12687 "-" "Mozilla/5.0 (compatible; SemrushBot/7~bl; +http://www.semrush.com/bot.html)" "tekmedicgloves.com"
51.222.253.2 - - [01/Nov/2022:07:58:46 -0700] "GET /beta/wp-content/themes/theme48838/main-style.css HTTP/1.1" 200 4849 "-" "Mozilla/5.0 (compatible; AhrefsBot/7.0; +http://ahrefs.com/robot/)" "tekmedicgloves.com"
51.222.253.5 - - [01/Nov/2022:07:58:51 -0700] "GET /beta/wp-content/themes/CherryFramework/js/jquery.debouncedresize.js HTTP/1.1" 200 226 "-" "Mozilla/5.0 (compatible; AhrefsBot/7.0; +http://ahrefs.com/robot/)" "tekmedicgloves.com"
51.222.253.9 - - [01/Nov/2022:07:58:51 -0700] "GET /beta/wp-content/themes/CherryFramework/bootstrap/js/bootstrap.min.js HTTP/1.1" 200 7654 "-" "Mozilla/5.0 (compatible; AhrefsBot/7.0; +http://ahrefs.com/robot/)" "tekmedicgloves.com"
51.222.253.5 - - [01/Nov/2022:07:58:56 -0700] "GET /beta/wp-content/plugins/contact-form-7/includes/js/scripts.js HTTP/1.1" 200 1850 "-" "Mozilla/5.0 (compatible; AhrefsBot/7.0; +http://ahrefs.com/robot/)" "tekmedicgloves.com"
51.222.253.1 - - [01/Nov/2022:07:59:01 -0700] "GET /beta/wp-content/plugins/cherry-plugin/lib/js/jquery.easing.1.3.js HTTP/1.1" 200 814 "-" "Mozilla/5.0 (compatible; AhrefsBot/7.0; +http://ahrefs.com/robot/)" "tekmedicgloves.com"
159.65.44.109 - - [01/Nov/2022:07:59:06 -0700] "GET /beta/index.php?ac=write HTTP/1.1" 200 161 "tekmedicgloves.com" "Mozilla/5.0 (Windows NT 6.1; WOW64) AppleWebKit/537.36 (KHTML, like Gecko) Chrome/50.0.2661.75 Safari/537.36" "tekmedicgloves.com"
51.222.253.16 - - [01/Nov/2022:07:59:06 -0700] "GET /beta/wp-content/plugins/cherry-plugin/includes/css/cherry-plugin.css HTTP/1.1" 200 4752 "-" "Mozilla/5.0 (compatible; AhrefsBot/7.0; +http://ahrefs.com/robot/)" "tekmedicgloves.com"
185.191.171.36 - - [01/Nov/2022:07:59:10 -0700] "GET /phpMyAdmin/setup/?token=da5f2625fa59b249ba4563c4ad3a7995&version_check=1 HTTP/1.1" 200 12687 "-" "Mozilla/5.0 (compatible; SemrushBot/7~bl; +http://www.semrush.com/bot.html)" "tekmedicgloves.com"
51.222.253.1 - - [01/Nov/2022:07:59:11 -0700] "GET /beta/wp-content/themes/CherryFramework/js/jquery.jplayer.min.js HTTP/1.1" 200 11945 "-" "Mozilla/5.0 (compatible; AhrefsBot/7.0; +http://ahrefs.com/robot/)" "tekmedicgloves.com"
51.222.253.19 - - [01/Nov/2022:07:59:17 -0700] "GET /beta/wp-content/themes/CherryFramework/css/camera.css HTTP/1.1" 200 3117 "-" "Mozilla/5.0 (compatible; AhrefsBot/7.0; +http://ahrefs.com/robot/)" "tekmedicgloves.com"
185.191.171.17 - - [01/Nov/2022:07:59:21 -0700] "GET /phpMyAdmin/setup/?token=d2af603956928900573f7c8751c53acb&version_check=1 HTTP/1.1" 200 12687 "-" "Mozilla/5.0 (compatible; SemrushBot/7~bl; +http://www.semrush.com/bot.html)" "tekmedicgloves.com"
51.222.253.2 - - [01/Nov/2022:07:59:22 -0700] "GET /beta/wp-content/plugins/cherry-plugin/lib/js/elasti-carousel/jquery.elastislide.js HTTP/1.1" 200 1963 "-" "Mozilla/5.0 (compatible; AhrefsBot/7.0; +http://ahrefs.com/robot/)" "tekmedicgloves.com"
51.222.253.17 - - [01/Nov/2022:07:59:27 -0700] "GET /beta/wp-content/themes/CherryFramework/js/jquery-1.7.2.min.js HTTP/1.1" 200 33630 "-" "Mozilla/5.0 (compatible; AhrefsBot/7.0; +http://ahrefs.com/robot/)" "tekmedicgloves.com"
51.222.253.10 - - [01/Nov/2022:07:59:33 -0700] "GET /beta/wp-content/themes/CherryFramework/css/magnific-popup.css HTTP/1.1" 200 2166 "-" "Mozilla/5.0 (compatible; AhrefsBot/7.0; +http://ahrefs.com/robot/)" "tekmedicgloves.com"
51.222.253.14 - - [01/Nov/2022:07:59:38 -0700] "GET /beta/wp-content/plugins/cherry-plugin/lib/js/FlexSlider/jquery.flexslider-min.js HTTP/1.1" 200 5177 "-" "Mozilla/5.0 (compatible; AhrefsBot/7.0; +http://ahrefs.com/robot/)" "tekmedicgloves.com"
51.222.253.12 - - [01/Nov/2022:07:59:43 -0700] "GET /beta/wp-content/themes/CherryFramework/js/jquery.magnific-popup.min.js HTTP/1.1" 200 7493 "-" "Mozilla/5.0 (compatible; AhrefsBot/7.0; +http://ahrefs.com/robot/)" "tekmedicgloves.com"
51.222.253.13 - - [01/Nov/2022:07:59:44 -0700] "GET /beta/wp-content/themes/theme48838/images/social/twitter.png HTTP/1.1" 200 1861 "-" "Mozilla/5.0 (compatible; AhrefsBot/7.0; +http://ahrefs.com/robot/)" "tekmedicgloves.com"
185.191.171.23 - - [01/Nov/2022:07:59:46 -0700] "GET /phpMyAdmin/setup/?token=fb1aa34cb20505c265cd5fcdcdf822c8&version_check=1 HTTP/1.1" 200 12691 "-" "Mozilla/5.0 (compatible; SemrushBot/7~bl; +http://www.semrush.com/bot.html)" "www.tekmedicgloves.com"
51.222.253.20 - - [01/Nov/2022:07:59:49 -0700] "GET /beta/wp-content/themes/theme48838/bootstrap/css/bootstrap.css HTTP/1.1" 200 15793 "-" "Mozilla/5.0 (compatible; AhrefsBot/7.0; +http://ahrefs.com/robot/)" "tekmedicgloves.com"
51.222.253.11 - - [01/Nov/2022:07:59:55 -0700] "GET /beta/wp-content/themes/CherryFramework/js/custom.js HTTP/1.1" 200 2131 "-" "Mozilla/5.0 (compatible; AhrefsBot/7.0; +http://ahrefs.com/robot/)" "tekmedicgloves.com"
51.222.253.12 - - [01/Nov/2022:07:59:59 -0700] "GET /beta/wp-content/themes/CherryFramework/js/jquery.mobilemenu.js HTTP/1.1" 200 908 "-" "Mozilla/5.0 (compatible; AhrefsBot/7.0; +http://ahrefs.com/robot/)" "tekmedicgloves.com"
51.222.253.8 - - [01/Nov/2022:08:00:04 -0700] "GET /beta/wp-content/themes/CherryFramework/js/camera.min.js HTTP/1.1" 200 8551 "-" "Mozilla/5.0 (compatible; AhrefsBot/7.0; +http://ahrefs.com/robot/)" "tekmedicgloves.com"
51.222.253.1 - - [01/Nov/2022:08:00:10 -0700] "GET /beta/wp-content/themes/CherryFramework/js/modernizr.js HTTP/1.1" 200 5141 "-" "Mozilla/5.0 (compatible; AhrefsBot/7.0; +http://ahrefs.com/robot/)" "tekmedicgloves.com"
51.222.253.11 - - [01/Nov/2022:08:00:15 -0700] "GET /beta/wp-includes/js/swfobject.js HTTP/1.1" 404 88 "-" "Mozilla/5.0 (compatible; AhrefsBot/7.0; +http://ahrefs.com/robot/)" "tekmedicgloves.com"
51.222.253.20 - - [01/Nov/2022:08:00:15 -0700] "GET /beta/wp-content/themes/CherryFramework/js/jquery.mobile.customized.min.js HTTP/1.1" 200 6409 "-" "Mozilla/5.0 (compatible; AhrefsBot/7.0; +http://ahrefs.com/robot/)" "tekmedicgloves.com"
185.191.171.21 - - [01/Nov/2022:08:00:19 -0700] "GET /phpMyAdmin/setup/?token=0bc265c19d3321c5a3fee0811fe5df22&version_check=1 HTTP/1.1" 200 12687 "-" "Mozilla/5.0 (compatible; SemrushBot/7~bl; +http://www.semrush.com/bot.html)" "tekmedicgloves.com"
51.222.253.17 - - [01/Nov/2022:08:00:20 -0700] "GET /beta/wp-content/plugins/contact-form-7/includes/js/jquery.form.min.js HTTP/1.1" 200 5878 "-" "Mozilla/5.0 (compatible; AhrefsBot/7.0; +http://ahrefs.com/robot/)" "tekmedicgloves.com"
51.222.253.14 - - [01/Nov/2022:08:00:21 -0700] "GET /beta/wp-includes/js/comment-reply.min.js HTTP/1.1" 404 88 "-" "Mozilla/5.0 (compatible; AhrefsBot/7.0; +http://ahrefs.com/robot/)" "tekmedicgloves.com"
51.222.253.8 - - [01/Nov/2022:08:00:21 -0700] "GET /beta/wp-content/plugins/cherry-plugin/includes/js/cherry-plugin.js HTTP/1.1" 200 438 "-" "Mozilla/5.0 (compatible; AhrefsBot/7.0; +http://ahrefs.com/robot/)" "tekmedicgloves.com"
51.222.253.6 - - [01/Nov/2022:08:00:21 -0700] "GET /beta/wp-content/plugins/cherry-plugin/lib/js/owl-carousel/owl.carousel.css HTTP/1.1" 200 1119 "-" "Mozilla/5.0 (compatible; AhrefsBot/7.0; +http://ahrefs.com/robot/)" "tekmedicgloves.com"
51.222.253.1 - - [01/Nov/2022:08:00:26 -0700] "GET /beta/wp-content/plugins/contact-form-7/includes/css/styles.css HTTP/1.1" 200 392 "-" "Mozilla/5.0 (compatible; AhrefsBot/7.0; +http://ahrefs.com/robot/)" "tekmedicgloves.com"
51.222.253.15 - - [01/Nov/2022:08:00:26 -0700] "GET /beta/wp-content/themes/CherryFramework/js/jquery.isotope.js HTTP/1.1" 200 4845 "-" "Mozilla/5.0 (compatible; AhrefsBot/7.0; +http://ahrefs.com/robot/)" "tekmedicgloves.com"
185.191.171.21 - - [01/Nov/2022:08:00:29 -0700] "GET /phpMyAdmin/setup/?token=deb2bcb77b51ddd3fb025a23acb49606&version_check=1 HTTP/1.1" 200 12687 "-" "Mozilla/5.0 (compatible; SemrushBot/7~bl; +http://www.semrush.com/bot.html)" "tekmedicgloves.com"
185.191.171.8 - - [01/Nov/2022:08:00:49 -0700] "GET /phpMyAdmin/setup/?token=e893a2ee50d54aa07f2b50e906524919&version_check=1 HTTP/1.1" 200 12687 "-" "Mozilla/5.0 (compatible; SemrushBot/7~bl; +http://www.semrush.com/bot.html)" "tekmedicgloves.com"
185.191.171.1 - - [01/Nov/2022:08:00:56 -0700] "GET /phpMyAdmin/setup/?token=e70067d9cfdc8867a58f07435b5472f0&version_check=1 HTTP/1.1" 200 12691 "-" "Mozilla/5.0 (compatible; SemrushBot/7~bl; +http://www.semrush.com/bot.html)" "www.tekmedicgloves.com"
185.191.171.21 - - [01/Nov/2022:08:01:04 -0700] "GET /phpMyAdmin/setup/?token=0b2c3f5b502c362a97100ae5962066ad&version_check=1 HTTP/1.1" 200 12687 "-" "Mozilla/5.0 (compatible; SemrushBot/7~bl; +http://www.semrush.com/bot.html)" "tekmedicgloves.com"
185.191.171.23 - - [01/Nov/2022:08:01:08 -0700] "GET /phpMyAdmin/setup/?token=dda0e62f7c3c1b05aa21785db404d887&version_check=1 HTTP/1.1" 200 12687 "-" "Mozilla/5.0 (compatible; SemrushBot/7~bl; +http://www.semrush.com/bot.html)" "tekmedicgloves.com"
185.191.171.3 - - [01/Nov/2022:08:01:35 -0700] "GET /phpMyAdmin/setup/?token=cce2ae022fdf1cb90ca1ab7f6cf4b8cb&version_check=1 HTTP/1.1" 200 12691 "-" "Mozilla/5.0 (compatible; SemrushBot/7~bl; +http://www.semrush.com/bot.html)" "www.tekmedicgloves.com"
185.191.171.40 - - [01/Nov/2022:08:01:39 -0700] "GET /phpMyAdmin/setup/?token=e484c5122ba4f9d739a5fddb5dfd1e63&version_check=1 HTTP/1.1" 200 12691 "-" "Mozilla/5.0 (compatible; SemrushBot/7~bl; +http://www.semrush.com/bot.html)" "www.tekmedicgloves.com"
185.191.171.18 - - [01/Nov/2022:08:01:49 -0700] "GET /phpMyAdmin/setup/?token=be78bdd21dd8ed580f24cb4b911a7a23&version_check=1 HTTP/1.1" 200 12691 "-" "Mozilla/5.0 (compatible; SemrushBot/7~bl; +http://www.semrush.com/bot.html)" "www.tekmedicgloves.com"
185.191.171.3 - - [01/Nov/2022:08:01:52 -0700] "GET /phpMyAdmin/setup/?token=e8c86bf4625ddb660512f160acd62a70&version_check=1 HTTP/1.1" 200 12691 "-" "Mozilla/5.0 (compatible; SemrushBot/7~bl; +http://www.semrush.com/bot.html)" "www.tekmedicgloves.com"
185.191.171.38 - - [01/Nov/2022:08:02:26 -0700] "GET /phpMyAdmin/setup/?token=cc253d6517feef7737fee1fc72963239&version_check=1 HTTP/1.1" 200 12691 "-" "Mozilla/5.0 (compatible; SemrushBot/7~bl; +http://www.semrush.com/bot.html)" "www.tekmedicgloves.com"
185.191.171.21 - - [01/Nov/2022:08:02:28 -0700] "GET /phpMyAdmin/setup/?token=10f1b2293a35ed7c3399df3456e2ee85&version_check=1 HTTP/1.1" 200 12687 "-" "Mozilla/5.0 (compatible; SemrushBot/7~bl; +http://www.semrush.com/bot.html)" "tekmedicgloves.com"
185.191.171.39 - - [01/Nov/2022:08:02:31 -0700] "GET /phpMyAdmin/setup/?token=00f1c114196daec95ec968df36853f3b&version_check=1 HTTP/1.1" 200 12687 "-" "Mozilla/5.0 (compatible; SemrushBot/7~bl; +http://www.semrush.com/bot.html)" "tekmedicgloves.com"
185.191.171.20 - - [01/Nov/2022:08:03:25 -0700] "GET /phpMyAdmin/setup/?token=e1afd796920d240c4712250e05564863&version_check=1 HTTP/1.1" 200 12687 "-" "Mozilla/5.0 (compatible; SemrushBot/7~bl; +http://www.semrush.com/bot.html)" "tekmedicgloves.com"
185.191.171.26 - - [01/Nov/2022:08:03:40 -0700] "GET /phpMyAdmin/setup/?token=0339becd2c0eee63236ae7c88e64e423&version_check=1 HTTP/1.1" 200 12691 "-" "Mozilla/5.0 (compatible; SemrushBot/7~bl; +http://www.semrush.com/bot.html)" "www.tekmedicgloves.com"
185.191.171.39 - - [01/Nov/2022:08:04:12 -0700] "GET /phpMyAdmin/setup/?token=0722e0657e7dc659c43bf92dd3e071b2&version_check=1 HTTP/1.1" 200 12691 "-" "Mozilla/5.0 (compatible; SemrushBot/7~bl; +http://www.semrush.com/bot.html)" "www.tekmedicgloves.com"
185.191.171.24 - - [01/Nov/2022:08:04:18 -0700] "GET /phpMyAdmin/setup/?token=d413b10731c5a27e3e4197884f103621&version_check=1 HTTP/1.1" 200 12687 "-" "Mozilla/5.0 (compatible; SemrushBot/7~bl; +http://www.semrush.com/bot.html)" "tekmedicgloves.com"
185.191.171.18 - - [01/Nov/2022:08:04:21 -0700] "GET /phpMyAdmin/setup/?token=d378e6aab73d12eb010a4bd753d7f858&version_check=1 HTTP/1.1" 200 12687 "-" "Mozilla/5.0 (compatible; SemrushBot/7~bl; +http://www.semrush.com/bot.html)" "tekmedicgloves.com"
185.191.171.7 - - [01/Nov/2022:08:04:33 -0700] "GET /phpMyAdmin/setup/?token=ef910f0f16f235357c2e8731bf46def3&version_check=1 HTTP/1.1" 200 12687 "-" "Mozilla/5.0 (compatible; SemrushBot/7~bl; +http://www.semrush.com/bot.html)" "tekmedicgloves.com"
185.191.171.35 - - [01/Nov/2022:08:04:45 -0700] "GET /phpMyAdmin/setup/?token=f489a88b1ec7af8e281e32d07acb4b37&version_check=1 HTTP/1.1" 200 12687 "-" "Mozilla/5.0 (compatible; SemrushBot/7~bl; +http://www.semrush.com/bot.html)" "tekmedicgloves.com"
185.191.171.22 - - [01/Nov/2022:08:04:52 -0700] "GET /phpMyAdmin/setup/?token=c362a6f75acd9d7032d19f65e2776042&version_check=1 HTTP/1.1" 200 12691 "-" "Mozilla/5.0 (compatible; SemrushBot/7~bl; +http://www.semrush.com/bot.html)" "www.tekmedicgloves.com"
185.191.171.1 - - [01/Nov/2022:08:04:56 -0700] "GET /phpMyAdmin/setup/?token=f5a378f294952f7a3bea52236baf2214&version_check=1 HTTP/1.1" 200 12691 "-" "Mozilla/5.0 (compatible; SemrushBot/7~bl; +http://www.semrush.com/bot.html)" "www.tekmedicgloves.com"
185.191.171.22 - - [01/Nov/2022:08:05:13 -0700] "GET /phpMyAdmin/setup/?token=b56206779755fc874bd1107439e83c76&version_check=1 HTTP/1.1" 200 12691 "-" "Mozilla/5.0 (compatible; SemrushBot/7~bl; +http://www.semrush.com/bot.html)" "www.tekmedicgloves.com"
185.191.171.21 - - [01/Nov/2022:08:05:57 -0700] "GET /phpMyAdmin/setup/?token=e81ef3027ed3309bffe70d99f2df12fa&version_check=1 HTTP/1.1" 200 12691 "-" "Mozilla/5.0 (compatible; SemrushBot/7~bl; +http://www.semrush.com/bot.html)" "www.tekmedicgloves.com"
185.191.171.18 - - [01/Nov/2022:08:06:04 -0700] "GET /phpMyAdmin/setup/?token=d3cb8de59e8de7d934736c621d9a412f&version_check=1 HTTP/1.1" 200 12687 "-" "Mozilla/5.0 (compatible; SemrushBot/7~bl; +http://www.semrush.com/bot.html)" "tekmedicgloves.com"
185.191.171.42 - - [01/Nov/2022:08:06:55 -0700] "GET /phpMyAdmin/setup/?token=cedcd77cfeda74072908e41caa8198ca&version_check=1 HTTP/1.1" 200 12691 "-" "Mozilla/5.0 (compatible; SemrushBot/7~bl; +http://www.semrush.com/bot.html)" "www.tekmedicgloves.com"
185.191.171.11 - - [01/Nov/2022:08:07:12 -0700] "GET /phpMyAdmin/setup/?token=ed6bdb96c7e0b1f6229a030d0bd18081&version_check=1 HTTP/1.1" 200 12687 "-" "Mozilla/5.0 (compatible; SemrushBot/7~bl; +http://www.semrush.com/bot.html)" "tekmedicgloves.com"
185.191.171.8 - - [01/Nov/2022:08:07:18 -0700] "GET /phpMyAdmin/setup/?token=ee9b1f7bcf66656ef63a74b4466128dd&version_check=1 HTTP/1.1" 200 12687 "-" "Mozilla/5.0 (compatible; SemrushBot/7~bl; +http://www.semrush.com/bot.html)" "tekmedicgloves.com"
185.191.171.38 - - [01/Nov/2022:08:07:27 -0700] "GET /phpMyAdmin/setup/?token=e7882d22924e0be3dfc4fe8425462083&version_check=1 HTTP/1.1" 200 12687 "-" "Mozilla/5.0 (compatible; SemrushBot/7~bl; +http://www.semrush.com/bot.html)" "tekmedicgloves.com"
185.191.171.8 - - [01/Nov/2022:08:07:41 -0700] "GET /phpMyAdmin/setup/?token=e035a8970c6653d53822d22c34e33e2d&version_check=1 HTTP/1.1" 200 12691 "-" "Mozilla/5.0 (compatible; SemrushBot/7~bl; +http://www.semrush.com/bot.html)" "www.tekmedicgloves.com"
185.191.171.42 - - [01/Nov/2022:08:07:48 -0700] "GET /phpMyAdmin/setup/?token=f7067b28a10b802e1536ac941636a398&version_check=1 HTTP/1.1" 200 12691 "-" "Mozilla/5.0 (compatible; SemrushBot/7~bl; +http://www.semrush.com/bot.html)" "www.tekmedicgloves.com"
185.191.171.33 - - [01/Nov/2022:08:07:51 -0700] "GET /phpMyAdmin/setup/?token=e5264cb73cb02aa70dfb7328ef24125f&version_check=1 HTTP/1.1" 200 12687 "-" "Mozilla/5.0 (compatible; SemrushBot/7~bl; +http://www.semrush.com/bot.html)" "tekmedicgloves.com"
185.191.171.11 - - [01/Nov/2022:08:08:22 -0700] "GET /phpMyAdmin/setup/?token=060d3a7b25959eebc4911994f37f3753&version_check=1 HTTP/1.1" 200 12687 "-" "Mozilla/5.0 (compatible; SemrushBot/7~bl; +http://www.semrush.com/bot.html)" "tekmedicgloves.com"
185.191.171.17 - - [01/Nov/2022:08:08:30 -0700] "GET /phpMyAdmin/setup/?token=f9ecae94473fadd900e401d6777541a6&version_check=1 HTTP/1.1" 200 12691 "-" "Mozilla/5.0 (compatible; SemrushBot/7~bl; +http://www.semrush.com/bot.html)" "www.tekmedicgloves.com"
185.191.171.11 - - [01/Nov/2022:08:08:47 -0700] "GET /phpMyAdmin/setup/?token=e68def224de694fc12c89a4f8571fbd7&version_check=1 HTTP/1.1" 200 12687 "-" "Mozilla/5.0 (compatible; SemrushBot/7~bl; +http://www.semrush.com/bot.html)" "tekmedicgloves.com"
185.191.171.35 - - [01/Nov/2022:08:09:01 -0700] "GET /phpMyAdmin/setup/?token=f84163b074c0e73450b20e5d071e67e6&version_check=1 HTTP/1.1" 200 12687 "-" "Mozilla/5.0 (compatible; SemrushBot/7~bl; +http://www.semrush.com/bot.html)" "tekmedicgloves.com"
185.191.171.18 - - [01/Nov/2022:08:09:20 -0700] "GET /phpMyAdmin/setup/?token=0985e638bf1897383cafe86c06cd9153&version_check=1 HTTP/1.1" 200 12691 "-" "Mozilla/5.0 (compatible; SemrushBot/7~bl; +http://www.semrush.com/bot.html)" "www.tekmedicgloves.com"
51.222.253.7 - - [01/Nov/2022:08:09:24 -0700] "GET /beta/products.php?cat=24&id=16 HTTP/1.1" 200 56853 "-" "Mozilla/5.0 (compatible; AhrefsBot/7.0; +http://ahrefs.com/robot/)" "tekmedicgloves.com"
185.191.171.41 - - [01/Nov/2022:08:09:51 -0700] "GET /phpMyAdmin/setup/?token=b6918af4ba4843dfc5e8e465aeee7177&version_check=1 HTTP/1.1" 200 12691 "-" "Mozilla/5.0 (compatible; SemrushBot/7~bl; +http://www.semrush.com/bot.html)" "www.tekmedicgloves.com"
185.191.171.5 - - [01/Nov/2022:08:10:16 -0700] "GET /phpMyAdmin/setup/?token=08d3f42bae9876d5a1cdd1ac174d24ef&version_check=1 HTTP/1.1" 200 12691 "-" "Mozilla/5.0 (compatible; SemrushBot/7~bl; +http://www.semrush.com/bot.html)" "www.tekmedicgloves.com"
185.191.171.2 - - [01/Nov/2022:08:10:23 -0700] "GET /phpMyAdmin/setup/?token=edd7a9856fe4703a8445adbfacf981cd&version_check=1 HTTP/1.1" 200 12691 "-" "Mozilla/5.0 (compatible; SemrushBot/7~bl; +http://www.semrush.com/bot.html)" "www.tekmedicgloves.com"
185.191.171.2 - - [01/Nov/2022:08:10:29 -0700] "GET /phpMyAdmin/setup/?token=de7d36ac908e3b71e596c6bbb853799f&version_check=1 HTTP/1.1" 200 12691 "-" "Mozilla/5.0 (compatible; SemrushBot/7~bl; +http://www.semrush.com/bot.html)" "www.tekmedicgloves.com"
185.191.171.10 - - [01/Nov/2022:08:10:32 -0700] "GET /phpMyAdmin/setup/?token=df7be0f454fb2a1c175dac91bbf60008&version_check=1 HTTP/1.1" 200 12687 "-" "Mozilla/5.0 (compatible; SemrushBot/7~bl; +http://www.semrush.com/bot.html)" "tekmedicgloves.com"
185.191.171.2 - - [01/Nov/2022:08:10:51 -0700] "GET /phpMyAdmin/setup/?token=ea463ab9d637986cd10e052776ae418a&version_check=1 HTTP/1.1" 200 12691 "-" "Mozilla/5.0 (compatible; SemrushBot/7~bl; +http://www.semrush.com/bot.html)" "www.tekmedicgloves.com"
185.191.171.42 - - [01/Nov/2022:08:10:56 -0700] "GET /phpMyAdmin/setup/?token=e9e973b05a0f96b1c9b68f83b68ca21a&version_check=1 HTTP/1.1" 200 12691 "-" "Mozilla/5.0 (compatible; SemrushBot/7~bl; +http://www.semrush.com/bot.html)" "www.tekmedicgloves.com"
185.191.171.36 - - [01/Nov/2022:08:11:01 -0700] "GET /phpMyAdmin/setup/?token=d70a334736a0f4bc5b0f77615913d305&version_check=1 HTTP/1.1" 200 12687 "-" "Mozilla/5.0 (compatible; SemrushBot/7~bl; +http://www.semrush.com/bot.html)" "tekmedicgloves.com"
185.191.171.8 - - [01/Nov/2022:08:11:03 -0700] "GET /phpMyAdmin/setup/?token=d718cb5f3c826f9e55fc2a2925790cfe&version_check=1 HTTP/1.1" 200 12687 "-" "Mozilla/5.0 (compatible; SemrushBot/7~bl; +http://www.semrush.com/bot.html)" "tekmedicgloves.com"
185.191.171.1 - - [01/Nov/2022:08:11:38 -0700] "GET /phpMyAdmin/setup/?token=c11f20deed8b8b113370d42874541b0a&version_check=1 HTTP/1.1" 200 12691 "-" "Mozilla/5.0 (compatible; SemrushBot/7~bl; +http://www.semrush.com/bot.html)" "www.tekmedicgloves.com"
185.191.171.7 - - [01/Nov/2022:08:11:43 -0700] "GET /phpMyAdmin/setup/?token=e8c75e8458a013a18b0b7f5d01454422&version_check=1 HTTP/1.1" 200 12687 "-" "Mozilla/5.0 (compatible; SemrushBot/7~bl; +http://www.semrush.com/bot.html)" "tekmedicgloves.com"
185.191.171.19 - - [01/Nov/2022:08:11:43 -0700] "GET /phpMyAdmin/setup/?token=fa3d44d29d10dc8ed819eae4a0d24f96&version_check=1 HTTP/1.1" 200 12691 "-" "Mozilla/5.0 (compatible; SemrushBot/7~bl; +http://www.semrush.com/bot.html)" "www.tekmedicgloves.com"
185.191.171.26 - - [01/Nov/2022:08:12:39 -0700] "GET /phpMyAdmin/setup/?token=fcc547aa45ef796789c53ac6f5ec4087&version_check=1 HTTP/1.1" 200 12691 "-" "Mozilla/5.0 (compatible; SemrushBot/7~bl; +http://www.semrush.com/bot.html)" "www.tekmedicgloves.com"
185.191.171.43 - - [01/Nov/2022:08:12:46 -0700] "GET /phpMyAdmin/setup/?token=d3c98e9a67d659be35db3aa64c432a37&version_check=1 HTTP/1.1" 200 12687 "-" "Mozilla/5.0 (compatible; SemrushBot/7~bl; +http://www.semrush.com/bot.html)" "tekmedicgloves.com"
185.191.171.8 - - [01/Nov/2022:08:12:56 -0700] "GET /phpMyAdmin/setup/?token=ca07e7dc62de709c658939eaea53a891&version_check=1 HTTP/1.1" 200 12691 "-" "Mozilla/5.0 (compatible; SemrushBot/7~bl; +http://www.semrush.com/bot.html)" "www.tekmedicgloves.com"
185.191.171.2 - - [01/Nov/2022:08:13:01 -0700] "GET /phpMyAdmin/setup/?token=df8bb7433d66bf8856a2c9a50326c941&version_check=1 HTTP/1.1" 200 12687 "-" "Mozilla/5.0 (compatible; SemrushBot/7~bl; +http://www.semrush.com/bot.html)" "tekmedicgloves.com"
185.191.171.11 - - [01/Nov/2022:08:13:02 -0700] "GET /phpMyAdmin/setup/?token=c002f06af10c0635f305bb07065b855e&version_check=1 HTTP/1.1" 200 12691 "-" "Mozilla/5.0 (compatible; SemrushBot/7~bl; +http://www.semrush.com/bot.html)" "www.tekmedicgloves.com"
185.191.171.20 - - [01/Nov/2022:08:13:18 -0700] "GET /phpMyAdmin/setup/?token=e5b0061e2f1e31a1a630f2da79451348&version_check=1 HTTP/1.1" 200 12687 "-" "Mozilla/5.0 (compatible; SemrushBot/7~bl; +http://www.semrush.com/bot.html)" "tekmedicgloves.com"
185.191.171.16 - - [01/Nov/2022:08:13:26 -0700] "GET /phpMyAdmin/setup/?token=e695fd6360bd6c9888107e682cc866f3&version_check=1 HTTP/1.1" 200 12687 "-" "Mozilla/5.0 (compatible; SemrushBot/7~bl; +http://www.semrush.com/bot.html)" "tekmedicgloves.com"
185.191.171.18 - - [01/Nov/2022:08:13:38 -0700] "GET /phpMyAdmin/setup/?token=cf8a0e35a6219702bb397cf169e4b80f&version_check=1 HTTP/1.1" 200 12687 "-" "Mozilla/5.0 (compatible; SemrushBot/7~bl; +http://www.semrush.com/bot.html)" "tekmedicgloves.com"
185.191.171.11 - - [01/Nov/2022:08:14:13 -0700] "GET /phpMyAdmin/setup/?token=d41e498439ebb8c2e0855deeb891d1b2&version_check=1 HTTP/1.1" 200 12687 "-" "Mozilla/5.0 (compatible; SemrushBot/7~bl; +http://www.semrush.com/bot.html)" "tekmedicgloves.com"
185.191.171.4 - - [01/Nov/2022:08:14:22 -0700] "GET /phpMyAdmin/setup/?token=cdbda2011c11c29cc92668b400038dd6&version_check=1 HTTP/1.1" 200 12691 "-" "Mozilla/5.0 (compatible; SemrushBot/7~bl; +http://www.semrush.com/bot.html)" "www.tekmedicgloves.com"
185.191.171.22 - - [01/Nov/2022:08:14:35 -0700] "GET /phpMyAdmin/setup/?token=0bd92d47372ef68e1494ef27d40ac64f&version_check=1 HTTP/1.1" 200 12691 "-" "Mozilla/5.0 (compatible; SemrushBot/7~bl; +http://www.semrush.com/bot.html)" "www.tekmedicgloves.com"
185.191.171.34 - - [01/Nov/2022:08:14:45 -0700] "GET /phpMyAdmin/setup/?token=d5cca71318077157f4ce20ba1501aa55&version_check=1 HTTP/1.1" 200 12687 "-" "Mozilla/5.0 (compatible; SemrushBot/7~bl; +http://www.semrush.com/bot.html)" "tekmedicgloves.com"
185.191.171.1 - - [01/Nov/2022:08:15:09 -0700] "GET /phpMyAdmin/setup/?token=eb2b77237827345b09e384f3c7fe9305&version_check=1 HTTP/1.1" 200 12687 "-" "Mozilla/5.0 (compatible; SemrushBot/7~bl; +http://www.semrush.com/bot.html)" "tekmedicgloves.com"
185.191.171.33 - - [01/Nov/2022:08:15:49 -0700] "GET /phpMyAdmin/setup/?token=e5eedff2b214de6fa1468ba5b01e902f&version_check=1 HTTP/1.1" 200 12687 "-" "Mozilla/5.0 (compatible; SemrushBot/7~bl; +http://www.semrush.com/bot.html)" "tekmedicgloves.com"
185.191.171.37 - - [01/Nov/2022:08:15:50 -0700] "GET /phpMyAdmin/setup/?token=090e8a8817e2a313eed863115dc94f60&version_check=1 HTTP/1.1" 200 12687 "-" "Mozilla/5.0 (compatible; SemrushBot/7~bl; +http://www.semrush.com/bot.html)" "tekmedicgloves.com"
185.191.171.10 - - [01/Nov/2022:08:15:54 -0700] "GET /phpMyAdmin/setup/?token=b298c9b35be0774505dfb711d0fd4fc7&version_check=1 HTTP/1.1" 200 12691 "-" "Mozilla/5.0 (compatible; SemrushBot/7~bl; +http://www.semrush.com/bot.html)" "www.tekmedicgloves.com"
185.191.171.20 - - [01/Nov/2022:08:16:04 -0700] "GET /phpMyAdmin/setup/?token=f522de1b3bb6725d2296683aee86b291&version_check=1 HTTP/1.1" 200 12691 "-" "Mozilla/5.0 (compatible; SemrushBot/7~bl; +http://www.semrush.com/bot.html)" "www.tekmedicgloves.com"
185.191.171.25 - - [01/Nov/2022:08:16:04 -0700] "GET /phpMyAdmin/setup/?token=e89849559e0a176f00a3b1fc0600629d&version_check=1 HTTP/1.1" 200 12687 "-" "Mozilla/5.0 (compatible; SemrushBot/7~bl; +http://www.semrush.com/bot.html)" "tekmedicgloves.com"
185.191.171.3 - - [01/Nov/2022:08:16:19 -0700] "GET /phpMyAdmin/setup/?token=e21caa45f824155d13fea9c62099f1ac&version_check=1 HTTP/1.1" 200 12691 "-" "Mozilla/5.0 (compatible; SemrushBot/7~bl; +http://www.semrush.com/bot.html)" "www.tekmedicgloves.com"
185.191.171.1 - - [01/Nov/2022:08:16:33 -0700] "GET /phpMyAdmin/setup/?token=c14b0c7c32bc0617e5fb931d369c0044&version_check=1 HTTP/1.1" 200 12691 "-" "Mozilla/5.0 (compatible; SemrushBot/7~bl; +http://www.semrush.com/bot.html)" "www.tekmedicgloves.com"
185.191.171.25 - - [01/Nov/2022:08:16:35 -0700] "GET /phpMyAdmin/setup/?token=f67d3662a0b4c205a5cbb40d7a9e563d&version_check=1 HTTP/1.1" 200 12687 "-" "Mozilla/5.0 (compatible; SemrushBot/7~bl; +http://www.semrush.com/bot.html)" "tekmedicgloves.com"
185.191.171.45 - - [01/Nov/2022:08:17:24 -0700] "GET /phpMyAdmin/setup/?token=e66d497a2a2ec1a0e3ddd999e2aa25f7&version_check=1 HTTP/1.1" 200 12687 "-" "Mozilla/5.0 (compatible; SemrushBot/7~bl; +http://www.semrush.com/bot.html)" "tekmedicgloves.com"
185.191.171.36 - - [01/Nov/2022:08:17:46 -0700] "GET /phpMyAdmin/setup/?token=eb4ca90d252eac555dfc2e25af762e48&version_check=1 HTTP/1.1" 200 12691 "-" "Mozilla/5.0 (compatible; SemrushBot/7~bl; +http://www.semrush.com/bot.html)" "www.tekmedicgloves.com"
185.191.171.8 - - [01/Nov/2022:08:18:00 -0700] "GET /phpMyAdmin/setup/?token=e7fd86db941f5a03a1546c199fb0603c&version_check=1 HTTP/1.1" 200 12687 "-" "Mozilla/5.0 (compatible; SemrushBot/7~bl; +http://www.semrush.com/bot.html)" "tekmedicgloves.com"
185.191.171.37 - - [01/Nov/2022:08:18:15 -0700] "GET /phpMyAdmin/setup/?token=fcadf45e2984e966ac405d3986fe060e&version_check=1 HTTP/1.1" 200 12691 "-" "Mozilla/5.0 (compatible; SemrushBot/7~bl; +http://www.semrush.com/bot.html)" "www.tekmedicgloves.com"
185.191.171.18 - - [01/Nov/2022:08:18:17 -0700] "GET /phpMyAdmin/setup/?token=f693c35f50cd2ca4165a214b1dbbb8e1&version_check=1 HTTP/1.1" 200 12691 "-" "Mozilla/5.0 (compatible; SemrushBot/7~bl; +http://www.semrush.com/bot.html)" "www.tekmedicgloves.com"
185.191.171.44 - - [01/Nov/2022:08:18:22 -0700] "GET /phpMyAdmin/setup/?token=e096fe7419527c597c45f8f066a88531&version_check=1 HTTP/1.1" 200 12687 "-" "Mozilla/5.0 (compatible; SemrushBot/7~bl; +http://www.semrush.com/bot.html)" "tekmedicgloves.com"
185.191.171.36 - - [01/Nov/2022:08:19:04 -0700] "GET /phpMyAdmin/setup/?token=ce35d25ddf18b5665c931a88056bbe19&version_check=1 HTTP/1.1" 200 12691 "-" "Mozilla/5.0 (compatible; SemrushBot/7~bl; +http://www.semrush.com/bot.html)" "www.tekmedicgloves.com"
185.191.171.42 - - [01/Nov/2022:08:19:06 -0700] "GET /phpMyAdmin/setup/?token=f0db35920e63127b6f3b2fd00cbc5892&version_check=1 HTTP/1.1" 200 12691 "-" "Mozilla/5.0 (compatible; SemrushBot/7~bl; +http://www.semrush.com/bot.html)" "www.tekmedicgloves.com"
185.191.171.15 - - [01/Nov/2022:08:19:33 -0700] "GET /phpMyAdmin/setup/?token=d970b88ff64bd3789f765cfdc9081223&version_check=1 HTTP/1.1" 200 12687 "-" "Mozilla/5.0 (compatible; SemrushBot/7~bl; +http://www.semrush.com/bot.html)" "tekmedicgloves.com"
185.191.171.19 - - [01/Nov/2022:08:19:41 -0700] "GET /phpMyAdmin/setup/?token=ff26d71f081ffac5aacecfafed8b3e6a&version_check=1 HTTP/1.1" 200 12687 "-" "Mozilla/5.0 (compatible; SemrushBot/7~bl; +http://www.semrush.com/bot.html)" "tekmedicgloves.com"
185.191.171.1 - - [01/Nov/2022:08:20:20 -0700] "GET /phpMyAdmin/setup/?token=da506ba373bfda2ee9afbce64f31b1ed&version_check=1 HTTP/1.1" 200 12691 "-" "Mozilla/5.0 (compatible; SemrushBot/7~bl; +http://www.semrush.com/bot.html)" "www.tekmedicgloves.com"
185.191.171.10 - - [01/Nov/2022:08:20:24 -0700] "GET /phpMyAdmin/setup/?token=e50b9807829448245eafb7edb2e88d0b&version_check=1 HTTP/1.1" 200 12691 "-" "Mozilla/5.0 (compatible; SemrushBot/7~bl; +http://www.semrush.com/bot.html)" "www.tekmedicgloves.com"
185.191.171.24 - - [01/Nov/2022:08:20:43 -0700] "GET /phpMyAdmin/setup/?token=0e572f9d597e21d132e1f592cfda3f19&version_check=1 HTTP/1.1" 200 12691 "-" "Mozilla/5.0 (compatible; SemrushBot/7~bl; +http://www.semrush.com/bot.html)" "www.tekmedicgloves.com"
185.191.171.26 - - [01/Nov/2022:08:21:02 -0700] "GET /phpMyAdmin/setup/?token=fbe94697cd316a4968f6979cf4b7115e&version_check=1 HTTP/1.1" 200 12691 "-" "Mozilla/5.0 (compatible; SemrushBot/7~bl; +http://www.semrush.com/bot.html)" "www.tekmedicgloves.com"
51.222.253.9 - - [01/Nov/2022:08:21:06 -0700] "GET /beta/products.php?cat=24&id=20 HTTP/1.1" 200 53954 "-" "Mozilla/5.0 (compatible; AhrefsBot/7.0; +http://ahrefs.com/robot/)" "tekmedicgloves.com"
185.191.171.43 - - [01/Nov/2022:08:21:21 -0700] "GET /phpMyAdmin/setup/?token=d4577e40199a62acb7e483c4b5d4ad62&version_check=1 HTTP/1.1" 200 12687 "-" "Mozilla/5.0 (compatible; SemrushBot/7~bl; +http://www.semrush.com/bot.html)" "tekmedicgloves.com"
185.191.171.42 - - [01/Nov/2022:08:21:28 -0700] "GET /phpMyAdmin/setup/?token=de93aa936c3d29b054974aaadf1d6045&version_check=1 HTTP/1.1" 200 12687 "-" "Mozilla/5.0 (compatible; SemrushBot/7~bl; +http://www.semrush.com/bot.html)" "tekmedicgloves.com"
185.191.171.43 - - [01/Nov/2022:08:21:29 -0700] "GET /phpMyAdmin/setup/?token=d58ba2c9b69e00c69f448d80d9c8675a&version_check=1 HTTP/1.1" 200 12687 "-" "Mozilla/5.0 (compatible; SemrushBot/7~bl; +http://www.semrush.com/bot.html)" "tekmedicgloves.com"
185.191.171.39 - - [01/Nov/2022:08:21:31 -0700] "GET /phpMyAdmin/setup/?token=e23d8473a80f8b72e7907543ff876891&version_check=1 HTTP/1.1" 200 12687 "-" "Mozilla/5.0 (compatible; SemrushBot/7~bl; +http://www.semrush.com/bot.html)" "tekmedicgloves.com"
185.191.171.24 - - [01/Nov/2022:08:21:39 -0700] "GET /phpMyAdmin/setup/?token=ef1b98f0f0d232b424c6b97ea2ffb026&version_check=1 HTTP/1.1" 200 12691 "-" "Mozilla/5.0 (compatible; SemrushBot/7~bl; +http://www.semrush.com/bot.html)" "www.tekmedicgloves.com"
185.191.171.38 - - [01/Nov/2022:08:22:31 -0700] "GET /phpMyAdmin/setup/?token=e9cc6a682ca1f530dfa801cd19e262f8&version_check=1 HTTP/1.1" 200 12691 "-" "Mozilla/5.0 (compatible; SemrushBot/7~bl; +http://www.semrush.com/bot.html)" "www.tekmedicgloves.com"
185.191.171.34 - - [01/Nov/2022:08:22:48 -0700] "GET /phpMyAdmin/setup/?token=cf5d16092a5334719782f6ea35fee681&version_check=1 HTTP/1.1" 200 12687 "-" "Mozilla/5.0 (compatible; SemrushBot/7~bl; +http://www.semrush.com/bot.html)" "tekmedicgloves.com"
185.191.171.39 - - [01/Nov/2022:08:23:01 -0700] "GET /phpMyAdmin/setup/?token=eeedc589367a281979542d012c595e4b&version_check=1 HTTP/1.1" 200 12691 "-" "Mozilla/5.0 (compatible; SemrushBot/7~bl; +http://www.semrush.com/bot.html)" "www.tekmedicgloves.com"
185.191.171.1 - - [01/Nov/2022:08:23:05 -0700] "GET /phpMyAdmin/setup/?token=bae83d8ae9a50fb0190b3e5c7c9001bf&version_check=1 HTTP/1.1" 200 12691 "-" "Mozilla/5.0 (compatible; SemrushBot/7~bl; +http://www.semrush.com/bot.html)" "www.tekmedicgloves.com"
185.191.171.43 - - [01/Nov/2022:08:23:26 -0700] "GET /phpMyAdmin/setup/?token=d64710e7e2bcd6089ab68e1867f82886&version_check=1 HTTP/1.1" 200 12687 "-" "Mozilla/5.0 (compatible; SemrushBot/7~bl; +http://www.semrush.com/bot.html)" "tekmedicgloves.com"
185.191.171.42 - - [01/Nov/2022:08:23:28 -0700] "GET /phpMyAdmin/setup/?token=01ff0e76073ed7e824ead1298788fde8&version_check=1 HTTP/1.1" 200 12687 "-" "Mozilla/5.0 (compatible; SemrushBot/7~bl; +http://www.semrush.com/bot.html)" "tekmedicgloves.com"
185.191.171.24 - - [01/Nov/2022:08:23:52 -0700] "GET /phpMyAdmin/setup/?token=0a3e3a36ed0be7c6187034ab17ab4e0f&version_check=1 HTTP/1.1" 200 12691 "-" "Mozilla/5.0 (compatible; SemrushBot/7~bl; +http://www.semrush.com/bot.html)" "www.tekmedicgloves.com"
185.191.171.10 - - [01/Nov/2022:08:23:55 -0700] "GET /phpMyAdmin/setup/?token=b61a3ae7619299c8259629480140ca3d&version_check=1 HTTP/1.1" 200 12691 "-" "Mozilla/5.0 (compatible; SemrushBot/7~bl; +http://www.semrush.com/bot.html)" "www.tekmedicgloves.com"
185.191.171.37 - - [01/Nov/2022:08:24:30 -0700] "GET /phpMyAdmin/setup/?token=d504ecc58d036b3fd74154e3880dc65d&version_check=1 HTTP/1.1" 200 12687 "-" "Mozilla/5.0 (compatible; SemrushBot/7~bl; +http://www.semrush.com/bot.html)" "tekmedicgloves.com"
185.191.171.22 - - [01/Nov/2022:08:24:38 -0700] "GET /phpMyAdmin/setup/?token=052c7d407f506a03751c43766e04bdb2&version_check=1 HTTP/1.1" 200 12687 "-" "Mozilla/5.0 (compatible; SemrushBot/7~bl; +http://www.semrush.com/bot.html)" "tekmedicgloves.com"
185.191.171.18 - - [01/Nov/2022:08:24:43 -0700] "GET /phpMyAdmin/setup/?token=eadb98cbca3ba444685942bd4a07a37b&version_check=1 HTTP/1.1" 200 12687 "-" "Mozilla/5.0 (compatible; SemrushBot/7~bl; +http://www.semrush.com/bot.html)" "tekmedicgloves.com"
185.191.171.42 - - [01/Nov/2022:08:24:44 -0700] "GET /phpMyAdmin/setup/?token=09393183fd32d2b1b9254cc95e5c7f6c&version_check=1 HTTP/1.1" 200 12691 "-" "Mozilla/5.0 (compatible; SemrushBot/7~bl; +http://www.semrush.com/bot.html)" "www.tekmedicgloves.com"
185.191.171.23 - - [01/Nov/2022:08:24:45 -0700] "GET /phpMyAdmin/setup/?token=03357055cdd1c8dc64c0d74ff4bc104b&version_check=1 HTTP/1.1" 200 12691 "-" "Mozilla/5.0 (compatible; SemrushBot/7~bl; +http://www.semrush.com/bot.html)" "www.tekmedicgloves.com"
185.191.171.42 - - [01/Nov/2022:08:24:47 -0700] "GET /phpMyAdmin/setup/?token=bf96b823d7c1ea9b5feda972227cc76e&version_check=1 HTTP/1.1" 200 12691 "-" "Mozilla/5.0 (compatible; SemrushBot/7~bl; +http://www.semrush.com/bot.html)" "www.tekmedicgloves.com"
185.191.171.18 - - [01/Nov/2022:08:24:57 -0700] "GET /phpMyAdmin/setup/?token=e512c1928133196642b7eaeeb2445854&version_check=1 HTTP/1.1" 200 12691 "-" "Mozilla/5.0 (compatible; SemrushBot/7~bl; +http://www.semrush.com/bot.html)" "www.tekmedicgloves.com"
185.191.171.34 - - [01/Nov/2022:08:25:04 -0700] "GET /phpMyAdmin/setup/?token=d4e2a497258a022e4b20324699fd67e5&version_check=1 HTTP/1.1" 200 12687 "-" "Mozilla/5.0 (compatible; SemrushBot/7~bl; +http://www.semrush.com/bot.html)" "tekmedicgloves.com"
185.191.171.35 - - [01/Nov/2022:08:25:09 -0700] "GET /phpMyAdmin/setup/?token=c4a412d6d47655554192113ca382f6e1&version_check=1 HTTP/1.1" 200 12691 "-" "Mozilla/5.0 (compatible; SemrushBot/7~bl; +http://www.semrush.com/bot.html)" "www.tekmedicgloves.com"
185.191.171.42 - - [01/Nov/2022:08:25:14 -0700] "GET /phpMyAdmin/setup/?token=e36fc34017b7d101edfc435f77382198&version_check=1 HTTP/1.1" 200 12691 "-" "Mozilla/5.0 (compatible; SemrushBot/7~bl; +http://www.semrush.com/bot.html)" "www.tekmedicgloves.com"
185.191.171.6 - - [01/Nov/2022:08:25:28 -0700] "GET /phpMyAdmin/setup/?token=d417b0672c9da59ff519f8ea12248af0&version_check=1 HTTP/1.1" 200 12687 "-" "Mozilla/5.0 (compatible; SemrushBot/7~bl; +http://www.semrush.com/bot.html)" "tekmedicgloves.com"
185.191.171.39 - - [01/Nov/2022:08:25:39 -0700] "GET /phpMyAdmin/setup/?token=efc52bfe61bee512c962ef069f6167ef&version_check=1 HTTP/1.1" 200 12687 "-" "Mozilla/5.0 (compatible; SemrushBot/7~bl; +http://www.semrush.com/bot.html)" "tekmedicgloves.com"
185.191.171.9 - - [01/Nov/2022:08:25:53 -0700] "GET /phpMyAdmin/setup/?token=c24d7b29746db615974fa0db2f3b68ba&version_check=1 HTTP/1.1" 200 12691 "-" "Mozilla/5.0 (compatible; SemrushBot/7~bl; +http://www.semrush.com/bot.html)" "www.tekmedicgloves.com"
185.191.171.24 - - [01/Nov/2022:08:25:53 -0700] "GET /phpMyAdmin/setup/?token=d51a48405c55706710098eac1da3a345&version_check=1 HTTP/1.1" 200 12687 "-" "Mozilla/5.0 (compatible; SemrushBot/7~bl; +http://www.semrush.com/bot.html)" "tekmedicgloves.com"
185.191.171.14 - - [01/Nov/2022:08:25:56 -0700] "GET /phpMyAdmin/setup/?token=eaee7cf3681df444f7db719804319d1c&version_check=1 HTTP/1.1" 200 12691 "-" "Mozilla/5.0 (compatible; SemrushBot/7~bl; +http://www.semrush.com/bot.html)" "www.tekmedicgloves.com"
185.191.171.7 - - [01/Nov/2022:08:25:58 -0700] "GET /phpMyAdmin/setup/?token=e17b837c1e49fe5b30d1532126865883&version_check=1 HTTP/1.1" 200 12687 "-" "Mozilla/5.0 (compatible; SemrushBot/7~bl; +http://www.semrush.com/bot.html)" "tekmedicgloves.com"
185.191.171.18 - - [01/Nov/2022:08:26:02 -0700] "GET /phpMyAdmin/setup/?token=e9cef7a2f39f1e3b7f9700d1b18301ca&version_check=1 HTTP/1.1" 200 12687 "-" "Mozilla/5.0 (compatible; SemrushBot/7~bl; +http://www.semrush.com/bot.html)" "tekmedicgloves.com"
185.191.171.35 - - [01/Nov/2022:08:26:28 -0700] "GET /phpMyAdmin/setup/?token=d14f399682e6b8a60f5a3701ec6ebbe5&version_check=1 HTTP/1.1" 200 12687 "-" "Mozilla/5.0 (compatible; SemrushBot/7~bl; +http://www.semrush.com/bot.html)" "tekmedicgloves.com"
185.191.171.25 - - [01/Nov/2022:08:26:58 -0700] "GET /phpMyAdmin/setup/?token=e5a01e65a08cdc2c243b1389eb28f678&version_check=1 HTTP/1.1" 200 12691 "-" "Mozilla/5.0 (compatible; SemrushBot/7~bl; +http://www.semrush.com/bot.html)" "www.tekmedicgloves.com"
185.191.171.4 - - [01/Nov/2022:08:27:10 -0700] "GET /phpMyAdmin/setup/?token=e7a259055fa7295b4a80ef671cd69095&version_check=1 HTTP/1.1" 200 12687 "-" "Mozilla/5.0 (compatible; SemrushBot/7~bl; +http://www.semrush.com/bot.html)" "tekmedicgloves.com"
185.191.171.10 - - [01/Nov/2022:08:27:38 -0700] "GET /phpMyAdmin/setup/?token=f63e30d173316f08506435473031f4d7&version_check=1 HTTP/1.1" 200 12691 "-" "Mozilla/5.0 (compatible; SemrushBot/7~bl; +http://www.semrush.com/bot.html)" "www.tekmedicgloves.com"
185.191.171.26 - - [01/Nov/2022:08:27:49 -0700] "GET /phpMyAdmin/setup/?token=f7f68cd96e241d7aba60446fc0760a27&version_check=1 HTTP/1.1" 200 12687 "-" "Mozilla/5.0 (compatible; SemrushBot/7~bl; +http://www.semrush.com/bot.html)" "tekmedicgloves.com"
185.191.171.23 - - [01/Nov/2022:08:28:08 -0700] "GET /phpMyAdmin/setup/?token=c3aee3167d312c630cdfb56555ac2afa&version_check=1 HTTP/1.1" 200 12691 "-" "Mozilla/5.0 (compatible; SemrushBot/7~bl; +http://www.semrush.com/bot.html)" "www.tekmedicgloves.com"
