185.191.171.35 - - [05/Nov/2022:07:22:51 -0700] "GET /phpMyAdmin/setup/?token=ce197175919808a314990566a7bd41a9&version_check=1 HTTP/1.1" 200 12687 "-" "Mozilla/5.0 (compatible; SemrushBot/7~bl; +http://www.semrush.com/bot.html)" "tekmedicgloves.com"
185.191.171.3 - - [05/Nov/2022:07:23:13 -0700] "GET /phpMyAdmin/setup/?token=d380b7b840dd977f411fca8f47175c5a&version_check=1 HTTP/1.1" 200 12687 "-" "Mozilla/5.0 (compatible; SemrushBot/7~bl; +http://www.semrush.com/bot.html)" "tekmedicgloves.com"
185.191.171.26 - - [05/Nov/2022:07:23:26 -0700] "GET /phpMyAdmin/setup/?token=f6ef8729c83f773809deb4e3bc2fa9c0&version_check=1 HTTP/1.1" 200 12687 "-" "Mozilla/5.0 (compatible; SemrushBot/7~bl; +http://www.semrush.com/bot.html)" "tekmedicgloves.com"
51.222.253.9 - - [05/Nov/2022:07:23:28 -0700] "GET /beta/products.php?cat=24&subcat=46&id=21 HTTP/1.1" 200 54788 "-" "Mozilla/5.0 (compatible; AhrefsBot/7.0; +http://ahrefs.com/robot/)" "tekmedicgloves.com"
51.222.253.14 - - [05/Nov/2022:07:23:32 -0700] "GET /beta/wp-content/themes/theme48838/style.css HTTP/1.1" 200 243 "-" "Mozilla/5.0 (compatible; AhrefsBot/7.0; +http://ahrefs.com/robot/)" "tekmedicgloves.com"
51.222.253.12 - - [05/Nov/2022:07:23:32 -0700] "GET /beta/wp-content/themes/CherryFramework/js/jquery.mobilemenu.js HTTP/1.1" 200 908 "-" "Mozilla/5.0 (compatible; AhrefsBot/7.0; +http://ahrefs.com/robot/)" "tekmedicgloves.com"
185.191.171.24 - - [05/Nov/2022:07:23:35 -0700] "GET /phpMyAdmin/setup/?token=b15dd6c49be9c3e5127cc4b7b8f95ec0&version_check=1 HTTP/1.1" 200 12691 "-" "Mozilla/5.0 (compatible; SemrushBot/7~bl; +http://www.semrush.com/bot.html)" "www.tekmedicgloves.com"
51.222.253.2 - - [05/Nov/2022:07:23:37 -0700] "GET /beta/wp-content/themes/CherryFramework/js/jquery-1.7.2.min.js HTTP/1.1" 200 33630 "-" "Mozilla/5.0 (compatible; AhrefsBot/7.0; +http://ahrefs.com/robot/)" "tekmedicgloves.com"
185.191.171.34 - - [05/Nov/2022:07:23:40 -0700] "GET /phpMyAdmin/setup/?token=eef2f2007e4335ac40c3a2bebb9f7eef&version_check=1 HTTP/1.1" 200 12687 "-" "Mozilla/5.0 (compatible; SemrushBot/7~bl; +http://www.semrush.com/bot.html)" "tekmedicgloves.com"
51.222.253.17 - - [05/Nov/2022:07:23:43 -0700] "GET /beta/wp-content/themes/theme48838/images/social/rss.png HTTP/1.1" 200 2128 "-" "Mozilla/5.0 (compatible; AhrefsBot/7.0; +http://ahrefs.com/robot/)" "tekmedicgloves.com"
185.191.171.38 - - [05/Nov/2022:07:23:45 -0700] "GET /phpMyAdmin/setup/?token=bbb939cdf340b74e14a22a7fe42e908b&version_check=1 HTTP/1.1" 200 12691 "-" "Mozilla/5.0 (compatible; SemrushBot/7~bl; +http://www.semrush.com/bot.html)" "www.tekmedicgloves.com"
185.191.171.42 - - [05/Nov/2022:07:23:46 -0700] "GET /phpMyAdmin/setup/?token=c6c9298c27dbcb3a3bee30b65c4f64cd&version_check=1 HTTP/1.1" 200 12691 "-" "Mozilla/5.0 (compatible; SemrushBot/7~bl; +http://www.semrush.com/bot.html)" "www.tekmedicgloves.com"
51.222.253.8 - - [05/Nov/2022:07:23:48 -0700] "GET /beta/wp-content/plugins/cherry-plugin/lib/js/FlexSlider/flexslider.css HTTP/1.1" 200 1323 "-" "Mozilla/5.0 (compatible; AhrefsBot/7.0; +http://ahrefs.com/robot/)" "tekmedicgloves.com"
51.222.253.20 - - [05/Nov/2022:07:23:53 -0700] "GET /beta/wp-content/plugins/cherry-plugin/includes/css/cherry-plugin.css HTTP/1.1" 200 4752 "-" "Mozilla/5.0 (compatible; AhrefsBot/7.0; +http://ahrefs.com/robot/)" "tekmedicgloves.com"
51.222.253.9 - - [05/Nov/2022:07:23:58 -0700] "GET /beta/wp-content/plugins/cherry-plugin/lib/js/FlexSlider/jquery.flexslider-min.js HTTP/1.1" 200 5177 "-" "Mozilla/5.0 (compatible; AhrefsBot/7.0; +http://ahrefs.com/robot/)" "tekmedicgloves.com"
185.191.171.26 - - [05/Nov/2022:07:23:59 -0700] "GET /phpMyAdmin/setup/?token=efc06daadc178403290ceb30b4821f48&version_check=1 HTTP/1.1" 200 12691 "-" "Mozilla/5.0 (compatible; SemrushBot/7~bl; +http://www.semrush.com/bot.html)" "www.tekmedicgloves.com"
51.222.253.16 - - [05/Nov/2022:07:24:00 -0700] "GET /beta/wp-content/themes/CherryFramework/js/superfish.js HTTP/1.1" 200 1280 "-" "Mozilla/5.0 (compatible; AhrefsBot/7.0; +http://ahrefs.com/robot/)" "tekmedicgloves.com"
51.222.253.16 - - [05/Nov/2022:07:24:05 -0700] "GET /beta/wp-content/themes/theme48838/images/social/facebook.png HTTP/1.1" 200 1671 "-" "Mozilla/5.0 (compatible; AhrefsBot/7.0; +http://ahrefs.com/robot/)" "tekmedicgloves.com"
51.222.253.18 - - [05/Nov/2022:07:24:10 -0700] "GET /beta/wp-content/themes/theme48838/bootstrap/css/responsive.css HTTP/1.1" 200 4226 "-" "Mozilla/5.0 (compatible; AhrefsBot/7.0; +http://ahrefs.com/robot/)" "tekmedicgloves.com"
51.222.253.15 - - [05/Nov/2022:07:24:15 -0700] "GET /beta/wp-content/themes/theme48838/bootstrap/css/bootstrap.css HTTP/1.1" 200 15793 "-" "Mozilla/5.0 (compatible; AhrefsBot/7.0; +http://ahrefs.com/robot/)" "tekmedicgloves.com"
51.222.253.8 - - [05/Nov/2022:07:24:21 -0700] "GET /beta/wp-content/plugins/contact-form-7/includes/css/styles.css HTTP/1.1" 200 392 "-" "Mozilla/5.0 (compatible; AhrefsBot/7.0; +http://ahrefs.com/robot/)" "tekmedicgloves.com"
51.222.253.10 - - [05/Nov/2022:07:24:21 -0700] "GET /beta/images/product/20141110115734_3734D-Tekmedic-InoSafe-A2-Poster-Outstanding-Concept.jpg HTTP/1.1" 200 1724750 "-" "Mozilla/5.0 (compatible; AhrefsBot/7.0; +http://ahrefs.com/robot/)" "tekmedicgloves.com"
185.191.171.34 - - [05/Nov/2022:07:24:21 -0700] "GET /phpMyAdmin/setup/?token=ec5e0f7b7621045c4b738ba57ed071f8&version_check=1 HTTP/1.1" 200 12691 "-" "Mozilla/5.0 (compatible; SemrushBot/7~bl; +http://www.semrush.com/bot.html)" "www.tekmedicgloves.com"
185.191.171.2 - - [05/Nov/2022:07:24:30 -0700] "GET /phpMyAdmin/setup/?token=febdc01b80dce2ce52e6fbaf15a0929b&version_check=1 HTTP/1.1" 200 12687 "-" "Mozilla/5.0 (compatible; SemrushBot/7~bl; +http://www.semrush.com/bot.html)" "tekmedicgloves.com"
51.222.253.1 - - [05/Nov/2022:07:24:32 -0700] "GET /beta/wp-content/plugins/cherry-plugin/includes/js/cherry-plugin.js HTTP/1.1" 200 438 "-" "Mozilla/5.0 (compatible; AhrefsBot/7.0; +http://ahrefs.com/robot/)" "tekmedicgloves.com"
51.222.253.6 - - [05/Nov/2022:07:24:33 -0700] "GET /beta/wp-content/themes/CherryFramework/js/jflickrfeed.js HTTP/1.1" 200 560 "-" "Mozilla/5.0 (compatible; AhrefsBot/7.0; +http://ahrefs.com/robot/)" "tekmedicgloves.com"
51.222.253.20 - - [05/Nov/2022:07:24:33 -0700] "GET /beta/wp-content/themes/CherryFramework/js/jquery.debouncedresize.js HTTP/1.1" 200 226 "-" "Mozilla/5.0 (compatible; AhrefsBot/7.0; +http://ahrefs.com/robot/)" "tekmedicgloves.com"
51.222.253.11 - - [05/Nov/2022:07:24:33 -0700] "GET /beta/wp-content/themes/theme48838/main-style.css HTTP/1.1" 200 4849 "-" "Mozilla/5.0 (compatible; AhrefsBot/7.0; +http://ahrefs.com/robot/)" "tekmedicgloves.com"
185.191.171.14 - - [05/Nov/2022:07:24:33 -0700] "GET /phpMyAdmin/setup/?token=c2561a57010fdcb61aa29719f30135c4&version_check=1 HTTP/1.1" 200 12691 "-" "Mozilla/5.0 (compatible; SemrushBot/7~bl; +http://www.semrush.com/bot.html)" "www.tekmedicgloves.com"
51.222.253.2 - - [05/Nov/2022:07:24:38 -0700] "GET /beta/wp-content/themes/theme48838/images/social/google.png HTTP/1.1" 200 1611 "-" "Mozilla/5.0 (compatible; AhrefsBot/7.0; +http://ahrefs.com/robot/)" "tekmedicgloves.com"
185.191.171.45 - - [05/Nov/2022:07:24:43 -0700] "GET /phpMyAdmin/setup/?token=cddb5457d794f9ab41b8d571ad35daba&version_check=1 HTTP/1.1" 200 12687 "-" "Mozilla/5.0 (compatible; SemrushBot/7~bl; +http://www.semrush.com/bot.html)" "tekmedicgloves.com"
51.222.253.15 - - [05/Nov/2022:07:24:43 -0700] "GET /beta/wp-content/themes/CherryFramework/js/jquery.mobile.customized.min.js HTTP/1.1" 200 6409 "-" "Mozilla/5.0 (compatible; AhrefsBot/7.0; +http://ahrefs.com/robot/)" "tekmedicgloves.com"
51.222.253.3 - - [05/Nov/2022:07:24:48 -0700] "GET /beta/wp-content/themes/theme48838/images/social/twitter.png HTTP/1.1" 200 1861 "-" "Mozilla/5.0 (compatible; AhrefsBot/7.0; +http://ahrefs.com/robot/)" "tekmedicgloves.com"
185.191.171.23 - - [05/Nov/2022:07:24:48 -0700] "GET /phpMyAdmin/setup/?token=ecf2d772985f6ee2d8e1e8c6ba292a6f&version_check=1 HTTP/1.1" 200 12691 "-" "Mozilla/5.0 (compatible; SemrushBot/7~bl; +http://www.semrush.com/bot.html)" "www.tekmedicgloves.com"
185.191.171.33 - - [05/Nov/2022:07:24:51 -0700] "GET /phpMyAdmin/setup/?token=02fb36a605510447436ce0d050825c0a&version_check=1 HTTP/1.1" 200 12691 "-" "Mozilla/5.0 (compatible; SemrushBot/7~bl; +http://www.semrush.com/bot.html)" "www.tekmedicgloves.com"
185.191.171.22 - - [05/Nov/2022:07:24:52 -0700] "GET /phpMyAdmin/setup/?token=11bec4bdca188a842fd3d76db9183722&version_check=1 HTTP/1.1" 200 12687 "-" "Mozilla/5.0 (compatible; SemrushBot/7~bl; +http://www.semrush.com/bot.html)" "tekmedicgloves.com"
51.222.253.7 - - [05/Nov/2022:07:24:53 -0700] "GET /beta/wp-content/themes/CherryFramework/js/jquery.jplayer.min.js HTTP/1.1" 200 11945 "-" "Mozilla/5.0 (compatible; AhrefsBot/7.0; +http://ahrefs.com/robot/)" "tekmedicgloves.com"
185.191.171.42 - - [05/Nov/2022:07:24:54 -0700] "GET /phpMyAdmin/setup/?token=0ff434a009399921d282cc399124ac03&version_check=1 HTTP/1.1" 200 12687 "-" "Mozilla/5.0 (compatible; SemrushBot/7~bl; +http://www.semrush.com/bot.html)" "tekmedicgloves.com"
51.222.253.8 - - [05/Nov/2022:07:24:59 -0700] "GET /beta/wp-includes/js/swfobject.js HTTP/1.1" 404 88 "-" "Mozilla/5.0 (compatible; AhrefsBot/7.0; +http://ahrefs.com/robot/)" "tekmedicgloves.com"
51.222.253.5 - - [05/Nov/2022:07:24:59 -0700] "GET /beta/wp-content/plugins/cherry-plugin/lib/js/jquery.easing.1.3.js HTTP/1.1" 200 814 "-" "Mozilla/5.0 (compatible; AhrefsBot/7.0; +http://ahrefs.com/robot/)" "tekmedicgloves.com"
51.222.253.7 - - [05/Nov/2022:07:25:04 -0700] "GET /beta/wp-content/plugins/contact-form-7/includes/js/jquery.form.min.js HTTP/1.1" 200 5878 "-" "Mozilla/5.0 (compatible; AhrefsBot/7.0; +http://ahrefs.com/robot/)" "tekmedicgloves.com"
51.222.253.13 - - [05/Nov/2022:07:25:09 -0700] "GET /beta/wp-content/themes/CherryFramework/js/camera.min.js HTTP/1.1" 200 8551 "-" "Mozilla/5.0 (compatible; AhrefsBot/7.0; +http://ahrefs.com/robot/)" "tekmedicgloves.com"
51.222.253.8 - - [05/Nov/2022:07:25:15 -0700] "GET /beta/wp-content/themes/CherryFramework/css/magnific-popup.css HTTP/1.1" 200 2166 "-" "Mozilla/5.0 (compatible; AhrefsBot/7.0; +http://ahrefs.com/robot/)" "tekmedicgloves.com"
51.222.253.12 - - [05/Nov/2022:07:25:20 -0700] "GET /beta/wp-content/plugins/cherry-plugin/lib/js/elasti-carousel/jquery.elastislide.js HTTP/1.1" 200 1963 "-" "Mozilla/5.0 (compatible; AhrefsBot/7.0; +http://ahrefs.com/robot/)" "tekmedicgloves.com"
51.222.253.6 - - [05/Nov/2022:07:25:25 -0700] "GET /beta/wp-content/plugins/cherry-plugin/lib/js/owl-carousel/owl.theme.css HTTP/1.1" 200 606 "-" "Mozilla/5.0 (compatible; AhrefsBot/7.0; +http://ahrefs.com/robot/)" "tekmedicgloves.com"
51.222.253.20 - - [05/Nov/2022:07:25:25 -0700] "GET /beta/wp-content/themes/CherryFramework/js/jquery.ba-resize.min.js HTTP/1.1" 200 616 "-" "Mozilla/5.0 (compatible; AhrefsBot/7.0; +http://ahrefs.com/robot/)" "tekmedicgloves.com"
51.222.253.5 - - [05/Nov/2022:07:25:25 -0700] "GET /beta/wp-includes/js/comment-reply.min.js HTTP/1.1" 404 88 "-" "Mozilla/5.0 (compatible; AhrefsBot/7.0; +http://ahrefs.com/robot/)" "tekmedicgloves.com"
51.222.253.7 - - [05/Nov/2022:07:25:26 -0700] "GET /beta/wp-content/themes/CherryFramework/css/camera.css HTTP/1.1" 200 3117 "-" "Mozilla/5.0 (compatible; AhrefsBot/7.0; +http://ahrefs.com/robot/)" "tekmedicgloves.com"
51.222.253.15 - - [05/Nov/2022:07:25:31 -0700] "GET /beta/wp-content/plugins/contact-form-7/includes/js/scripts.js HTTP/1.1" 200 1850 "-" "Mozilla/5.0 (compatible; AhrefsBot/7.0; +http://ahrefs.com/robot/)" "tekmedicgloves.com"
51.222.253.6 - - [05/Nov/2022:07:25:36 -0700] "GET /beta/wp-content/themes/CherryFramework/js/jquery.isotope.js HTTP/1.1" 200 4845 "-" "Mozilla/5.0 (compatible; AhrefsBot/7.0; +http://ahrefs.com/robot/)" "tekmedicgloves.com"
51.222.253.15 - - [05/Nov/2022:07:25:41 -0700] "GET /beta/wp-content/themes/CherryFramework/js/custom.js HTTP/1.1" 200 2131 "-" "Mozilla/5.0 (compatible; AhrefsBot/7.0; +http://ahrefs.com/robot/)" "tekmedicgloves.com"
51.222.253.11 - - [05/Nov/2022:07:25:46 -0700] "GET /beta/wp-content/themes/CherryFramework/bootstrap/js/bootstrap.min.js HTTP/1.1" 200 7654 "-" "Mozilla/5.0 (compatible; AhrefsBot/7.0; +http://ahrefs.com/robot/)" "tekmedicgloves.com"
51.222.253.19 - - [05/Nov/2022:07:25:51 -0700] "GET /beta/wp-content/themes/CherryFramework/js/modernizr.js HTTP/1.1" 200 5141 "-" "Mozilla/5.0 (compatible; AhrefsBot/7.0; +http://ahrefs.com/robot/)" "tekmedicgloves.com"
185.191.171.35 - - [05/Nov/2022:07:25:52 -0700] "GET /phpMyAdmin/setup/?token=ecff23598d657837decf8718f29a81b6&version_check=1 HTTP/1.1" 200 12687 "-" "Mozilla/5.0 (compatible; SemrushBot/7~bl; +http://www.semrush.com/bot.html)" "tekmedicgloves.com"
51.222.253.8 - - [05/Nov/2022:07:25:56 -0700] "GET /beta/wp-content/plugins/cherry-plugin/lib/js/owl-carousel/owl.carousel.css HTTP/1.1" 200 1119 "-" "Mozilla/5.0 (compatible; AhrefsBot/7.0; +http://ahrefs.com/robot/)" "tekmedicgloves.com"
51.222.253.10 - - [05/Nov/2022:07:26:01 -0700] "GET /beta/wp-content/themes/CherryFramework/js/jplayer.playlist.min.js HTTP/1.1" 200 2404 "-" "Mozilla/5.0 (compatible; AhrefsBot/7.0; +http://ahrefs.com/robot/)" "tekmedicgloves.com"
185.191.171.10 - - [05/Nov/2022:07:26:02 -0700] "GET /phpMyAdmin/setup/?token=c416cb6ccfcea4c22c8fae49c9df8f45&version_check=1 HTTP/1.1" 200 12691 "-" "Mozilla/5.0 (compatible; SemrushBot/7~bl; +http://www.semrush.com/bot.html)" "www.tekmedicgloves.com"
51.222.253.19 - - [05/Nov/2022:07:26:07 -0700] "GET /beta/wp-content/themes/CherryFramework/js/jquery.magnific-popup.min.js HTTP/1.1" 200 7493 "-" "Mozilla/5.0 (compatible; AhrefsBot/7.0; +http://ahrefs.com/robot/)" "tekmedicgloves.com"
185.191.171.43 - - [05/Nov/2022:07:26:09 -0700] "GET /phpMyAdmin/setup/?token=0e27f508f057bac8bcebbe0db5e6d182&version_check=1 HTTP/1.1" 200 12691 "-" "Mozilla/5.0 (compatible; SemrushBot/7~bl; +http://www.semrush.com/bot.html)" "www.tekmedicgloves.com"
185.191.171.43 - - [05/Nov/2022:07:26:13 -0700] "GET /phpMyAdmin/setup/?token=eaa8f6470c043bae38870402dbc69631&version_check=1 HTTP/1.1" 200 12687 "-" "Mozilla/5.0 (compatible; SemrushBot/7~bl; +http://www.semrush.com/bot.html)" "tekmedicgloves.com"
185.191.171.35 - - [05/Nov/2022:07:26:23 -0700] "GET /phpMyAdmin/setup/?token=eeb65181c9331bf0c44f9efa8e798b23&version_check=1 HTTP/1.1" 200 12691 "-" "Mozilla/5.0 (compatible; SemrushBot/7~bl; +http://www.semrush.com/bot.html)" "www.tekmedicgloves.com"
185.191.171.23 - - [05/Nov/2022:07:26:30 -0700] "GET /phpMyAdmin/setup/?token=ecf3c0d16c54d78493cc06159b2f3796&version_check=1 HTTP/1.1" 200 12691 "-" "Mozilla/5.0 (compatible; SemrushBot/7~bl; +http://www.semrush.com/bot.html)" "www.tekmedicgloves.com"
185.191.171.6 - - [05/Nov/2022:07:26:44 -0700] "GET /phpMyAdmin/setup/?token=e838b1d1593a868f4a4c72ca3546f747&version_check=1 HTTP/1.1" 200 12687 "-" "Mozilla/5.0 (compatible; SemrushBot/7~bl; +http://www.semrush.com/bot.html)" "tekmedicgloves.com"
185.191.171.13 - - [05/Nov/2022:07:26:47 -0700] "GET /phpMyAdmin/setup/?token=f1be366d39303e3737c122ee4d393891&version_check=1 HTTP/1.1" 200 12691 "-" "Mozilla/5.0 (compatible; SemrushBot/7~bl; +http://www.semrush.com/bot.html)" "www.tekmedicgloves.com"
185.191.171.25 - - [05/Nov/2022:07:26:53 -0700] "GET /phpMyAdmin/setup/?token=f357239db0e6179a0c4373ee8115baaa&version_check=1 HTTP/1.1" 200 12691 "-" "Mozilla/5.0 (compatible; SemrushBot/7~bl; +http://www.semrush.com/bot.html)" "www.tekmedicgloves.com"
185.191.171.18 - - [05/Nov/2022:07:26:55 -0700] "GET /phpMyAdmin/setup/?token=041c12871e0bff2f30fcca4858be5e57&version_check=1 HTTP/1.1" 200 12687 "-" "Mozilla/5.0 (compatible; SemrushBot/7~bl; +http://www.semrush.com/bot.html)" "tekmedicgloves.com"
185.191.171.10 - - [05/Nov/2022:07:27:08 -0700] "GET /phpMyAdmin/setup/?token=efa123aefa493043cff099d7e90dd434&version_check=1 HTTP/1.1" 200 12687 "-" "Mozilla/5.0 (compatible; SemrushBot/7~bl; +http://www.semrush.com/bot.html)" "tekmedicgloves.com"
185.191.171.4 - - [05/Nov/2022:07:27:10 -0700] "GET /phpMyAdmin/setup/?token=f7bddf4baad76cd43eac9d871e70e368&version_check=1 HTTP/1.1" 200 12687 "-" "Mozilla/5.0 (compatible; SemrushBot/7~bl; +http://www.semrush.com/bot.html)" "tekmedicgloves.com"
185.191.171.35 - - [05/Nov/2022:07:27:16 -0700] "GET /phpMyAdmin/setup/?token=11807a599721fbe5e33765c8cafe1266&version_check=1 HTTP/1.1" 200 12687 "-" "Mozilla/5.0 (compatible; SemrushBot/7~bl; +http://www.semrush.com/bot.html)" "tekmedicgloves.com"
185.191.171.42 - - [05/Nov/2022:07:27:17 -0700] "GET /phpMyAdmin/setup/?token=f06571bf0850a66451a75a8cf9da8909&version_check=1 HTTP/1.1" 200 12687 "-" "Mozilla/5.0 (compatible; SemrushBot/7~bl; +http://www.semrush.com/bot.html)" "tekmedicgloves.com"
185.191.171.43 - - [05/Nov/2022:07:27:23 -0700] "GET /phpMyAdmin/setup/?token=fb79f42bea5891f9b1d6d7635e9cc46d&version_check=1 HTTP/1.1" 200 12687 "-" "Mozilla/5.0 (compatible; SemrushBot/7~bl; +http://www.semrush.com/bot.html)" "tekmedicgloves.com"
185.191.171.35 - - [05/Nov/2022:07:27:25 -0700] "GET /phpMyAdmin/setup/?token=d2fcc4196f601e79b9a140f28d52ada5&version_check=1 HTTP/1.1" 200 12687 "-" "Mozilla/5.0 (compatible; SemrushBot/7~bl; +http://www.semrush.com/bot.html)" "tekmedicgloves.com"
185.191.171.2 - - [05/Nov/2022:07:27:31 -0700] "GET /phpMyAdmin/setup/?token=0ebd5fbb8cd85a5325c6765dc4041a89&version_check=1 HTTP/1.1" 200 12691 "-" "Mozilla/5.0 (compatible; SemrushBot/7~bl; +http://www.semrush.com/bot.html)" "www.tekmedicgloves.com"
185.191.171.42 - - [05/Nov/2022:07:27:40 -0700] "GET /phpMyAdmin/setup/?token=bde854b2265408a69cc8f52703abddc9&version_check=1 HTTP/1.1" 200 12691 "-" "Mozilla/5.0 (compatible; SemrushBot/7~bl; +http://www.semrush.com/bot.html)" "www.tekmedicgloves.com"
185.191.171.40 - - [05/Nov/2022:07:27:47 -0700] "GET /phpMyAdmin/setup/?token=f689287996d192bbdd2f7e3e9fe58021&version_check=1 HTTP/1.1" 200 12687 "-" "Mozilla/5.0 (compatible; SemrushBot/7~bl; +http://www.semrush.com/bot.html)" "tekmedicgloves.com"
185.191.171.8 - - [05/Nov/2022:07:27:50 -0700] "GET /phpMyAdmin/setup/?token=ea3c95eebc7096ba6de26da44341d003&version_check=1 HTTP/1.1" 200 12687 "-" "Mozilla/5.0 (compatible; SemrushBot/7~bl; +http://www.semrush.com/bot.html)" "tekmedicgloves.com"
185.191.171.8 - - [05/Nov/2022:07:27:56 -0700] "GET /phpMyAdmin/setup/?token=fad2a186cc75fdce2dd87a084b9c6a8f&version_check=1 HTTP/1.1" 200 12691 "-" "Mozilla/5.0 (compatible; SemrushBot/7~bl; +http://www.semrush.com/bot.html)" "www.tekmedicgloves.com"
185.191.171.19 - - [05/Nov/2022:07:27:58 -0700] "GET /phpMyAdmin/setup/?token=e5fd9216e494c9cf9c837d3df6151868&version_check=1 HTTP/1.1" 200 12691 "-" "Mozilla/5.0 (compatible; SemrushBot/7~bl; +http://www.semrush.com/bot.html)" "www.tekmedicgloves.com"
185.191.171.1 - - [05/Nov/2022:07:28:08 -0700] "GET /phpMyAdmin/setup/?token=eacec179b39a923119702c1796e2512d&version_check=1 HTTP/1.1" 200 12691 "-" "Mozilla/5.0 (compatible; SemrushBot/7~bl; +http://www.semrush.com/bot.html)" "www.tekmedicgloves.com"
185.191.171.40 - - [05/Nov/2022:07:28:10 -0700] "GET /phpMyAdmin/setup/?token=a7579af6236c3ee533bb34fb16fbf815&version_check=1 HTTP/1.1" 200 12691 "-" "Mozilla/5.0 (compatible; SemrushBot/7~bl; +http://www.semrush.com/bot.html)" "www.tekmedicgloves.com"
185.191.171.10 - - [05/Nov/2022:07:28:31 -0700] "GET /phpMyAdmin/setup/?token=09db32df8ccdd495179b8c21ece16864&version_check=1 HTTP/1.1" 200 12691 "-" "Mozilla/5.0 (compatible; SemrushBot/7~bl; +http://www.semrush.com/bot.html)" "www.tekmedicgloves.com"
114.119.139.247 - - [05/Nov/2022:07:28:37 -0700] "GET /?C=S%3BO%3DA HTTP/1.1" 200 347 "https://tekmedicgloves.com/" "Mozilla/5.0 (Linux; Android 7.0;) AppleWebKit/537.36 (KHTML, like Gecko) Mobile Safari/537.36 (compatible; PetalBot;+https://webmaster.petalsearch.com/site/petalbot)" "tekmedicgloves.com"
185.191.171.12 - - [05/Nov/2022:07:29:05 -0700] "GET /phpMyAdmin/setup/?token=bf17b6e7af74bb1efdb2d23e82db8206&version_check=1 HTTP/1.1" 200 12691 "-" "Mozilla/5.0 (compatible; SemrushBot/7~bl; +http://www.semrush.com/bot.html)" "www.tekmedicgloves.com"
185.191.171.44 - - [05/Nov/2022:07:29:06 -0700] "GET /phpMyAdmin/setup/?token=d8380c509b26d5b53725948fe12a4a5b&version_check=1 HTTP/1.1" 200 12687 "-" "Mozilla/5.0 (compatible; SemrushBot/7~bl; +http://www.semrush.com/bot.html)" "tekmedicgloves.com"
185.191.171.40 - - [05/Nov/2022:07:29:09 -0700] "GET /phpMyAdmin/setup/?token=e7ae4f39c22971eecde5459b00d35384&version_check=1 HTTP/1.1" 200 12691 "-" "Mozilla/5.0 (compatible; SemrushBot/7~bl; +http://www.semrush.com/bot.html)" "www.tekmedicgloves.com"
185.191.171.24 - - [05/Nov/2022:07:29:18 -0700] "GET /phpMyAdmin/setup/?token=d45f3d7145352feca3bfdf9e750bbe3d&version_check=1 HTTP/1.1" 200 12687 "-" "Mozilla/5.0 (compatible; SemrushBot/7~bl; +http://www.semrush.com/bot.html)" "tekmedicgloves.com"
185.191.171.23 - - [05/Nov/2022:07:29:22 -0700] "GET /phpMyAdmin/setup/?token=f99650d5c709789264fb29b2e969d994&version_check=1 HTTP/1.1" 200 12691 "-" "Mozilla/5.0 (compatible; SemrushBot/7~bl; +http://www.semrush.com/bot.html)" "www.tekmedicgloves.com"
185.191.171.2 - - [05/Nov/2022:07:29:39 -0700] "GET /phpMyAdmin/setup/?token=efba22ea56d0c9a7b8f83fdfcb7f4228&version_check=1 HTTP/1.1" 200 12687 "-" "Mozilla/5.0 (compatible; SemrushBot/7~bl; +http://www.semrush.com/bot.html)" "tekmedicgloves.com"
185.191.171.25 - - [05/Nov/2022:07:29:44 -0700] "GET /robots.txt HTTP/1.1" 404 88 "-" "Mozilla/5.0 (compatible; SemrushBot/7~bl; +http://www.semrush.com/bot.html)" "www.tekmedicgloves.com"
185.191.171.26 - - [05/Nov/2022:07:29:45 -0700] "GET /phpMyAdmin/setup/?token=e78ea46a047f5b055a4d59bf1c27b0f7&version_check=1 HTTP/1.1" 200 12691 "-" "Mozilla/5.0 (compatible; SemrushBot/7~bl; +http://www.semrush.com/bot.html)" "www.tekmedicgloves.com"
185.191.171.8 - - [05/Nov/2022:07:29:47 -0700] "GET /phpMyAdmin/setup/?token=d6e5a606591ccd6d3f875e48a61a5912&version_check=1 HTTP/1.1" 200 12687 "-" "Mozilla/5.0 (compatible; SemrushBot/7~bl; +http://www.semrush.com/bot.html)" "tekmedicgloves.com"
185.191.171.37 - - [05/Nov/2022:07:30:00 -0700] "GET /phpMyAdmin/setup/?token=010844de68556cc6bc1f42486f0986b4&version_check=1 HTTP/1.1" 200 12691 "-" "Mozilla/5.0 (compatible; SemrushBot/7~bl; +http://www.semrush.com/bot.html)" "www.tekmedicgloves.com"
185.191.171.45 - - [05/Nov/2022:07:30:08 -0700] "GET /phpMyAdmin/setup/?token=0ee050926d5a4d1e78e2be6969700535&version_check=1 HTTP/1.1" 200 12687 "-" "Mozilla/5.0 (compatible; SemrushBot/7~bl; +http://www.semrush.com/bot.html)" "tekmedicgloves.com"
185.191.171.44 - - [05/Nov/2022:07:30:29 -0700] "GET /phpMyAdmin/setup/?token=08d791c3af71df3862ec81d34312f0a9&version_check=1 HTTP/1.1" 200 12691 "-" "Mozilla/5.0 (compatible; SemrushBot/7~bl; +http://www.semrush.com/bot.html)" "www.tekmedicgloves.com"
185.191.171.33 - - [05/Nov/2022:07:30:38 -0700] "GET /phpMyAdmin/setup/?token=eea9a8f55ac24d5ce970d7b47ed29724&version_check=1 HTTP/1.1" 200 12687 "-" "Mozilla/5.0 (compatible; SemrushBot/7~bl; +http://www.semrush.com/bot.html)" "tekmedicgloves.com"
185.191.171.45 - - [05/Nov/2022:07:30:50 -0700] "GET /phpMyAdmin/setup/?token=e8174077ac0abbcf8f7c400d83cb5b56&version_check=1 HTTP/1.1" 200 12691 "-" "Mozilla/5.0 (compatible; SemrushBot/7~bl; +http://www.semrush.com/bot.html)" "www.tekmedicgloves.com"
185.191.171.33 - - [05/Nov/2022:07:30:55 -0700] "GET /phpMyAdmin/setup/?token=ec1c27a27c78058ea8b86184b7eb660c&version_check=1 HTTP/1.1" 200 12691 "-" "Mozilla/5.0 (compatible; SemrushBot/7~bl; +http://www.semrush.com/bot.html)" "www.tekmedicgloves.com"
185.191.171.5 - - [05/Nov/2022:07:31:13 -0700] "GET /phpMyAdmin/setup/?token=fd9dd65742b42ec88b581fb99d0c48d5&version_check=1 HTTP/1.1" 200 12687 "-" "Mozilla/5.0 (compatible; SemrushBot/7~bl; +http://www.semrush.com/bot.html)" "tekmedicgloves.com"
185.191.171.34 - - [05/Nov/2022:07:31:16 -0700] "GET /phpMyAdmin/setup/?token=c15bda25fd73f24a0a326d5c11fae3b4&version_check=1 HTTP/1.1" 200 12691 "-" "Mozilla/5.0 (compatible; SemrushBot/7~bl; +http://www.semrush.com/bot.html)" "www.tekmedicgloves.com"
185.191.171.20 - - [05/Nov/2022:07:31:36 -0700] "GET /phpMyAdmin/setup/?token=d27811d9d07215b278ca8dfa368291a7&version_check=1 HTTP/1.1" 200 12687 "-" "Mozilla/5.0 (compatible; SemrushBot/7~bl; +http://www.semrush.com/bot.html)" "tekmedicgloves.com"
185.191.171.5 - - [05/Nov/2022:07:31:39 -0700] "GET /phpMyAdmin/setup/?token=fbfb05f3a9f17ed10fb06c315b979e42&version_check=1 HTTP/1.1" 200 12687 "-" "Mozilla/5.0 (compatible; SemrushBot/7~bl; +http://www.semrush.com/bot.html)" "tekmedicgloves.com"
185.191.171.4 - - [05/Nov/2022:07:31:43 -0700] "GET /phpMyAdmin/setup/?token=d24bc187bfe8df071a88c25c2759b3be&version_check=1 HTTP/1.1" 200 12687 "-" "Mozilla/5.0 (compatible; SemrushBot/7~bl; +http://www.semrush.com/bot.html)" "tekmedicgloves.com"
185.191.171.3 - - [05/Nov/2022:07:31:49 -0700] "GET /phpMyAdmin/setup/?token=f0aabf067f0619b3a68fce9b4f8445d4&version_check=1 HTTP/1.1" 200 12687 "-" "Mozilla/5.0 (compatible; SemrushBot/7~bl; +http://www.semrush.com/bot.html)" "tekmedicgloves.com"
185.191.171.13 - - [05/Nov/2022:07:32:15 -0700] "GET /phpMyAdmin/setup/?token=c45ccd35764bf2f3f9518e7eaf5e4caa&version_check=1 HTTP/1.1" 200 12691 "-" "Mozilla/5.0 (compatible; SemrushBot/7~bl; +http://www.semrush.com/bot.html)" "www.tekmedicgloves.com"
185.191.171.4 - - [05/Nov/2022:07:32:33 -0700] "GET /phpMyAdmin/setup/?token=d616e4ddf704a7c8140225d9aec5f9fa&version_check=1 HTTP/1.1" 200 12687 "-" "Mozilla/5.0 (compatible; SemrushBot/7~bl; +http://www.semrush.com/bot.html)" "tekmedicgloves.com"
185.191.171.5 - - [05/Nov/2022:07:32:41 -0700] "GET /phpMyAdmin/setup/?token=e53c272a66372601300dfc91d1b1236c&version_check=1 HTTP/1.1" 200 12687 "-" "Mozilla/5.0 (compatible; SemrushBot/7~bl; +http://www.semrush.com/bot.html)" "tekmedicgloves.com"
185.191.171.45 - - [05/Nov/2022:07:32:48 -0700] "GET /phpMyAdmin/setup/?token=f3a5b1ad7bc152d340e258fa64ea824a&version_check=1 HTTP/1.1" 200 12691 "-" "Mozilla/5.0 (compatible; SemrushBot/7~bl; +http://www.semrush.com/bot.html)" "www.tekmedicgloves.com"
185.191.171.45 - - [05/Nov/2022:07:32:56 -0700] "GET /phpMyAdmin/setup/?token=ebebc70c6ab85ccd1f31a45317896dee&version_check=1 HTTP/1.1" 200 12691 "-" "Mozilla/5.0 (compatible; SemrushBot/7~bl; +http://www.semrush.com/bot.html)" "www.tekmedicgloves.com"
185.191.171.45 - - [05/Nov/2022:07:32:59 -0700] "GET /phpMyAdmin/setup/?token=eb8cd6022e7ead82b3be3ff2f82379c7&version_check=1 HTTP/1.1" 200 12691 "-" "Mozilla/5.0 (compatible; SemrushBot/7~bl; +http://www.semrush.com/bot.html)" "www.tekmedicgloves.com"
185.191.171.15 - - [05/Nov/2022:07:33:13 -0700] "GET /phpMyAdmin/setup/?token=115e7eeddc1bf0ee49cbdee0c0db2050&version_check=1 HTTP/1.1" 200 12687 "-" "Mozilla/5.0 (compatible; SemrushBot/7~bl; +http://www.semrush.com/bot.html)" "tekmedicgloves.com"
185.191.171.26 - - [05/Nov/2022:07:33:30 -0700] "GET /phpMyAdmin/setup/?token=cfcf0b4e1b5e74b2a44c6a7b0cc07885&version_check=1 HTTP/1.1" 200 12687 "-" "Mozilla/5.0 (compatible; SemrushBot/7~bl; +http://www.semrush.com/bot.html)" "tekmedicgloves.com"
114.119.139.110 - - [05/Nov/2022:07:33:40 -0700] "GET /phpMyAdmin/ HTTP/1.1" 200 7540 "https://www.tekmedicgloves.com/?C=S%3BO%3DA" "Mozilla/5.0 (Linux; Android 7.0;) AppleWebKit/537.36 (KHTML, like Gecko) Mobile Safari/537.36 (compatible; PetalBot;+https://webmaster.petalsearch.com/site/petalbot)" "www.tekmedicgloves.com"
185.191.171.18 - - [05/Nov/2022:07:33:43 -0700] "GET /phpMyAdmin/setup/?token=0706d8ed67e411884300a6a10a42d990&version_check=1 HTTP/1.1" 200 12691 "-" "Mozilla/5.0 (compatible; SemrushBot/7~bl; +http://www.semrush.com/bot.html)" "www.tekmedicgloves.com"
185.191.171.44 - - [05/Nov/2022:07:33:51 -0700] "GET /phpMyAdmin/setup/?token=096e78f5a76f9c5529c347c8006802ca&version_check=1 HTTP/1.1" 200 12687 "-" "Mozilla/5.0 (compatible; SemrushBot/7~bl; +http://www.semrush.com/bot.html)" "tekmedicgloves.com"
185.191.171.2 - - [05/Nov/2022:07:33:57 -0700] "GET /phpMyAdmin/setup/?token=0dd2c6702b65cb932467d2f4d38cd936&version_check=1 HTTP/1.1" 200 12691 "-" "Mozilla/5.0 (compatible; SemrushBot/7~bl; +http://www.semrush.com/bot.html)" "www.tekmedicgloves.com"
185.191.171.40 - - [05/Nov/2022:07:33:59 -0700] "GET /phpMyAdmin/setup/?token=e9d21853ab164e9fa73262bdcf851c61&version_check=1 HTTP/1.1" 200 12687 "-" "Mozilla/5.0 (compatible; SemrushBot/7~bl; +http://www.semrush.com/bot.html)" "tekmedicgloves.com"
185.191.171.18 - - [05/Nov/2022:07:34:03 -0700] "GET /phpMyAdmin/setup/?token=b8f2bac0efb23202b7e1086e1836b87c&version_check=1 HTTP/1.1" 200 12691 "-" "Mozilla/5.0 (compatible; SemrushBot/7~bl; +http://www.semrush.com/bot.html)" "www.tekmedicgloves.com"
185.191.171.39 - - [05/Nov/2022:07:34:06 -0700] "GET /phpMyAdmin/setup/?token=c4c483edff50c157545d5790ff53c374&version_check=1 HTTP/1.1" 200 12691 "-" "Mozilla/5.0 (compatible; SemrushBot/7~bl; +http://www.semrush.com/bot.html)" "www.tekmedicgloves.com"
185.191.171.42 - - [05/Nov/2022:07:34:10 -0700] "GET /phpMyAdmin/setup/?token=e8eb4a18a8adac0cd5235617a280826e&version_check=1 HTTP/1.1" 200 12687 "-" "Mozilla/5.0 (compatible; SemrushBot/7~bl; +http://www.semrush.com/bot.html)" "tekmedicgloves.com"
185.191.171.4 - - [05/Nov/2022:07:34:15 -0700] "GET /phpMyAdmin/setup/?token=00337a80803629b1cb519651249c50ab&version_check=1 HTTP/1.1" 200 12691 "-" "Mozilla/5.0 (compatible; SemrushBot/7~bl; +http://www.semrush.com/bot.html)" "www.tekmedicgloves.com"
185.191.171.5 - - [05/Nov/2022:07:34:17 -0700] "GET /phpMyAdmin/setup/?token=cf242f4a47c700d56bc702b483a19253&version_check=1 HTTP/1.1" 200 12691 "-" "Mozilla/5.0 (compatible; SemrushBot/7~bl; +http://www.semrush.com/bot.html)" "www.tekmedicgloves.com"
185.191.171.2 - - [05/Nov/2022:07:34:34 -0700] "GET /phpMyAdmin/setup/?token=008c39aa91c5ac0313f09ff7ca82f91c&version_check=1 HTTP/1.1" 200 12691 "-" "Mozilla/5.0 (compatible; SemrushBot/7~bl; +http://www.semrush.com/bot.html)" "www.tekmedicgloves.com"
185.191.171.24 - - [05/Nov/2022:07:34:36 -0700] "GET /phpMyAdmin/setup/?token=e9a1a14d7d26dfeebd9c5d57003464fd&version_check=1 HTTP/1.1" 200 12691 "-" "Mozilla/5.0 (compatible; SemrushBot/7~bl; +http://www.semrush.com/bot.html)" "www.tekmedicgloves.com"
185.191.171.24 - - [05/Nov/2022:07:34:47 -0700] "GET /phpMyAdmin/setup/?token=e5ba5c1c1978cd99f4163b0237b7f7a7&version_check=1 HTTP/1.1" 200 12691 "-" "Mozilla/5.0 (compatible; SemrushBot/7~bl; +http://www.semrush.com/bot.html)" "www.tekmedicgloves.com"
185.191.171.8 - - [05/Nov/2022:07:34:50 -0700] "GET /phpMyAdmin/setup/?token=d8025813dd485b4a214ec7fe7bb19e03&version_check=1 HTTP/1.1" 200 12687 "-" "Mozilla/5.0 (compatible; SemrushBot/7~bl; +http://www.semrush.com/bot.html)" "tekmedicgloves.com"
185.191.171.45 - - [05/Nov/2022:07:35:00 -0700] "GET /phpMyAdmin/setup/?token=d5b47514fc892ee8e6e59d0ef8e3c0fb&version_check=1 HTTP/1.1" 200 12687 "-" "Mozilla/5.0 (compatible; SemrushBot/7~bl; +http://www.semrush.com/bot.html)" "tekmedicgloves.com"
185.191.171.10 - - [05/Nov/2022:07:35:11 -0700] "GET /phpMyAdmin/setup/?token=ee749d47323743393e4e4af54f8bcee8&version_check=1 HTTP/1.1" 200 12691 "-" "Mozilla/5.0 (compatible; SemrushBot/7~bl; +http://www.semrush.com/bot.html)" "www.tekmedicgloves.com"
185.191.171.1 - - [05/Nov/2022:07:35:27 -0700] "GET /robots.txt HTTP/1.1" 404 88 "-" "Mozilla/5.0 (compatible; SemrushBot/7~bl; +http://www.semrush.com/bot.html)" "tekmedicgloves.com"
185.191.171.5 - - [05/Nov/2022:07:35:28 -0700] "GET /phpMyAdmin/setup/?token=dc31be725373814eb8b2ef22f110eae5&version_check=1 HTTP/1.1" 200 12687 "-" "Mozilla/5.0 (compatible; SemrushBot/7~bl; +http://www.semrush.com/bot.html)" "tekmedicgloves.com"
185.191.171.25 - - [05/Nov/2022:07:35:29 -0700] "GET /phpMyAdmin/setup/?token=e1519cb6a0f1cb8803a1054d6189dccb&version_check=1 HTTP/1.1" 200 12687 "-" "Mozilla/5.0 (compatible; SemrushBot/7~bl; +http://www.semrush.com/bot.html)" "tekmedicgloves.com"
185.191.171.23 - - [05/Nov/2022:07:35:37 -0700] "GET /phpMyAdmin/setup/?token=04d8a8dd8676e179e9eea1b39eec8695&version_check=1 HTTP/1.1" 200 12691 "-" "Mozilla/5.0 (compatible; SemrushBot/7~bl; +http://www.semrush.com/bot.html)" "www.tekmedicgloves.com"
185.191.171.8 - - [05/Nov/2022:07:35:46 -0700] "GET /phpMyAdmin/setup/?token=0a501c1c0211cc45ca31f0cecbe15f93&version_check=1 HTTP/1.1" 200 12687 "-" "Mozilla/5.0 (compatible; SemrushBot/7~bl; +http://www.semrush.com/bot.html)" "tekmedicgloves.com"
185.191.171.24 - - [05/Nov/2022:07:35:56 -0700] "GET /phpMyAdmin/setup/?token=dc1175bbffc5f9b17f7760fb44b2370e&version_check=1 HTTP/1.1" 200 12687 "-" "Mozilla/5.0 (compatible; SemrushBot/7~bl; +http://www.semrush.com/bot.html)" "tekmedicgloves.com"
185.191.171.26 - - [05/Nov/2022:07:36:00 -0700] "GET /phpMyAdmin/setup/?token=e2b5d8ee74954cda2324b6c7e364f630&version_check=1 HTTP/1.1" 200 12687 "-" "Mozilla/5.0 (compatible; SemrushBot/7~bl; +http://www.semrush.com/bot.html)" "tekmedicgloves.com"
185.191.171.23 - - [05/Nov/2022:07:36:02 -0700] "GET /phpMyAdmin/setup/?token=0f94b5b743b702a965d59486749b118a&version_check=1 HTTP/1.1" 200 12687 "-" "Mozilla/5.0 (compatible; SemrushBot/7~bl; +http://www.semrush.com/bot.html)" "tekmedicgloves.com"
185.191.171.11 - - [05/Nov/2022:07:36:16 -0700] "GET /phpMyAdmin/setup/?token=e1e441b91385d7d3b783aff52cc7f4be&version_check=1 HTTP/1.1" 200 12687 "-" "Mozilla/5.0 (compatible; SemrushBot/7~bl; +http://www.semrush.com/bot.html)" "tekmedicgloves.com"
185.191.171.15 - - [05/Nov/2022:07:36:23 -0700] "GET /phpMyAdmin/setup/?token=d66021458ecd0bcbf13f80d53554513d&version_check=1 HTTP/1.1" 200 12687 "-" "Mozilla/5.0 (compatible; SemrushBot/7~bl; +http://www.semrush.com/bot.html)" "tekmedicgloves.com"
185.191.171.35 - - [05/Nov/2022:07:36:40 -0700] "GET /phpMyAdmin/setup/?token=034110baaef1c310ccd3ca6f61c473be&version_check=1 HTTP/1.1" 200 12691 "-" "Mozilla/5.0 (compatible; SemrushBot/7~bl; +http://www.semrush.com/bot.html)" "www.tekmedicgloves.com"
185.191.171.2 - - [05/Nov/2022:07:36:44 -0700] "GET /phpMyAdmin/setup/?token=eaebe28680f92f16e9d64a13d4d3ef41&version_check=1 HTTP/1.1" 200 12691 "-" "Mozilla/5.0 (compatible; SemrushBot/7~bl; +http://www.semrush.com/bot.html)" "www.tekmedicgloves.com"
185.191.171.5 - - [05/Nov/2022:07:37:24 -0700] "GET /phpMyAdmin/setup/?token=ed505c398f325df5655d6581f356f5b9&version_check=1 HTTP/1.1" 200 12691 "-" "Mozilla/5.0 (compatible; SemrushBot/7~bl; +http://www.semrush.com/bot.html)" "www.tekmedicgloves.com"
185.191.171.45 - - [05/Nov/2022:07:37:31 -0700] "GET /phpMyAdmin/setup/?token=e103d3a1170759cb3ffa9841063b7f1b&version_check=1 HTTP/1.1" 200 12687 "-" "Mozilla/5.0 (compatible; SemrushBot/7~bl; +http://www.semrush.com/bot.html)" "tekmedicgloves.com"
185.191.171.18 - - [05/Nov/2022:07:37:42 -0700] "GET /phpMyAdmin/setup/?token=d91a76a35f798b2449cb2863d161fc4e&version_check=1 HTTP/1.1" 200 12687 "-" "Mozilla/5.0 (compatible; SemrushBot/7~bl; +http://www.semrush.com/bot.html)" "tekmedicgloves.com"
185.191.171.13 - - [05/Nov/2022:07:37:44 -0700] "GET /phpMyAdmin/setup/?token=dd33c14e9fc904b1fa1fc50cb2d33617&version_check=1 HTTP/1.1" 200 12687 "-" "Mozilla/5.0 (compatible; SemrushBot/7~bl; +http://www.semrush.com/bot.html)" "tekmedicgloves.com"
185.191.171.12 - - [05/Nov/2022:07:38:09 -0700] "GET /phpMyAdmin/setup/?token=fdb2ef2edefc786f14f8d1ea6d2dcc2f&version_check=1 HTTP/1.1" 200 12691 "-" "Mozilla/5.0 (compatible; SemrushBot/7~bl; +http://www.semrush.com/bot.html)" "www.tekmedicgloves.com"
185.191.171.33 - - [05/Nov/2022:07:38:11 -0700] "GET /phpMyAdmin/setup/?token=be2a14f58eedbfa55b4a6092eb423638&version_check=1 HTTP/1.1" 200 12691 "-" "Mozilla/5.0 (compatible; SemrushBot/7~bl; +http://www.semrush.com/bot.html)" "www.tekmedicgloves.com"
185.191.171.24 - - [05/Nov/2022:07:38:11 -0700] "GET /phpMyAdmin/setup/?token=db96ff2db93a7377a2a2d4c843515b4a&version_check=1 HTTP/1.1" 200 12687 "-" "Mozilla/5.0 (compatible; SemrushBot/7~bl; +http://www.semrush.com/bot.html)" "tekmedicgloves.com"
185.191.171.23 - - [05/Nov/2022:07:38:12 -0700] "GET /phpMyAdmin/setup/?token=e9ddc18597afe482cb177539b39596d4&version_check=1 HTTP/1.1" 200 12691 "-" "Mozilla/5.0 (compatible; SemrushBot/7~bl; +http://www.semrush.com/bot.html)" "www.tekmedicgloves.com"
185.191.171.25 - - [05/Nov/2022:07:38:18 -0700] "GET /phpMyAdmin/setup/?token=ee01af843f4e76913a66c612a2fb37b8&version_check=1 HTTP/1.1" 200 12691 "-" "Mozilla/5.0 (compatible; SemrushBot/7~bl; +http://www.semrush.com/bot.html)" "www.tekmedicgloves.com"
185.191.171.33 - - [05/Nov/2022:07:38:23 -0700] "GET /phpMyAdmin/setup/?token=da6ff87078b98b21e86a927c0de7538f&version_check=1 HTTP/1.1" 200 12687 "-" "Mozilla/5.0 (compatible; SemrushBot/7~bl; +http://www.semrush.com/bot.html)" "tekmedicgloves.com"
185.191.171.35 - - [05/Nov/2022:07:38:36 -0700] "GET /phpMyAdmin/setup/?token=0cc97e26823365a8df12448833fd009e&version_check=1 HTTP/1.1" 200 12691 "-" "Mozilla/5.0 (compatible; SemrushBot/7~bl; +http://www.semrush.com/bot.html)" "www.tekmedicgloves.com"
114.119.139.110 - - [05/Nov/2022:07:38:36 -0700] "GET /beta/products.php?cat=20&id=4 HTTP/1.1" 200 52319 "https://tekmedicgloves.com/beta/products.php?cat=20" "Mozilla/5.0 (Linux; Android 7.0;) AppleWebKit/537.36 (KHTML, like Gecko) Mobile Safari/537.36 (compatible; PetalBot;+https://webmaster.petalsearch.com/site/petalbot)" "tekmedicgloves.com"
185.191.171.35 - - [05/Nov/2022:07:38:38 -0700] "GET /phpMyAdmin/setup/?token=e5c18e15be23468c0da0bd8d9186722d&version_check=1 HTTP/1.1" 200 12691 "-" "Mozilla/5.0 (compatible; SemrushBot/7~bl; +http://www.semrush.com/bot.html)" "www.tekmedicgloves.com"
185.191.171.5 - - [05/Nov/2022:07:38:40 -0700] "GET /phpMyAdmin/setup/?token=cddd7833abf25f3ef5cee79a06dd21af&version_check=1 HTTP/1.1" 200 12687 "-" "Mozilla/5.0 (compatible; SemrushBot/7~bl; +http://www.semrush.com/bot.html)" "tekmedicgloves.com"
185.191.171.35 - - [05/Nov/2022:07:38:59 -0700] "GET /phpMyAdmin/setup/?token=f9fdcca6a04362104947a808a3b32805&version_check=1 HTTP/1.1" 200 12691 "-" "Mozilla/5.0 (compatible; SemrushBot/7~bl; +http://www.semrush.com/bot.html)" "www.tekmedicgloves.com"
185.191.171.37 - - [05/Nov/2022:07:39:00 -0700] "GET /phpMyAdmin/setup/?token=d11391403f88b066600442c890f8dee0&version_check=1 HTTP/1.1" 200 12687 "-" "Mozilla/5.0 (compatible; SemrushBot/7~bl; +http://www.semrush.com/bot.html)" "tekmedicgloves.com"
185.191.171.21 - - [05/Nov/2022:07:39:02 -0700] "GET /phpMyAdmin/setup/?token=056153ecd3f2c1e4edded5e713f88409&version_check=1 HTTP/1.1" 200 12691 "-" "Mozilla/5.0 (compatible; SemrushBot/7~bl; +http://www.semrush.com/bot.html)" "www.tekmedicgloves.com"
185.191.171.21 - - [05/Nov/2022:07:39:04 -0700] "GET /phpMyAdmin/setup/?token=0a7dba02ea71a13b901865ded1719900&version_check=1 HTTP/1.1" 200 12691 "-" "Mozilla/5.0 (compatible; SemrushBot/7~bl; +http://www.semrush.com/bot.html)" "www.tekmedicgloves.com"
185.191.171.37 - - [05/Nov/2022:07:39:27 -0700] "GET /phpMyAdmin/setup/?token=000fa68c1b913f765bfe623508aa632b&version_check=1 HTTP/1.1" 200 12691 "-" "Mozilla/5.0 (compatible; SemrushBot/7~bl; +http://www.semrush.com/bot.html)" "www.tekmedicgloves.com"
185.191.171.4 - - [05/Nov/2022:07:39:31 -0700] "GET /phpMyAdmin/setup/?token=022dcc6747ceb54b0c9874b896db8aa2&version_check=1 HTTP/1.1" 200 12691 "-" "Mozilla/5.0 (compatible; SemrushBot/7~bl; +http://www.semrush.com/bot.html)" "www.tekmedicgloves.com"
185.191.171.3 - - [05/Nov/2022:07:39:32 -0700] "GET /phpMyAdmin/setup/?token=e6a143a903b6b84220fa9eec14426c41&version_check=1 HTTP/1.1" 200 12687 "-" "Mozilla/5.0 (compatible; SemrushBot/7~bl; +http://www.semrush.com/bot.html)" "tekmedicgloves.com"
185.191.171.9 - - [05/Nov/2022:07:39:34 -0700] "GET /phpMyAdmin/setup/?token=d54b88a7b5f014e52b1b73acdeb6239f&version_check=1 HTTP/1.1" 200 12687 "-" "Mozilla/5.0 (compatible; SemrushBot/7~bl; +http://www.semrush.com/bot.html)" "tekmedicgloves.com"
185.191.171.35 - - [05/Nov/2022:07:39:40 -0700] "GET /phpMyAdmin/setup/?token=0013743a91a70a36818214c951dced23&version_check=1 HTTP/1.1" 200 12691 "-" "Mozilla/5.0 (compatible; SemrushBot/7~bl; +http://www.semrush.com/bot.html)" "www.tekmedicgloves.com"
185.191.171.9 - - [05/Nov/2022:07:39:48 -0700] "GET /phpMyAdmin/setup/?token=9e7682c8529f5eea9735b36e008a7d68&version_check=1 HTTP/1.1" 200 12687 "-" "Mozilla/5.0 (compatible; SemrushBot/7~bl; +http://www.semrush.com/bot.html)" "tekmedicgloves.com"
185.191.171.22 - - [05/Nov/2022:07:39:50 -0700] "GET /phpMyAdmin/setup/?token=d21fca23006cb023f42471e44eb9cd79&version_check=1 HTTP/1.1" 200 12687 "-" "Mozilla/5.0 (compatible; SemrushBot/7~bl; +http://www.semrush.com/bot.html)" "tekmedicgloves.com"
185.191.171.40 - - [05/Nov/2022:07:40:13 -0700] "GET /phpMyAdmin/setup/?token=f54d51877cdc68adefab6fd011347685&version_check=1 HTTP/1.1" 200 12687 "-" "Mozilla/5.0 (compatible; SemrushBot/7~bl; +http://www.semrush.com/bot.html)" "tekmedicgloves.com"
185.191.171.34 - - [05/Nov/2022:07:40:17 -0700] "GET /phpMyAdmin/setup/?token=f879315ec20f2f4e55daf39751fb50d3&version_check=1 HTTP/1.1" 200 12687 "-" "Mozilla/5.0 (compatible; SemrushBot/7~bl; +http://www.semrush.com/bot.html)" "tekmedicgloves.com"
185.191.171.41 - - [05/Nov/2022:07:40:21 -0700] "GET /phpMyAdmin/setup/?token=e9b45870ce9d4c861d1463fe0c8eebcc&version_check=1 HTTP/1.1" 200 12691 "-" "Mozilla/5.0 (compatible; SemrushBot/7~bl; +http://www.semrush.com/bot.html)" "www.tekmedicgloves.com"
185.191.171.5 - - [05/Nov/2022:07:40:31 -0700] "GET /phpMyAdmin/setup/?token=0f0397dcdf53ec432fbe7c16862c2c21&version_check=1 HTTP/1.1" 200 12691 "-" "Mozilla/5.0 (compatible; SemrushBot/7~bl; +http://www.semrush.com/bot.html)" "www.tekmedicgloves.com"
185.191.171.38 - - [05/Nov/2022:07:40:39 -0700] "GET /phpMyAdmin/setup/?token=fc6738fef3fe39d262e61f60597d2707&version_check=1 HTTP/1.1" 200 12691 "-" "Mozilla/5.0 (compatible; SemrushBot/7~bl; +http://www.semrush.com/bot.html)" "www.tekmedicgloves.com"
185.191.171.41 - - [05/Nov/2022:07:41:06 -0700] "GET /phpMyAdmin/setup/?token=ecee23c153d0748cfe130f97d6d4bdbe&version_check=1 HTTP/1.1" 200 12687 "-" "Mozilla/5.0 (compatible; SemrushBot/7~bl; +http://www.semrush.com/bot.html)" "tekmedicgloves.com"
185.191.171.25 - - [05/Nov/2022:07:41:22 -0700] "GET /phpMyAdmin/setup/?token=9d91b9998ce7f21b8c9c587e171cf6ac&version_check=1 HTTP/1.1" 200 12687 "-" "Mozilla/5.0 (compatible; SemrushBot/7~bl; +http://www.semrush.com/bot.html)" "tekmedicgloves.com"
185.191.171.2 - - [05/Nov/2022:07:41:29 -0700] "GET /phpMyAdmin/setup/?token=09c28ee9462e806d254ed37078dfbb8a&version_check=1 HTTP/1.1" 200 12687 "-" "Mozilla/5.0 (compatible; SemrushBot/7~bl; +http://www.semrush.com/bot.html)" "tekmedicgloves.com"
185.191.171.12 - - [05/Nov/2022:07:41:30 -0700] "GET /phpMyAdmin/setup/?token=d7366cd0af51394446519d9df0ee3f49&version_check=1 HTTP/1.1" 200 12687 "-" "Mozilla/5.0 (compatible; SemrushBot/7~bl; +http://www.semrush.com/bot.html)" "tekmedicgloves.com"
185.191.171.3 - - [05/Nov/2022:07:42:13 -0700] "GET /phpMyAdmin/setup/?token=b831032aa2f83c943a82a6efd844d3a6&version_check=1 HTTP/1.1" 200 12691 "-" "Mozilla/5.0 (compatible; SemrushBot/7~bl; +http://www.semrush.com/bot.html)" "www.tekmedicgloves.com"
185.191.171.38 - - [05/Nov/2022:07:42:19 -0700] "GET /phpMyAdmin/setup/?token=ed8f8d383e0a5225dc5b9894b416c34f&version_check=1 HTTP/1.1" 200 12691 "-" "Mozilla/5.0 (compatible; SemrushBot/7~bl; +http://www.semrush.com/bot.html)" "www.tekmedicgloves.com"
185.191.171.23 - - [05/Nov/2022:07:42:22 -0700] "GET /phpMyAdmin/setup/?token=eb66aaf6802f3f42b38fde823ef23aec&version_check=1 HTTP/1.1" 200 12691 "-" "Mozilla/5.0 (compatible; SemrushBot/7~bl; +http://www.semrush.com/bot.html)" "www.tekmedicgloves.com"
185.191.171.18 - - [05/Nov/2022:07:42:33 -0700] "GET /phpMyAdmin/setup/?token=d089da3b634faa37703cf60559a71d6e&version_check=1 HTTP/1.1" 200 12687 "-" "Mozilla/5.0 (compatible; SemrushBot/7~bl; +http://www.semrush.com/bot.html)" "tekmedicgloves.com"
185.191.171.33 - - [05/Nov/2022:07:42:39 -0700] "GET /phpMyAdmin/setup/?token=d53cb61d3a18bfd71f5af03b5180f80a&version_check=1 HTTP/1.1" 200 12687 "-" "Mozilla/5.0 (compatible; SemrushBot/7~bl; +http://www.semrush.com/bot.html)" "tekmedicgloves.com"
185.191.171.42 - - [05/Nov/2022:07:42:51 -0700] "GET /phpMyAdmin/setup/?token=0be0476182e270d4bbf666974b68daec&version_check=1 HTTP/1.1" 200 12691 "-" "Mozilla/5.0 (compatible; SemrushBot/7~bl; +http://www.semrush.com/bot.html)" "www.tekmedicgloves.com"
185.191.171.3 - - [05/Nov/2022:07:43:14 -0700] "GET /phpMyAdmin/setup/?token=db21a8d7fce38ef80524d0e9226b112a&version_check=1 HTTP/1.1" 200 12687 "-" "Mozilla/5.0 (compatible; SemrushBot/7~bl; +http://www.semrush.com/bot.html)" "tekmedicgloves.com"
185.191.171.8 - - [05/Nov/2022:07:43:18 -0700] "GET /phpMyAdmin/setup/?token=edfd27c51002cbbe9ecae3c8e705d6d3&version_check=1 HTTP/1.1" 200 12691 "-" "Mozilla/5.0 (compatible; SemrushBot/7~bl; +http://www.semrush.com/bot.html)" "www.tekmedicgloves.com"
185.191.171.19 - - [05/Nov/2022:07:43:20 -0700] "GET /phpMyAdmin/setup/?token=fc5dd1b881d1007f2eed95cd0286dec6&version_check=1 HTTP/1.1" 200 12691 "-" "Mozilla/5.0 (compatible; SemrushBot/7~bl; +http://www.semrush.com/bot.html)" "www.tekmedicgloves.com"
185.191.171.8 - - [05/Nov/2022:07:43:21 -0700] "GET /phpMyAdmin/setup/?token=cf9ac76d6d1a1e90469778f62ba72e6f&version_check=1 HTTP/1.1" 200 12687 "-" "Mozilla/5.0 (compatible; SemrushBot/7~bl; +http://www.semrush.com/bot.html)" "tekmedicgloves.com"
185.191.171.35 - - [05/Nov/2022:07:43:22 -0700] "GET /phpMyAdmin/setup/?token=f47913b33a2d7ad52224ee919ade1516&version_check=1 HTTP/1.1" 200 12691 "-" "Mozilla/5.0 (compatible; SemrushBot/7~bl; +http://www.semrush.com/bot.html)" "www.tekmedicgloves.com"
185.191.171.2 - - [05/Nov/2022:07:43:28 -0700] "GET /phpMyAdmin/setup/?token=d0f8d3d36b52c7994affd211304c7e1c&version_check=1 HTTP/1.1" 200 12687 "-" "Mozilla/5.0 (compatible; SemrushBot/7~bl; +http://www.semrush.com/bot.html)" "tekmedicgloves.com"
185.191.171.24 - - [05/Nov/2022:07:43:50 -0700] "GET /phpMyAdmin/setup/?token=b8f5c3133f5047810dc8cfafc62e9835&version_check=1 HTTP/1.1" 200 12691 "-" "Mozilla/5.0 (compatible; SemrushBot/7~bl; +http://www.semrush.com/bot.html)" "www.tekmedicgloves.com"
185.191.171.7 - - [05/Nov/2022:07:43:51 -0700] "GET /phpMyAdmin/setup/?token=d2bff80bfbecdd991901e7458c6342b3&version_check=1 HTTP/1.1" 200 12687 "-" "Mozilla/5.0 (compatible; SemrushBot/7~bl; +http://www.semrush.com/bot.html)" "tekmedicgloves.com"
185.191.171.3 - - [05/Nov/2022:07:44:01 -0700] "GET /phpMyAdmin/setup/?token=cbce76e42c5cca45d0faa1900c41e122&version_check=1 HTTP/1.1" 200 12691 "-" "Mozilla/5.0 (compatible; SemrushBot/7~bl; +http://www.semrush.com/bot.html)" "www.tekmedicgloves.com"
185.191.171.4 - - [05/Nov/2022:07:44:14 -0700] "GET /phpMyAdmin/setup/?token=e949789ff4e7e31d0c225913ee325fdb&version_check=1 HTTP/1.1" 200 12691 "-" "Mozilla/5.0 (compatible; SemrushBot/7~bl; +http://www.semrush.com/bot.html)" "www.tekmedicgloves.com"
185.191.171.26 - - [05/Nov/2022:07:44:44 -0700] "GET /phpMyAdmin/setup/?token=bffea2ac2571837884935cfd7e52f20b&version_check=1 HTTP/1.1" 200 12691 "-" "Mozilla/5.0 (compatible; SemrushBot/7~bl; +http://www.semrush.com/bot.html)" "www.tekmedicgloves.com"
185.191.171.2 - - [05/Nov/2022:07:44:46 -0700] "GET /phpMyAdmin/setup/?token=05c9ee9818d222f789924683ae849853&version_check=1 HTTP/1.1" 200 12691 "-" "Mozilla/5.0 (compatible; SemrushBot/7~bl; +http://www.semrush.com/bot.html)" "www.tekmedicgloves.com"
185.191.171.4 - - [05/Nov/2022:07:44:48 -0700] "GET /phpMyAdmin/setup/?token=f47aa82b44cc9843ae88747be232b099&version_check=1 HTTP/1.1" 200 12691 "-" "Mozilla/5.0 (compatible; SemrushBot/7~bl; +http://www.semrush.com/bot.html)" "www.tekmedicgloves.com"
185.191.171.42 - - [05/Nov/2022:07:44:51 -0700] "GET /phpMyAdmin/setup/?token=eddc013c1da9bfdfc15e9b31060ba043&version_check=1 HTTP/1.1" 200 12691 "-" "Mozilla/5.0 (compatible; SemrushBot/7~bl; +http://www.semrush.com/bot.html)" "www.tekmedicgloves.com"
185.191.171.16 - - [05/Nov/2022:07:45:22 -0700] "GET /phpMyAdmin/setup/?token=d21c58dba7649d95895e8203abe84bd2&version_check=1 HTTP/1.1" 200 12687 "-" "Mozilla/5.0 (compatible; SemrushBot/7~bl; +http://www.semrush.com/bot.html)" "tekmedicgloves.com"
185.191.171.22 - - [05/Nov/2022:07:45:25 -0700] "GET /phpMyAdmin/setup/?token=ceecdeacc0f48b0ed2020213976f9151&version_check=1 HTTP/1.1" 200 12687 "-" "Mozilla/5.0 (compatible; SemrushBot/7~bl; +http://www.semrush.com/bot.html)" "tekmedicgloves.com"
185.191.171.34 - - [05/Nov/2022:07:45:33 -0700] "GET /phpMyAdmin/setup/?token=d18cd40fbe14d5a33f8a16a0094ac4cf&version_check=1 HTTP/1.1" 200 12687 "-" "Mozilla/5.0 (compatible; SemrushBot/7~bl; +http://www.semrush.com/bot.html)" "tekmedicgloves.com"
185.191.171.17 - - [05/Nov/2022:07:45:50 -0700] "GET /phpMyAdmin/setup/?token=f825b526d60bea1a64a3a2b935c8a720&version_check=1 HTTP/1.1" 200 12687 "-" "Mozilla/5.0 (compatible; SemrushBot/7~bl; +http://www.semrush.com/bot.html)" "tekmedicgloves.com"
185.191.171.42 - - [05/Nov/2022:07:45:52 -0700] "GET /phpMyAdmin/setup/?token=de2e1093645f7d26b6fcd4ca842ff5b4&version_check=1 HTTP/1.1" 200 12687 "-" "Mozilla/5.0 (compatible; SemrushBot/7~bl; +http://www.semrush.com/bot.html)" "tekmedicgloves.com"
185.191.171.42 - - [05/Nov/2022:07:45:57 -0700] "GET /phpMyAdmin/setup/?token=0d1005e1913f7bc7e98e5dbe1b4fd577&version_check=1 HTTP/1.1" 200 12691 "-" "Mozilla/5.0 (compatible; SemrushBot/7~bl; +http://www.semrush.com/bot.html)" "www.tekmedicgloves.com"
185.191.171.43 - - [05/Nov/2022:07:45:59 -0700] "GET /phpMyAdmin/setup/?token=c23b8476fd369ec9806628846dd806a8&version_check=1 HTTP/1.1" 200 12691 "-" "Mozilla/5.0 (compatible; SemrushBot/7~bl; +http://www.semrush.com/bot.html)" "www.tekmedicgloves.com"
185.191.171.24 - - [05/Nov/2022:07:46:02 -0700] "GET /phpMyAdmin/setup/?token=0ad8d305cd3f665a1e7d41731efe519e&version_check=1 HTTP/1.1" 200 12687 "-" "Mozilla/5.0 (compatible; SemrushBot/7~bl; +http://www.semrush.com/bot.html)" "tekmedicgloves.com"
185.191.171.2 - - [05/Nov/2022:07:46:15 -0700] "GET /phpMyAdmin/setup/?token=bdc9cf2aa5ffad4e709cf0a683a618f0&version_check=1 HTTP/1.1" 200 12691 "-" "Mozilla/5.0 (compatible; SemrushBot/7~bl; +http://www.semrush.com/bot.html)" "www.tekmedicgloves.com"
