185.191.171.33 - - [05/Nov/2022:09:13:06 -0700] "GET /phpMyAdmin/setup/?token=e033f8363621ea6ff04b11475d0a3aff&version_check=1 HTTP/1.1" 200 12687 "-" "Mozilla/5.0 (compatible; SemrushBot/7~bl; +http://www.semrush.com/bot.html)" "tekmedicgloves.com"
185.191.171.13 - - [05/Nov/2022:09:13:11 -0700] "GET /phpMyAdmin/setup/?token=f483a9a3f68b5f03d127c42385c75f22&version_check=1 HTTP/1.1" 200 12691 "-" "Mozilla/5.0 (compatible; SemrushBot/7~bl; +http://www.semrush.com/bot.html)" "www.tekmedicgloves.com"
185.191.171.11 - - [05/Nov/2022:09:13:13 -0700] "GET /phpMyAdmin/setup/?token=e01d858d3e4e4e2f7ef65bf69d2088eb&version_check=1 HTTP/1.1" 200 12691 "-" "Mozilla/5.0 (compatible; SemrushBot/7~bl; +http://www.semrush.com/bot.html)" "www.tekmedicgloves.com"
185.191.171.44 - - [05/Nov/2022:09:13:14 -0700] "GET /phpMyAdmin/setup/?token=04157b07fe65b5f6d376a6b8a3cc7367&version_check=1 HTTP/1.1" 200 12687 "-" "Mozilla/5.0 (compatible; SemrushBot/7~bl; +http://www.semrush.com/bot.html)" "tekmedicgloves.com"
185.191.171.5 - - [05/Nov/2022:09:13:16 -0700] "GET /phpMyAdmin/setup/?token=cf47e2b9fdadbd59cdbe4682d13946a8&version_check=1 HTTP/1.1" 200 12687 "-" "Mozilla/5.0 (compatible; SemrushBot/7~bl; +http://www.semrush.com/bot.html)" "tekmedicgloves.com"
185.191.171.7 - - [05/Nov/2022:09:13:19 -0700] "GET /phpMyAdmin/setup/?token=bc97d8095dd2c4b78cdde762787ccb60&version_check=1 HTTP/1.1" 200 12691 "-" "Mozilla/5.0 (compatible; SemrushBot/7~bl; +http://www.semrush.com/bot.html)" "www.tekmedicgloves.com"
185.191.171.26 - - [05/Nov/2022:09:13:20 -0700] "GET /phpMyAdmin/setup/?token=ee44eff0c2868434ee6dbb11e8ccfd5d&version_check=1 HTTP/1.1" 200 12691 "-" "Mozilla/5.0 (compatible; SemrushBot/7~bl; +http://www.semrush.com/bot.html)" "www.tekmedicgloves.com"
185.191.171.18 - - [05/Nov/2022:09:13:28 -0700] "GET /phpMyAdmin/setup/?token=cecb89a90e085839c3fa262f8fa3a656&version_check=1 HTTP/1.1" 200 12691 "-" "Mozilla/5.0 (compatible; SemrushBot/7~bl; +http://www.semrush.com/bot.html)" "www.tekmedicgloves.com"
185.191.171.22 - - [05/Nov/2022:09:13:30 -0700] "GET /phpMyAdmin/setup/?token=045aa5a114533ed9b7f835441c329da0&version_check=1 HTTP/1.1" 200 12687 "-" "Mozilla/5.0 (compatible; SemrushBot/7~bl; +http://www.semrush.com/bot.html)" "tekmedicgloves.com"
185.191.171.18 - - [05/Nov/2022:09:13:43 -0700] "GET /phpMyAdmin/setup/?token=0df9c3f651a6baa27faabe88ed50f947&version_check=1 HTTP/1.1" 200 12687 "-" "Mozilla/5.0 (compatible; SemrushBot/7~bl; +http://www.semrush.com/bot.html)" "tekmedicgloves.com"
185.191.171.33 - - [05/Nov/2022:09:14:18 -0700] "GET /phpMyAdmin/setup/?token=cf52022a4ff0dc223bd9e5c78346d93a&version_check=1 HTTP/1.1" 200 12687 "-" "Mozilla/5.0 (compatible; SemrushBot/7~bl; +http://www.semrush.com/bot.html)" "tekmedicgloves.com"
185.191.171.25 - - [05/Nov/2022:09:14:41 -0700] "GET /phpMyAdmin/setup/?token=e3015d39e5b5913f7ac60909703adf51&version_check=1 HTTP/1.1" 200 12691 "-" "Mozilla/5.0 (compatible; SemrushBot/7~bl; +http://www.semrush.com/bot.html)" "www.tekmedicgloves.com"
185.191.171.12 - - [05/Nov/2022:09:15:03 -0700] "GET /phpMyAdmin/setup/?token=e9cf7cd185f5f40c509cabd6c56725fa&version_check=1 HTTP/1.1" 200 12687 "-" "Mozilla/5.0 (compatible; SemrushBot/7~bl; +http://www.semrush.com/bot.html)" "tekmedicgloves.com"
185.191.171.3 - - [05/Nov/2022:09:15:17 -0700] "GET /phpMyAdmin/setup/?token=e5ef45d18aaadad4cc5c587e3a477d3c&version_check=1 HTTP/1.1" 200 12691 "-" "Mozilla/5.0 (compatible; SemrushBot/7~bl; +http://www.semrush.com/bot.html)" "www.tekmedicgloves.com"
185.191.171.18 - - [05/Nov/2022:09:15:17 -0700] "GET /phpMyAdmin/setup/?token=d1a47810c5d546a95c7a718ba4c74ada&version_check=1 HTTP/1.1" 200 12687 "-" "Mozilla/5.0 (compatible; SemrushBot/7~bl; +http://www.semrush.com/bot.html)" "tekmedicgloves.com"
185.191.171.40 - - [05/Nov/2022:09:15:19 -0700] "GET /phpMyAdmin/setup/?token=f63131410ba5ef0be19f7fd2c914b353&version_check=1 HTTP/1.1" 200 12691 "-" "Mozilla/5.0 (compatible; SemrushBot/7~bl; +http://www.semrush.com/bot.html)" "www.tekmedicgloves.com"
185.191.171.40 - - [05/Nov/2022:09:15:39 -0700] "GET /phpMyAdmin/setup/?token=0dded13abeae5bdc3205e2face397a0c&version_check=1 HTTP/1.1" 200 12687 "-" "Mozilla/5.0 (compatible; SemrushBot/7~bl; +http://www.semrush.com/bot.html)" "tekmedicgloves.com"
185.191.171.40 - - [05/Nov/2022:09:15:40 -0700] "GET /phpMyAdmin/setup/?token=e95cd7f80cae56d9addfaa2870d97226&version_check=1 HTTP/1.1" 200 12691 "-" "Mozilla/5.0 (compatible; SemrushBot/7~bl; +http://www.semrush.com/bot.html)" "www.tekmedicgloves.com"
185.191.171.9 - - [05/Nov/2022:09:15:48 -0700] "GET /phpMyAdmin/setup/?token=15119f1be455269f205677f32c58eb44&version_check=1 HTTP/1.1" 200 12687 "-" "Mozilla/5.0 (compatible; SemrushBot/7~bl; +http://www.semrush.com/bot.html)" "tekmedicgloves.com"
185.191.171.5 - - [05/Nov/2022:09:15:55 -0700] "GET /phpMyAdmin/setup/?token=d936a92771b3b413c6f9b70564a79ca2&version_check=1 HTTP/1.1" 200 12687 "-" "Mozilla/5.0 (compatible; SemrushBot/7~bl; +http://www.semrush.com/bot.html)" "tekmedicgloves.com"
185.191.171.37 - - [05/Nov/2022:09:16:03 -0700] "GET /phpMyAdmin/setup/?token=e1e2774abc81b3f300de2aa0f64758d1&version_check=1 HTTP/1.1" 200 12687 "-" "Mozilla/5.0 (compatible; SemrushBot/7~bl; +http://www.semrush.com/bot.html)" "tekmedicgloves.com"
185.191.171.14 - - [05/Nov/2022:09:16:05 -0700] "GET /phpMyAdmin/setup/?token=e6966c5ac73b70336de23cf627b0259c&version_check=1 HTTP/1.1" 200 12691 "-" "Mozilla/5.0 (compatible; SemrushBot/7~bl; +http://www.semrush.com/bot.html)" "www.tekmedicgloves.com"
185.191.171.9 - - [05/Nov/2022:09:16:07 -0700] "GET /phpMyAdmin/setup/?token=f2a82e126caa8ebe74ca5383b9bcf56c&version_check=1 HTTP/1.1" 200 12687 "-" "Mozilla/5.0 (compatible; SemrushBot/7~bl; +http://www.semrush.com/bot.html)" "tekmedicgloves.com"
185.191.171.16 - - [05/Nov/2022:09:16:34 -0700] "GET /phpMyAdmin/setup/?token=f3b33e1254f5e8b641fb8e2744efbe48&version_check=1 HTTP/1.1" 200 12691 "-" "Mozilla/5.0 (compatible; SemrushBot/7~bl; +http://www.semrush.com/bot.html)" "www.tekmedicgloves.com"
185.191.171.25 - - [05/Nov/2022:09:16:43 -0700] "GET /phpMyAdmin/setup/?token=e25b9838ec71621eb597a61f6558e014&version_check=1 HTTP/1.1" 200 12687 "-" "Mozilla/5.0 (compatible; SemrushBot/7~bl; +http://www.semrush.com/bot.html)" "tekmedicgloves.com"
185.191.171.16 - - [05/Nov/2022:09:16:55 -0700] "GET /phpMyAdmin/setup/?token=f23f8d4645a183772c2b0f3d034f6126&version_check=1 HTTP/1.1" 200 12691 "-" "Mozilla/5.0 (compatible; SemrushBot/7~bl; +http://www.semrush.com/bot.html)" "www.tekmedicgloves.com"
185.191.171.20 - - [05/Nov/2022:09:17:02 -0700] "GET /phpMyAdmin/setup/?token=e2c1e43cd073c61b3d727a51c556a6da&version_check=1 HTTP/1.1" 200 12691 "-" "Mozilla/5.0 (compatible; SemrushBot/7~bl; +http://www.semrush.com/bot.html)" "www.tekmedicgloves.com"
185.191.171.45 - - [05/Nov/2022:09:17:17 -0700] "GET /phpMyAdmin/setup/?token=c611693afffe0e00c293371a59a1b6d1&version_check=1 HTTP/1.1" 200 12691 "-" "Mozilla/5.0 (compatible; SemrushBot/7~bl; +http://www.semrush.com/bot.html)" "www.tekmedicgloves.com"
185.191.171.45 - - [05/Nov/2022:09:17:22 -0700] "GET /phpMyAdmin/setup/?token=06d4f790097f42ebe5636eee2771f9f5&version_check=1 HTTP/1.1" 200 12691 "-" "Mozilla/5.0 (compatible; SemrushBot/7~bl; +http://www.semrush.com/bot.html)" "www.tekmedicgloves.com"
185.191.171.9 - - [05/Nov/2022:09:17:25 -0700] "GET /phpMyAdmin/setup/?token=e5934dca5b5011d961f62598e248ac90&version_check=1 HTTP/1.1" 200 12691 "-" "Mozilla/5.0 (compatible; SemrushBot/7~bl; +http://www.semrush.com/bot.html)" "www.tekmedicgloves.com"
185.191.171.45 - - [05/Nov/2022:09:17:30 -0700] "GET /phpMyAdmin/setup/?token=cda3aec357956d875924a8d1eff5ebb2&version_check=1 HTTP/1.1" 200 12691 "-" "Mozilla/5.0 (compatible; SemrushBot/7~bl; +http://www.semrush.com/bot.html)" "www.tekmedicgloves.com"
185.191.171.45 - - [05/Nov/2022:09:17:31 -0700] "GET /phpMyAdmin/setup/?token=f28f28a0990f834ca7cecd1a86a1207a&version_check=1 HTTP/1.1" 200 12687 "-" "Mozilla/5.0 (compatible; SemrushBot/7~bl; +http://www.semrush.com/bot.html)" "tekmedicgloves.com"
185.191.171.3 - - [05/Nov/2022:09:17:52 -0700] "GET /phpMyAdmin/setup/?token=e0719efe0c51b4c4bae41f85dd9ab460&version_check=1 HTTP/1.1" 200 12691 "-" "Mozilla/5.0 (compatible; SemrushBot/7~bl; +http://www.semrush.com/bot.html)" "www.tekmedicgloves.com"
185.191.171.24 - - [05/Nov/2022:09:17:53 -0700] "GET /phpMyAdmin/setup/?token=05998acc6ad609ddc7f543aa30a864da&version_check=1 HTTP/1.1" 200 12687 "-" "Mozilla/5.0 (compatible; SemrushBot/7~bl; +http://www.semrush.com/bot.html)" "tekmedicgloves.com"
185.191.171.20 - - [05/Nov/2022:09:17:57 -0700] "GET /phpMyAdmin/setup/?token=ce3c0fbc034fc795a7d03e677eb9816e&version_check=1 HTTP/1.1" 200 12687 "-" "Mozilla/5.0 (compatible; SemrushBot/7~bl; +http://www.semrush.com/bot.html)" "tekmedicgloves.com"
185.191.171.13 - - [05/Nov/2022:09:18:36 -0700] "GET /phpMyAdmin/setup/?token=0bc52c01e63348329f4ddc73bf1b4d38&version_check=1 HTTP/1.1" 200 12687 "-" "Mozilla/5.0 (compatible; SemrushBot/7~bl; +http://www.semrush.com/bot.html)" "tekmedicgloves.com"
185.191.171.41 - - [05/Nov/2022:09:18:47 -0700] "GET /phpMyAdmin/setup/?token=ef6e3cabeba19ba9e14892d50cf62833&version_check=1 HTTP/1.1" 200 12691 "-" "Mozilla/5.0 (compatible; SemrushBot/7~bl; +http://www.semrush.com/bot.html)" "www.tekmedicgloves.com"
185.191.171.9 - - [05/Nov/2022:09:18:59 -0700] "GET /phpMyAdmin/setup/?token=eb08f137d5bd3c682260bb598f4bddca&version_check=1 HTTP/1.1" 200 12691 "-" "Mozilla/5.0 (compatible; SemrushBot/7~bl; +http://www.semrush.com/bot.html)" "www.tekmedicgloves.com"
185.191.171.11 - - [05/Nov/2022:09:19:00 -0700] "GET /phpMyAdmin/setup/?token=d43ef63aac4f9bbc12f2282e6532f28b&version_check=1 HTTP/1.1" 200 12687 "-" "Mozilla/5.0 (compatible; SemrushBot/7~bl; +http://www.semrush.com/bot.html)" "tekmedicgloves.com"
185.191.171.34 - - [05/Nov/2022:09:19:03 -0700] "GET /phpMyAdmin/setup/?token=d5fe4324c7d4fae8f52618d6eb1fded4&version_check=1 HTTP/1.1" 200 12687 "-" "Mozilla/5.0 (compatible; SemrushBot/7~bl; +http://www.semrush.com/bot.html)" "tekmedicgloves.com"
185.191.171.11 - - [05/Nov/2022:09:19:21 -0700] "GET /phpMyAdmin/setup/?token=dc576c1d28faee3a4cfa2973cd3dab6e&version_check=1 HTTP/1.1" 200 12687 "-" "Mozilla/5.0 (compatible; SemrushBot/7~bl; +http://www.semrush.com/bot.html)" "tekmedicgloves.com"
185.191.171.22 - - [05/Nov/2022:09:19:23 -0700] "GET /phpMyAdmin/setup/?token=cfdaccd036fe0c67611fd0cdfcde9ead&version_check=1 HTTP/1.1" 200 12687 "-" "Mozilla/5.0 (compatible; SemrushBot/7~bl; +http://www.semrush.com/bot.html)" "tekmedicgloves.com"
185.191.171.24 - - [05/Nov/2022:09:19:29 -0700] "GET /phpMyAdmin/setup/?token=0e4d81f8ba15c9cda64f093499bb842a&version_check=1 HTTP/1.1" 200 12691 "-" "Mozilla/5.0 (compatible; SemrushBot/7~bl; +http://www.semrush.com/bot.html)" "www.tekmedicgloves.com"
185.191.171.9 - - [05/Nov/2022:09:19:30 -0700] "GET /phpMyAdmin/setup/?token=dff862dc5e2a261bbce232a3189dadde&version_check=1 HTTP/1.1" 200 12687 "-" "Mozilla/5.0 (compatible; SemrushBot/7~bl; +http://www.semrush.com/bot.html)" "tekmedicgloves.com"
185.191.171.8 - - [05/Nov/2022:09:19:36 -0700] "GET /phpMyAdmin/setup/?token=ec2cefb17c9b62540153860406b293e9&version_check=1 HTTP/1.1" 200 12691 "-" "Mozilla/5.0 (compatible; SemrushBot/7~bl; +http://www.semrush.com/bot.html)" "www.tekmedicgloves.com"
185.191.171.35 - - [05/Nov/2022:09:19:44 -0700] "GET /phpMyAdmin/setup/?token=fed1a1186817142ab16f99dede8de501&version_check=1 HTTP/1.1" 200 12691 "-" "Mozilla/5.0 (compatible; SemrushBot/7~bl; +http://www.semrush.com/bot.html)" "www.tekmedicgloves.com"
185.191.171.25 - - [05/Nov/2022:09:19:53 -0700] "GET /phpMyAdmin/setup/?token=ea11fa6dacd7f6f051c47c270f816e65&version_check=1 HTTP/1.1" 200 12691 "-" "Mozilla/5.0 (compatible; SemrushBot/7~bl; +http://www.semrush.com/bot.html)" "www.tekmedicgloves.com"
185.191.171.22 - - [05/Nov/2022:09:19:57 -0700] "GET /phpMyAdmin/setup/?token=09c3da7573878418a43c22d1e19ab65a&version_check=1 HTTP/1.1" 200 12691 "-" "Mozilla/5.0 (compatible; SemrushBot/7~bl; +http://www.semrush.com/bot.html)" "www.tekmedicgloves.com"
185.191.171.14 - - [05/Nov/2022:09:20:00 -0700] "GET /phpMyAdmin/setup/?token=027b8b942aa0c316eb85c9852a49708d&version_check=1 HTTP/1.1" 200 12687 "-" "Mozilla/5.0 (compatible; SemrushBot/7~bl; +http://www.semrush.com/bot.html)" "tekmedicgloves.com"
185.191.171.39 - - [05/Nov/2022:09:20:02 -0700] "GET /phpMyAdmin/setup/?token=f74f8b4f881d07bad61bf17216da7d1e&version_check=1 HTTP/1.1" 200 12691 "-" "Mozilla/5.0 (compatible; SemrushBot/7~bl; +http://www.semrush.com/bot.html)" "www.tekmedicgloves.com"
185.191.171.41 - - [05/Nov/2022:09:20:04 -0700] "GET /phpMyAdmin/setup/?token=0baa610a52fb98f2dc6558eeb1627b03&version_check=1 HTTP/1.1" 200 12687 "-" "Mozilla/5.0 (compatible; SemrushBot/7~bl; +http://www.semrush.com/bot.html)" "tekmedicgloves.com"
185.191.171.16 - - [05/Nov/2022:09:20:07 -0700] "GET /phpMyAdmin/setup/?token=d4dd8e2cf8d7f4ab27d1169dc5115da1&version_check=1 HTTP/1.1" 200 12687 "-" "Mozilla/5.0 (compatible; SemrushBot/7~bl; +http://www.semrush.com/bot.html)" "tekmedicgloves.com"
185.191.171.4 - - [05/Nov/2022:09:20:15 -0700] "GET /phpMyAdmin/setup/?token=f697d907ce2f3d02d95ae05e561433a6&version_check=1 HTTP/1.1" 200 12691 "-" "Mozilla/5.0 (compatible; SemrushBot/7~bl; +http://www.semrush.com/bot.html)" "www.tekmedicgloves.com"
185.191.171.16 - - [05/Nov/2022:09:20:26 -0700] "GET /phpMyAdmin/setup/?token=c81030cf9b6deaa093e3448f692fd41d&version_check=1 HTTP/1.1" 200 12691 "-" "Mozilla/5.0 (compatible; SemrushBot/7~bl; +http://www.semrush.com/bot.html)" "www.tekmedicgloves.com"
185.191.171.33 - - [05/Nov/2022:09:20:33 -0700] "GET /phpMyAdmin/setup/?token=e2c1e43cd073c61b3d727a51c556a6da&version_check=1 HTTP/1.1" 200 12691 "-" "Mozilla/5.0 (compatible; SemrushBot/7~bl; +http://www.semrush.com/bot.html)" "www.tekmedicgloves.com"
185.191.171.44 - - [05/Nov/2022:09:20:50 -0700] "GET /phpMyAdmin/setup/?token=ffc0e416ef6d2b13a3cdb84ae326a454&version_check=1 HTTP/1.1" 200 12687 "-" "Mozilla/5.0 (compatible; SemrushBot/7~bl; +http://www.semrush.com/bot.html)" "tekmedicgloves.com"
185.191.171.35 - - [05/Nov/2022:09:21:11 -0700] "GET /phpMyAdmin/setup/?token=e29d05065d593c1869bbd8aa68f91914&version_check=1 HTTP/1.1" 200 12691 "-" "Mozilla/5.0 (compatible; SemrushBot/7~bl; +http://www.semrush.com/bot.html)" "www.tekmedicgloves.com"
185.191.171.16 - - [05/Nov/2022:09:21:27 -0700] "GET /phpMyAdmin/setup/?token=ea7847930b7193c46bf0d50aca2f5943&version_check=1 HTTP/1.1" 200 12687 "-" "Mozilla/5.0 (compatible; SemrushBot/7~bl; +http://www.semrush.com/bot.html)" "tekmedicgloves.com"
185.191.171.1 - - [05/Nov/2022:09:21:33 -0700] "GET /phpMyAdmin/setup/?token=f636bef3d33a6691b505288d72603042&version_check=1 HTTP/1.1" 200 12687 "-" "Mozilla/5.0 (compatible; SemrushBot/7~bl; +http://www.semrush.com/bot.html)" "tekmedicgloves.com"
185.191.171.36 - - [05/Nov/2022:09:21:47 -0700] "GET /phpMyAdmin/setup/?token=fbc4804ad5e0ca1a3aa4636f3531e9ea&version_check=1 HTTP/1.1" 200 12687 "-" "Mozilla/5.0 (compatible; SemrushBot/7~bl; +http://www.semrush.com/bot.html)" "tekmedicgloves.com"
185.191.171.23 - - [05/Nov/2022:09:22:09 -0700] "GET /phpMyAdmin/setup/?token=e5b4ea2cc73c929b8448c65cdee89ad2&version_check=1 HTTP/1.1" 200 12691 "-" "Mozilla/5.0 (compatible; SemrushBot/7~bl; +http://www.semrush.com/bot.html)" "www.tekmedicgloves.com"
185.191.171.34 - - [05/Nov/2022:09:22:10 -0700] "GET /phpMyAdmin/setup/?token=cd0b43545182955bcc088e56168d04fb&version_check=1 HTTP/1.1" 200 12687 "-" "Mozilla/5.0 (compatible; SemrushBot/7~bl; +http://www.semrush.com/bot.html)" "tekmedicgloves.com"
185.191.171.26 - - [05/Nov/2022:09:22:12 -0700] "GET /phpMyAdmin/setup/?token=f1c2f9be5d1a7eeda0d8d567dfe74d5b&version_check=1 HTTP/1.1" 200 12691 "-" "Mozilla/5.0 (compatible; SemrushBot/7~bl; +http://www.semrush.com/bot.html)" "www.tekmedicgloves.com"
185.191.171.9 - - [05/Nov/2022:09:22:14 -0700] "GET /phpMyAdmin/setup/?token=1102899a22b31c6f41a993c03ca93196&version_check=1 HTTP/1.1" 200 12687 "-" "Mozilla/5.0 (compatible; SemrushBot/7~bl; +http://www.semrush.com/bot.html)" "tekmedicgloves.com"
185.191.171.24 - - [05/Nov/2022:09:22:33 -0700] "GET /phpMyAdmin/setup/?token=2a4ce3f7107cd6c52362a019e87dbffb&version_check=1 HTTP/1.1" 200 12691 "-" "Mozilla/5.0 (compatible; SemrushBot/7~bl; +http://www.semrush.com/bot.html)" "www.tekmedicgloves.com"
185.191.171.2 - - [05/Nov/2022:09:22:36 -0700] "GET /phpMyAdmin/setup/?token=effb2e86c6f08b31ffb808e6d7d92554&version_check=1 HTTP/1.1" 200 12691 "-" "Mozilla/5.0 (compatible; SemrushBot/7~bl; +http://www.semrush.com/bot.html)" "www.tekmedicgloves.com"
185.191.171.12 - - [05/Nov/2022:09:22:43 -0700] "GET /phpMyAdmin/setup/?token=f13066c152e64d3e0b202fb900dda5ce&version_check=1 HTTP/1.1" 200 12691 "-" "Mozilla/5.0 (compatible; SemrushBot/7~bl; +http://www.semrush.com/bot.html)" "www.tekmedicgloves.com"
185.191.171.14 - - [05/Nov/2022:09:22:55 -0700] "GET /phpMyAdmin/setup/?token=f3a067c7ef6fb3fcaeadbe6b31f50efa&version_check=1 HTTP/1.1" 200 12687 "-" "Mozilla/5.0 (compatible; SemrushBot/7~bl; +http://www.semrush.com/bot.html)" "tekmedicgloves.com"
185.191.171.39 - - [05/Nov/2022:09:22:57 -0700] "GET /phpMyAdmin/setup/?token=c9367ee5d2100cf3ef7012cf0dfd6ed5&version_check=1 HTTP/1.1" 200 12691 "-" "Mozilla/5.0 (compatible; SemrushBot/7~bl; +http://www.semrush.com/bot.html)" "www.tekmedicgloves.com"
185.191.171.39 - - [05/Nov/2022:09:22:59 -0700] "GET /phpMyAdmin/setup/?token=eae4aafa701dce4aff940c721ada56e6&version_check=1 HTTP/1.1" 200 12691 "-" "Mozilla/5.0 (compatible; SemrushBot/7~bl; +http://www.semrush.com/bot.html)" "www.tekmedicgloves.com"
185.191.171.39 - - [05/Nov/2022:09:23:00 -0700] "GET /phpMyAdmin/setup/?token=d7400aeb9dcb5583e2609d86af43fecc&version_check=1 HTTP/1.1" 200 12687 "-" "Mozilla/5.0 (compatible; SemrushBot/7~bl; +http://www.semrush.com/bot.html)" "tekmedicgloves.com"
185.191.171.19 - - [05/Nov/2022:09:23:03 -0700] "GET /phpMyAdmin/setup/?token=08bc0a672534ed91ac321c99e285dc7f&version_check=1 HTTP/1.1" 200 12687 "-" "Mozilla/5.0 (compatible; SemrushBot/7~bl; +http://www.semrush.com/bot.html)" "tekmedicgloves.com"
185.191.171.3 - - [05/Nov/2022:09:23:13 -0700] "GET /phpMyAdmin/setup/?token=f45a98112f579ec9e3782763a106d21a&version_check=1 HTTP/1.1" 200 12691 "-" "Mozilla/5.0 (compatible; SemrushBot/7~bl; +http://www.semrush.com/bot.html)" "www.tekmedicgloves.com"
185.191.171.1 - - [05/Nov/2022:09:23:26 -0700] "GET /phpMyAdmin/setup/?token=032913a6c4374a99c44385d92a13f8a3&version_check=1 HTTP/1.1" 200 12687 "-" "Mozilla/5.0 (compatible; SemrushBot/7~bl; +http://www.semrush.com/bot.html)" "tekmedicgloves.com"
185.191.171.19 - - [05/Nov/2022:09:23:29 -0700] "GET /phpMyAdmin/setup/?token=e35a4d6c348ba7265ae9eb8f9ace282f&version_check=1 HTTP/1.1" 200 12687 "-" "Mozilla/5.0 (compatible; SemrushBot/7~bl; +http://www.semrush.com/bot.html)" "tekmedicgloves.com"
185.191.171.16 - - [05/Nov/2022:09:23:49 -0700] "GET /phpMyAdmin/setup/?token=ff3979110314db24b3bb9c43e9116caf&version_check=1 HTTP/1.1" 200 12687 "-" "Mozilla/5.0 (compatible; SemrushBot/7~bl; +http://www.semrush.com/bot.html)" "tekmedicgloves.com"
185.191.171.43 - - [05/Nov/2022:09:23:53 -0700] "GET /phpMyAdmin/setup/?token=c85d13431ad45eb74d1bd822bfb28738&version_check=1 HTTP/1.1" 200 12691 "-" "Mozilla/5.0 (compatible; SemrushBot/7~bl; +http://www.semrush.com/bot.html)" "www.tekmedicgloves.com"
185.191.171.10 - - [05/Nov/2022:09:24:09 -0700] "GET /phpMyAdmin/setup/?token=ca686d87bf26e289346d217980ed0473&version_check=1 HTTP/1.1" 200 12691 "-" "Mozilla/5.0 (compatible; SemrushBot/7~bl; +http://www.semrush.com/bot.html)" "www.tekmedicgloves.com"
185.191.171.1 - - [05/Nov/2022:09:24:20 -0700] "GET /phpMyAdmin/setup/?token=d1e849dab57a42850d1184c5c79ae38a&version_check=1 HTTP/1.1" 200 12687 "-" "Mozilla/5.0 (compatible; SemrushBot/7~bl; +http://www.semrush.com/bot.html)" "tekmedicgloves.com"
185.191.171.12 - - [05/Nov/2022:09:24:23 -0700] "GET /phpMyAdmin/setup/?token=f2b9031f67522cdfeba5439d02c678f4&version_check=1 HTTP/1.1" 200 12687 "-" "Mozilla/5.0 (compatible; SemrushBot/7~bl; +http://www.semrush.com/bot.html)" "tekmedicgloves.com"
185.191.171.14 - - [05/Nov/2022:09:24:26 -0700] "GET /phpMyAdmin/setup/?token=d5fb5fcaaad37a5e0f9654bde860faa4&version_check=1 HTTP/1.1" 200 12687 "-" "Mozilla/5.0 (compatible; SemrushBot/7~bl; +http://www.semrush.com/bot.html)" "tekmedicgloves.com"
185.191.171.39 - - [05/Nov/2022:09:24:46 -0700] "GET /phpMyAdmin/setup/?token=dec5cdbe2f74d74d2674be3d58f01a36&version_check=1 HTTP/1.1" 200 12691 "-" "Mozilla/5.0 (compatible; SemrushBot/7~bl; +http://www.semrush.com/bot.html)" "www.tekmedicgloves.com"
185.191.171.7 - - [05/Nov/2022:09:24:58 -0700] "GET /phpMyAdmin/setup/?token=14177f082c9b1e936232ac09f7ffabee&version_check=1 HTTP/1.1" 200 12687 "-" "Mozilla/5.0 (compatible; SemrushBot/7~bl; +http://www.semrush.com/bot.html)" "tekmedicgloves.com"
185.191.171.18 - - [05/Nov/2022:09:25:39 -0700] "GET /phpMyAdmin/setup/?token=f38578bd1dc4d6e4f90cd59e6276ddcb&version_check=1 HTTP/1.1" 200 12687 "-" "Mozilla/5.0 (compatible; SemrushBot/7~bl; +http://www.semrush.com/bot.html)" "tekmedicgloves.com"
185.191.171.25 - - [05/Nov/2022:09:25:53 -0700] "GET /phpMyAdmin/setup/?token=0dfca2c3e15c20b19c9e7681dcb9a0e4&version_check=1 HTTP/1.1" 200 12691 "-" "Mozilla/5.0 (compatible; SemrushBot/7~bl; +http://www.semrush.com/bot.html)" "www.tekmedicgloves.com"
185.191.171.18 - - [05/Nov/2022:09:26:05 -0700] "GET /phpMyAdmin/setup/?token=074b2cb318e1cd503c5e2bc365e39860&version_check=1 HTTP/1.1" 200 12691 "-" "Mozilla/5.0 (compatible; SemrushBot/7~bl; +http://www.semrush.com/bot.html)" "www.tekmedicgloves.com"
185.191.171.11 - - [05/Nov/2022:09:26:19 -0700] "GET /phpMyAdmin/setup/?token=cd274694ba37d08414f4b55afdb292b8&version_check=1 HTTP/1.1" 200 12691 "-" "Mozilla/5.0 (compatible; SemrushBot/7~bl; +http://www.semrush.com/bot.html)" "www.tekmedicgloves.com"
185.191.171.7 - - [05/Nov/2022:09:26:20 -0700] "GET /phpMyAdmin/setup/?token=d29513c0c0246a11dd646216f3cf12f3&version_check=1 HTTP/1.1" 200 12687 "-" "Mozilla/5.0 (compatible; SemrushBot/7~bl; +http://www.semrush.com/bot.html)" "tekmedicgloves.com"
185.191.171.38 - - [05/Nov/2022:09:26:20 -0700] "GET /phpMyAdmin/setup/?token=05e2b55932fe28493f67e3f52a2cdbff&version_check=1 HTTP/1.1" 200 12691 "-" "Mozilla/5.0 (compatible; SemrushBot/7~bl; +http://www.semrush.com/bot.html)" "www.tekmedicgloves.com"
185.191.171.2 - - [05/Nov/2022:09:26:27 -0700] "GET /phpMyAdmin/setup/?token=f0308bc584de6a5ab69732d3c7dfc6dc&version_check=1 HTTP/1.1" 200 12691 "-" "Mozilla/5.0 (compatible; SemrushBot/7~bl; +http://www.semrush.com/bot.html)" "www.tekmedicgloves.com"
185.191.171.18 - - [05/Nov/2022:09:26:29 -0700] "GET /phpMyAdmin/setup/?token=08969b59c13e2090a1c822d5d1b9feb7&version_check=1 HTTP/1.1" 200 12691 "-" "Mozilla/5.0 (compatible; SemrushBot/7~bl; +http://www.semrush.com/bot.html)" "www.tekmedicgloves.com"
185.191.171.4 - - [05/Nov/2022:09:26:29 -0700] "GET /phpMyAdmin/setup/?token=ea1ef59e94e43df14825de51a7d5854e&version_check=1 HTTP/1.1" 200 12687 "-" "Mozilla/5.0 (compatible; SemrushBot/7~bl; +http://www.semrush.com/bot.html)" "tekmedicgloves.com"
185.191.171.2 - - [05/Nov/2022:09:26:38 -0700] "GET /phpMyAdmin/setup/?token=db9d9be52b0b0a441d9a6455085fe870&version_check=1 HTTP/1.1" 200 12687 "-" "Mozilla/5.0 (compatible; SemrushBot/7~bl; +http://www.semrush.com/bot.html)" "tekmedicgloves.com"
185.191.171.45 - - [05/Nov/2022:09:26:49 -0700] "GET /phpMyAdmin/setup/?token=f9ee71d2c20687dd7244a9501f39a541&version_check=1 HTTP/1.1" 200 12687 "-" "Mozilla/5.0 (compatible; SemrushBot/7~bl; +http://www.semrush.com/bot.html)" "tekmedicgloves.com"
185.191.171.14 - - [05/Nov/2022:09:26:54 -0700] "GET /phpMyAdmin/setup/?token=ffd81fdc9e761a3b1d8f8e813f5182a0&version_check=1 HTTP/1.1" 200 12691 "-" "Mozilla/5.0 (compatible; SemrushBot/7~bl; +http://www.semrush.com/bot.html)" "www.tekmedicgloves.com"
185.191.171.19 - - [05/Nov/2022:09:26:56 -0700] "GET /phpMyAdmin/setup/?token=e1d1501f002e04ca4c94a3edb67a6ba3&version_check=1 HTTP/1.1" 200 12691 "-" "Mozilla/5.0 (compatible; SemrushBot/7~bl; +http://www.semrush.com/bot.html)" "www.tekmedicgloves.com"
185.191.171.15 - - [05/Nov/2022:09:26:58 -0700] "GET /phpMyAdmin/setup/?token=f5e54b6c24d4ade9aec5da6bb4880784&version_check=1 HTTP/1.1" 200 12691 "-" "Mozilla/5.0 (compatible; SemrushBot/7~bl; +http://www.semrush.com/bot.html)" "www.tekmedicgloves.com"
185.191.171.17 - - [05/Nov/2022:09:27:07 -0700] "GET /phpMyAdmin/setup/?token=c518e35da4f40380844cce52aaa3bbd9&version_check=1 HTTP/1.1" 200 12691 "-" "Mozilla/5.0 (compatible; SemrushBot/7~bl; +http://www.semrush.com/bot.html)" "www.tekmedicgloves.com"
185.191.171.24 - - [05/Nov/2022:09:27:11 -0700] "GET /phpMyAdmin/setup/?token=df0b6b526000cf055d930ef10d88ab99&version_check=1 HTTP/1.1" 200 12687 "-" "Mozilla/5.0 (compatible; SemrushBot/7~bl; +http://www.semrush.com/bot.html)" "tekmedicgloves.com"
185.191.171.19 - - [05/Nov/2022:09:27:19 -0700] "GET /phpMyAdmin/setup/?token=cf8a2fee55e6b3cc9aa92a1d4388c9a7&version_check=1 HTTP/1.1" 200 12687 "-" "Mozilla/5.0 (compatible; SemrushBot/7~bl; +http://www.semrush.com/bot.html)" "tekmedicgloves.com"
185.191.171.18 - - [05/Nov/2022:09:27:33 -0700] "GET /phpMyAdmin/setup/?token=e63a70eecea8b80831c32840da594a21&version_check=1 HTTP/1.1" 200 12691 "-" "Mozilla/5.0 (compatible; SemrushBot/7~bl; +http://www.semrush.com/bot.html)" "www.tekmedicgloves.com"
185.191.171.20 - - [05/Nov/2022:09:27:41 -0700] "GET /robots.txt HTTP/1.1" 404 88 "-" "Mozilla/5.0 (compatible; SemrushBot/7~bl; +http://www.semrush.com/bot.html)" "www.tekmedicgloves.com"
185.191.171.36 - - [05/Nov/2022:09:27:41 -0700] "GET /phpMyAdmin/setup/?token=e6c477c24ae347b99fa3f766839a1008&version_check=1 HTTP/1.1" 200 12691 "-" "Mozilla/5.0 (compatible; SemrushBot/7~bl; +http://www.semrush.com/bot.html)" "www.tekmedicgloves.com"
185.191.171.24 - - [05/Nov/2022:09:27:45 -0700] "GET /phpMyAdmin/setup/?token=c4de00cdfc3e7f62ea4a858bab87a2ea&version_check=1 HTTP/1.1" 200 12691 "-" "Mozilla/5.0 (compatible; SemrushBot/7~bl; +http://www.semrush.com/bot.html)" "www.tekmedicgloves.com"
185.191.171.44 - - [05/Nov/2022:09:27:52 -0700] "GET /phpMyAdmin/setup/?token=d368d754cbfab42c9604b3db9888bc20&version_check=1 HTTP/1.1" 200 12687 "-" "Mozilla/5.0 (compatible; SemrushBot/7~bl; +http://www.semrush.com/bot.html)" "tekmedicgloves.com"
185.191.171.2 - - [05/Nov/2022:09:27:58 -0700] "GET /phpMyAdmin/setup/?token=c428e9ae2101804a968decfcfeeaa745&version_check=1 HTTP/1.1" 200 12691 "-" "Mozilla/5.0 (compatible; SemrushBot/7~bl; +http://www.semrush.com/bot.html)" "www.tekmedicgloves.com"
185.191.171.16 - - [05/Nov/2022:09:28:09 -0700] "GET /phpMyAdmin/setup/?token=e855d7f7e26cac4b344b1b4246451139&version_check=1 HTTP/1.1" 200 12687 "-" "Mozilla/5.0 (compatible; SemrushBot/7~bl; +http://www.semrush.com/bot.html)" "tekmedicgloves.com"
185.191.171.14 - - [05/Nov/2022:09:28:16 -0700] "GET /phpMyAdmin/setup/?token=105f407b53d6a978fe5e589692994908&version_check=1 HTTP/1.1" 200 12687 "-" "Mozilla/5.0 (compatible; SemrushBot/7~bl; +http://www.semrush.com/bot.html)" "tekmedicgloves.com"
185.191.171.26 - - [05/Nov/2022:09:28:39 -0700] "GET /phpMyAdmin/setup/?token=e52e8d3eb897bf1711dd322c12358a49&version_check=1 HTTP/1.1" 200 12687 "-" "Mozilla/5.0 (compatible; SemrushBot/7~bl; +http://www.semrush.com/bot.html)" "tekmedicgloves.com"
185.191.171.41 - - [05/Nov/2022:09:28:45 -0700] "GET /phpMyAdmin/setup/?token=d0611a21a1f17af3dccb66868b44f71f&version_check=1 HTTP/1.1" 200 12687 "-" "Mozilla/5.0 (compatible; SemrushBot/7~bl; +http://www.semrush.com/bot.html)" "tekmedicgloves.com"
185.191.171.2 - - [05/Nov/2022:09:29:13 -0700] "GET /phpMyAdmin/setup/?token=0edd2fdeabe2d771b3ed7edb0132cd9a&version_check=1 HTTP/1.1" 200 12691 "-" "Mozilla/5.0 (compatible; SemrushBot/7~bl; +http://www.semrush.com/bot.html)" "www.tekmedicgloves.com"
185.191.171.40 - - [05/Nov/2022:09:29:42 -0700] "GET /phpMyAdmin/setup/?token=cc6db2c4468f3fff7d0e4a137fb8637e&version_check=1 HTTP/1.1" 200 12691 "-" "Mozilla/5.0 (compatible; SemrushBot/7~bl; +http://www.semrush.com/bot.html)" "www.tekmedicgloves.com"
185.191.171.43 - - [05/Nov/2022:09:29:43 -0700] "GET /phpMyAdmin/setup/?token=e00c7885ed1eb322fc954357ffea16d4&version_check=1 HTTP/1.1" 200 12687 "-" "Mozilla/5.0 (compatible; SemrushBot/7~bl; +http://www.semrush.com/bot.html)" "tekmedicgloves.com"
185.191.171.11 - - [05/Nov/2022:09:29:54 -0700] "GET /phpMyAdmin/setup/?token=0b03ac45d518b1a20f1eee0d5b6290d8&version_check=1 HTTP/1.1" 200 12687 "-" "Mozilla/5.0 (compatible; SemrushBot/7~bl; +http://www.semrush.com/bot.html)" "tekmedicgloves.com"
185.191.171.1 - - [05/Nov/2022:09:29:55 -0700] "GET /phpMyAdmin/setup/?token=e005074d7af19c08804972ff58dd44b0&version_check=1 HTTP/1.1" 200 12691 "-" "Mozilla/5.0 (compatible; SemrushBot/7~bl; +http://www.semrush.com/bot.html)" "www.tekmedicgloves.com"
185.191.171.9 - - [05/Nov/2022:09:30:13 -0700] "GET /phpMyAdmin/setup/?token=eb59d3fe31b028b7b22d219287745907&version_check=1 HTTP/1.1" 200 12691 "-" "Mozilla/5.0 (compatible; SemrushBot/7~bl; +http://www.semrush.com/bot.html)" "www.tekmedicgloves.com"
185.191.171.23 - - [05/Nov/2022:09:30:23 -0700] "GET /phpMyAdmin/setup/?token=d65faad1d908c23405ece2c5b1f53c81&version_check=1 HTTP/1.1" 200 12687 "-" "Mozilla/5.0 (compatible; SemrushBot/7~bl; +http://www.semrush.com/bot.html)" "tekmedicgloves.com"
185.191.171.43 - - [05/Nov/2022:09:30:24 -0700] "GET /phpMyAdmin/setup/?token=0bd93df29cb714575bfd174d789ff66a&version_check=1 HTTP/1.1" 200 12687 "-" "Mozilla/5.0 (compatible; SemrushBot/7~bl; +http://www.semrush.com/bot.html)" "tekmedicgloves.com"
185.191.171.4 - - [05/Nov/2022:09:30:26 -0700] "GET /phpMyAdmin/setup/?token=d412a47c5a25c42f9548bbc6a5b0f9d8&version_check=1 HTTP/1.1" 200 12687 "-" "Mozilla/5.0 (compatible; SemrushBot/7~bl; +http://www.semrush.com/bot.html)" "tekmedicgloves.com"
185.191.171.42 - - [05/Nov/2022:09:30:28 -0700] "GET /phpMyAdmin/setup/?token=c0749ed3fd932c12774e3b1ccf855b57&version_check=1 HTTP/1.1" 200 12691 "-" "Mozilla/5.0 (compatible; SemrushBot/7~bl; +http://www.semrush.com/bot.html)" "www.tekmedicgloves.com"
185.191.171.1 - - [05/Nov/2022:09:30:36 -0700] "GET /phpMyAdmin/setup/?token=da40064930dec9eebed23b3b3e4e2424&version_check=1 HTTP/1.1" 200 12687 "-" "Mozilla/5.0 (compatible; SemrushBot/7~bl; +http://www.semrush.com/bot.html)" "tekmedicgloves.com"
185.191.171.35 - - [05/Nov/2022:09:30:44 -0700] "GET /phpMyAdmin/setup/?token=f2e50976abb08b2de04fb7d61eb68984&version_check=1 HTTP/1.1" 200 12687 "-" "Mozilla/5.0 (compatible; SemrushBot/7~bl; +http://www.semrush.com/bot.html)" "tekmedicgloves.com"
185.191.171.26 - - [05/Nov/2022:09:30:46 -0700] "GET /phpMyAdmin/setup/?token=d104f2f077cee8a1f39df75e167616df&version_check=1 HTTP/1.1" 200 12687 "-" "Mozilla/5.0 (compatible; SemrushBot/7~bl; +http://www.semrush.com/bot.html)" "tekmedicgloves.com"
185.191.171.3 - - [05/Nov/2022:09:30:51 -0700] "GET /phpMyAdmin/setup/?token=fccaa516b84615bddd71f976f2dc8216&version_check=1 HTTP/1.1" 200 12691 "-" "Mozilla/5.0 (compatible; SemrushBot/7~bl; +http://www.semrush.com/bot.html)" "www.tekmedicgloves.com"
185.191.171.33 - - [05/Nov/2022:09:30:53 -0700] "GET /phpMyAdmin/setup/?token=f25daf5dc9a24e5cd2d6c48504f15dd2&version_check=1 HTTP/1.1" 200 12691 "-" "Mozilla/5.0 (compatible; SemrushBot/7~bl; +http://www.semrush.com/bot.html)" "www.tekmedicgloves.com"
185.191.171.35 - - [05/Nov/2022:09:31:03 -0700] "GET /phpMyAdmin/setup/?token=bbf06061b7119225f80527fac948e282&version_check=1 HTTP/1.1" 200 12691 "-" "Mozilla/5.0 (compatible; SemrushBot/7~bl; +http://www.semrush.com/bot.html)" "www.tekmedicgloves.com"
185.191.171.19 - - [05/Nov/2022:09:31:12 -0700] "GET /phpMyAdmin/setup/?token=d970a224cf559d5ff5caa58d6a0e138a&version_check=1 HTTP/1.1" 200 12687 "-" "Mozilla/5.0 (compatible; SemrushBot/7~bl; +http://www.semrush.com/bot.html)" "tekmedicgloves.com"
185.191.171.41 - - [05/Nov/2022:09:31:14 -0700] "GET /phpMyAdmin/setup/?token=d5d3950ffc4f1290ada9453a4e7e02df&version_check=1 HTTP/1.1" 200 12687 "-" "Mozilla/5.0 (compatible; SemrushBot/7~bl; +http://www.semrush.com/bot.html)" "tekmedicgloves.com"
185.191.171.40 - - [05/Nov/2022:09:31:14 -0700] "GET /phpMyAdmin/setup/?token=eea271a452117e80eeeafd6a927a333b&version_check=1 HTTP/1.1" 200 12691 "-" "Mozilla/5.0 (compatible; SemrushBot/7~bl; +http://www.semrush.com/bot.html)" "www.tekmedicgloves.com"
185.191.171.18 - - [05/Nov/2022:09:31:24 -0700] "GET /phpMyAdmin/setup/?token=c7d3cbba2c2e296d00d147b1bf1021d1&version_check=1 HTTP/1.1" 200 12691 "-" "Mozilla/5.0 (compatible; SemrushBot/7~bl; +http://www.semrush.com/bot.html)" "www.tekmedicgloves.com"
185.191.171.5 - - [05/Nov/2022:09:31:37 -0700] "GET /phpMyAdmin/setup/?token=0170f33cce439e186de7f7f2784f93b3&version_check=1 HTTP/1.1" 200 12691 "-" "Mozilla/5.0 (compatible; SemrushBot/7~bl; +http://www.semrush.com/bot.html)" "www.tekmedicgloves.com"
185.191.171.42 - - [05/Nov/2022:09:31:51 -0700] "GET /phpMyAdmin/setup/?token=bdcdbec6aaa8da1a1625306792ec4df6&version_check=1 HTTP/1.1" 200 12691 "-" "Mozilla/5.0 (compatible; SemrushBot/7~bl; +http://www.semrush.com/bot.html)" "www.tekmedicgloves.com"
185.191.171.39 - - [05/Nov/2022:09:32:09 -0700] "GET /phpMyAdmin/setup/?token=c7f3690611b9b90245f7277ec6465fae&version_check=1 HTTP/1.1" 200 12691 "-" "Mozilla/5.0 (compatible; SemrushBot/7~bl; +http://www.semrush.com/bot.html)" "www.tekmedicgloves.com"
185.191.171.35 - - [05/Nov/2022:09:32:14 -0700] "GET /phpMyAdmin/setup/?token=ceec8c03bbc8081cb51245474f66cfa4&version_check=1 HTTP/1.1" 200 12687 "-" "Mozilla/5.0 (compatible; SemrushBot/7~bl; +http://www.semrush.com/bot.html)" "tekmedicgloves.com"
185.191.171.45 - - [05/Nov/2022:09:32:23 -0700] "GET /phpMyAdmin/setup/?token=0d264a0f4c01cf62bea853aa34ea89e0&version_check=1 HTTP/1.1" 200 12687 "-" "Mozilla/5.0 (compatible; SemrushBot/7~bl; +http://www.semrush.com/bot.html)" "tekmedicgloves.com"
185.191.171.38 - - [05/Nov/2022:09:32:33 -0700] "GET /phpMyAdmin/setup/?token=052377358a1435242fb4e1fec0961859&version_check=1 HTTP/1.1" 200 12691 "-" "Mozilla/5.0 (compatible; SemrushBot/7~bl; +http://www.semrush.com/bot.html)" "www.tekmedicgloves.com"
185.191.171.19 - - [05/Nov/2022:09:32:38 -0700] "GET /phpMyAdmin/setup/?token=ea6a407c9710c300d450ff144491c33e&version_check=1 HTTP/1.1" 200 12691 "-" "Mozilla/5.0 (compatible; SemrushBot/7~bl; +http://www.semrush.com/bot.html)" "www.tekmedicgloves.com"
185.191.171.38 - - [05/Nov/2022:09:32:41 -0700] "GET /phpMyAdmin/setup/?token=f62b0c1951acb41ccb2fcaf38462a43c&version_check=1 HTTP/1.1" 200 12691 "-" "Mozilla/5.0 (compatible; SemrushBot/7~bl; +http://www.semrush.com/bot.html)" "www.tekmedicgloves.com"
185.191.171.5 - - [05/Nov/2022:09:32:48 -0700] "GET /phpMyAdmin/setup/?token=e2ca3e27e812c6fd300d25bfb71dafbf&version_check=1 HTTP/1.1" 200 12691 "-" "Mozilla/5.0 (compatible; SemrushBot/7~bl; +http://www.semrush.com/bot.html)" "www.tekmedicgloves.com"
185.191.171.42 - - [05/Nov/2022:09:33:16 -0700] "GET /phpMyAdmin/setup/?token=b68eb7396a91bc7c0acaaf3adf7d8726&version_check=1 HTTP/1.1" 200 12691 "-" "Mozilla/5.0 (compatible; SemrushBot/7~bl; +http://www.semrush.com/bot.html)" "www.tekmedicgloves.com"
185.191.171.25 - - [05/Nov/2022:09:33:21 -0700] "GET /phpMyAdmin/setup/?token=fef4dfa7223dbecba4a5678bf5b50306&version_check=1 HTTP/1.1" 200 12691 "-" "Mozilla/5.0 (compatible; SemrushBot/7~bl; +http://www.semrush.com/bot.html)" "www.tekmedicgloves.com"
185.191.171.17 - - [05/Nov/2022:09:34:08 -0700] "GET /phpMyAdmin/setup/?token=bda9a58c045217422fa1078861a00646&version_check=1 HTTP/1.1" 200 12691 "-" "Mozilla/5.0 (compatible; SemrushBot/7~bl; +http://www.semrush.com/bot.html)" "www.tekmedicgloves.com"
185.191.171.22 - - [05/Nov/2022:09:34:09 -0700] "GET /phpMyAdmin/setup/?token=e06ddcb2010f2eab45a3690841ba69aa&version_check=1 HTTP/1.1" 200 12687 "-" "Mozilla/5.0 (compatible; SemrushBot/7~bl; +http://www.semrush.com/bot.html)" "tekmedicgloves.com"
185.191.171.10 - - [05/Nov/2022:09:34:12 -0700] "GET /phpMyAdmin/setup/?token=ea373e2327c41cbc0f3c8beb26f80228&version_check=1 HTTP/1.1" 200 12691 "-" "Mozilla/5.0 (compatible; SemrushBot/7~bl; +http://www.semrush.com/bot.html)" "www.tekmedicgloves.com"
185.191.171.26 - - [05/Nov/2022:09:34:25 -0700] "GET /phpMyAdmin/setup/?token=d0b75590ce8464fdcc4ff001b5004e88&version_check=1 HTTP/1.1" 200 12691 "-" "Mozilla/5.0 (compatible; SemrushBot/7~bl; +http://www.semrush.com/bot.html)" "www.tekmedicgloves.com"
185.191.171.40 - - [05/Nov/2022:09:34:29 -0700] "GET /phpMyAdmin/setup/?token=ff993bf0ff1dd1764388f2dcbc059354&version_check=1 HTTP/1.1" 200 12687 "-" "Mozilla/5.0 (compatible; SemrushBot/7~bl; +http://www.semrush.com/bot.html)" "tekmedicgloves.com"
185.191.171.19 - - [05/Nov/2022:09:34:32 -0700] "GET /phpMyAdmin/setup/?token=114e11425627d90a8c91b9adb8ca408e&version_check=1 HTTP/1.1" 200 12687 "-" "Mozilla/5.0 (compatible; SemrushBot/7~bl; +http://www.semrush.com/bot.html)" "tekmedicgloves.com"
185.191.171.25 - - [05/Nov/2022:09:34:48 -0700] "GET /phpMyAdmin/setup/?token=cf562119e484c95a9fe10888902d1879&version_check=1 HTTP/1.1" 200 12687 "-" "Mozilla/5.0 (compatible; SemrushBot/7~bl; +http://www.semrush.com/bot.html)" "tekmedicgloves.com"
185.191.171.45 - - [05/Nov/2022:09:34:54 -0700] "GET /phpMyAdmin/setup/?token=de123999d4f46c6487afae75343a584d&version_check=1 HTTP/1.1" 200 12687 "-" "Mozilla/5.0 (compatible; SemrushBot/7~bl; +http://www.semrush.com/bot.html)" "tekmedicgloves.com"
185.191.171.17 - - [05/Nov/2022:09:35:05 -0700] "GET /phpMyAdmin/setup/?token=f03496f0a8f1bbee96fc2c88f44dc14e&version_check=1 HTTP/1.1" 200 12687 "-" "Mozilla/5.0 (compatible; SemrushBot/7~bl; +http://www.semrush.com/bot.html)" "tekmedicgloves.com"
185.191.171.10 - - [05/Nov/2022:09:35:07 -0700] "GET /phpMyAdmin/setup/?token=db474fa3279245299040e913dea93df0&version_check=1 HTTP/1.1" 200 12687 "-" "Mozilla/5.0 (compatible; SemrushBot/7~bl; +http://www.semrush.com/bot.html)" "tekmedicgloves.com"
185.191.171.18 - - [05/Nov/2022:09:35:14 -0700] "GET /phpMyAdmin/setup/?token=ccdb1dee2d6d9b2f2a674fd3c712973b&version_check=1 HTTP/1.1" 200 12687 "-" "Mozilla/5.0 (compatible; SemrushBot/7~bl; +http://www.semrush.com/bot.html)" "tekmedicgloves.com"
51.222.253.6 - - [05/Nov/2022:09:35:21 -0700] "GET /beta/products.php?cat=21&id=6 HTTP/1.1" 200 56596 "-" "Mozilla/5.0 (compatible; AhrefsBot/7.0; +http://ahrefs.com/robot/)" "tekmedicgloves.com"
51.222.253.6 - - [05/Nov/2022:09:35:27 -0700] "GET /beta/wp-content/themes/CherryFramework/js/jquery.ba-resize.min.js HTTP/1.1" 200 616 "-" "Mozilla/5.0 (compatible; AhrefsBot/7.0; +http://ahrefs.com/robot/)" "tekmedicgloves.com"
51.222.253.18 - - [05/Nov/2022:09:35:27 -0700] "GET /beta/wp-content/themes/CherryFramework/js/jflickrfeed.js HTTP/1.1" 200 560 "-" "Mozilla/5.0 (compatible; AhrefsBot/7.0; +http://ahrefs.com/robot/)" "tekmedicgloves.com"
51.222.253.13 - - [05/Nov/2022:09:35:27 -0700] "GET /beta/wp-content/plugins/cherry-plugin/lib/js/FlexSlider/flexslider.css HTTP/1.1" 200 1323 "-" "Mozilla/5.0 (compatible; AhrefsBot/7.0; +http://ahrefs.com/robot/)" "tekmedicgloves.com"
51.222.253.4 - - [05/Nov/2022:09:35:33 -0700] "GET /beta/wp-content/themes/theme48838/bootstrap/css/responsive.css HTTP/1.1" 200 4226 "-" "Mozilla/5.0 (compatible; AhrefsBot/7.0; +http://ahrefs.com/robot/)" "tekmedicgloves.com"
185.191.171.43 - - [05/Nov/2022:09:35:36 -0700] "GET /phpMyAdmin/setup/?token=e6ba0fa8a8192ad8791b064dfb37ac2e&version_check=1 HTTP/1.1" 200 12687 "-" "Mozilla/5.0 (compatible; SemrushBot/7~bl; +http://www.semrush.com/bot.html)" "tekmedicgloves.com"
51.222.253.14 - - [05/Nov/2022:09:35:38 -0700] "GET /beta/wp-content/themes/theme48838/images/social/facebook.png HTTP/1.1" 200 1671 "-" "Mozilla/5.0 (compatible; AhrefsBot/7.0; +http://ahrefs.com/robot/)" "tekmedicgloves.com"
51.222.253.16 - - [05/Nov/2022:09:35:43 -0700] "GET /beta/images/product/20141110110256_neww.jpg HTTP/1.1" 200 792519 "-" "Mozilla/5.0 (compatible; AhrefsBot/7.0; +http://ahrefs.com/robot/)" "tekmedicgloves.com"
185.191.171.40 - - [05/Nov/2022:09:35:45 -0700] "GET /phpMyAdmin/setup/?token=f01847947d8055dc6abb335ac9560f89&version_check=1 HTTP/1.1" 200 12687 "-" "Mozilla/5.0 (compatible; SemrushBot/7~bl; +http://www.semrush.com/bot.html)" "tekmedicgloves.com"
185.191.171.41 - - [05/Nov/2022:09:35:45 -0700] "GET /phpMyAdmin/setup/?token=e008eb8a3394f89363f6071f977ab7f1&version_check=1 HTTP/1.1" 200 12691 "-" "Mozilla/5.0 (compatible; SemrushBot/7~bl; +http://www.semrush.com/bot.html)" "www.tekmedicgloves.com"
185.191.171.13 - - [05/Nov/2022:09:35:46 -0700] "GET /phpMyAdmin/setup/?token=dd23607fde470c2992d70a2683367655&version_check=1 HTTP/1.1" 200 12687 "-" "Mozilla/5.0 (compatible; SemrushBot/7~bl; +http://www.semrush.com/bot.html)" "tekmedicgloves.com"
185.191.171.37 - - [05/Nov/2022:09:35:48 -0700] "GET /phpMyAdmin/setup/?token=1225346521811256ea0ec1c46e23ce70&version_check=1 HTTP/1.1" 200 12687 "-" "Mozilla/5.0 (compatible; SemrushBot/7~bl; +http://www.semrush.com/bot.html)" "tekmedicgloves.com"
51.222.253.10 - - [05/Nov/2022:09:35:53 -0700] "GET /beta/wp-content/themes/theme48838/images/logo.png HTTP/1.1" 200 27710 "-" "Mozilla/5.0 (compatible; AhrefsBot/7.0; +http://ahrefs.com/robot/)" "tekmedicgloves.com"
51.222.253.18 - - [05/Nov/2022:09:35:53 -0700] "GET /beta/wp-content/themes/theme48838/images/social/rss.png HTTP/1.1" 200 2128 "-" "Mozilla/5.0 (compatible; AhrefsBot/7.0; +http://ahrefs.com/robot/)" "tekmedicgloves.com"
51.222.253.5 - - [05/Nov/2022:09:35:58 -0700] "GET /beta/wp-content/themes/CherryFramework/js/jplayer.playlist.min.js HTTP/1.1" 200 2404 "-" "Mozilla/5.0 (compatible; AhrefsBot/7.0; +http://ahrefs.com/robot/)" "tekmedicgloves.com"
185.191.171.1 - - [05/Nov/2022:09:35:59 -0700] "GET /phpMyAdmin/setup/?token=e08fe949ded5117a8a295a71ccf601ea&version_check=1 HTTP/1.1" 200 12687 "-" "Mozilla/5.0 (compatible; SemrushBot/7~bl; +http://www.semrush.com/bot.html)" "tekmedicgloves.com"
51.222.253.16 - - [05/Nov/2022:09:36:03 -0700] "GET /beta/wp-content/themes/CherryFramework/js/superfish.js HTTP/1.1" 200 1280 "-" "Mozilla/5.0 (compatible; AhrefsBot/7.0; +http://ahrefs.com/robot/)" "tekmedicgloves.com"
185.191.171.10 - - [05/Nov/2022:09:36:05 -0700] "GET /phpMyAdmin/setup/?token=bf4a10df5f85445dab2e41638fd71eb8&version_check=1 HTTP/1.1" 200 12691 "-" "Mozilla/5.0 (compatible; SemrushBot/7~bl; +http://www.semrush.com/bot.html)" "www.tekmedicgloves.com"
51.222.253.16 - - [05/Nov/2022:09:36:08 -0700] "GET /beta/wp-content/plugins/cherry-plugin/lib/js/owl-carousel/owl.theme.css HTTP/1.1" 200 606 "-" "Mozilla/5.0 (compatible; AhrefsBot/7.0; +http://ahrefs.com/robot/)" "tekmedicgloves.com"
51.222.253.12 - - [05/Nov/2022:09:36:09 -0700] "GET /beta/wp-content/themes/theme48838/images/social/google.png HTTP/1.1" 200 1611 "-" "Mozilla/5.0 (compatible; AhrefsBot/7.0; +http://ahrefs.com/robot/)" "tekmedicgloves.com"
185.191.171.10 - - [05/Nov/2022:09:36:12 -0700] "GET /phpMyAdmin/setup/?token=00650e17598c948ac348b7e358018504&version_check=1 HTTP/1.1" 200 12691 "-" "Mozilla/5.0 (compatible; SemrushBot/7~bl; +http://www.semrush.com/bot.html)" "www.tekmedicgloves.com"
51.222.253.16 - - [05/Nov/2022:09:36:14 -0700] "GET /beta/wp-content/themes/theme48838/main-style.css HTTP/1.1" 200 4849 "-" "Mozilla/5.0 (compatible; AhrefsBot/7.0; +http://ahrefs.com/robot/)" "tekmedicgloves.com"
185.191.171.37 - - [05/Nov/2022:09:36:18 -0700] "GET /phpMyAdmin/setup/?token=c7941ae6c7c3304068c9c03d21d5ec44&version_check=1 HTTP/1.1" 200 12691 "-" "Mozilla/5.0 (compatible; SemrushBot/7~bl; +http://www.semrush.com/bot.html)" "www.tekmedicgloves.com"
51.222.253.10 - - [05/Nov/2022:09:36:19 -0700] "GET /beta/wp-content/themes/CherryFramework/js/jquery.debouncedresize.js HTTP/1.1" 200 226 "-" "Mozilla/5.0 (compatible; AhrefsBot/7.0; +http://ahrefs.com/robot/)" "tekmedicgloves.com"
51.222.253.17 - - [05/Nov/2022:09:36:19 -0700] "GET /beta/wp-content/themes/CherryFramework/bootstrap/js/bootstrap.min.js HTTP/1.1" 200 7654 "-" "Mozilla/5.0 (compatible; AhrefsBot/7.0; +http://ahrefs.com/robot/)" "tekmedicgloves.com"
51.222.253.4 - - [05/Nov/2022:09:36:25 -0700] "GET /beta/wp-content/plugins/contact-form-7/includes/js/scripts.js HTTP/1.1" 200 1850 "-" "Mozilla/5.0 (compatible; AhrefsBot/7.0; +http://ahrefs.com/robot/)" "tekmedicgloves.com"
51.222.253.18 - - [05/Nov/2022:09:36:30 -0700] "GET /beta/wp-content/plugins/cherry-plugin/lib/js/jquery.easing.1.3.js HTTP/1.1" 200 814 "-" "Mozilla/5.0 (compatible; AhrefsBot/7.0; +http://ahrefs.com/robot/)" "tekmedicgloves.com"
51.222.253.10 - - [05/Nov/2022:09:36:30 -0700] "GET /beta/wp-content/plugins/cherry-plugin/includes/css/cherry-plugin.css HTTP/1.1" 200 4752 "-" "Mozilla/5.0 (compatible; AhrefsBot/7.0; +http://ahrefs.com/robot/)" "tekmedicgloves.com"
51.222.253.5 - - [05/Nov/2022:09:36:35 -0700] "GET /beta/wp-content/themes/CherryFramework/js/jquery.jplayer.min.js HTTP/1.1" 200 11945 "-" "Mozilla/5.0 (compatible; AhrefsBot/7.0; +http://ahrefs.com/robot/)" "tekmedicgloves.com"
185.191.171.24 - - [05/Nov/2022:09:36:37 -0700] "GET /phpMyAdmin/setup/?token=ec1515a06488fbcdfb5258a7abddb30a&version_check=1 HTTP/1.1" 200 12691 "-" "Mozilla/5.0 (compatible; SemrushBot/7~bl; +http://www.semrush.com/bot.html)" "www.tekmedicgloves.com"
51.222.253.9 - - [05/Nov/2022:09:36:41 -0700] "GET /beta/wp-content/themes/CherryFramework/css/camera.css HTTP/1.1" 200 3117 "-" "Mozilla/5.0 (compatible; AhrefsBot/7.0; +http://ahrefs.com/robot/)" "tekmedicgloves.com"
185.191.171.19 - - [05/Nov/2022:09:36:44 -0700] "GET /phpMyAdmin/setup/?token=fadda6baa0e0bdd2bb96751b7f779613&version_check=1 HTTP/1.1" 200 12691 "-" "Mozilla/5.0 (compatible; SemrushBot/7~bl; +http://www.semrush.com/bot.html)" "www.tekmedicgloves.com"
51.222.253.7 - - [05/Nov/2022:09:36:46 -0700] "GET /beta/wp-content/plugins/cherry-plugin/lib/js/elasti-carousel/jquery.elastislide.js HTTP/1.1" 200 1963 "-" "Mozilla/5.0 (compatible; AhrefsBot/7.0; +http://ahrefs.com/robot/)" "tekmedicgloves.com"
51.222.253.7 - - [05/Nov/2022:09:36:51 -0700] "GET /beta/wp-content/themes/CherryFramework/js/jquery-1.7.2.min.js HTTP/1.1" 200 33630 "-" "Mozilla/5.0 (compatible; AhrefsBot/7.0; +http://ahrefs.com/robot/)" "tekmedicgloves.com"
51.222.253.20 - - [05/Nov/2022:09:36:57 -0700] "GET /beta/wp-content/themes/CherryFramework/css/magnific-popup.css HTTP/1.1" 200 2166 "-" "Mozilla/5.0 (compatible; AhrefsBot/7.0; +http://ahrefs.com/robot/)" "tekmedicgloves.com"
185.191.171.17 - - [05/Nov/2022:09:36:58 -0700] "GET /phpMyAdmin/setup/?token=f7cc4393862f2693574a3fce9baf6069&version_check=1 HTTP/1.1" 200 12687 "-" "Mozilla/5.0 (compatible; SemrushBot/7~bl; +http://www.semrush.com/bot.html)" "tekmedicgloves.com"
185.191.171.12 - - [05/Nov/2022:09:37:01 -0700] "GET /phpMyAdmin/setup/?token=d693b59bb168d51db5a3da09fbcdff62&version_check=1 HTTP/1.1" 200 12687 "-" "Mozilla/5.0 (compatible; SemrushBot/7~bl; +http://www.semrush.com/bot.html)" "tekmedicgloves.com"
51.222.253.16 - - [05/Nov/2022:09:37:02 -0700] "GET /beta/wp-content/plugins/cherry-plugin/lib/js/FlexSlider/jquery.flexslider-min.js HTTP/1.1" 200 5177 "-" "Mozilla/5.0 (compatible; AhrefsBot/7.0; +http://ahrefs.com/robot/)" "tekmedicgloves.com"
185.191.171.10 - - [05/Nov/2022:09:37:03 -0700] "GET /phpMyAdmin/setup/?token=baaa34a3387f10c57b201332daa0cc50&version_check=1 HTTP/1.1" 200 12691 "-" "Mozilla/5.0 (compatible; SemrushBot/7~bl; +http://www.semrush.com/bot.html)" "www.tekmedicgloves.com"
51.222.253.11 - - [05/Nov/2022:09:37:07 -0700] "GET /beta/wp-content/themes/CherryFramework/js/jquery.magnific-popup.min.js HTTP/1.1" 200 7493 "-" "Mozilla/5.0 (compatible; AhrefsBot/7.0; +http://ahrefs.com/robot/)" "tekmedicgloves.com"
51.222.253.8 - - [05/Nov/2022:09:37:12 -0700] "GET /beta/wp-content/themes/theme48838/images/social/twitter.png HTTP/1.1" 200 1861 "-" "Mozilla/5.0 (compatible; AhrefsBot/7.0; +http://ahrefs.com/robot/)" "tekmedicgloves.com"
185.191.171.1 - - [05/Nov/2022:09:37:15 -0700] "GET /phpMyAdmin/setup/?token=f47b20cd3ee771f3cbd91c9458761a33&version_check=1 HTTP/1.1" 200 12691 "-" "Mozilla/5.0 (compatible; SemrushBot/7~bl; +http://www.semrush.com/bot.html)" "www.tekmedicgloves.com"
51.222.253.7 - - [05/Nov/2022:09:37:17 -0700] "GET /beta/wp-content/themes/theme48838/bootstrap/css/bootstrap.css HTTP/1.1" 200 15793 "-" "Mozilla/5.0 (compatible; AhrefsBot/7.0; +http://ahrefs.com/robot/)" "tekmedicgloves.com"
51.222.253.20 - - [05/Nov/2022:09:37:22 -0700] "GET /beta/wp-content/themes/CherryFramework/js/custom.js HTTP/1.1" 200 2131 "-" "Mozilla/5.0 (compatible; AhrefsBot/7.0; +http://ahrefs.com/robot/)" "tekmedicgloves.com"
51.222.253.10 - - [05/Nov/2022:09:37:28 -0700] "GET /beta/wp-content/themes/CherryFramework/js/jquery.mobilemenu.js HTTP/1.1" 200 908 "-" "Mozilla/5.0 (compatible; AhrefsBot/7.0; +http://ahrefs.com/robot/)" "tekmedicgloves.com"
51.222.253.5 - - [05/Nov/2022:09:37:33 -0700] "GET /beta/wp-content/themes/CherryFramework/js/camera.min.js HTTP/1.1" 200 8551 "-" "Mozilla/5.0 (compatible; AhrefsBot/7.0; +http://ahrefs.com/robot/)" "tekmedicgloves.com"
51.222.253.5 - - [05/Nov/2022:09:37:38 -0700] "GET /beta/wp-content/themes/CherryFramework/js/modernizr.js HTTP/1.1" 200 5141 "-" "Mozilla/5.0 (compatible; AhrefsBot/7.0; +http://ahrefs.com/robot/)" "tekmedicgloves.com"
51.222.253.16 - - [05/Nov/2022:09:37:43 -0700] "GET /beta/wp-includes/js/swfobject.js HTTP/1.1" 404 88 "-" "Mozilla/5.0 (compatible; AhrefsBot/7.0; +http://ahrefs.com/robot/)" "tekmedicgloves.com"
51.222.253.4 - - [05/Nov/2022:09:37:43 -0700] "GET /beta/wp-content/themes/CherryFramework/js/jquery.mobile.customized.min.js HTTP/1.1" 200 6409 "-" "Mozilla/5.0 (compatible; AhrefsBot/7.0; +http://ahrefs.com/robot/)" "tekmedicgloves.com"
185.191.171.18 - - [05/Nov/2022:09:37:45 -0700] "GET /phpMyAdmin/setup/?token=e1493937070d3ba81c996f368ce166ed&version_check=1 HTTP/1.1" 200 12691 "-" "Mozilla/5.0 (compatible; SemrushBot/7~bl; +http://www.semrush.com/bot.html)" "www.tekmedicgloves.com"
