185.191.171.11 - - [12/Nov/2022:23:43:26 -0800] "GET /phpMyAdmin/setup/?token=fdcd57ff3949679167c836a76458c5bf&version_check=1 HTTP/1.1" 200 12691 "-" "Mozilla/5.0 (compatible; SemrushBot/7~bl; +http://www.semrush.com/bot.html)" "www.tekmedicgloves.com"
20.231.193.140 - - [12/Nov/2022:23:43:35 -0800] "GET /site/wp-includes/wlwmanifest.xml HTTP/1.1" 404 73 "-" "Mozilla/5.0 (Windows NT 10.0; Win64; x64) AppleWebKit/537.36 (KHTML, like Gecko) Chrome/76.0.3809.132 Safari/537.36" "tekmedicgloves.com"
20.231.193.140 - - [12/Nov/2022:23:43:38 -0800] "GET /cms/wp-includes/wlwmanifest.xml HTTP/1.1" 404 73 "-" "Mozilla/5.0 (Windows NT 10.0; Win64; x64) AppleWebKit/537.36 (KHTML, like Gecko) Chrome/76.0.3809.132 Safari/537.36" "tekmedicgloves.com"
185.191.171.43 - - [12/Nov/2022:23:43:51 -0800] "GET /phpMyAdmin/setup/?token=d33d43ae089a7ca778b78c7cf5174743&version_check=1 HTTP/1.1" 200 12687 "-" "Mozilla/5.0 (compatible; SemrushBot/7~bl; +http://www.semrush.com/bot.html)" "tekmedicgloves.com"
185.191.171.7 - - [12/Nov/2022:23:43:55 -0800] "GET /phpMyAdmin/setup/?token=cd19ff79e355028e1b82bff4a2c500da&version_check=1 HTTP/1.1" 200 12687 "-" "Mozilla/5.0 (compatible; SemrushBot/7~bl; +http://www.semrush.com/bot.html)" "tekmedicgloves.com"
185.191.171.8 - - [12/Nov/2022:23:44:05 -0800] "GET /phpMyAdmin/setup/?token=f5bfeac34e131f39c9a7c21a3dccc77b&version_check=1 HTTP/1.1" 200 12691 "-" "Mozilla/5.0 (compatible; SemrushBot/7~bl; +http://www.semrush.com/bot.html)" "www.tekmedicgloves.com"
185.191.171.38 - - [12/Nov/2022:23:44:10 -0800] "GET /phpMyAdmin/setup/?token=f54f5a5bd93fd675cc17fd9fc38b8ab2&version_check=1 HTTP/1.1" 200 12691 "-" "Mozilla/5.0 (compatible; SemrushBot/7~bl; +http://www.semrush.com/bot.html)" "www.tekmedicgloves.com"
185.191.171.25 - - [12/Nov/2022:23:44:10 -0800] "GET /phpMyAdmin/setup/?token=007bc622d67e710bd11aa1f12c887d54&version_check=1 HTTP/1.1" 200 12687 "-" "Mozilla/5.0 (compatible; SemrushBot/7~bl; +http://www.semrush.com/bot.html)" "tekmedicgloves.com"
185.191.171.44 - - [12/Nov/2022:23:44:14 -0800] "GET /phpMyAdmin/setup/?token=d3e9ccddf8d9a199410c0ac2f06c406d&version_check=1 HTTP/1.1" 200 12687 "-" "Mozilla/5.0 (compatible; SemrushBot/7~bl; +http://www.semrush.com/bot.html)" "tekmedicgloves.com"
185.191.171.9 - - [12/Nov/2022:23:44:28 -0800] "GET /phpMyAdmin/setup/?token=e3d97964edaa49430c3874e8436c4acc&version_check=1 HTTP/1.1" 200 12691 "-" "Mozilla/5.0 (compatible; SemrushBot/7~bl; +http://www.semrush.com/bot.html)" "www.tekmedicgloves.com"
185.191.171.4 - - [12/Nov/2022:23:44:47 -0800] "GET /phpMyAdmin/setup/?token=dd1c24c89d0cfff21857a41ce48416d4&version_check=1 HTTP/1.1" 200 12687 "-" "Mozilla/5.0 (compatible; SemrushBot/7~bl; +http://www.semrush.com/bot.html)" "tekmedicgloves.com"
185.191.171.40 - - [12/Nov/2022:23:44:49 -0800] "GET /phpMyAdmin/setup/?token=ce92bf95a3f001a41645d4f5fb0df5c5&version_check=1 HTTP/1.1" 200 12691 "-" "Mozilla/5.0 (compatible; SemrushBot/7~bl; +http://www.semrush.com/bot.html)" "www.tekmedicgloves.com"
185.191.171.8 - - [12/Nov/2022:23:44:56 -0800] "GET /phpMyAdmin/setup/?token=f5331b78bf1b1a4485a67b0e1dd96cdd&version_check=1 HTTP/1.1" 200 12691 "-" "Mozilla/5.0 (compatible; SemrushBot/7~bl; +http://www.semrush.com/bot.html)" "www.tekmedicgloves.com"
185.191.171.35 - - [12/Nov/2022:23:45:20 -0800] "GET /phpMyAdmin/setup/?token=0cfb5892d675b141139c5f20cf4330d6&version_check=1 HTTP/1.1" 200 12687 "-" "Mozilla/5.0 (compatible; SemrushBot/7~bl; +http://www.semrush.com/bot.html)" "tekmedicgloves.com"
185.191.171.35 - - [12/Nov/2022:23:45:29 -0800] "GET /phpMyAdmin/setup/?token=cc366383ecf150bacbbcb3876ab4ee0d&version_check=1 HTTP/1.1" 200 12687 "-" "Mozilla/5.0 (compatible; SemrushBot/7~bl; +http://www.semrush.com/bot.html)" "tekmedicgloves.com"
185.191.171.19 - - [12/Nov/2022:23:45:34 -0800] "GET /phpMyAdmin/setup/?token=bc5a6b52616d62e59a86ea3b3e87f08a&version_check=1 HTTP/1.1" 200 12691 "-" "Mozilla/5.0 (compatible; SemrushBot/7~bl; +http://www.semrush.com/bot.html)" "www.tekmedicgloves.com"
185.191.171.13 - - [12/Nov/2022:23:45:36 -0800] "GET /phpMyAdmin/setup/?token=b38a55dec8f0edfd2ab46e2622962f89&version_check=1 HTTP/1.1" 200 12691 "-" "Mozilla/5.0 (compatible; SemrushBot/7~bl; +http://www.semrush.com/bot.html)" "www.tekmedicgloves.com"
185.191.171.38 - - [12/Nov/2022:23:45:37 -0800] "GET /phpMyAdmin/setup/?token=ca8363f1851b489326148397487a8a46&version_check=1 HTTP/1.1" 200 12687 "-" "Mozilla/5.0 (compatible; SemrushBot/7~bl; +http://www.semrush.com/bot.html)" "tekmedicgloves.com"
185.191.171.8 - - [12/Nov/2022:23:45:51 -0800] "GET /phpMyAdmin/setup/?token=df89b37ccb39ce35a7011887fb5964ac&version_check=1 HTTP/1.1" 200 12691 "-" "Mozilla/5.0 (compatible; SemrushBot/7~bl; +http://www.semrush.com/bot.html)" "www.tekmedicgloves.com"
185.191.171.38 - - [12/Nov/2022:23:45:51 -0800] "GET /phpMyAdmin/setup/?token=fd88bcdeac02b90568484cfb1e73d252&version_check=1 HTTP/1.1" 200 12687 "-" "Mozilla/5.0 (compatible; SemrushBot/7~bl; +http://www.semrush.com/bot.html)" "tekmedicgloves.com"
185.191.171.12 - - [12/Nov/2022:23:46:02 -0800] "GET /phpMyAdmin/setup/?token=04e23773a97472b97f4d4cac00ad01e3&version_check=1 HTTP/1.1" 200 12691 "-" "Mozilla/5.0 (compatible; SemrushBot/7~bl; +http://www.semrush.com/bot.html)" "www.tekmedicgloves.com"
185.191.171.4 - - [12/Nov/2022:23:46:23 -0800] "GET /phpMyAdmin/setup/?token=c97c6062009d32c8bb328ffad989ba12&version_check=1 HTTP/1.1" 200 12687 "-" "Mozilla/5.0 (compatible; SemrushBot/7~bl; +http://www.semrush.com/bot.html)" "tekmedicgloves.com"
185.191.171.38 - - [12/Nov/2022:23:46:36 -0800] "GET /phpMyAdmin/setup/?token=069711f31fbd3e6f30577ae5fe7d6233&version_check=1 HTTP/1.1" 200 12691 "-" "Mozilla/5.0 (compatible; SemrushBot/7~bl; +http://www.semrush.com/bot.html)" "www.tekmedicgloves.com"
185.191.171.26 - - [12/Nov/2022:23:46:38 -0800] "GET /phpMyAdmin/setup/?token=e946cc098fec66515f9497798fb773b6&version_check=1 HTTP/1.1" 200 12687 "-" "Mozilla/5.0 (compatible; SemrushBot/7~bl; +http://www.semrush.com/bot.html)" "tekmedicgloves.com"
185.191.171.1 - - [12/Nov/2022:23:46:41 -0800] "GET /phpMyAdmin/setup/?token=ddba734729a1a531f7be36f3f27b3b16&version_check=1 HTTP/1.1" 200 12687 "-" "Mozilla/5.0 (compatible; SemrushBot/7~bl; +http://www.semrush.com/bot.html)" "tekmedicgloves.com"
185.191.171.44 - - [12/Nov/2022:23:46:49 -0800] "GET /phpMyAdmin/setup/?token=dd9d26a8c577e6218d678bbbded27006&version_check=1 HTTP/1.1" 200 12691 "-" "Mozilla/5.0 (compatible; SemrushBot/7~bl; +http://www.semrush.com/bot.html)" "www.tekmedicgloves.com"
185.191.171.5 - - [12/Nov/2022:23:46:58 -0800] "GET /phpMyAdmin/setup/?token=e2df445f322a4bc6ddd8adab66079fc2&version_check=1 HTTP/1.1" 200 12691 "-" "Mozilla/5.0 (compatible; SemrushBot/7~bl; +http://www.semrush.com/bot.html)" "www.tekmedicgloves.com"
185.191.171.36 - - [12/Nov/2022:23:47:12 -0800] "GET /phpMyAdmin/setup/?token=e8e9e8a5af557e8e83e48233bbb13adc&version_check=1 HTTP/1.1" 200 12691 "-" "Mozilla/5.0 (compatible; SemrushBot/7~bl; +http://www.semrush.com/bot.html)" "www.tekmedicgloves.com"
185.191.171.6 - - [12/Nov/2022:23:47:40 -0800] "GET /phpMyAdmin/setup/?token=c8ed937ef89dfa6ec774988950af76ee&version_check=1 HTTP/1.1" 200 12687 "-" "Mozilla/5.0 (compatible; SemrushBot/7~bl; +http://www.semrush.com/bot.html)" "tekmedicgloves.com"
185.191.171.1 - - [12/Nov/2022:23:47:49 -0800] "GET /phpMyAdmin/setup/?token=e9de6657482ca5922ae52505ee5c7bc0&version_check=1 HTTP/1.1" 200 12687 "-" "Mozilla/5.0 (compatible; SemrushBot/7~bl; +http://www.semrush.com/bot.html)" "tekmedicgloves.com"
185.191.171.18 - - [12/Nov/2022:23:48:00 -0800] "GET /phpMyAdmin/setup/?token=e19747117351095c30410473adc523f1&version_check=1 HTTP/1.1" 200 12687 "-" "Mozilla/5.0 (compatible; SemrushBot/7~bl; +http://www.semrush.com/bot.html)" "tekmedicgloves.com"
185.191.171.33 - - [12/Nov/2022:23:48:02 -0800] "GET /phpMyAdmin/setup/?token=e193896278ba3a91cbc9f05f4ef5a048&version_check=1 HTTP/1.1" 200 12687 "-" "Mozilla/5.0 (compatible; SemrushBot/7~bl; +http://www.semrush.com/bot.html)" "tekmedicgloves.com"
185.191.171.35 - - [12/Nov/2022:23:48:18 -0800] "GET /phpMyAdmin/setup/?token=ef130c2dfa6d9a066bece701015bbf84&version_check=1 HTTP/1.1" 200 12687 "-" "Mozilla/5.0 (compatible; SemrushBot/7~bl; +http://www.semrush.com/bot.html)" "tekmedicgloves.com"
185.191.171.13 - - [12/Nov/2022:23:48:25 -0800] "GET /phpMyAdmin/setup/?token=cc98f68e048329c0d9484b44ae016f6a&version_check=1 HTTP/1.1" 200 12687 "-" "Mozilla/5.0 (compatible; SemrushBot/7~bl; +http://www.semrush.com/bot.html)" "tekmedicgloves.com"
185.191.171.23 - - [12/Nov/2022:23:48:30 -0800] "GET /phpMyAdmin/setup/?token=e1ec30e25525faa4e1290aeaa0fa5a1d&version_check=1 HTTP/1.1" 200 12687 "-" "Mozilla/5.0 (compatible; SemrushBot/7~bl; +http://www.semrush.com/bot.html)" "tekmedicgloves.com"
185.191.171.21 - - [12/Nov/2022:23:49:00 -0800] "GET /phpMyAdmin/setup/?token=0789ced33e20d7504f565a84f28e66d9&version_check=1 HTTP/1.1" 200 12691 "-" "Mozilla/5.0 (compatible; SemrushBot/7~bl; +http://www.semrush.com/bot.html)" "www.tekmedicgloves.com"
185.191.171.24 - - [12/Nov/2022:23:49:06 -0800] "GET /phpMyAdmin/setup/?token=fe1d5fe205dd40b94b0a58c2c9f3193a&version_check=1 HTTP/1.1" 200 12691 "-" "Mozilla/5.0 (compatible; SemrushBot/7~bl; +http://www.semrush.com/bot.html)" "www.tekmedicgloves.com"
185.191.171.8 - - [12/Nov/2022:23:49:12 -0800] "GET /phpMyAdmin/setup/?token=f34a3b9c7eceed48bd88277e849183f7&version_check=1 HTTP/1.1" 200 12691 "-" "Mozilla/5.0 (compatible; SemrushBot/7~bl; +http://www.semrush.com/bot.html)" "www.tekmedicgloves.com"
185.191.171.9 - - [12/Nov/2022:23:49:16 -0800] "GET /phpMyAdmin/setup/?token=b8b90ac7672dff06fb43b2e8d00c5c7a&version_check=1 HTTP/1.1" 200 12691 "-" "Mozilla/5.0 (compatible; SemrushBot/7~bl; +http://www.semrush.com/bot.html)" "www.tekmedicgloves.com"
185.191.171.5 - - [12/Nov/2022:23:49:18 -0800] "GET /phpMyAdmin/setup/?token=03ad5e9499ec62bd1e14fb2cb7a38155&version_check=1 HTTP/1.1" 200 12691 "-" "Mozilla/5.0 (compatible; SemrushBot/7~bl; +http://www.semrush.com/bot.html)" "www.tekmedicgloves.com"
185.191.171.21 - - [12/Nov/2022:23:49:35 -0800] "GET /phpMyAdmin/setup/?token=c47718500bb3e21fda79052d2b346a34&version_check=1 HTTP/1.1" 200 12691 "-" "Mozilla/5.0 (compatible; SemrushBot/7~bl; +http://www.semrush.com/bot.html)" "www.tekmedicgloves.com"
185.191.171.13 - - [12/Nov/2022:23:49:37 -0800] "GET /phpMyAdmin/setup/?token=b18e38e77fdaa99062131675b8808f56&version_check=1 HTTP/1.1" 200 12691 "-" "Mozilla/5.0 (compatible; SemrushBot/7~bl; +http://www.semrush.com/bot.html)" "www.tekmedicgloves.com"
185.191.171.6 - - [12/Nov/2022:23:49:49 -0800] "GET /phpMyAdmin/setup/?token=cd33bc9c57b7ddf0d3a5f0b348cae1f3&version_check=1 HTTP/1.1" 200 12687 "-" "Mozilla/5.0 (compatible; SemrushBot/7~bl; +http://www.semrush.com/bot.html)" "tekmedicgloves.com"
185.191.171.1 - - [12/Nov/2022:23:49:53 -0800] "GET /phpMyAdmin/setup/?token=dc3f0a1197e9287ed9b66255eea9117e&version_check=1 HTTP/1.1" 200 12687 "-" "Mozilla/5.0 (compatible; SemrushBot/7~bl; +http://www.semrush.com/bot.html)" "tekmedicgloves.com"
185.191.171.24 - - [12/Nov/2022:23:50:27 -0800] "GET /phpMyAdmin/setup/?token=d0b58bb3032d31b5751a732e85a611fd&version_check=1 HTTP/1.1" 200 12687 "-" "Mozilla/5.0 (compatible; SemrushBot/7~bl; +http://www.semrush.com/bot.html)" "tekmedicgloves.com"
185.191.171.39 - - [12/Nov/2022:23:50:33 -0800] "GET /phpMyAdmin/setup/?token=1248a354024b7eddc6c424ac4dd118b5&version_check=1 HTTP/1.1" 200 12687 "-" "Mozilla/5.0 (compatible; SemrushBot/7~bl; +http://www.semrush.com/bot.html)" "tekmedicgloves.com"
185.191.171.45 - - [12/Nov/2022:23:50:37 -0800] "GET /phpMyAdmin/setup/?token=dc6bf4beb712f34bd097423258019a04&version_check=1 HTTP/1.1" 200 12687 "-" "Mozilla/5.0 (compatible; SemrushBot/7~bl; +http://www.semrush.com/bot.html)" "tekmedicgloves.com"
185.191.171.11 - - [12/Nov/2022:23:50:42 -0800] "GET /phpMyAdmin/setup/?token=f868ba888e37d18fb9a708cc7f3e2d00&version_check=1 HTTP/1.1" 200 12691 "-" "Mozilla/5.0 (compatible; SemrushBot/7~bl; +http://www.semrush.com/bot.html)" "www.tekmedicgloves.com"
185.191.171.39 - - [12/Nov/2022:23:50:48 -0800] "GET /phpMyAdmin/setup/?token=ca8250ed292130ac14cbfb194fdc898a&version_check=1 HTTP/1.1" 200 12687 "-" "Mozilla/5.0 (compatible; SemrushBot/7~bl; +http://www.semrush.com/bot.html)" "tekmedicgloves.com"
185.191.171.34 - - [12/Nov/2022:23:51:32 -0800] "GET /phpMyAdmin/setup/?token=e879d099522009ccba3a6eb4be539f4c&version_check=1 HTTP/1.1" 200 12691 "-" "Mozilla/5.0 (compatible; SemrushBot/7~bl; +http://www.semrush.com/bot.html)" "www.tekmedicgloves.com"
185.191.171.15 - - [12/Nov/2022:23:51:35 -0800] "GET /phpMyAdmin/setup/?token=e97336b94c8f821fab48e50c524f801b&version_check=1 HTTP/1.1" 200 12691 "-" "Mozilla/5.0 (compatible; SemrushBot/7~bl; +http://www.semrush.com/bot.html)" "www.tekmedicgloves.com"
185.191.171.11 - - [12/Nov/2022:23:51:45 -0800] "GET /phpMyAdmin/setup/?token=d5adeadfb8e238c327950f710f5474b4&version_check=1 HTTP/1.1" 200 12687 "-" "Mozilla/5.0 (compatible; SemrushBot/7~bl; +http://www.semrush.com/bot.html)" "tekmedicgloves.com"
185.191.171.34 - - [12/Nov/2022:23:52:17 -0800] "GET /phpMyAdmin/setup/?token=e7b46045c0f062f64e14e1b6eb614409&version_check=1 HTTP/1.1" 200 12691 "-" "Mozilla/5.0 (compatible; SemrushBot/7~bl; +http://www.semrush.com/bot.html)" "www.tekmedicgloves.com"
185.191.171.36 - - [12/Nov/2022:23:52:29 -0800] "GET /phpMyAdmin/setup/?token=faf7c871f1e0f81c40b1282e234ea701&version_check=1 HTTP/1.1" 200 12687 "-" "Mozilla/5.0 (compatible; SemrushBot/7~bl; +http://www.semrush.com/bot.html)" "tekmedicgloves.com"
185.191.171.4 - - [12/Nov/2022:23:52:38 -0800] "GET /phpMyAdmin/setup/?token=c9eecbb3339743ffdafde9f052ea01a4&version_check=1 HTTP/1.1" 200 12687 "-" "Mozilla/5.0 (compatible; SemrushBot/7~bl; +http://www.semrush.com/bot.html)" "tekmedicgloves.com"
185.191.171.13 - - [12/Nov/2022:23:52:52 -0800] "GET /phpMyAdmin/setup/?token=135178df147e6b5d5a484561a3d193ee&version_check=1 HTTP/1.1" 200 12687 "-" "Mozilla/5.0 (compatible; SemrushBot/7~bl; +http://www.semrush.com/bot.html)" "tekmedicgloves.com"
185.191.171.4 - - [12/Nov/2022:23:52:58 -0800] "GET /phpMyAdmin/setup/?token=ede4ea90e26e77a516cf32625809e46e&version_check=1 HTTP/1.1" 200 12691 "-" "Mozilla/5.0 (compatible; SemrushBot/7~bl; +http://www.semrush.com/bot.html)" "www.tekmedicgloves.com"
185.191.171.4 - - [12/Nov/2022:23:53:23 -0800] "GET /phpMyAdmin/setup/?token=b3a2b2ccaded4237e82d4f401c3fe82f&version_check=1 HTTP/1.1" 200 12691 "-" "Mozilla/5.0 (compatible; SemrushBot/7~bl; +http://www.semrush.com/bot.html)" "www.tekmedicgloves.com"
185.191.171.5 - - [12/Nov/2022:23:53:30 -0800] "GET /phpMyAdmin/setup/?token=d09684d3910fe90262a144ebf9bf192c&version_check=1 HTTP/1.1" 200 12691 "-" "Mozilla/5.0 (compatible; SemrushBot/7~bl; +http://www.semrush.com/bot.html)" "www.tekmedicgloves.com"
185.191.171.44 - - [12/Nov/2022:23:53:35 -0800] "GET /phpMyAdmin/setup/?token=c86b47d94db7009a4b278870837ca63b&version_check=1 HTTP/1.1" 200 12687 "-" "Mozilla/5.0 (compatible; SemrushBot/7~bl; +http://www.semrush.com/bot.html)" "tekmedicgloves.com"
185.191.171.39 - - [12/Nov/2022:23:53:37 -0800] "GET /phpMyAdmin/setup/?token=eda007c1bcc89caf757e94a333359f03&version_check=1 HTTP/1.1" 200 12691 "-" "Mozilla/5.0 (compatible; SemrushBot/7~bl; +http://www.semrush.com/bot.html)" "www.tekmedicgloves.com"
185.191.171.38 - - [12/Nov/2022:23:53:41 -0800] "GET /phpMyAdmin/setup/?token=bcad8415aa43edfead7992f35d00bc20&version_check=1 HTTP/1.1" 200 12691 "-" "Mozilla/5.0 (compatible; SemrushBot/7~bl; +http://www.semrush.com/bot.html)" "www.tekmedicgloves.com"
185.191.171.45 - - [12/Nov/2022:23:53:44 -0800] "GET /phpMyAdmin/setup/?token=bcffb51fafe0e40d92150a9781617ab2&version_check=1 HTTP/1.1" 200 12691 "-" "Mozilla/5.0 (compatible; SemrushBot/7~bl; +http://www.semrush.com/bot.html)" "www.tekmedicgloves.com"
185.191.171.18 - - [12/Nov/2022:23:53:53 -0800] "GET /phpMyAdmin/setup/?token=c8a24b1d89ba7fcd6b4c05c9d73651a5&version_check=1 HTTP/1.1" 200 12687 "-" "Mozilla/5.0 (compatible; SemrushBot/7~bl; +http://www.semrush.com/bot.html)" "tekmedicgloves.com"
185.191.171.35 - - [12/Nov/2022:23:54:24 -0800] "GET /phpMyAdmin/setup/?token=06bb2ecbe5308c18f96a139c891e1e78&version_check=1 HTTP/1.1" 200 12691 "-" "Mozilla/5.0 (compatible; SemrushBot/7~bl; +http://www.semrush.com/bot.html)" "www.tekmedicgloves.com"
185.191.171.22 - - [12/Nov/2022:23:54:39 -0800] "GET /phpMyAdmin/setup/?token=f0a24b5b97f8997557db50917356e996&version_check=1 HTTP/1.1" 200 12687 "-" "Mozilla/5.0 (compatible; SemrushBot/7~bl; +http://www.semrush.com/bot.html)" "tekmedicgloves.com"
185.191.171.35 - - [12/Nov/2022:23:54:48 -0800] "GET /phpMyAdmin/setup/?token=fca3e970439ee542ba9041ec742bbbeb&version_check=1 HTTP/1.1" 200 12687 "-" "Mozilla/5.0 (compatible; SemrushBot/7~bl; +http://www.semrush.com/bot.html)" "tekmedicgloves.com"
185.191.171.14 - - [12/Nov/2022:23:54:55 -0800] "GET /phpMyAdmin/setup/?token=04016c6aa1f45d42b6e58f151ebd7d50&version_check=1 HTTP/1.1" 200 12687 "-" "Mozilla/5.0 (compatible; SemrushBot/7~bl; +http://www.semrush.com/bot.html)" "tekmedicgloves.com"
185.191.171.7 - - [12/Nov/2022:23:55:02 -0800] "GET /phpMyAdmin/setup/?token=00a177f23f9ccf1beebb916154375c0f&version_check=1 HTTP/1.1" 200 12691 "-" "Mozilla/5.0 (compatible; SemrushBot/7~bl; +http://www.semrush.com/bot.html)" "www.tekmedicgloves.com"
185.191.171.10 - - [12/Nov/2022:23:55:08 -0800] "GET /phpMyAdmin/setup/?token=069f0fd94a4064895844204a365436d2&version_check=1 HTTP/1.1" 200 12687 "-" "Mozilla/5.0 (compatible; SemrushBot/7~bl; +http://www.semrush.com/bot.html)" "tekmedicgloves.com"
185.191.171.43 - - [12/Nov/2022:23:55:40 -0800] "GET /phpMyAdmin/setup/?token=b3783fc8bfb231b0907d4688b7efbecd&version_check=1 HTTP/1.1" 200 12691 "-" "Mozilla/5.0 (compatible; SemrushBot/7~bl; +http://www.semrush.com/bot.html)" "www.tekmedicgloves.com"
185.191.171.15 - - [12/Nov/2022:23:55:49 -0800] "GET /phpMyAdmin/setup/?token=dbdf228f6bcb570ef93acd3506e8c5a0&version_check=1 HTTP/1.1" 200 12687 "-" "Mozilla/5.0 (compatible; SemrushBot/7~bl; +http://www.semrush.com/bot.html)" "tekmedicgloves.com"
185.191.171.40 - - [12/Nov/2022:23:55:51 -0800] "GET /phpMyAdmin/setup/?token=eb3fc2c4a0c67c6116c0d1dd5240426e&version_check=1 HTTP/1.1" 200 12691 "-" "Mozilla/5.0 (compatible; SemrushBot/7~bl; +http://www.semrush.com/bot.html)" "www.tekmedicgloves.com"
185.191.171.21 - - [12/Nov/2022:23:55:58 -0800] "GET /phpMyAdmin/setup/?token=d23bbab36c7418011890bd9613c13ca1&version_check=1 HTTP/1.1" 200 12691 "-" "Mozilla/5.0 (compatible; SemrushBot/7~bl; +http://www.semrush.com/bot.html)" "www.tekmedicgloves.com"
185.191.171.14 - - [12/Nov/2022:23:56:05 -0800] "GET /phpMyAdmin/setup/?token=a75565998c9c3e9c1587ec159921ae89&version_check=1 HTTP/1.1" 200 12691 "-" "Mozilla/5.0 (compatible; SemrushBot/7~bl; +http://www.semrush.com/bot.html)" "www.tekmedicgloves.com"
185.191.171.5 - - [12/Nov/2022:23:56:18 -0800] "GET /phpMyAdmin/setup/?token=f82a1bd307c5d9b09fc2263ada42d19f&version_check=1 HTTP/1.1" 200 12691 "-" "Mozilla/5.0 (compatible; SemrushBot/7~bl; +http://www.semrush.com/bot.html)" "www.tekmedicgloves.com"
185.191.171.17 - - [12/Nov/2022:23:56:31 -0800] "GET /phpMyAdmin/setup/?token=e1aa1cb86b0ed3768f8f1f91fa97e8d3&version_check=1 HTTP/1.1" 200 12691 "-" "Mozilla/5.0 (compatible; SemrushBot/7~bl; +http://www.semrush.com/bot.html)" "www.tekmedicgloves.com"
185.191.171.25 - - [12/Nov/2022:23:56:32 -0800] "GET /phpMyAdmin/setup/?token=d658a10abafc1c00c7c1c35ee52e078e&version_check=1 HTTP/1.1" 200 12687 "-" "Mozilla/5.0 (compatible; SemrushBot/7~bl; +http://www.semrush.com/bot.html)" "tekmedicgloves.com"
185.191.171.22 - - [12/Nov/2022:23:56:36 -0800] "GET /phpMyAdmin/setup/?token=c41607e76a2a1a3c9ea83c3a834c8cb9&version_check=1 HTTP/1.1" 200 12691 "-" "Mozilla/5.0 (compatible; SemrushBot/7~bl; +http://www.semrush.com/bot.html)" "www.tekmedicgloves.com"
185.191.171.25 - - [12/Nov/2022:23:56:36 -0800] "GET /phpMyAdmin/setup/?token=d177efded68aff5bf96dcc0066a530be&version_check=1 HTTP/1.1" 200 12687 "-" "Mozilla/5.0 (compatible; SemrushBot/7~bl; +http://www.semrush.com/bot.html)" "tekmedicgloves.com"
185.191.171.1 - - [12/Nov/2022:23:57:07 -0800] "GET /phpMyAdmin/setup/?token=cb9de3fbcfc1351a9b58e3ccd72b5634&version_check=1 HTTP/1.1" 200 12691 "-" "Mozilla/5.0 (compatible; SemrushBot/7~bl; +http://www.semrush.com/bot.html)" "www.tekmedicgloves.com"
185.191.171.11 - - [12/Nov/2022:23:57:12 -0800] "GET /phpMyAdmin/setup/?token=f3f6eac052fa45708c3f5097a03e0aa5&version_check=1 HTTP/1.1" 200 12687 "-" "Mozilla/5.0 (compatible; SemrushBot/7~bl; +http://www.semrush.com/bot.html)" "tekmedicgloves.com"
185.191.171.42 - - [12/Nov/2022:23:57:24 -0800] "GET /robots.txt HTTP/1.1" 404 88 "-" "Mozilla/5.0 (compatible; SemrushBot/7~bl; +http://www.semrush.com/bot.html)" "www.tekmedicgloves.com"
185.191.171.5 - - [12/Nov/2022:23:57:24 -0800] "GET /phpMyAdmin/setup/?token=c9b8a50bec7c048883f7d064607f94b5&version_check=1 HTTP/1.1" 200 12691 "-" "Mozilla/5.0 (compatible; SemrushBot/7~bl; +http://www.semrush.com/bot.html)" "www.tekmedicgloves.com"
185.191.171.11 - - [12/Nov/2022:23:57:29 -0800] "GET /phpMyAdmin/setup/?token=fcd30dc305014a182ec8a04c45af927e&version_check=1 HTTP/1.1" 200 12687 "-" "Mozilla/5.0 (compatible; SemrushBot/7~bl; +http://www.semrush.com/bot.html)" "tekmedicgloves.com"
185.191.171.17 - - [12/Nov/2022:23:57:46 -0800] "GET /phpMyAdmin/setup/?token=d77fba0cffc1471d6377cd18123a34dd&version_check=1 HTTP/1.1" 200 12687 "-" "Mozilla/5.0 (compatible; SemrushBot/7~bl; +http://www.semrush.com/bot.html)" "tekmedicgloves.com"
185.191.171.12 - - [12/Nov/2022:23:57:48 -0800] "GET /phpMyAdmin/setup/?token=130da420af6a0a83a04592a091a9bf43&version_check=1 HTTP/1.1" 200 12687 "-" "Mozilla/5.0 (compatible; SemrushBot/7~bl; +http://www.semrush.com/bot.html)" "tekmedicgloves.com"
185.191.171.10 - - [12/Nov/2022:23:57:54 -0800] "GET /phpMyAdmin/setup/?token=b84d39beabbd045199d9bf7dc2cac848&version_check=1 HTTP/1.1" 200 12691 "-" "Mozilla/5.0 (compatible; SemrushBot/7~bl; +http://www.semrush.com/bot.html)" "www.tekmedicgloves.com"
185.191.171.21 - - [12/Nov/2022:23:57:56 -0800] "GET /phpMyAdmin/setup/?token=e6046e34152fc01383e1500de40830ad&version_check=1 HTTP/1.1" 200 12691 "-" "Mozilla/5.0 (compatible; SemrushBot/7~bl; +http://www.semrush.com/bot.html)" "www.tekmedicgloves.com"
185.191.171.14 - - [12/Nov/2022:23:58:08 -0800] "GET /phpMyAdmin/setup/?token=e24d80832fc9844c660be33d2d8d8234&version_check=1 HTTP/1.1" 200 12691 "-" "Mozilla/5.0 (compatible; SemrushBot/7~bl; +http://www.semrush.com/bot.html)" "www.tekmedicgloves.com"
185.191.171.19 - - [12/Nov/2022:23:58:21 -0800] "GET /phpMyAdmin/setup/?token=b62a05996266bb60d281aabc5f4f664d&version_check=1 HTTP/1.1" 200 12691 "-" "Mozilla/5.0 (compatible; SemrushBot/7~bl; +http://www.semrush.com/bot.html)" "www.tekmedicgloves.com"
185.191.171.43 - - [12/Nov/2022:23:58:22 -0800] "GET /phpMyAdmin/setup/?token=0f07b56779b564abc23091f03596f44d&version_check=1 HTTP/1.1" 200 12687 "-" "Mozilla/5.0 (compatible; SemrushBot/7~bl; +http://www.semrush.com/bot.html)" "tekmedicgloves.com"
185.191.171.43 - - [12/Nov/2022:23:58:30 -0800] "GET /phpMyAdmin/setup/?token=ec466f1b0e4646ddeaf9a97f6fbedf76&version_check=1 HTTP/1.1" 200 12691 "-" "Mozilla/5.0 (compatible; SemrushBot/7~bl; +http://www.semrush.com/bot.html)" "www.tekmedicgloves.com"
185.191.171.44 - - [12/Nov/2022:23:58:34 -0800] "GET /phpMyAdmin/setup/?token=1407ca6ba8e5528f300cf53b643a9c34&version_check=1 HTTP/1.1" 200 12687 "-" "Mozilla/5.0 (compatible; SemrushBot/7~bl; +http://www.semrush.com/bot.html)" "tekmedicgloves.com"
185.191.171.38 - - [12/Nov/2022:23:58:47 -0800] "GET /phpMyAdmin/setup/?token=0a6bc67d58777564dad95c0a0fd5b76f&version_check=1 HTTP/1.1" 200 12687 "-" "Mozilla/5.0 (compatible; SemrushBot/7~bl; +http://www.semrush.com/bot.html)" "tekmedicgloves.com"
185.191.171.43 - - [12/Nov/2022:23:58:53 -0800] "GET /phpMyAdmin/setup/?token=01ea429304bbebe094850792cb7784f0&version_check=1 HTTP/1.1" 200 12691 "-" "Mozilla/5.0 (compatible; SemrushBot/7~bl; +http://www.semrush.com/bot.html)" "www.tekmedicgloves.com"
185.191.171.17 - - [12/Nov/2022:23:58:59 -0800] "GET /phpMyAdmin/setup/?token=c993efe3e5a9659a7141ae5a10f86f27&version_check=1 HTTP/1.1" 200 12687 "-" "Mozilla/5.0 (compatible; SemrushBot/7~bl; +http://www.semrush.com/bot.html)" "tekmedicgloves.com"
185.191.171.2 - - [12/Nov/2022:23:59:04 -0800] "GET /phpMyAdmin/setup/?token=e5082f331627d228a4f0370b50fc3301&version_check=1 HTTP/1.1" 200 12691 "-" "Mozilla/5.0 (compatible; SemrushBot/7~bl; +http://www.semrush.com/bot.html)" "www.tekmedicgloves.com"
185.191.171.22 - - [12/Nov/2022:23:59:22 -0800] "GET /phpMyAdmin/setup/?token=ca63877d3133a8f61f110deca63fa803&version_check=1 HTTP/1.1" 200 12687 "-" "Mozilla/5.0 (compatible; SemrushBot/7~bl; +http://www.semrush.com/bot.html)" "tekmedicgloves.com"
185.191.171.15 - - [12/Nov/2022:23:59:30 -0800] "GET /phpMyAdmin/setup/?token=c8e83a97b3ff73b305c133c8de68c291&version_check=1 HTTP/1.1" 200 12687 "-" "Mozilla/5.0 (compatible; SemrushBot/7~bl; +http://www.semrush.com/bot.html)" "tekmedicgloves.com"
185.191.171.3 - - [12/Nov/2022:23:59:33 -0800] "GET /phpMyAdmin/setup/?token=019d7a9a5a71350753a6ccba060c17e3&version_check=1 HTTP/1.1" 200 12687 "-" "Mozilla/5.0 (compatible; SemrushBot/7~bl; +http://www.semrush.com/bot.html)" "tekmedicgloves.com"
185.191.171.40 - - [13/Nov/2022:00:00:23 -0800] "GET /phpMyAdmin/setup/?token=b5da9e3a9e92370983f19f58c43c96e8&version_check=1 HTTP/1.1" 200 12691 "-" "Mozilla/5.0 (compatible; SemrushBot/7~bl; +http://www.semrush.com/bot.html)" "www.tekmedicgloves.com"
185.191.171.40 - - [13/Nov/2022:00:01:03 -0800] "GET /phpMyAdmin/setup/?token=0afe792042787b6c3a552e66e9bc6ffb&version_check=1 HTTP/1.1" 200 12691 "-" "Mozilla/5.0 (compatible; SemrushBot/7~bl; +http://www.semrush.com/bot.html)" "www.tekmedicgloves.com"
185.191.171.5 - - [13/Nov/2022:00:01:07 -0800] "GET /phpMyAdmin/setup/?token=ba88a84bb932dbb698e6fe2848c330a2&version_check=1 HTTP/1.1" 200 12691 "-" "Mozilla/5.0 (compatible; SemrushBot/7~bl; +http://www.semrush.com/bot.html)" "www.tekmedicgloves.com"
185.191.171.15 - - [13/Nov/2022:00:01:28 -0800] "GET /phpMyAdmin/setup/?token=f4dde97369f36bd6277d04a054e6dee4&version_check=1 HTTP/1.1" 200 12687 "-" "Mozilla/5.0 (compatible; SemrushBot/7~bl; +http://www.semrush.com/bot.html)" "tekmedicgloves.com"
185.191.171.26 - - [13/Nov/2022:00:01:32 -0800] "GET /phpMyAdmin/setup/?token=cf5c501c3655407cee0916631d6c02ae&version_check=1 HTTP/1.1" 200 12687 "-" "Mozilla/5.0 (compatible; SemrushBot/7~bl; +http://www.semrush.com/bot.html)" "tekmedicgloves.com"
185.191.171.3 - - [13/Nov/2022:00:01:34 -0800] "GET /phpMyAdmin/setup/?token=045f52c9dd1eff5bef18145bb16669f4&version_check=1 HTTP/1.1" 200 12687 "-" "Mozilla/5.0 (compatible; SemrushBot/7~bl; +http://www.semrush.com/bot.html)" "tekmedicgloves.com"
185.191.171.12 - - [13/Nov/2022:00:01:36 -0800] "GET /phpMyAdmin/setup/?token=f29aaa3b4a9786d2a19206197703f545&version_check=1 HTTP/1.1" 200 12687 "-" "Mozilla/5.0 (compatible; SemrushBot/7~bl; +http://www.semrush.com/bot.html)" "tekmedicgloves.com"
185.191.171.25 - - [13/Nov/2022:00:01:40 -0800] "GET /phpMyAdmin/setup/?token=f352629ed92b512edcf477ead57e5e37&version_check=1 HTTP/1.1" 200 12687 "-" "Mozilla/5.0 (compatible; SemrushBot/7~bl; +http://www.semrush.com/bot.html)" "tekmedicgloves.com"
185.191.171.25 - - [13/Nov/2022:00:01:42 -0800] "GET /phpMyAdmin/setup/?token=c82e14770a77f9115e84761c1c209e84&version_check=1 HTTP/1.1" 200 12687 "-" "Mozilla/5.0 (compatible; SemrushBot/7~bl; +http://www.semrush.com/bot.html)" "tekmedicgloves.com"
185.191.171.4 - - [13/Nov/2022:00:01:45 -0800] "GET /phpMyAdmin/setup/?token=db6a0998be1af4399eac3504ae3459ae&version_check=1 HTTP/1.1" 200 12687 "-" "Mozilla/5.0 (compatible; SemrushBot/7~bl; +http://www.semrush.com/bot.html)" "tekmedicgloves.com"
185.191.171.18 - - [13/Nov/2022:00:01:56 -0800] "GET /phpMyAdmin/setup/?token=f4c4a94d6bf77b39a8cb8ec9552edf36&version_check=1 HTTP/1.1" 200 12691 "-" "Mozilla/5.0 (compatible; SemrushBot/7~bl; +http://www.semrush.com/bot.html)" "www.tekmedicgloves.com"
185.191.171.40 - - [13/Nov/2022:00:02:00 -0800] "GET /phpMyAdmin/setup/?token=ba8cec1e1c32cacccd99200ee2da7f76&version_check=1 HTTP/1.1" 200 12691 "-" "Mozilla/5.0 (compatible; SemrushBot/7~bl; +http://www.semrush.com/bot.html)" "www.tekmedicgloves.com"
185.191.171.44 - - [13/Nov/2022:00:02:16 -0800] "GET /phpMyAdmin/setup/?token=01a0eecd4751c1c759fd6a5b085fa625&version_check=1 HTTP/1.1" 200 12687 "-" "Mozilla/5.0 (compatible; SemrushBot/7~bl; +http://www.semrush.com/bot.html)" "tekmedicgloves.com"
185.191.171.22 - - [13/Nov/2022:00:02:34 -0800] "GET /phpMyAdmin/setup/?token=e5358dc974eced92f1d842023712a08f&version_check=1 HTTP/1.1" 200 12691 "-" "Mozilla/5.0 (compatible; SemrushBot/7~bl; +http://www.semrush.com/bot.html)" "www.tekmedicgloves.com"
185.191.171.26 - - [13/Nov/2022:00:02:38 -0800] "GET /phpMyAdmin/setup/?token=cdb2e6971d448d58765927b59d13bc95&version_check=1 HTTP/1.1" 200 12687 "-" "Mozilla/5.0 (compatible; SemrushBot/7~bl; +http://www.semrush.com/bot.html)" "tekmedicgloves.com"
185.191.171.18 - - [13/Nov/2022:00:02:41 -0800] "GET /phpMyAdmin/setup/?token=cc8299df50434ea550b8176bf2142614&version_check=1 HTTP/1.1" 200 12687 "-" "Mozilla/5.0 (compatible; SemrushBot/7~bl; +http://www.semrush.com/bot.html)" "tekmedicgloves.com"
185.191.171.2 - - [13/Nov/2022:00:02:48 -0800] "GET /phpMyAdmin/setup/?token=0dfc514cccbb71caa93d9561cfd1507f&version_check=1 HTTP/1.1" 200 12691 "-" "Mozilla/5.0 (compatible; SemrushBot/7~bl; +http://www.semrush.com/bot.html)" "www.tekmedicgloves.com"
185.191.171.18 - - [13/Nov/2022:00:02:51 -0800] "GET /phpMyAdmin/setup/?token=e806cb7049e36669ef1555ec199a24d0&version_check=1 HTTP/1.1" 200 12691 "-" "Mozilla/5.0 (compatible; SemrushBot/7~bl; +http://www.semrush.com/bot.html)" "www.tekmedicgloves.com"
185.191.171.8 - - [13/Nov/2022:00:03:00 -0800] "GET /phpMyAdmin/setup/?token=da72029dbdc99ae5d6ff84548ada7809&version_check=1 HTTP/1.1" 200 12691 "-" "Mozilla/5.0 (compatible; SemrushBot/7~bl; +http://www.semrush.com/bot.html)" "www.tekmedicgloves.com"
185.191.171.35 - - [13/Nov/2022:00:03:06 -0800] "GET /phpMyAdmin/setup/?token=dd4f0196912dd9ec5122c31b0340dd11&version_check=1 HTTP/1.1" 200 12691 "-" "Mozilla/5.0 (compatible; SemrushBot/7~bl; +http://www.semrush.com/bot.html)" "www.tekmedicgloves.com"
185.191.171.44 - - [13/Nov/2022:00:03:06 -0800] "GET /phpMyAdmin/setup/?token=c92c2310d4f0ece48c15b3f01182f845&version_check=1 HTTP/1.1" 200 12687 "-" "Mozilla/5.0 (compatible; SemrushBot/7~bl; +http://www.semrush.com/bot.html)" "tekmedicgloves.com"
185.191.171.8 - - [13/Nov/2022:00:03:10 -0800] "GET /phpMyAdmin/setup/?token=f7ba0ec800d073a429663122da15e030&version_check=1 HTTP/1.1" 200 12687 "-" "Mozilla/5.0 (compatible; SemrushBot/7~bl; +http://www.semrush.com/bot.html)" "tekmedicgloves.com"
185.191.171.24 - - [13/Nov/2022:00:04:19 -0800] "GET /phpMyAdmin/setup/?token=c7f2683d2c977bffeade6c9210cde829&version_check=1 HTTP/1.1" 200 12691 "-" "Mozilla/5.0 (compatible; SemrushBot/7~bl; +http://www.semrush.com/bot.html)" "www.tekmedicgloves.com"
185.191.171.24 - - [13/Nov/2022:00:04:21 -0800] "GET /phpMyAdmin/setup/?token=d8437caa2ab18b7940df267bf214a253&version_check=1 HTTP/1.1" 200 12687 "-" "Mozilla/5.0 (compatible; SemrushBot/7~bl; +http://www.semrush.com/bot.html)" "tekmedicgloves.com"
185.191.171.34 - - [13/Nov/2022:00:04:32 -0800] "GET /phpMyAdmin/setup/?token=fd4cca3b1d9c8e24173f4ef60f6d0771&version_check=1 HTTP/1.1" 200 12691 "-" "Mozilla/5.0 (compatible; SemrushBot/7~bl; +http://www.semrush.com/bot.html)" "www.tekmedicgloves.com"
185.191.171.41 - - [13/Nov/2022:00:04:33 -0800] "GET /phpMyAdmin/setup/?token=e691451632d5fe24ddccea9b6b3cfe5b&version_check=1 HTTP/1.1" 200 12691 "-" "Mozilla/5.0 (compatible; SemrushBot/7~bl; +http://www.semrush.com/bot.html)" "www.tekmedicgloves.com"
185.191.171.12 - - [13/Nov/2022:00:04:47 -0800] "GET /phpMyAdmin/setup/?token=f92d1fdf85978332bc7b573409573292&version_check=1 HTTP/1.1" 200 12691 "-" "Mozilla/5.0 (compatible; SemrushBot/7~bl; +http://www.semrush.com/bot.html)" "www.tekmedicgloves.com"
185.191.171.45 - - [13/Nov/2022:00:05:00 -0800] "GET /phpMyAdmin/setup/?token=e92d2095bfbd44de40526e343ee8fabe&version_check=1 HTTP/1.1" 200 12687 "-" "Mozilla/5.0 (compatible; SemrushBot/7~bl; +http://www.semrush.com/bot.html)" "tekmedicgloves.com"
185.191.171.4 - - [13/Nov/2022:00:05:09 -0800] "GET /phpMyAdmin/setup/?token=b8adca3ab70273fce7d15f43a122c51e&version_check=1 HTTP/1.1" 200 12691 "-" "Mozilla/5.0 (compatible; SemrushBot/7~bl; +http://www.semrush.com/bot.html)" "www.tekmedicgloves.com"
185.191.171.20 - - [13/Nov/2022:00:05:11 -0800] "GET /phpMyAdmin/setup/?token=e18e05c9a60873b2326546f20802ceb1&version_check=1 HTTP/1.1" 200 12691 "-" "Mozilla/5.0 (compatible; SemrushBot/7~bl; +http://www.semrush.com/bot.html)" "www.tekmedicgloves.com"
185.191.171.24 - - [13/Nov/2022:00:05:18 -0800] "GET /phpMyAdmin/setup/?token=c914f73df59c83fa39649cdc2a0fff8e&version_check=1 HTTP/1.1" 200 12687 "-" "Mozilla/5.0 (compatible; SemrushBot/7~bl; +http://www.semrush.com/bot.html)" "tekmedicgloves.com"
185.191.171.37 - - [13/Nov/2022:00:05:31 -0800] "GET /phpMyAdmin/setup/?token=b9b43772898fcb07619624a86e52307b&version_check=1 HTTP/1.1" 200 12691 "-" "Mozilla/5.0 (compatible; SemrushBot/7~bl; +http://www.semrush.com/bot.html)" "www.tekmedicgloves.com"
185.191.171.43 - - [13/Nov/2022:00:05:40 -0800] "GET /phpMyAdmin/setup/?token=d082456ec59788e84a4bed1e6bfdb966&version_check=1 HTTP/1.1" 200 12687 "-" "Mozilla/5.0 (compatible; SemrushBot/7~bl; +http://www.semrush.com/bot.html)" "tekmedicgloves.com"
185.191.171.5 - - [13/Nov/2022:00:05:42 -0800] "GET /phpMyAdmin/setup/?token=db88aa3ec90e8b6cf6de9fcc93baf7b4&version_check=1 HTTP/1.1" 200 12687 "-" "Mozilla/5.0 (compatible; SemrushBot/7~bl; +http://www.semrush.com/bot.html)" "tekmedicgloves.com"
185.191.171.13 - - [13/Nov/2022:00:05:46 -0800] "GET /phpMyAdmin/setup/?token=f953994096e20545dce6cad8db4d9966&version_check=1 HTTP/1.1" 200 12691 "-" "Mozilla/5.0 (compatible; SemrushBot/7~bl; +http://www.semrush.com/bot.html)" "www.tekmedicgloves.com"
157.55.39.167 - - [13/Nov/2022:00:05:47 -0800] "GET /beta/page.php?pg=2 HTTP/1.1" 200 28123 "-" "Mozilla/5.0 (compatible; bingbot/2.0; +http://www.bing.com/bingbot.htm)" "tekmedicgloves.com"
185.191.171.2 - - [13/Nov/2022:00:05:58 -0800] "GET /phpMyAdmin/setup/?token=e0e7057f07997c29c67079e3904dbf9e&version_check=1 HTTP/1.1" 200 12691 "-" "Mozilla/5.0 (compatible; SemrushBot/7~bl; +http://www.semrush.com/bot.html)" "www.tekmedicgloves.com"
157.55.39.167 - - [13/Nov/2022:00:06:08 -0800] "GET /beta/wp-content/plugins/cherry-plugin/lib/js/owl-carousel/owl.theme.css HTTP/1.1" 200 606 "-" "Mozilla/5.0 AppleWebKit/537.36 (KHTML, like Gecko; compatible; bingbot/2.0; +http://www.bing.com/bingbot.htm) Chrome/103.0.5060.134 Safari/537.36" "tekmedicgloves.com"
157.55.39.167 - - [13/Nov/2022:00:06:08 -0800] "GET /beta/wp-content/plugins/contact-form-7/includes/js/scripts.js HTTP/1.1" 200 1850 "-" "Mozilla/5.0 AppleWebKit/537.36 (KHTML, like Gecko; compatible; bingbot/2.0; +http://www.bing.com/bingbot.htm) Chrome/103.0.5060.134 Safari/537.36" "tekmedicgloves.com"
157.55.39.167 - - [13/Nov/2022:00:06:08 -0800] "GET /beta/wp-content/themes/CherryFramework/js/jquery.debouncedresize.js HTTP/1.1" 200 226 "-" "Mozilla/5.0 AppleWebKit/537.36 (KHTML, like Gecko; compatible; bingbot/2.0; +http://www.bing.com/bingbot.htm) Chrome/103.0.5060.134 Safari/537.36" "tekmedicgloves.com"
157.55.39.167 - - [13/Nov/2022:00:06:08 -0800] "GET /beta/wp-content/themes/CherryFramework/js/jquery.isotope.js HTTP/1.1" 200 4845 "-" "Mozilla/5.0 AppleWebKit/537.36 (KHTML, like Gecko; compatible; bingbot/2.0; +http://www.bing.com/bingbot.htm) Chrome/103.0.5060.134 Safari/537.36" "tekmedicgloves.com"
157.55.39.167 - - [13/Nov/2022:00:06:08 -0800] "GET /beta/wp-content/themes/CherryFramework/js/jquery.mobile.customized.min.js HTTP/1.1" 200 6409 "-" "Mozilla/5.0 (compatible; bingbot/2.0; +http://www.bing.com/bingbot.htm)" "tekmedicgloves.com"
157.55.39.167 - - [13/Nov/2022:00:06:08 -0800] "GET /beta/wp-content/themes/theme48838/style.css HTTP/1.1" 200 243 "-" "Mozilla/5.0 (compatible; bingbot/2.0; +http://www.bing.com/bingbot.htm)" "tekmedicgloves.com"
157.55.39.167 - - [13/Nov/2022:00:06:08 -0800] "GET /beta/wp-includes/js/comment-reply.min.js HTTP/1.1" 404 88 "-" "Mozilla/5.0 AppleWebKit/537.36 (KHTML, like Gecko; compatible; bingbot/2.0; +http://www.bing.com/bingbot.htm) Chrome/103.0.5060.134 Safari/537.36" "tekmedicgloves.com"
157.55.39.226 - - [13/Nov/2022:00:06:17 -0800] "GET /beta/wp-content/plugins/cherry-plugin/includes/css/cherry-plugin.css HTTP/1.1" 200 4752 "-" "Mozilla/5.0 (compatible; bingbot/2.0; +http://www.bing.com/bingbot.htm)" "tekmedicgloves.com"
157.55.39.226 - - [13/Nov/2022:00:06:17 -0800] "GET /beta/wp-content/plugins/contact-form-7/includes/css/styles.css HTTP/1.1" 200 392 "-" "Mozilla/5.0 AppleWebKit/537.36 (KHTML, like Gecko; compatible; bingbot/2.0; +http://www.bing.com/bingbot.htm) Chrome/103.0.5060.134 Safari/537.36" "tekmedicgloves.com"
157.55.39.226 - - [13/Nov/2022:00:06:18 -0800] "GET /beta/wp-content/themes/CherryFramework/bootstrap/js/bootstrap.min.js HTTP/1.1" 200 7654 "-" "Mozilla/5.0 (compatible; bingbot/2.0; +http://www.bing.com/bingbot.htm)" "tekmedicgloves.com"
157.55.39.226 - - [13/Nov/2022:00:06:18 -0800] "GET /beta/wp-content/themes/CherryFramework/js/jplayer.playlist.min.js HTTP/1.1" 200 2404 "-" "Mozilla/5.0 (compatible; bingbot/2.0; +http://www.bing.com/bingbot.htm)" "tekmedicgloves.com"
157.55.39.226 - - [13/Nov/2022:00:06:18 -0800] "GET /beta/wp-content/themes/CherryFramework/js/jquery.jplayer.min.js HTTP/1.1" 200 11945 "-" "Mozilla/5.0 AppleWebKit/537.36 (KHTML, like Gecko; compatible; bingbot/2.0; +http://www.bing.com/bingbot.htm) Chrome/103.0.5060.134 Safari/537.36" "tekmedicgloves.com"
157.55.39.226 - - [13/Nov/2022:00:06:18 -0800] "GET /beta/wp-content/themes/CherryFramework/js/superfish.js HTTP/1.1" 200 1280 "-" "Mozilla/5.0 AppleWebKit/537.36 (KHTML, like Gecko; compatible; bingbot/2.0; +http://www.bing.com/bingbot.htm) Chrome/103.0.5060.134 Safari/537.36" "tekmedicgloves.com"
40.77.167.36 - - [13/Nov/2022:00:06:22 -0800] "GET /beta/wp-content/themes/CherryFramework/js/custom.js HTTP/1.1" 200 2131 "-" "Mozilla/5.0 (compatible; bingbot/2.0; +http://www.bing.com/bingbot.htm)" "tekmedicgloves.com"
40.77.167.36 - - [13/Nov/2022:00:06:22 -0800] "GET /beta/wp-content/themes/CherryFramework/js/modernizr.js HTTP/1.1" 200 5141 "-" "Mozilla/5.0 AppleWebKit/537.36 (KHTML, like Gecko; compatible; bingbot/2.0; +http://www.bing.com/bingbot.htm) Chrome/103.0.5060.134 Safari/537.36" "tekmedicgloves.com"
40.77.167.36 - - [13/Nov/2022:00:06:22 -0800] "GET /beta/wp-content/themes/theme48838/main-style.css HTTP/1.1" 200 4849 "-" "Mozilla/5.0 (compatible; bingbot/2.0; +http://www.bing.com/bingbot.htm)" "tekmedicgloves.com"
185.191.171.12 - - [13/Nov/2022:00:06:43 -0800] "GET /phpMyAdmin/setup/?token=ce404a62d780289db79a095bddfb677d&version_check=1 HTTP/1.1" 200 12691 "-" "Mozilla/5.0 (compatible; SemrushBot/7~bl; +http://www.semrush.com/bot.html)" "www.tekmedicgloves.com"
185.191.171.8 - - [13/Nov/2022:00:06:44 -0800] "GET /phpMyAdmin/setup/?token=ec09e8025890d61f64e87fde1ccbbb00&version_check=1 HTTP/1.1" 200 12691 "-" "Mozilla/5.0 (compatible; SemrushBot/7~bl; +http://www.semrush.com/bot.html)" "www.tekmedicgloves.com"
185.191.171.25 - - [13/Nov/2022:00:06:47 -0800] "GET /phpMyAdmin/setup/?token=e77a1540e022eabca13baa0c5a16391f&version_check=1 HTTP/1.1" 200 12691 "-" "Mozilla/5.0 (compatible; SemrushBot/7~bl; +http://www.semrush.com/bot.html)" "www.tekmedicgloves.com"
185.191.171.24 - - [13/Nov/2022:00:06:50 -0800] "GET /phpMyAdmin/setup/?token=0dbc3b12484393522d8d7832be01db62&version_check=1 HTTP/1.1" 200 12691 "-" "Mozilla/5.0 (compatible; SemrushBot/7~bl; +http://www.semrush.com/bot.html)" "www.tekmedicgloves.com"
185.191.171.14 - - [13/Nov/2022:00:07:02 -0800] "GET /phpMyAdmin/setup/?token=c89cc4b60144806052e7f06513e9681c&version_check=1 HTTP/1.1" 200 12687 "-" "Mozilla/5.0 (compatible; SemrushBot/7~bl; +http://www.semrush.com/bot.html)" "tekmedicgloves.com"
157.55.39.202 - - [13/Nov/2022:00:07:14 -0800] "GET /beta/wp-content/plugins/cherry-plugin/includes/js/cherry-plugin.js HTTP/1.1" 200 438 "-" "Mozilla/5.0 AppleWebKit/537.36 (KHTML, like Gecko; compatible; bingbot/2.0; +http://www.bing.com/bingbot.htm) Chrome/103.0.5060.134 Safari/537.36" "tekmedicgloves.com"
157.55.39.202 - - [13/Nov/2022:00:07:14 -0800] "GET /beta/wp-content/plugins/cherry-plugin/lib/js/FlexSlider/flexslider.css HTTP/1.1" 200 1323 "-" "Mozilla/5.0 (compatible; bingbot/2.0; +http://www.bing.com/bingbot.htm)" "tekmedicgloves.com"
157.55.39.202 - - [13/Nov/2022:00:07:14 -0800] "GET /beta/wp-content/plugins/cherry-plugin/lib/js/FlexSlider/jquery.flexslider-min.js HTTP/1.1" 200 5177 "-" "Mozilla/5.0 (compatible; bingbot/2.0; +http://www.bing.com/bingbot.htm)" "tekmedicgloves.com"
157.55.39.202 - - [13/Nov/2022:00:07:14 -0800] "GET /beta/wp-content/themes/CherryFramework/css/camera.css HTTP/1.1" 200 3117 "-" "Mozilla/5.0 (compatible; bingbot/2.0; +http://www.bing.com/bingbot.htm)" "tekmedicgloves.com"
157.55.39.202 - - [13/Nov/2022:00:07:15 -0800] "GET /beta/wp-content/themes/CherryFramework/css/magnific-popup.css HTTP/1.1" 200 2166 "-" "Mozilla/5.0 AppleWebKit/537.36 (KHTML, like Gecko; compatible; bingbot/2.0; +http://www.bing.com/bingbot.htm) Chrome/103.0.5060.134 Safari/537.36" "tekmedicgloves.com"
157.55.39.202 - - [13/Nov/2022:00:07:15 -0800] "GET /beta/wp-content/themes/CherryFramework/js/jquery-1.7.2.min.js HTTP/1.1" 200 33630 "-" "Mozilla/5.0 (compatible; bingbot/2.0; +http://www.bing.com/bingbot.htm)" "tekmedicgloves.com"
157.55.39.202 - - [13/Nov/2022:00:07:15 -0800] "GET /beta/wp-content/themes/CherryFramework/js/jquery.magnific-popup.min.js HTTP/1.1" 200 7493 "-" "Mozilla/5.0 (compatible; bingbot/2.0; +http://www.bing.com/bingbot.htm)" "tekmedicgloves.com"
157.55.39.202 - - [13/Nov/2022:00:07:15 -0800] "GET /beta/wp-content/themes/CherryFramework/js/jquery.mobilemenu.js HTTP/1.1" 200 908 "-" "Mozilla/5.0 AppleWebKit/537.36 (KHTML, like Gecko; compatible; bingbot/2.0; +http://www.bing.com/bingbot.htm) Chrome/103.0.5060.134 Safari/537.36" "tekmedicgloves.com"
185.191.171.24 - - [13/Nov/2022:00:07:49 -0800] "GET /phpMyAdmin/setup/?token=eeb3b2a93b4ccc37612659e4521c804c&version_check=1 HTTP/1.1" 200 12687 "-" "Mozilla/5.0 (compatible; SemrushBot/7~bl; +http://www.semrush.com/bot.html)" "tekmedicgloves.com"
185.191.171.1 - - [13/Nov/2022:00:07:51 -0800] "GET /robots.txt HTTP/1.1" 404 88 "-" "Mozilla/5.0 (compatible; SemrushBot/7~bl; +http://www.semrush.com/bot.html)" "tekmedicgloves.com"
185.191.171.9 - - [13/Nov/2022:00:07:51 -0800] "GET /phpMyAdmin/setup/?token=f6849cee29cbc0e4631ba2e4fddd727a&version_check=1 HTTP/1.1" 200 12687 "-" "Mozilla/5.0 (compatible; SemrushBot/7~bl; +http://www.semrush.com/bot.html)" "tekmedicgloves.com"
185.191.171.20 - - [13/Nov/2022:00:07:54 -0800] "GET /phpMyAdmin/setup/?token=ca642b46c6a478278a6108d4bc870090&version_check=1 HTTP/1.1" 200 12687 "-" "Mozilla/5.0 (compatible; SemrushBot/7~bl; +http://www.semrush.com/bot.html)" "tekmedicgloves.com"
185.191.171.13 - - [13/Nov/2022:00:08:00 -0800] "GET /phpMyAdmin/setup/?token=da8662d2e3ba7f6e49ce8d6c04cb7688&version_check=1 HTTP/1.1" 200 12687 "-" "Mozilla/5.0 (compatible; SemrushBot/7~bl; +http://www.semrush.com/bot.html)" "tekmedicgloves.com"
157.55.39.186 - - [13/Nov/2022:00:08:02 -0800] "GET /beta/wp-content/plugins/cherry-plugin/lib/js/elasti-carousel/jquery.elastislide.js HTTP/1.1" 200 1963 "-" "Mozilla/5.0 (compatible; bingbot/2.0; +http://www.bing.com/bingbot.htm)" "tekmedicgloves.com"
157.55.39.186 - - [13/Nov/2022:00:08:02 -0800] "GET /beta/wp-content/plugins/contact-form-7/includes/js/jquery.form.min.js HTTP/1.1" 200 5878 "-" "Mozilla/5.0 AppleWebKit/537.36 (KHTML, like Gecko; compatible; bingbot/2.0; +http://www.bing.com/bingbot.htm) Chrome/103.0.5060.134 Safari/537.36" "tekmedicgloves.com"
157.55.39.186 - - [13/Nov/2022:00:08:02 -0800] "GET /beta/wp-content/themes/CherryFramework/js/camera.min.js HTTP/1.1" 200 8551 "-" "Mozilla/5.0 AppleWebKit/537.36 (KHTML, like Gecko; compatible; bingbot/2.0; +http://www.bing.com/bingbot.htm) Chrome/103.0.5060.134 Safari/537.36" "tekmedicgloves.com"
157.55.39.186 - - [13/Nov/2022:00:08:02 -0800] "GET /beta/wp-content/themes/CherryFramework/js/jflickrfeed.js HTTP/1.1" 200 560 "-" "Mozilla/5.0 (compatible; bingbot/2.0; +http://www.bing.com/bingbot.htm)" "tekmedicgloves.com"
185.191.171.15 - - [13/Nov/2022:00:08:08 -0800] "GET /phpMyAdmin/setup/?token=0fd0a477e5fd0268b5d1ab9253fc5a08&version_check=1 HTTP/1.1" 200 12687 "-" "Mozilla/5.0 (compatible; SemrushBot/7~bl; +http://www.semrush.com/bot.html)" "tekmedicgloves.com"
185.191.171.25 - - [13/Nov/2022:00:08:21 -0800] "GET /phpMyAdmin/setup/?token=dd9ddf232a0defb21cc9f552b3f7244a&version_check=1 HTTP/1.1" 200 12687 "-" "Mozilla/5.0 (compatible; SemrushBot/7~bl; +http://www.semrush.com/bot.html)" "tekmedicgloves.com"
185.191.171.22 - - [13/Nov/2022:00:08:22 -0800] "GET /phpMyAdmin/setup/?token=bd41947ce2ff378c6592e62cf5f66e95&version_check=1 HTTP/1.1" 200 12691 "-" "Mozilla/5.0 (compatible; SemrushBot/7~bl; +http://www.semrush.com/bot.html)" "www.tekmedicgloves.com"
185.191.171.26 - - [13/Nov/2022:00:08:30 -0800] "GET /phpMyAdmin/setup/?token=b7a47957c3ac938c5225e70cf9f8f6ab&version_check=1 HTTP/1.1" 200 12691 "-" "Mozilla/5.0 (compatible; SemrushBot/7~bl; +http://www.semrush.com/bot.html)" "www.tekmedicgloves.com"
185.191.171.22 - - [13/Nov/2022:00:08:35 -0800] "GET /phpMyAdmin/setup/?token=e33b8157bbaa51d0271d491e027f271a&version_check=1 HTTP/1.1" 200 12691 "-" "Mozilla/5.0 (compatible; SemrushBot/7~bl; +http://www.semrush.com/bot.html)" "www.tekmedicgloves.com"
40.77.167.27 - - [13/Nov/2022:00:08:52 -0800] "GET /beta/wp-content/plugins/cherry-plugin/lib/js/jquery.easing.1.3.js HTTP/1.1" 200 814 "-" "Mozilla/5.0 AppleWebKit/537.36 (KHTML, like Gecko; compatible; bingbot/2.0; +http://www.bing.com/bingbot.htm) Chrome/103.0.5060.134 Safari/537.36" "tekmedicgloves.com"
40.77.167.27 - - [13/Nov/2022:00:08:52 -0800] "GET /beta/wp-content/plugins/cherry-plugin/lib/js/owl-carousel/owl.carousel.css HTTP/1.1" 200 1119 "-" "Mozilla/5.0 AppleWebKit/537.36 (KHTML, like Gecko; compatible; bingbot/2.0; +http://www.bing.com/bingbot.htm) Chrome/103.0.5060.134 Safari/537.36" "tekmedicgloves.com"
40.77.167.27 - - [13/Nov/2022:00:08:53 -0800] "GET /beta/wp-content/themes/CherryFramework/js/jquery.ba-resize.min.js HTTP/1.1" 200 616 "-" "Mozilla/5.0 (compatible; bingbot/2.0; +http://www.bing.com/bingbot.htm)" "tekmedicgloves.com"
40.77.167.27 - - [13/Nov/2022:00:08:53 -0800] "GET /beta/wp-content/themes/theme48838/bootstrap/css/bootstrap.css HTTP/1.1" 200 15793 "-" "Mozilla/5.0 AppleWebKit/537.36 (KHTML, like Gecko; compatible; bingbot/2.0; +http://www.bing.com/bingbot.htm) Chrome/103.0.5060.134 Safari/537.36" "tekmedicgloves.com"
40.77.167.27 - - [13/Nov/2022:00:08:53 -0800] "GET /beta/wp-content/themes/theme48838/bootstrap/css/responsive.css HTTP/1.1" 200 4226 "-" "Mozilla/5.0 AppleWebKit/537.36 (KHTML, like Gecko; compatible; bingbot/2.0; +http://www.bing.com/bingbot.htm) Chrome/103.0.5060.134 Safari/537.36" "tekmedicgloves.com"
40.77.167.27 - - [13/Nov/2022:00:08:53 -0800] "GET /beta/wp-includes/js/swfobject.js HTTP/1.1" 404 88 "-" "Mozilla/5.0 (compatible; bingbot/2.0; +http://www.bing.com/bingbot.htm)" "tekmedicgloves.com"
185.191.171.2 - - [13/Nov/2022:00:09:12 -0800] "GET /phpMyAdmin/setup/?token=e92a1ae77160d2f9db61bd1103093c3a&version_check=1 HTTP/1.1" 200 12687 "-" "Mozilla/5.0 (compatible; SemrushBot/7~bl; +http://www.semrush.com/bot.html)" "tekmedicgloves.com"
185.191.171.3 - - [13/Nov/2022:00:09:19 -0800] "GET /phpMyAdmin/setup/?token=e019ff2bc2fd8deedcd6f6a5c1cbc2f2&version_check=1 HTTP/1.1" 200 12687 "-" "Mozilla/5.0 (compatible; SemrushBot/7~bl; +http://www.semrush.com/bot.html)" "tekmedicgloves.com"
185.191.171.5 - - [13/Nov/2022:00:09:21 -0800] "GET /phpMyAdmin/setup/?token=cae5a360b828f8a9eb4ca2ff2881424b&version_check=1 HTTP/1.1" 200 12687 "-" "Mozilla/5.0 (compatible; SemrushBot/7~bl; +http://www.semrush.com/bot.html)" "tekmedicgloves.com"
185.191.171.20 - - [13/Nov/2022:00:09:29 -0800] "GET /phpMyAdmin/setup/?token=e6cf4bc7c56337721605db3e08188d51&version_check=1 HTTP/1.1" 200 12691 "-" "Mozilla/5.0 (compatible; SemrushBot/7~bl; +http://www.semrush.com/bot.html)" "www.tekmedicgloves.com"
185.191.171.6 - - [13/Nov/2022:00:09:31 -0800] "GET /phpMyAdmin/setup/?token=d36f4adf81a16a7b6417c725427594e0&version_check=1 HTTP/1.1" 200 12691 "-" "Mozilla/5.0 (compatible; SemrushBot/7~bl; +http://www.semrush.com/bot.html)" "www.tekmedicgloves.com"
185.191.171.15 - - [13/Nov/2022:00:09:54 -0800] "GET /phpMyAdmin/setup/?token=e0266169dccb67a97782e92e2b5b5727&version_check=1 HTTP/1.1" 200 12687 "-" "Mozilla/5.0 (compatible; SemrushBot/7~bl; +http://www.semrush.com/bot.html)" "tekmedicgloves.com"
185.191.171.20 - - [13/Nov/2022:00:10:02 -0800] "GET /phpMyAdmin/setup/?token=d3b8e9ccdf6c0e4cbe8307118c80d94c&version_check=1 HTTP/1.1" 200 12687 "-" "Mozilla/5.0 (compatible; SemrushBot/7~bl; +http://www.semrush.com/bot.html)" "tekmedicgloves.com"
185.191.171.11 - - [13/Nov/2022:00:10:11 -0800] "GET /phpMyAdmin/setup/?token=c91c1360036033922bceccdaacb293d0&version_check=1 HTTP/1.1" 200 12687 "-" "Mozilla/5.0 (compatible; SemrushBot/7~bl; +http://www.semrush.com/bot.html)" "tekmedicgloves.com"
185.191.171.24 - - [13/Nov/2022:00:10:35 -0800] "GET /phpMyAdmin/setup/?token=ca01f008520ed172103732c818e2ec39&version_check=1 HTTP/1.1" 200 12687 "-" "Mozilla/5.0 (compatible; SemrushBot/7~bl; +http://www.semrush.com/bot.html)" "tekmedicgloves.com"
