185.191.171.24 - - [26/Nov/2022:14:22:10 -0800] "GET /phpMyAdmin/setup/?token=f534a176bfd23d80c3a8228cce9fde81&version_check=1 HTTP/1.1" 200 12687 "-" "Mozilla/5.0 (compatible; SemrushBot/7~bl; +http://www.semrush.com/bot.html)" "tekmedicgloves.com"
185.191.171.5 - - [26/Nov/2022:14:22:29 -0800] "GET /phpMyAdmin/setup/?token=e9d4bb7948cf25a8a42b355e4704cdb1&version_check=1 HTTP/1.1" 200 12687 "-" "Mozilla/5.0 (compatible; SemrushBot/7~bl; +http://www.semrush.com/bot.html)" "tekmedicgloves.com"
185.191.171.18 - - [26/Nov/2022:14:22:37 -0800] "GET /phpMyAdmin/setup/?token=eaadb5708855615e59e850319f94e1ee&version_check=1 HTTP/1.1" 200 12687 "-" "Mozilla/5.0 (compatible; SemrushBot/7~bl; +http://www.semrush.com/bot.html)" "tekmedicgloves.com"
185.191.171.3 - - [26/Nov/2022:14:22:43 -0800] "GET /phpMyAdmin/setup/?token=0c68cabd39fdd9b247e7b9c2e01e3030&version_check=1 HTTP/1.1" 200 12687 "-" "Mozilla/5.0 (compatible; SemrushBot/7~bl; +http://www.semrush.com/bot.html)" "tekmedicgloves.com"
185.191.171.6 - - [26/Nov/2022:14:22:46 -0800] "GET /phpMyAdmin/setup/?token=c80ca771a240177e89d0f7e536d59430&version_check=1 HTTP/1.1" 200 12687 "-" "Mozilla/5.0 (compatible; SemrushBot/7~bl; +http://www.semrush.com/bot.html)" "tekmedicgloves.com"
185.191.171.20 - - [26/Nov/2022:14:23:10 -0800] "GET /phpMyAdmin/setup/?token=9a915863f06cb9f4a186a09e40a9a0e9&version_check=1 HTTP/1.1" 200 12687 "-" "Mozilla/5.0 (compatible; SemrushBot/7~bl; +http://www.semrush.com/bot.html)" "tekmedicgloves.com"
185.191.171.2 - - [26/Nov/2022:14:23:18 -0800] "GET /phpMyAdmin/setup/?token=f4c882fd6fe80950463ed19f226a9663&version_check=1 HTTP/1.1" 200 12691 "-" "Mozilla/5.0 (compatible; SemrushBot/7~bl; +http://www.semrush.com/bot.html)" "www.tekmedicgloves.com"
185.191.171.2 - - [26/Nov/2022:14:23:23 -0800] "GET /phpMyAdmin/setup/?token=d0f76f13355d92109bf03f27255ba166&version_check=1 HTTP/1.1" 200 12687 "-" "Mozilla/5.0 (compatible; SemrushBot/7~bl; +http://www.semrush.com/bot.html)" "tekmedicgloves.com"
185.191.171.43 - - [26/Nov/2022:14:23:27 -0800] "GET /phpMyAdmin/setup/?token=de0de9ff0414f7c0569cea3c578cf212&version_check=1 HTTP/1.1" 200 12691 "-" "Mozilla/5.0 (compatible; SemrushBot/7~bl; +http://www.semrush.com/bot.html)" "www.tekmedicgloves.com"
185.191.171.43 - - [26/Nov/2022:14:24:12 -0800] "GET /phpMyAdmin/setup/?token=bd67b7785b5cca75dacaacf7cd4a5ff6&version_check=1 HTTP/1.1" 200 12691 "-" "Mozilla/5.0 (compatible; SemrushBot/7~bl; +http://www.semrush.com/bot.html)" "www.tekmedicgloves.com"
185.191.171.40 - - [26/Nov/2022:14:24:23 -0800] "GET /phpMyAdmin/setup/?token=06751e0139db5917062db4ad188db1d3&version_check=1 HTTP/1.1" 200 12691 "-" "Mozilla/5.0 (compatible; SemrushBot/7~bl; +http://www.semrush.com/bot.html)" "www.tekmedicgloves.com"
185.191.171.26 - - [26/Nov/2022:14:24:31 -0800] "GET /phpMyAdmin/setup/?token=ea0c70ae648d47d420d06fdcca5af4e0&version_check=1 HTTP/1.1" 200 12687 "-" "Mozilla/5.0 (compatible; SemrushBot/7~bl; +http://www.semrush.com/bot.html)" "tekmedicgloves.com"
185.191.171.26 - - [26/Nov/2022:14:24:32 -0800] "GET /phpMyAdmin/setup/?token=dd03112956734d18c7e3e92667a94e1e&version_check=1 HTTP/1.1" 200 12691 "-" "Mozilla/5.0 (compatible; SemrushBot/7~bl; +http://www.semrush.com/bot.html)" "www.tekmedicgloves.com"
185.191.171.5 - - [26/Nov/2022:14:24:37 -0800] "GET /phpMyAdmin/setup/?token=097fbbf4ed1f9ee4ceaf5b918e43c502&version_check=1 HTTP/1.1" 200 12687 "-" "Mozilla/5.0 (compatible; SemrushBot/7~bl; +http://www.semrush.com/bot.html)" "tekmedicgloves.com"
185.191.171.11 - - [26/Nov/2022:14:25:00 -0800] "GET /phpMyAdmin/setup/?token=f10cd3f1ddef650592c5b0a9ceab4399&version_check=1 HTTP/1.1" 200 12687 "-" "Mozilla/5.0 (compatible; SemrushBot/7~bl; +http://www.semrush.com/bot.html)" "tekmedicgloves.com"
185.191.171.20 - - [26/Nov/2022:14:25:05 -0800] "GET /phpMyAdmin/setup/?token=01dfe14d6c18c31fd9847ea9ef094288&version_check=1 HTTP/1.1" 200 12691 "-" "Mozilla/5.0 (compatible; SemrushBot/7~bl; +http://www.semrush.com/bot.html)" "www.tekmedicgloves.com"
185.191.171.8 - - [26/Nov/2022:14:25:19 -0800] "GET /phpMyAdmin/setup/?token=de88715e9ad2d97a9c81c04ecef31678&version_check=1 HTTP/1.1" 200 12691 "-" "Mozilla/5.0 (compatible; SemrushBot/7~bl; +http://www.semrush.com/bot.html)" "www.tekmedicgloves.com"
185.191.171.1 - - [26/Nov/2022:14:25:50 -0800] "GET /phpMyAdmin/setup/?token=e10abbcf7a2d005da0a6d315c491c398&version_check=1 HTTP/1.1" 200 12691 "-" "Mozilla/5.0 (compatible; SemrushBot/7~bl; +http://www.semrush.com/bot.html)" "www.tekmedicgloves.com"
185.191.171.9 - - [26/Nov/2022:14:25:52 -0800] "GET /phpMyAdmin/setup/?token=e506d9fb7b6b9384d7ebc5e1dbabeec1&version_check=1 HTTP/1.1" 200 12691 "-" "Mozilla/5.0 (compatible; SemrushBot/7~bl; +http://www.semrush.com/bot.html)" "www.tekmedicgloves.com"
185.191.171.14 - - [26/Nov/2022:14:25:56 -0800] "GET /phpMyAdmin/setup/?token=e1a26aee130d0fcc57d486ca618a28f3&version_check=1 HTTP/1.1" 200 12687 "-" "Mozilla/5.0 (compatible; SemrushBot/7~bl; +http://www.semrush.com/bot.html)" "tekmedicgloves.com"
185.191.171.45 - - [26/Nov/2022:14:26:19 -0800] "GET /robots.txt HTTP/1.1" 404 88 "-" "Mozilla/5.0 (compatible; SemrushBot/7~bl; +http://www.semrush.com/bot.html)" "www.tekmedicgloves.com"
185.191.171.5 - - [26/Nov/2022:14:26:20 -0800] "GET /phpMyAdmin/setup/?token=e671ab7c0561ced4795d9a3db6b04a96&version_check=1 HTTP/1.1" 200 12691 "-" "Mozilla/5.0 (compatible; SemrushBot/7~bl; +http://www.semrush.com/bot.html)" "www.tekmedicgloves.com"
185.191.171.8 - - [26/Nov/2022:14:27:03 -0800] "GET /phpMyAdmin/setup/?token=b86fd8c1df60b830c6566538e5c55748&version_check=1 HTTP/1.1" 200 12691 "-" "Mozilla/5.0 (compatible; SemrushBot/7~bl; +http://www.semrush.com/bot.html)" "www.tekmedicgloves.com"
185.191.171.2 - - [26/Nov/2022:14:27:19 -0800] "GET /phpMyAdmin/setup/?token=c464e8e57839e0c1a03c41323a6916cf&version_check=1 HTTP/1.1" 200 12687 "-" "Mozilla/5.0 (compatible; SemrushBot/7~bl; +http://www.semrush.com/bot.html)" "tekmedicgloves.com"
185.191.171.7 - - [26/Nov/2022:14:27:21 -0800] "GET /phpMyAdmin/setup/?token=df1b909aa9ffbda23d751de3d666d2e9&version_check=1 HTTP/1.1" 200 12687 "-" "Mozilla/5.0 (compatible; SemrushBot/7~bl; +http://www.semrush.com/bot.html)" "tekmedicgloves.com"
185.191.171.16 - - [26/Nov/2022:14:27:25 -0800] "GET /phpMyAdmin/setup/?token=c8f766734ee14186f5ea608c9f1b600e&version_check=1 HTTP/1.1" 200 12687 "-" "Mozilla/5.0 (compatible; SemrushBot/7~bl; +http://www.semrush.com/bot.html)" "tekmedicgloves.com"
185.191.171.24 - - [26/Nov/2022:14:27:30 -0800] "GET /phpMyAdmin/setup/?token=da76d2132aa4cf3618cdca7915bb13bd&version_check=1 HTTP/1.1" 200 12687 "-" "Mozilla/5.0 (compatible; SemrushBot/7~bl; +http://www.semrush.com/bot.html)" "tekmedicgloves.com"
185.191.171.34 - - [26/Nov/2022:14:27:36 -0800] "GET /phpMyAdmin/setup/?token=e229fcefe8a2d108990ca2105d55c75b&version_check=1 HTTP/1.1" 200 12691 "-" "Mozilla/5.0 (compatible; SemrushBot/7~bl; +http://www.semrush.com/bot.html)" "www.tekmedicgloves.com"
185.191.171.2 - - [26/Nov/2022:14:27:44 -0800] "GET /phpMyAdmin/setup/?token=e20122d830314d6cb8996f108d699b10&version_check=1 HTTP/1.1" 200 12687 "-" "Mozilla/5.0 (compatible; SemrushBot/7~bl; +http://www.semrush.com/bot.html)" "tekmedicgloves.com"
185.191.171.20 - - [26/Nov/2022:14:27:46 -0800] "GET /phpMyAdmin/setup/?token=c68e766c14b17fbb4422ab9bbbadf3ab&version_check=1 HTTP/1.1" 200 12691 "-" "Mozilla/5.0 (compatible; SemrushBot/7~bl; +http://www.semrush.com/bot.html)" "www.tekmedicgloves.com"
185.191.171.39 - - [26/Nov/2022:14:27:51 -0800] "GET /phpMyAdmin/setup/?token=b98d97424d1c123ba47274d6ebe622d0&version_check=1 HTTP/1.1" 200 12691 "-" "Mozilla/5.0 (compatible; SemrushBot/7~bl; +http://www.semrush.com/bot.html)" "www.tekmedicgloves.com"
185.191.171.6 - - [26/Nov/2022:14:28:23 -0800] "GET /phpMyAdmin/setup/?token=f3121b4986dc3d0bc30008829a5a52a3&version_check=1 HTTP/1.1" 200 12691 "-" "Mozilla/5.0 (compatible; SemrushBot/7~bl; +http://www.semrush.com/bot.html)" "www.tekmedicgloves.com"
185.191.171.16 - - [26/Nov/2022:14:28:32 -0800] "GET /phpMyAdmin/setup/?token=f7383cf11d7daf7bb3944179a3b15ae1&version_check=1 HTTP/1.1" 200 12691 "-" "Mozilla/5.0 (compatible; SemrushBot/7~bl; +http://www.semrush.com/bot.html)" "www.tekmedicgloves.com"
185.191.171.1 - - [26/Nov/2022:14:28:43 -0800] "GET /phpMyAdmin/setup/?token=cff5f82c688f51b4c651704c178a1e1b&version_check=1 HTTP/1.1" 200 12687 "-" "Mozilla/5.0 (compatible; SemrushBot/7~bl; +http://www.semrush.com/bot.html)" "tekmedicgloves.com"
185.191.171.9 - - [26/Nov/2022:14:29:05 -0800] "GET /phpMyAdmin/setup/?token=bd126599ba397d779d0ba52dd552a183&version_check=1 HTTP/1.1" 200 12691 "-" "Mozilla/5.0 (compatible; SemrushBot/7~bl; +http://www.semrush.com/bot.html)" "www.tekmedicgloves.com"
185.191.171.20 - - [26/Nov/2022:14:29:52 -0800] "GET /phpMyAdmin/setup/?token=bd36680f7fcdb23ee967946369b168fe&version_check=1 HTTP/1.1" 200 12691 "-" "Mozilla/5.0 (compatible; SemrushBot/7~bl; +http://www.semrush.com/bot.html)" "www.tekmedicgloves.com"
185.191.171.3 - - [26/Nov/2022:14:29:54 -0800] "GET /phpMyAdmin/setup/?token=c1884f67ef4dad695786173119f54f46&version_check=1 HTTP/1.1" 200 12687 "-" "Mozilla/5.0 (compatible; SemrushBot/7~bl; +http://www.semrush.com/bot.html)" "tekmedicgloves.com"
185.191.171.40 - - [26/Nov/2022:14:30:00 -0800] "GET /phpMyAdmin/setup/?token=e14573a495ed58faeed3d2f92dbea403&version_check=1 HTTP/1.1" 200 12687 "-" "Mozilla/5.0 (compatible; SemrushBot/7~bl; +http://www.semrush.com/bot.html)" "tekmedicgloves.com"
185.191.171.38 - - [26/Nov/2022:14:30:10 -0800] "GET /phpMyAdmin/setup/?token=e1c3293370b9db86bca31d5990a35fde&version_check=1 HTTP/1.1" 200 12691 "-" "Mozilla/5.0 (compatible; SemrushBot/7~bl; +http://www.semrush.com/bot.html)" "www.tekmedicgloves.com"
185.191.171.11 - - [26/Nov/2022:14:30:50 -0800] "GET /phpMyAdmin/setup/?token=ffa3b9765aeee6b20779584a0e7ebd3d&version_check=1 HTTP/1.1" 200 12687 "-" "Mozilla/5.0 (compatible; SemrushBot/7~bl; +http://www.semrush.com/bot.html)" "tekmedicgloves.com"
185.191.171.19 - - [26/Nov/2022:14:31:01 -0800] "GET /phpMyAdmin/setup/?token=c37535adc230d954d02473d3177a065f&version_check=1 HTTP/1.1" 200 12691 "-" "Mozilla/5.0 (compatible; SemrushBot/7~bl; +http://www.semrush.com/bot.html)" "www.tekmedicgloves.com"
185.191.171.16 - - [26/Nov/2022:14:31:08 -0800] "GET /phpMyAdmin/setup/?token=c350444b131514382f2509c6040d9efe&version_check=1 HTTP/1.1" 200 12687 "-" "Mozilla/5.0 (compatible; SemrushBot/7~bl; +http://www.semrush.com/bot.html)" "tekmedicgloves.com"
185.191.171.37 - - [26/Nov/2022:14:31:49 -0800] "GET /phpMyAdmin/setup/?token=c9cf77d33334fbbc2d5d859749a70d3f&version_check=1 HTTP/1.1" 200 12687 "-" "Mozilla/5.0 (compatible; SemrushBot/7~bl; +http://www.semrush.com/bot.html)" "tekmedicgloves.com"
185.191.171.10 - - [26/Nov/2022:14:31:57 -0800] "GET /phpMyAdmin/setup/?token=b5ffa3b3af1630eb28d907031dd80d0d&version_check=1 HTTP/1.1" 200 12691 "-" "Mozilla/5.0 (compatible; SemrushBot/7~bl; +http://www.semrush.com/bot.html)" "www.tekmedicgloves.com"
185.191.171.2 - - [26/Nov/2022:14:32:24 -0800] "GET /phpMyAdmin/setup/?token=d68999516177e45c10035af35401806b&version_check=1 HTTP/1.1" 200 12691 "-" "Mozilla/5.0 (compatible; SemrushBot/7~bl; +http://www.semrush.com/bot.html)" "www.tekmedicgloves.com"
185.191.171.1 - - [26/Nov/2022:14:32:27 -0800] "GET /phpMyAdmin/setup/?token=053156fbe4deb7f591b2dec1e87b0f12&version_check=1 HTTP/1.1" 200 12691 "-" "Mozilla/5.0 (compatible; SemrushBot/7~bl; +http://www.semrush.com/bot.html)" "www.tekmedicgloves.com"
185.191.171.22 - - [26/Nov/2022:14:32:43 -0800] "GET /phpMyAdmin/setup/?token=0a904eda7ca3ab9cd6fee54ed37568a6&version_check=1 HTTP/1.1" 200 12687 "-" "Mozilla/5.0 (compatible; SemrushBot/7~bl; +http://www.semrush.com/bot.html)" "tekmedicgloves.com"
185.191.171.37 - - [26/Nov/2022:14:32:45 -0800] "GET /phpMyAdmin/setup/?token=e536dd8ffe6404c19fa563299ce1903c&version_check=1 HTTP/1.1" 200 12687 "-" "Mozilla/5.0 (compatible; SemrushBot/7~bl; +http://www.semrush.com/bot.html)" "tekmedicgloves.com"
185.191.171.24 - - [26/Nov/2022:14:33:10 -0800] "GET /phpMyAdmin/setup/?token=0ae1b33853f0a20d773446d9a7f78af2&version_check=1 HTTP/1.1" 200 12687 "-" "Mozilla/5.0 (compatible; SemrushBot/7~bl; +http://www.semrush.com/bot.html)" "tekmedicgloves.com"
185.191.171.42 - - [26/Nov/2022:14:33:23 -0800] "GET /phpMyAdmin/setup/?token=e2b59685470fe4363764931ac2ce7df8&version_check=1 HTTP/1.1" 200 12687 "-" "Mozilla/5.0 (compatible; SemrushBot/7~bl; +http://www.semrush.com/bot.html)" "tekmedicgloves.com"
185.191.171.35 - - [26/Nov/2022:14:34:15 -0800] "GET /phpMyAdmin/setup/?token=c2dcc30b7c55f5e03181dcd7477055fe&version_check=1 HTTP/1.1" 200 12687 "-" "Mozilla/5.0 (compatible; SemrushBot/7~bl; +http://www.semrush.com/bot.html)" "tekmedicgloves.com"
185.191.171.24 - - [26/Nov/2022:14:34:27 -0800] "GET /phpMyAdmin/setup/?token=ca69e4a1ad521ea6cd4d442ec2863ce4&version_check=1 HTTP/1.1" 200 12687 "-" "Mozilla/5.0 (compatible; SemrushBot/7~bl; +http://www.semrush.com/bot.html)" "tekmedicgloves.com"
185.191.171.36 - - [26/Nov/2022:14:34:33 -0800] "GET /phpMyAdmin/setup/?token=c256b4924d2a9fa1cb8afefd488d6e23&version_check=1 HTTP/1.1" 200 12687 "-" "Mozilla/5.0 (compatible; SemrushBot/7~bl; +http://www.semrush.com/bot.html)" "tekmedicgloves.com"
185.191.171.10 - - [26/Nov/2022:14:34:52 -0800] "GET /phpMyAdmin/setup/?token=dc63c96d732271106f686216ffe301da&version_check=1 HTTP/1.1" 200 12691 "-" "Mozilla/5.0 (compatible; SemrushBot/7~bl; +http://www.semrush.com/bot.html)" "www.tekmedicgloves.com"
185.191.171.9 - - [26/Nov/2022:14:34:55 -0800] "GET /phpMyAdmin/setup/?token=ee331ebb10dbb22cbf462c55cc87a288&version_check=1 HTTP/1.1" 200 12691 "-" "Mozilla/5.0 (compatible; SemrushBot/7~bl; +http://www.semrush.com/bot.html)" "www.tekmedicgloves.com"
185.191.171.7 - - [26/Nov/2022:14:35:09 -0800] "GET /phpMyAdmin/setup/?token=c5a57b1f92f822dbf96493ec706bce26&version_check=1 HTTP/1.1" 200 12687 "-" "Mozilla/5.0 (compatible; SemrushBot/7~bl; +http://www.semrush.com/bot.html)" "tekmedicgloves.com"
185.191.171.22 - - [26/Nov/2022:14:35:25 -0800] "GET /phpMyAdmin/setup/?token=01b6edaaaf4199906e9620e6e3a88541&version_check=1 HTTP/1.1" 200 12687 "-" "Mozilla/5.0 (compatible; SemrushBot/7~bl; +http://www.semrush.com/bot.html)" "tekmedicgloves.com"
185.191.171.1 - - [26/Nov/2022:14:35:30 -0800] "GET /phpMyAdmin/setup/?token=fa2fbfe9710b92ade82f84858b8e1b3a&version_check=1 HTTP/1.1" 200 12691 "-" "Mozilla/5.0 (compatible; SemrushBot/7~bl; +http://www.semrush.com/bot.html)" "www.tekmedicgloves.com"
185.191.171.9 - - [26/Nov/2022:14:35:36 -0800] "GET /phpMyAdmin/setup/?token=ddfa3451117c178d6d877b1e7ebcbf21&version_check=1 HTTP/1.1" 200 12687 "-" "Mozilla/5.0 (compatible; SemrushBot/7~bl; +http://www.semrush.com/bot.html)" "tekmedicgloves.com"
185.191.171.2 - - [26/Nov/2022:14:35:56 -0800] "GET /phpMyAdmin/setup/?token=c30910e3e56b23fac5fb20fc8335943c&version_check=1 HTTP/1.1" 200 12687 "-" "Mozilla/5.0 (compatible; SemrushBot/7~bl; +http://www.semrush.com/bot.html)" "tekmedicgloves.com"
185.191.171.24 - - [26/Nov/2022:14:36:01 -0800] "GET /phpMyAdmin/setup/?token=e83a92403d53d6d990e8fbd68cfbaddf&version_check=1 HTTP/1.1" 200 12687 "-" "Mozilla/5.0 (compatible; SemrushBot/7~bl; +http://www.semrush.com/bot.html)" "tekmedicgloves.com"
185.191.171.2 - - [26/Nov/2022:14:36:16 -0800] "GET /phpMyAdmin/setup/?token=c31de6ba9dfd3bc78105ed636077dbb7&version_check=1 HTTP/1.1" 200 12687 "-" "Mozilla/5.0 (compatible; SemrushBot/7~bl; +http://www.semrush.com/bot.html)" "tekmedicgloves.com"
185.191.171.19 - - [26/Nov/2022:14:36:43 -0800] "GET /phpMyAdmin/setup/?token=d361926f10d399f2263b45ef484b2636&version_check=1 HTTP/1.1" 200 12691 "-" "Mozilla/5.0 (compatible; SemrushBot/7~bl; +http://www.semrush.com/bot.html)" "www.tekmedicgloves.com"
185.191.171.25 - - [26/Nov/2022:14:36:53 -0800] "GET /phpMyAdmin/setup/?token=f0ca1842c97724ff0f4404dfd45b6bfd&version_check=1 HTTP/1.1" 200 12687 "-" "Mozilla/5.0 (compatible; SemrushBot/7~bl; +http://www.semrush.com/bot.html)" "tekmedicgloves.com"
185.191.171.35 - - [26/Nov/2022:14:37:37 -0800] "GET /phpMyAdmin/setup/?token=b53fca9a1105b6c9195a258b9fedadc2&version_check=1 HTTP/1.1" 200 12691 "-" "Mozilla/5.0 (compatible; SemrushBot/7~bl; +http://www.semrush.com/bot.html)" "www.tekmedicgloves.com"
185.191.171.17 - - [26/Nov/2022:14:37:43 -0800] "GET /phpMyAdmin/setup/?token=c80818ab973b5695437edafcf4fe6713&version_check=1 HTTP/1.1" 200 12687 "-" "Mozilla/5.0 (compatible; SemrushBot/7~bl; +http://www.semrush.com/bot.html)" "tekmedicgloves.com"
185.191.171.38 - - [26/Nov/2022:14:37:51 -0800] "GET /phpMyAdmin/setup/?token=b5a680006b74802ee8a91329b98bb006&version_check=1 HTTP/1.1" 200 12691 "-" "Mozilla/5.0 (compatible; SemrushBot/7~bl; +http://www.semrush.com/bot.html)" "www.tekmedicgloves.com"
185.191.171.33 - - [26/Nov/2022:14:38:01 -0800] "GET /phpMyAdmin/setup/?token=05da65b3a3ebb58ad007a67c4b62d618&version_check=1 HTTP/1.1" 200 12691 "-" "Mozilla/5.0 (compatible; SemrushBot/7~bl; +http://www.semrush.com/bot.html)" "www.tekmedicgloves.com"
185.191.171.7 - - [26/Nov/2022:14:38:27 -0800] "GET /phpMyAdmin/setup/?token=0dbdcff7cad1bf1c236d7e348e489507&version_check=1 HTTP/1.1" 200 12691 "-" "Mozilla/5.0 (compatible; SemrushBot/7~bl; +http://www.semrush.com/bot.html)" "www.tekmedicgloves.com"
185.191.171.44 - - [26/Nov/2022:14:38:35 -0800] "GET /phpMyAdmin/setup/?token=c28f55d4aa8abd0d444c3eba7e56a332&version_check=1 HTTP/1.1" 200 12687 "-" "Mozilla/5.0 (compatible; SemrushBot/7~bl; +http://www.semrush.com/bot.html)" "tekmedicgloves.com"
185.191.171.2 - - [26/Nov/2022:14:38:44 -0800] "GET /phpMyAdmin/setup/?token=f3e3f636e10e49e4bbc75843a779f1fd&version_check=1 HTTP/1.1" 200 12691 "-" "Mozilla/5.0 (compatible; SemrushBot/7~bl; +http://www.semrush.com/bot.html)" "www.tekmedicgloves.com"
185.191.171.6 - - [26/Nov/2022:14:39:23 -0800] "GET /phpMyAdmin/setup/?token=c8ec9accbd86cec5bd5a97ce179a7a1d&version_check=1 HTTP/1.1" 200 12687 "-" "Mozilla/5.0 (compatible; SemrushBot/7~bl; +http://www.semrush.com/bot.html)" "tekmedicgloves.com"
185.191.171.1 - - [26/Nov/2022:14:39:27 -0800] "GET /phpMyAdmin/setup/?token=03d6b4ef8db18559a99c098de4c9d5a0&version_check=1 HTTP/1.1" 200 12687 "-" "Mozilla/5.0 (compatible; SemrushBot/7~bl; +http://www.semrush.com/bot.html)" "tekmedicgloves.com"
185.191.171.1 - - [26/Nov/2022:14:39:40 -0800] "GET /phpMyAdmin/setup/?token=e3784e6fb100c7b873f8bc40aa7214bb&version_check=1 HTTP/1.1" 200 12687 "-" "Mozilla/5.0 (compatible; SemrushBot/7~bl; +http://www.semrush.com/bot.html)" "tekmedicgloves.com"
185.191.171.6 - - [26/Nov/2022:14:39:43 -0800] "GET /phpMyAdmin/setup/?token=c79e9eaf286a58378527a5f1ab9dde29&version_check=1 HTTP/1.1" 200 12687 "-" "Mozilla/5.0 (compatible; SemrushBot/7~bl; +http://www.semrush.com/bot.html)" "tekmedicgloves.com"
185.191.171.26 - - [26/Nov/2022:14:40:14 -0800] "GET /phpMyAdmin/setup/?token=c5167286eb8fb2a74de243663d10b195&version_check=1 HTTP/1.1" 200 12691 "-" "Mozilla/5.0 (compatible; SemrushBot/7~bl; +http://www.semrush.com/bot.html)" "www.tekmedicgloves.com"
185.191.171.2 - - [26/Nov/2022:14:40:34 -0800] "GET /phpMyAdmin/setup/?token=c6e11885bc458957fdb8475a0b60c9e6&version_check=1 HTTP/1.1" 200 12687 "-" "Mozilla/5.0 (compatible; SemrushBot/7~bl; +http://www.semrush.com/bot.html)" "tekmedicgloves.com"
185.191.171.23 - - [26/Nov/2022:14:40:34 -0800] "GET /phpMyAdmin/setup/?token=e8d8efc6775346d4f78f7b1d8bae884f&version_check=1 HTTP/1.1" 200 12691 "-" "Mozilla/5.0 (compatible; SemrushBot/7~bl; +http://www.semrush.com/bot.html)" "www.tekmedicgloves.com"
185.191.171.24 - - [26/Nov/2022:14:40:43 -0800] "GET /phpMyAdmin/setup/?token=008dc5c5c6103aafd37af366797380de&version_check=1 HTTP/1.1" 200 12691 "-" "Mozilla/5.0 (compatible; SemrushBot/7~bl; +http://www.semrush.com/bot.html)" "www.tekmedicgloves.com"
185.191.171.8 - - [26/Nov/2022:14:40:48 -0800] "GET /phpMyAdmin/setup/?token=c8cf2579d12ac00fcff760006df8f535&version_check=1 HTTP/1.1" 200 12687 "-" "Mozilla/5.0 (compatible; SemrushBot/7~bl; +http://www.semrush.com/bot.html)" "tekmedicgloves.com"
185.191.171.18 - - [26/Nov/2022:14:41:03 -0800] "GET /phpMyAdmin/setup/?token=fe76eb890a6e803da2c81724bed9d722&version_check=1 HTTP/1.1" 200 12687 "-" "Mozilla/5.0 (compatible; SemrushBot/7~bl; +http://www.semrush.com/bot.html)" "tekmedicgloves.com"
185.191.171.8 - - [26/Nov/2022:14:41:08 -0800] "GET /phpMyAdmin/setup/?token=e1920e9a8f8b901a4a9349802f834f88&version_check=1 HTTP/1.1" 200 12691 "-" "Mozilla/5.0 (compatible; SemrushBot/7~bl; +http://www.semrush.com/bot.html)" "www.tekmedicgloves.com"
185.191.171.9 - - [26/Nov/2022:14:41:20 -0800] "GET /phpMyAdmin/setup/?token=ccebfa127c5f2d4d209c003043540f77&version_check=1 HTTP/1.1" 200 12687 "-" "Mozilla/5.0 (compatible; SemrushBot/7~bl; +http://www.semrush.com/bot.html)" "tekmedicgloves.com"
185.191.171.14 - - [26/Nov/2022:14:41:32 -0800] "GET /phpMyAdmin/setup/?token=c7879a0ad595027a4ddad163a1fa93c5&version_check=1 HTTP/1.1" 200 12687 "-" "Mozilla/5.0 (compatible; SemrushBot/7~bl; +http://www.semrush.com/bot.html)" "tekmedicgloves.com"
185.191.171.4 - - [26/Nov/2022:14:41:36 -0800] "GET /phpMyAdmin/setup/?token=f560215ff6446365fed74648cbb94482&version_check=1 HTTP/1.1" 200 12691 "-" "Mozilla/5.0 (compatible; SemrushBot/7~bl; +http://www.semrush.com/bot.html)" "www.tekmedicgloves.com"
185.191.171.16 - - [26/Nov/2022:14:41:39 -0800] "GET /phpMyAdmin/setup/?token=df1e95e81b5e1ea71537379cd94b44e0&version_check=1 HTTP/1.1" 200 12687 "-" "Mozilla/5.0 (compatible; SemrushBot/7~bl; +http://www.semrush.com/bot.html)" "tekmedicgloves.com"
17.121.112.42 - - [26/Nov/2022:14:42:01 -0800] "GET /robots.txt HTTP/1.1" 404 88 "-" "Mozilla/5.0 (Macintosh; Intel Mac OS X 10_15_5) AppleWebKit/605.1.15 (KHTML, like Gecko) Version/13.1.1 Safari/605.1.15 (Applebot/0.1; +http://www.apple.com/go/applebot)" "www.tekmedicgloves.com"
17.121.112.42 - - [26/Nov/2022:14:42:01 -0800] "GET /phpMyAdmin/Documentation.html HTTP/1.1" 200 72425 "-" "Mozilla/5.0 (Macintosh; Intel Mac OS X 10_15_5) AppleWebKit/605.1.15 (KHTML, like Gecko) Version/13.1.1 Safari/605.1.15 (Applebot/0.1; +http://www.apple.com/go/applebot)" "www.tekmedicgloves.com"
185.191.171.1 - - [26/Nov/2022:14:42:07 -0800] "GET /phpMyAdmin/setup/?token=e2cc89cbc73a8a068ee242eb1e481c8f&version_check=1 HTTP/1.1" 200 12691 "-" "Mozilla/5.0 (compatible; SemrushBot/7~bl; +http://www.semrush.com/bot.html)" "www.tekmedicgloves.com"
185.191.171.7 - - [26/Nov/2022:14:42:27 -0800] "GET /phpMyAdmin/setup/?token=c7ddd885a87864ed62909f3ee6f44d35&version_check=1 HTTP/1.1" 200 12687 "-" "Mozilla/5.0 (compatible; SemrushBot/7~bl; +http://www.semrush.com/bot.html)" "tekmedicgloves.com"
185.191.171.8 - - [26/Nov/2022:14:42:46 -0800] "GET /phpMyAdmin/setup/?token=09d09a5769877319aabc2fb67227829b&version_check=1 HTTP/1.1" 200 12687 "-" "Mozilla/5.0 (compatible; SemrushBot/7~bl; +http://www.semrush.com/bot.html)" "tekmedicgloves.com"
185.191.171.3 - - [26/Nov/2022:14:43:02 -0800] "GET /phpMyAdmin/setup/?token=cf6845c07b60efbc0f5f204398e471e6&version_check=1 HTTP/1.1" 200 12687 "-" "Mozilla/5.0 (compatible; SemrushBot/7~bl; +http://www.semrush.com/bot.html)" "tekmedicgloves.com"
185.191.171.1 - - [26/Nov/2022:14:43:15 -0800] "GET /phpMyAdmin/setup/?token=c6e8e8e01900b323e9b8f376c284808c&version_check=1 HTTP/1.1" 200 12691 "-" "Mozilla/5.0 (compatible; SemrushBot/7~bl; +http://www.semrush.com/bot.html)" "www.tekmedicgloves.com"
185.191.171.2 - - [26/Nov/2022:14:43:24 -0800] "GET /phpMyAdmin/setup/?token=137136d530d8acb5f40b483154104f83&version_check=1 HTTP/1.1" 200 12687 "-" "Mozilla/5.0 (compatible; SemrushBot/7~bl; +http://www.semrush.com/bot.html)" "tekmedicgloves.com"
185.191.171.34 - - [26/Nov/2022:14:43:34 -0800] "GET /phpMyAdmin/setup/?token=da2aed9f3cdb06933b47bd793031b45f&version_check=1 HTTP/1.1" 200 12691 "-" "Mozilla/5.0 (compatible; SemrushBot/7~bl; +http://www.semrush.com/bot.html)" "www.tekmedicgloves.com"
185.191.171.6 - - [26/Nov/2022:14:43:52 -0800] "GET /phpMyAdmin/setup/?token=10c4707b2d6fe4349113c79851e49467&version_check=1 HTTP/1.1" 200 12687 "-" "Mozilla/5.0 (compatible; SemrushBot/7~bl; +http://www.semrush.com/bot.html)" "tekmedicgloves.com"
185.191.171.14 - - [26/Nov/2022:14:43:59 -0800] "GET /phpMyAdmin/setup/?token=e4aad86c5ff2b305dd46eb4c6b3f1eb7&version_check=1 HTTP/1.1" 200 12691 "-" "Mozilla/5.0 (compatible; SemrushBot/7~bl; +http://www.semrush.com/bot.html)" "www.tekmedicgloves.com"
185.191.171.13 - - [26/Nov/2022:14:44:55 -0800] "GET /phpMyAdmin/setup/?token=005b0816182e507e9a2e0cf7bf941dda&version_check=1 HTTP/1.1" 200 12687 "-" "Mozilla/5.0 (compatible; SemrushBot/7~bl; +http://www.semrush.com/bot.html)" "tekmedicgloves.com"
185.191.171.15 - - [26/Nov/2022:14:45:07 -0800] "GET /phpMyAdmin/setup/?token=ea67792affb8a8a6016a3bc39365bb0a&version_check=1 HTTP/1.1" 200 12691 "-" "Mozilla/5.0 (compatible; SemrushBot/7~bl; +http://www.semrush.com/bot.html)" "www.tekmedicgloves.com"
185.191.171.13 - - [26/Nov/2022:14:45:42 -0800] "GET /phpMyAdmin/setup/?token=b1106369cd0376f06cb4a3fc485cdd28&version_check=1 HTTP/1.1" 200 12691 "-" "Mozilla/5.0 (compatible; SemrushBot/7~bl; +http://www.semrush.com/bot.html)" "www.tekmedicgloves.com"
185.191.171.23 - - [26/Nov/2022:14:46:41 -0800] "GET /phpMyAdmin/setup/?token=c9829a8b9909c673bd2f5ffde4ee1aa1&version_check=1 HTTP/1.1" 200 12691 "-" "Mozilla/5.0 (compatible; SemrushBot/7~bl; +http://www.semrush.com/bot.html)" "www.tekmedicgloves.com"
185.191.171.44 - - [26/Nov/2022:14:46:51 -0800] "GET /phpMyAdmin/setup/?token=ea322c4535804fa722ab37c340214256&version_check=1 HTTP/1.1" 200 12687 "-" "Mozilla/5.0 (compatible; SemrushBot/7~bl; +http://www.semrush.com/bot.html)" "tekmedicgloves.com"
185.191.171.8 - - [26/Nov/2022:14:46:58 -0800] "GET /phpMyAdmin/setup/?token=c9a6f51632674c2a7953e28d1d3123e3&version_check=1 HTTP/1.1" 200 12687 "-" "Mozilla/5.0 (compatible; SemrushBot/7~bl; +http://www.semrush.com/bot.html)" "tekmedicgloves.com"
185.191.171.2 - - [26/Nov/2022:14:47:10 -0800] "GET /phpMyAdmin/setup/?token=07c82ab8c217bd7ead3a64338aefbaa7&version_check=1 HTTP/1.1" 200 12691 "-" "Mozilla/5.0 (compatible; SemrushBot/7~bl; +http://www.semrush.com/bot.html)" "www.tekmedicgloves.com"
185.191.171.39 - - [26/Nov/2022:14:47:18 -0800] "GET /phpMyAdmin/setup/?token=c345b80e5b6899c84eed2ce7cd277ba3&version_check=1 HTTP/1.1" 200 12687 "-" "Mozilla/5.0 (compatible; SemrushBot/7~bl; +http://www.semrush.com/bot.html)" "tekmedicgloves.com"
185.191.171.33 - - [26/Nov/2022:14:47:28 -0800] "GET /phpMyAdmin/setup/?token=c780e4f0f0ad64799dddd2124cbacf30&version_check=1 HTTP/1.1" 200 12687 "-" "Mozilla/5.0 (compatible; SemrushBot/7~bl; +http://www.semrush.com/bot.html)" "tekmedicgloves.com"
185.191.171.1 - - [26/Nov/2022:14:47:31 -0800] "GET /phpMyAdmin/setup/?token=c4400558d6120f7d478309b0d1f3c774&version_check=1 HTTP/1.1" 200 12687 "-" "Mozilla/5.0 (compatible; SemrushBot/7~bl; +http://www.semrush.com/bot.html)" "tekmedicgloves.com"
185.191.171.12 - - [26/Nov/2022:14:47:33 -0800] "GET /phpMyAdmin/setup/?token=c6a606fb925093a776a3cb780b89d835&version_check=1 HTTP/1.1" 200 12687 "-" "Mozilla/5.0 (compatible; SemrushBot/7~bl; +http://www.semrush.com/bot.html)" "tekmedicgloves.com"
185.191.171.38 - - [26/Nov/2022:14:47:45 -0800] "GET /phpMyAdmin/setup/?token=e85a99834748ea2640a4c59fda4db381&version_check=1 HTTP/1.1" 200 12687 "-" "Mozilla/5.0 (compatible; SemrushBot/7~bl; +http://www.semrush.com/bot.html)" "tekmedicgloves.com"
185.191.171.18 - - [26/Nov/2022:14:48:01 -0800] "GET /phpMyAdmin/setup/?token=e4491d832b527fe705f9711d767b0301&version_check=1 HTTP/1.1" 200 12691 "-" "Mozilla/5.0 (compatible; SemrushBot/7~bl; +http://www.semrush.com/bot.html)" "www.tekmedicgloves.com"
185.191.171.22 - - [26/Nov/2022:14:48:02 -0800] "GET /phpMyAdmin/setup/?token=c59d27efba5087ef58c5f5943595f7cc&version_check=1 HTTP/1.1" 200 12687 "-" "Mozilla/5.0 (compatible; SemrushBot/7~bl; +http://www.semrush.com/bot.html)" "tekmedicgloves.com"
185.191.171.24 - - [26/Nov/2022:14:48:05 -0800] "GET /phpMyAdmin/setup/?token=c9080a09d18daa7ee66d36b5f779c463&version_check=1 HTTP/1.1" 200 12687 "-" "Mozilla/5.0 (compatible; SemrushBot/7~bl; +http://www.semrush.com/bot.html)" "tekmedicgloves.com"
185.191.171.5 - - [26/Nov/2022:14:48:11 -0800] "GET /phpMyAdmin/setup/?token=f2953cd2af3bdb9e264118d0502e5cf8&version_check=1 HTTP/1.1" 200 12691 "-" "Mozilla/5.0 (compatible; SemrushBot/7~bl; +http://www.semrush.com/bot.html)" "www.tekmedicgloves.com"
185.191.171.25 - - [26/Nov/2022:14:48:19 -0800] "GET /phpMyAdmin/setup/?token=b72f99b7a12f04dfd5ffe8663242f48b&version_check=1 HTTP/1.1" 200 12691 "-" "Mozilla/5.0 (compatible; SemrushBot/7~bl; +http://www.semrush.com/bot.html)" "www.tekmedicgloves.com"
185.191.171.40 - - [26/Nov/2022:14:48:21 -0800] "GET /phpMyAdmin/setup/?token=deee60716c6e2f934119930395e1b8aa&version_check=1 HTTP/1.1" 200 12691 "-" "Mozilla/5.0 (compatible; SemrushBot/7~bl; +http://www.semrush.com/bot.html)" "www.tekmedicgloves.com"
185.191.171.8 - - [26/Nov/2022:14:48:23 -0800] "GET /phpMyAdmin/setup/?token=a73c11096fb8a1059e88ef942486e9c7&version_check=1 HTTP/1.1" 200 12691 "-" "Mozilla/5.0 (compatible; SemrushBot/7~bl; +http://www.semrush.com/bot.html)" "www.tekmedicgloves.com"
185.191.171.2 - - [26/Nov/2022:14:49:04 -0800] "GET /phpMyAdmin/setup/?token=c1fc93a87aac517128ebe81c91bdf59b&version_check=1 HTTP/1.1" 200 12691 "-" "Mozilla/5.0 (compatible; SemrushBot/7~bl; +http://www.semrush.com/bot.html)" "www.tekmedicgloves.com"
185.191.171.4 - - [26/Nov/2022:14:50:24 -0800] "GET /phpMyAdmin/setup/?token=b8aee053b734eea94f93dcb3052eb813&version_check=1 HTTP/1.1" 200 12691 "-" "Mozilla/5.0 (compatible; SemrushBot/7~bl; +http://www.semrush.com/bot.html)" "www.tekmedicgloves.com"
185.191.171.45 - - [26/Nov/2022:14:50:26 -0800] "GET /phpMyAdmin/setup/?token=0d67cda61ab2ddfe9ec7555f5d37d0b1&version_check=1 HTTP/1.1" 200 12691 "-" "Mozilla/5.0 (compatible; SemrushBot/7~bl; +http://www.semrush.com/bot.html)" "www.tekmedicgloves.com"
114.119.157.189 - - [26/Nov/2022:14:50:45 -0800] "GET /beta/products.php?cat=20&id=4 HTTP/1.1" 200 52319 "http://www.tekmedicgloves.com/beta/products.php?cat=20" "Mozilla/5.0 (Linux; Android 7.0;) AppleWebKit/537.36 (KHTML, like Gecko) Mobile Safari/537.36 (compatible; PetalBot;+https://webmaster.petalsearch.com/site/petalbot)" "www.tekmedicgloves.com"
185.191.171.5 - - [26/Nov/2022:14:51:06 -0800] "GET /phpMyAdmin/setup/?token=dcf1d2811b8ef91561ff0bc50ce6f9e6&version_check=1 HTTP/1.1" 200 12691 "-" "Mozilla/5.0 (compatible; SemrushBot/7~bl; +http://www.semrush.com/bot.html)" "www.tekmedicgloves.com"
185.191.171.24 - - [26/Nov/2022:14:51:14 -0800] "GET /phpMyAdmin/setup/?token=f9981abbe7f0c4d297b6ef87c5b7165b&version_check=1 HTTP/1.1" 200 12691 "-" "Mozilla/5.0 (compatible; SemrushBot/7~bl; +http://www.semrush.com/bot.html)" "www.tekmedicgloves.com"
185.191.171.13 - - [26/Nov/2022:14:51:17 -0800] "GET /phpMyAdmin/setup/?token=c2cf80a168f41d897e14dee36ec02998&version_check=1 HTTP/1.1" 200 12687 "-" "Mozilla/5.0 (compatible; SemrushBot/7~bl; +http://www.semrush.com/bot.html)" "tekmedicgloves.com"
185.191.171.7 - - [26/Nov/2022:14:51:27 -0800] "GET /phpMyAdmin/setup/?token=f74c5e23b9f35bc95e10cd6041310ab9&version_check=1 HTTP/1.1" 200 12691 "-" "Mozilla/5.0 (compatible; SemrushBot/7~bl; +http://www.semrush.com/bot.html)" "www.tekmedicgloves.com"
185.191.171.24 - - [26/Nov/2022:14:51:53 -0800] "GET /phpMyAdmin/setup/?token=f28367d813092ef10a57f22b1e7b05f5&version_check=1 HTTP/1.1" 200 12691 "-" "Mozilla/5.0 (compatible; SemrushBot/7~bl; +http://www.semrush.com/bot.html)" "www.tekmedicgloves.com"
185.191.171.33 - - [26/Nov/2022:14:52:02 -0800] "GET /phpMyAdmin/setup/?token=eadc491bb169a9cd5f52ca8e9b887f84&version_check=1 HTTP/1.1" 200 12687 "-" "Mozilla/5.0 (compatible; SemrushBot/7~bl; +http://www.semrush.com/bot.html)" "tekmedicgloves.com"
185.191.171.40 - - [26/Nov/2022:14:52:07 -0800] "GET /phpMyAdmin/setup/?token=0deca312444b7dbbd40695d70e456cc2&version_check=1 HTTP/1.1" 200 12691 "-" "Mozilla/5.0 (compatible; SemrushBot/7~bl; +http://www.semrush.com/bot.html)" "www.tekmedicgloves.com"
185.191.171.6 - - [26/Nov/2022:14:52:11 -0800] "GET /phpMyAdmin/setup/?token=c197a028fc708bec4c6b1dfc28957166&version_check=1 HTTP/1.1" 200 12687 "-" "Mozilla/5.0 (compatible; SemrushBot/7~bl; +http://www.semrush.com/bot.html)" "tekmedicgloves.com"
185.191.171.5 - - [26/Nov/2022:14:52:16 -0800] "GET /phpMyAdmin/setup/?token=c1423a4a267efc943c297cb17eedbce1&version_check=1 HTTP/1.1" 200 12687 "-" "Mozilla/5.0 (compatible; SemrushBot/7~bl; +http://www.semrush.com/bot.html)" "tekmedicgloves.com"
185.191.171.22 - - [26/Nov/2022:14:52:25 -0800] "GET /phpMyAdmin/setup/?token=020e88bd51889395bcd00db4425b567e&version_check=1 HTTP/1.1" 200 12691 "-" "Mozilla/5.0 (compatible; SemrushBot/7~bl; +http://www.semrush.com/bot.html)" "www.tekmedicgloves.com"
185.191.171.40 - - [26/Nov/2022:14:52:35 -0800] "GET /phpMyAdmin/setup/?token=caa04100a07f0764ac6162a12e10b901&version_check=1 HTTP/1.1" 200 12687 "-" "Mozilla/5.0 (compatible; SemrushBot/7~bl; +http://www.semrush.com/bot.html)" "tekmedicgloves.com"
185.191.171.39 - - [26/Nov/2022:14:53:00 -0800] "GET /phpMyAdmin/setup/?token=d10cef72b87f3f777effc4a23f87f527&version_check=1 HTTP/1.1" 200 12687 "-" "Mozilla/5.0 (compatible; SemrushBot/7~bl; +http://www.semrush.com/bot.html)" "tekmedicgloves.com"
216.244.66.246 - - [26/Nov/2022:14:53:13 -0800] "GET /robots.txt HTTP/1.1" 404 73 "-" "Mozilla/5.0 (compatible; DotBot/1.2; +https://opensiteexplorer.org/dotbot; help@moz.com)" "tekmedicgloves.com"
185.191.171.17 - - [26/Nov/2022:14:53:36 -0800] "GET /phpMyAdmin/setup/?token=e180362f2d252b48182363c86154bfa8&version_check=1 HTTP/1.1" 200 12687 "-" "Mozilla/5.0 (compatible; SemrushBot/7~bl; +http://www.semrush.com/bot.html)" "tekmedicgloves.com"
185.191.171.44 - - [26/Nov/2022:14:54:35 -0800] "GET /phpMyAdmin/setup/?token=d6d983cc99c02256987acb9b7abb04e4&version_check=1 HTTP/1.1" 200 12687 "-" "Mozilla/5.0 (compatible; SemrushBot/7~bl; +http://www.semrush.com/bot.html)" "tekmedicgloves.com"
185.191.171.25 - - [26/Nov/2022:14:55:08 -0800] "GET /phpMyAdmin/setup/?token=c712d49710403fb07bfa22ba22266668&version_check=1 HTTP/1.1" 200 12687 "-" "Mozilla/5.0 (compatible; SemrushBot/7~bl; +http://www.semrush.com/bot.html)" "tekmedicgloves.com"
185.191.171.7 - - [26/Nov/2022:14:55:42 -0800] "GET /phpMyAdmin/setup/?token=bf1fb4d827c63d2c28bf26e9cfdea7df&version_check=1 HTTP/1.1" 200 12691 "-" "Mozilla/5.0 (compatible; SemrushBot/7~bl; +http://www.semrush.com/bot.html)" "www.tekmedicgloves.com"
185.191.171.42 - - [26/Nov/2022:14:56:27 -0800] "GET /phpMyAdmin/setup/?token=df31c1d68dddda3a8a38453273b19ea2&version_check=1 HTTP/1.1" 200 12687 "-" "Mozilla/5.0 (compatible; SemrushBot/7~bl; +http://www.semrush.com/bot.html)" "tekmedicgloves.com"
185.191.171.12 - - [26/Nov/2022:14:56:50 -0800] "GET /phpMyAdmin/setup/?token=f1e1caf4ac1650a51851d4a0ea7a373a&version_check=1 HTTP/1.1" 200 12691 "-" "Mozilla/5.0 (compatible; SemrushBot/7~bl; +http://www.semrush.com/bot.html)" "www.tekmedicgloves.com"
185.191.171.14 - - [26/Nov/2022:14:56:57 -0800] "GET /phpMyAdmin/setup/?token=003abc003ddec43503e6588add63755e&version_check=1 HTTP/1.1" 200 12687 "-" "Mozilla/5.0 (compatible; SemrushBot/7~bl; +http://www.semrush.com/bot.html)" "tekmedicgloves.com"
185.191.171.4 - - [26/Nov/2022:14:57:07 -0800] "GET /phpMyAdmin/setup/?token=f9947de870e8531a504b2823bef17dde&version_check=1 HTTP/1.1" 200 12687 "-" "Mozilla/5.0 (compatible; SemrushBot/7~bl; +http://www.semrush.com/bot.html)" "tekmedicgloves.com"
185.191.171.36 - - [26/Nov/2022:14:57:13 -0800] "GET /phpMyAdmin/setup/?token=c4cc2877604561cb8ffdd4722bbbdc98&version_check=1 HTTP/1.1" 200 12687 "-" "Mozilla/5.0 (compatible; SemrushBot/7~bl; +http://www.semrush.com/bot.html)" "tekmedicgloves.com"
185.191.171.9 - - [26/Nov/2022:14:58:18 -0800] "GET /phpMyAdmin/setup/?token=df381ee09bf85c835d66df2d8a2d953b&version_check=1 HTTP/1.1" 200 12691 "-" "Mozilla/5.0 (compatible; SemrushBot/7~bl; +http://www.semrush.com/bot.html)" "www.tekmedicgloves.com"
185.191.171.44 - - [26/Nov/2022:14:58:30 -0800] "GET /phpMyAdmin/setup/?token=f2794eeb4f32b8ce75c3b10c9c95a167&version_check=1 HTTP/1.1" 200 12687 "-" "Mozilla/5.0 (compatible; SemrushBot/7~bl; +http://www.semrush.com/bot.html)" "tekmedicgloves.com"
185.191.171.36 - - [26/Nov/2022:14:58:33 -0800] "GET /phpMyAdmin/setup/?token=ff23ccb320dc7c6c1d3135f122ef90bb&version_check=1 HTTP/1.1" 200 12691 "-" "Mozilla/5.0 (compatible; SemrushBot/7~bl; +http://www.semrush.com/bot.html)" "www.tekmedicgloves.com"
185.191.171.44 - - [26/Nov/2022:14:58:40 -0800] "GET /phpMyAdmin/setup/?token=06f66842fc368cbd4e223e83d133c338&version_check=1 HTTP/1.1" 200 12691 "-" "Mozilla/5.0 (compatible; SemrushBot/7~bl; +http://www.semrush.com/bot.html)" "www.tekmedicgloves.com"
185.191.171.38 - - [26/Nov/2022:14:59:54 -0800] "GET /phpMyAdmin/setup/?token=d44262d3b9302ee4653bcccbd1741062&version_check=1 HTTP/1.1" 200 12687 "-" "Mozilla/5.0 (compatible; SemrushBot/7~bl; +http://www.semrush.com/bot.html)" "tekmedicgloves.com"
185.191.171.44 - - [26/Nov/2022:15:00:16 -0800] "GET /phpMyAdmin/setup/?token=c26fab1e3d43ffc3b2082b2509cb3495&version_check=1 HTTP/1.1" 200 12691 "-" "Mozilla/5.0 (compatible; SemrushBot/7~bl; +http://www.semrush.com/bot.html)" "www.tekmedicgloves.com"
185.191.171.44 - - [26/Nov/2022:15:00:54 -0800] "GET /phpMyAdmin/setup/?token=c1805afabdcfa8e1b082b4931916ac4a&version_check=1 HTTP/1.1" 200 12687 "-" "Mozilla/5.0 (compatible; SemrushBot/7~bl; +http://www.semrush.com/bot.html)" "tekmedicgloves.com"
185.191.171.14 - - [26/Nov/2022:15:00:57 -0800] "GET /robots.txt HTTP/1.1" 404 88 "-" "Mozilla/5.0 (compatible; SemrushBot/7~bl; +http://www.semrush.com/bot.html)" "tekmedicgloves.com"
185.191.171.14 - - [26/Nov/2022:15:01:03 -0800] "GET /phpMyAdmin/setup/?token=021050592bfd90e94ce3290c080e8188&version_check=1 HTTP/1.1" 200 12691 "-" "Mozilla/5.0 (compatible; SemrushBot/7~bl; +http://www.semrush.com/bot.html)" "www.tekmedicgloves.com"
20.24.75.130 - - [26/Nov/2022:15:01:15 -0800] "GET / HTTP/1.1" 200 696 "-" "Mozilla/5.0 (Windows NT 10.0; Win64; x64) AppleWebKit/537.36 (KHTML, like Gecko) Chrome/78.0.3904.108 Safari/537.36" "tekmedicgloves.com"
20.24.75.130 - - [26/Nov/2022:15:01:16 -0800] "GET /wp-includes/wlwmanifest.xml HTTP/1.1" 404 73 "-" "Mozilla/5.0 (Windows NT 10.0; Win64; x64) AppleWebKit/537.36 (KHTML, like Gecko) Chrome/78.0.3904.108 Safari/537.36" "tekmedicgloves.com"
20.24.75.130 - - [26/Nov/2022:15:01:17 -0800] "GET / HTTP/1.1" 200 696 "-" "Mozilla/5.0 (Windows NT 10.0; Win64; x64) AppleWebKit/537.36 (KHTML, like Gecko) Chrome/78.0.3904.108 Safari/537.36" "tekmedicgloves.com"
20.24.75.130 - - [26/Nov/2022:15:01:18 -0800] "GET /web/wp-includes/wlwmanifest.xml HTTP/1.1" 404 73 "-" "Mozilla/5.0 (Windows NT 10.0; Win64; x64) AppleWebKit/537.36 (KHTML, like Gecko) Chrome/78.0.3904.108 Safari/537.36" "tekmedicgloves.com"
20.24.75.130 - - [26/Nov/2022:15:01:19 -0800] "GET /wordpress/wp-includes/wlwmanifest.xml HTTP/1.1" 404 73 "-" "Mozilla/5.0 (Windows NT 10.0; Win64; x64) AppleWebKit/537.36 (KHTML, like Gecko) Chrome/78.0.3904.108 Safari/537.36" "tekmedicgloves.com"
20.24.75.130 - - [26/Nov/2022:15:01:21 -0800] "GET /shop/wp-includes/wlwmanifest.xml HTTP/1.1" 404 73 "-" "Mozilla/5.0 (Windows NT 10.0; Win64; x64) AppleWebKit/537.36 (KHTML, like Gecko) Chrome/78.0.3904.108 Safari/537.36" "tekmedicgloves.com"
20.24.75.130 - - [26/Nov/2022:15:01:23 -0800] "GET /media/wp-includes/wlwmanifest.xml HTTP/1.1" 404 73 "-" "Mozilla/5.0 (Windows NT 10.0; Win64; x64) AppleWebKit/537.36 (KHTML, like Gecko) Chrome/78.0.3904.108 Safari/537.36" "tekmedicgloves.com"
20.24.75.130 - - [26/Nov/2022:15:01:23 -0800] "GET /wp2/wp-includes/wlwmanifest.xml HTTP/1.1" 404 73 "-" "Mozilla/5.0 (Windows NT 10.0; Win64; x64) AppleWebKit/537.36 (KHTML, like Gecko) Chrome/78.0.3904.108 Safari/537.36" "tekmedicgloves.com"
185.191.171.20 - - [26/Nov/2022:15:01:38 -0800] "GET /phpMyAdmin/setup/?token=e3c7fb59e13b6e756861814cc0c828f5&version_check=1 HTTP/1.1" 200 12691 "-" "Mozilla/5.0 (compatible; SemrushBot/7~bl; +http://www.semrush.com/bot.html)" "www.tekmedicgloves.com"
185.191.171.44 - - [26/Nov/2022:15:02:05 -0800] "GET /phpMyAdmin/setup/?token=c6d5e6c3d4bfc5bb6c0784a8fa36eb37&version_check=1 HTTP/1.1" 200 12691 "-" "Mozilla/5.0 (compatible; SemrushBot/7~bl; +http://www.semrush.com/bot.html)" "www.tekmedicgloves.com"
185.191.171.24 - - [26/Nov/2022:15:02:31 -0800] "GET /phpMyAdmin/setup/?token=fac2c0eb4cf65a8d2773491f8e40ccec&version_check=1 HTTP/1.1" 200 12691 "-" "Mozilla/5.0 (compatible; SemrushBot/7~bl; +http://www.semrush.com/bot.html)" "www.tekmedicgloves.com"
185.191.171.4 - - [26/Nov/2022:15:02:47 -0800] "GET /phpMyAdmin/setup/?token=f9f10b583de513317a7ee741f84c8cab&version_check=1 HTTP/1.1" 200 12691 "-" "Mozilla/5.0 (compatible; SemrushBot/7~bl; +http://www.semrush.com/bot.html)" "www.tekmedicgloves.com"
185.191.171.39 - - [26/Nov/2022:15:02:55 -0800] "GET /phpMyAdmin/setup/?token=dac8f62f21ae91b7e59dd4f6c660a104&version_check=1 HTTP/1.1" 200 12691 "-" "Mozilla/5.0 (compatible; SemrushBot/7~bl; +http://www.semrush.com/bot.html)" "www.tekmedicgloves.com"
185.191.171.23 - - [26/Nov/2022:15:03:05 -0800] "GET /phpMyAdmin/setup/?token=fc797e2780269916ad84b28bfa06eb5d&version_check=1 HTTP/1.1" 200 12687 "-" "Mozilla/5.0 (compatible; SemrushBot/7~bl; +http://www.semrush.com/bot.html)" "tekmedicgloves.com"
185.191.171.11 - - [26/Nov/2022:15:03:31 -0800] "GET /phpMyAdmin/setup/?token=c26a52f3c132296a9c60bb04136add7e&version_check=1 HTTP/1.1" 200 12687 "-" "Mozilla/5.0 (compatible; SemrushBot/7~bl; +http://www.semrush.com/bot.html)" "tekmedicgloves.com"
185.191.171.24 - - [26/Nov/2022:15:03:51 -0800] "GET /phpMyAdmin/setup/?token=e48b271930b19317befd530dd8616d56&version_check=1 HTTP/1.1" 200 12687 "-" "Mozilla/5.0 (compatible; SemrushBot/7~bl; +http://www.semrush.com/bot.html)" "tekmedicgloves.com"
185.191.171.44 - - [26/Nov/2022:15:04:01 -0800] "GET /phpMyAdmin/setup/?token=9a551cac2cf4026a48d6dad6cd85b4fd&version_check=1 HTTP/1.1" 200 12687 "-" "Mozilla/5.0 (compatible; SemrushBot/7~bl; +http://www.semrush.com/bot.html)" "tekmedicgloves.com"
185.191.171.11 - - [26/Nov/2022:15:04:37 -0800] "GET /phpMyAdmin/setup/?token=cdfbbf81c67fd2e38a14614d1be33cbc&version_check=1 HTTP/1.1" 200 12687 "-" "Mozilla/5.0 (compatible; SemrushBot/7~bl; +http://www.semrush.com/bot.html)" "tekmedicgloves.com"
185.191.171.43 - - [26/Nov/2022:15:04:39 -0800] "GET /phpMyAdmin/setup/?token=aa45fae8b450d0f3c716bdce8e75b436&version_check=1 HTTP/1.1" 200 12691 "-" "Mozilla/5.0 (compatible; SemrushBot/7~bl; +http://www.semrush.com/bot.html)" "www.tekmedicgloves.com"
216.244.66.246 - - [26/Nov/2022:15:04:46 -0800] "GET /beta/products.php?cat=23&id=8 HTTP/1.1" 200 55736 "-" "Mozilla/5.0 (compatible; DotBot/1.2; +https://opensiteexplorer.org/dotbot; help@moz.com)" "tekmedicgloves.com"
185.191.171.25 - - [26/Nov/2022:15:05:07 -0800] "GET /phpMyAdmin/setup/?token=de96bda607c11ca74f0b213b74c27791&version_check=1 HTTP/1.1" 200 12691 "-" "Mozilla/5.0 (compatible; SemrushBot/7~bl; +http://www.semrush.com/bot.html)" "www.tekmedicgloves.com"
185.191.171.7 - - [26/Nov/2022:15:05:17 -0800] "GET /phpMyAdmin/setup/?token=c95238ff3a745170a28edd6773833da7&version_check=1 HTTP/1.1" 200 12687 "-" "Mozilla/5.0 (compatible; SemrushBot/7~bl; +http://www.semrush.com/bot.html)" "tekmedicgloves.com"
185.191.171.18 - - [26/Nov/2022:15:05:22 -0800] "GET /phpMyAdmin/setup/?token=09bb3d2049f8f9b7daa0e357163237da&version_check=1 HTTP/1.1" 200 12687 "-" "Mozilla/5.0 (compatible; SemrushBot/7~bl; +http://www.semrush.com/bot.html)" "tekmedicgloves.com"
185.191.171.35 - - [26/Nov/2022:15:05:24 -0800] "GET /phpMyAdmin/setup/?token=c76e2978dac77b4dbcbf69fc3b0cdc61&version_check=1 HTTP/1.1" 200 12687 "-" "Mozilla/5.0 (compatible; SemrushBot/7~bl; +http://www.semrush.com/bot.html)" "tekmedicgloves.com"
185.191.171.18 - - [26/Nov/2022:15:05:41 -0800] "GET /phpMyAdmin/setup/?token=f35e18fad08319d2e058f385adf17a63&version_check=1 HTTP/1.1" 200 12691 "-" "Mozilla/5.0 (compatible; SemrushBot/7~bl; +http://www.semrush.com/bot.html)" "www.tekmedicgloves.com"
185.191.171.35 - - [26/Nov/2022:15:06:59 -0800] "GET /phpMyAdmin/setup/?token=ef482e483e799a5d3402c4766dced055&version_check=1 HTTP/1.1" 200 12691 "-" "Mozilla/5.0 (compatible; SemrushBot/7~bl; +http://www.semrush.com/bot.html)" "www.tekmedicgloves.com"
185.191.171.35 - - [26/Nov/2022:15:07:04 -0800] "GET /phpMyAdmin/setup/?token=ded87c9212e19781735927a02ffdae40&version_check=1 HTTP/1.1" 200 12687 "-" "Mozilla/5.0 (compatible; SemrushBot/7~bl; +http://www.semrush.com/bot.html)" "tekmedicgloves.com"
185.191.171.1 - - [26/Nov/2022:15:07:11 -0800] "GET /phpMyAdmin/setup/?token=e72e1b5ceb1e7c04d78c3699e888d77f&version_check=1 HTTP/1.1" 200 12691 "-" "Mozilla/5.0 (compatible; SemrushBot/7~bl; +http://www.semrush.com/bot.html)" "www.tekmedicgloves.com"
185.191.171.25 - - [26/Nov/2022:15:07:20 -0800] "GET /phpMyAdmin/setup/?token=0895d2a32d7532a5b8c1ed46a73eaf7a&version_check=1 HTTP/1.1" 200 12687 "-" "Mozilla/5.0 (compatible; SemrushBot/7~bl; +http://www.semrush.com/bot.html)" "tekmedicgloves.com"
185.191.171.1 - - [26/Nov/2022:15:07:35 -0800] "GET /phpMyAdmin/setup/?token=fec2e250c4335acc4db604eb5a3b19b3&version_check=1 HTTP/1.1" 200 12691 "-" "Mozilla/5.0 (compatible; SemrushBot/7~bl; +http://www.semrush.com/bot.html)" "www.tekmedicgloves.com"
185.191.171.8 - - [26/Nov/2022:15:07:40 -0800] "GET /phpMyAdmin/setup/?token=0e37089b06a0b7642e3073bee4961c41&version_check=1 HTTP/1.1" 200 12687 "-" "Mozilla/5.0 (compatible; SemrushBot/7~bl; +http://www.semrush.com/bot.html)" "tekmedicgloves.com"
185.191.171.24 - - [26/Nov/2022:15:07:40 -0800] "GET /phpMyAdmin/setup/?token=dc5c83ec9c9ed5c08161b6764164b562&version_check=1 HTTP/1.1" 200 12691 "-" "Mozilla/5.0 (compatible; SemrushBot/7~bl; +http://www.semrush.com/bot.html)" "www.tekmedicgloves.com"
185.191.171.35 - - [26/Nov/2022:15:07:57 -0800] "GET /phpMyAdmin/setup/?token=cac40205806c1bab0b9e0c7daf3adfa7&version_check=1 HTTP/1.1" 200 12687 "-" "Mozilla/5.0 (compatible; SemrushBot/7~bl; +http://www.semrush.com/bot.html)" "tekmedicgloves.com"
185.191.171.35 - - [26/Nov/2022:15:08:01 -0800] "GET /phpMyAdmin/setup/?token=e6dbbfe37b1f61b68fdbfbfb78f167b0&version_check=1 HTTP/1.1" 200 12687 "-" "Mozilla/5.0 (compatible; SemrushBot/7~bl; +http://www.semrush.com/bot.html)" "tekmedicgloves.com"
185.191.171.15 - - [26/Nov/2022:15:08:14 -0800] "GET /phpMyAdmin/setup/?token=c7ab49380ff5968b511a0619e883b384&version_check=1 HTTP/1.1" 200 12691 "-" "Mozilla/5.0 (compatible; SemrushBot/7~bl; +http://www.semrush.com/bot.html)" "www.tekmedicgloves.com"
185.191.171.9 - - [26/Nov/2022:15:08:21 -0800] "GET /phpMyAdmin/setup/?token=b9a2426e50d91950e3ff1a18745bd8ea&version_check=1 HTTP/1.1" 200 12691 "-" "Mozilla/5.0 (compatible; SemrushBot/7~bl; +http://www.semrush.com/bot.html)" "www.tekmedicgloves.com"
185.191.171.14 - - [26/Nov/2022:15:09:09 -0800] "GET /phpMyAdmin/setup/?token=fff2aa5d1c577bd4e730dd91540c80d4&version_check=1 HTTP/1.1" 200 12691 "-" "Mozilla/5.0 (compatible; SemrushBot/7~bl; +http://www.semrush.com/bot.html)" "www.tekmedicgloves.com"
185.191.171.10 - - [26/Nov/2022:15:09:28 -0800] "GET /phpMyAdmin/setup/?token=cf8f9eb176647b8ea85e6946fdda3d0e&version_check=1 HTTP/1.1" 200 12687 "-" "Mozilla/5.0 (compatible; SemrushBot/7~bl; +http://www.semrush.com/bot.html)" "tekmedicgloves.com"
185.191.171.2 - - [26/Nov/2022:15:09:28 -0800] "GET /phpMyAdmin/setup/?token=d9b9d85f1c9860deb978af3b4e0d4163&version_check=1 HTTP/1.1" 200 12691 "-" "Mozilla/5.0 (compatible; SemrushBot/7~bl; +http://www.semrush.com/bot.html)" "www.tekmedicgloves.com"
185.191.171.1 - - [26/Nov/2022:15:09:32 -0800] "GET /phpMyAdmin/setup/?token=d5ffab1a4dbfe38b7de9793160e55801&version_check=1 HTTP/1.1" 200 12687 "-" "Mozilla/5.0 (compatible; SemrushBot/7~bl; +http://www.semrush.com/bot.html)" "tekmedicgloves.com"
185.191.171.44 - - [26/Nov/2022:15:09:41 -0800] "GET /phpMyAdmin/setup/?token=c440eda04368da075d0b98a7e0c676ae&version_check=1 HTTP/1.1" 200 12691 "-" "Mozilla/5.0 (compatible; SemrushBot/7~bl; +http://www.semrush.com/bot.html)" "www.tekmedicgloves.com"
185.191.171.35 - - [26/Nov/2022:15:09:50 -0800] "GET /phpMyAdmin/setup/?token=b3357340cfa8b9443711d03f90c967c2&version_check=1 HTTP/1.1" 200 12691 "-" "Mozilla/5.0 (compatible; SemrushBot/7~bl; +http://www.semrush.com/bot.html)" "www.tekmedicgloves.com"
185.191.171.14 - - [26/Nov/2022:15:09:55 -0800] "GET /phpMyAdmin/setup/?token=d16836cc188b009fb85e07a5a56bb815&version_check=1 HTTP/1.1" 200 12687 "-" "Mozilla/5.0 (compatible; SemrushBot/7~bl; +http://www.semrush.com/bot.html)" "tekmedicgloves.com"
185.191.171.19 - - [26/Nov/2022:15:10:07 -0800] "GET /phpMyAdmin/setup/?token=e5718198631946f0b0f2dec3b46ce390&version_check=1 HTTP/1.1" 200 12687 "-" "Mozilla/5.0 (compatible; SemrushBot/7~bl; +http://www.semrush.com/bot.html)" "tekmedicgloves.com"
185.191.171.18 - - [26/Nov/2022:15:10:11 -0800] "GET /phpMyAdmin/setup/?token=fb2e29685b39ae9df95e9177ef265b72&version_check=1 HTTP/1.1" 200 12687 "-" "Mozilla/5.0 (compatible; SemrushBot/7~bl; +http://www.semrush.com/bot.html)" "tekmedicgloves.com"
185.191.171.34 - - [26/Nov/2022:15:10:13 -0800] "GET /phpMyAdmin/setup/?token=c32424ee8c1b40d8c95650d1251c66ab&version_check=1 HTTP/1.1" 200 12687 "-" "Mozilla/5.0 (compatible; SemrushBot/7~bl; +http://www.semrush.com/bot.html)" "tekmedicgloves.com"
185.191.171.13 - - [26/Nov/2022:15:10:22 -0800] "GET /phpMyAdmin/setup/?token=f8957c8bffdb5c4b745c4a18b7fddd76&version_check=1 HTTP/1.1" 200 12687 "-" "Mozilla/5.0 (compatible; SemrushBot/7~bl; +http://www.semrush.com/bot.html)" "tekmedicgloves.com"
114.119.146.241 - - [26/Nov/2022:15:10:34 -0800] "GET /robots.txt HTTP/1.1" 404 88 "-" "Mozilla/5.0 (compatible;PetalBot;+https://webmaster.petalsearch.com/site/petalbot)" "www.tekmedicgloves.com"
