185.191.171.44 - - [26/Nov/2022:05:29:18 -0800] "GET /phpMyAdmin/setup/?token=c3768a0a275e40f4fd22e7a8364aa287&version_check=1 HTTP/1.1" 200 12687 "-" "Mozilla/5.0 (compatible; SemrushBot/7~bl; +http://www.semrush.com/bot.html)" "tekmedicgloves.com"
185.191.171.4 - - [26/Nov/2022:05:29:22 -0800] "GET /phpMyAdmin/setup/?token=ff1eb93e7c78ba340e1d8c7d465193a9&version_check=1 HTTP/1.1" 200 12687 "-" "Mozilla/5.0 (compatible; SemrushBot/7~bl; +http://www.semrush.com/bot.html)" "tekmedicgloves.com"
185.191.171.24 - - [26/Nov/2022:05:29:34 -0800] "GET /phpMyAdmin/setup/?token=00c3794595d10255cdc6e05dfbd24cdd&version_check=1 HTTP/1.1" 200 12687 "-" "Mozilla/5.0 (compatible; SemrushBot/7~bl; +http://www.semrush.com/bot.html)" "tekmedicgloves.com"
114.119.160.195 - - [26/Nov/2022:05:29:39 -0800] "GET /beta/products.php?cat=20&subcat=26&id=10 HTTP/1.1" 200 57084 "https://tekmedicgloves.com/beta/products.php?cat=20&subcat=26" "Mozilla/5.0 (Linux; Android 7.0;) AppleWebKit/537.36 (KHTML, like Gecko) Mobile Safari/537.36 (compatible; PetalBot;+https://webmaster.petalsearch.com/site/petalbot)" "tekmedicgloves.com"
185.191.171.4 - - [26/Nov/2022:05:29:41 -0800] "GET /phpMyAdmin/setup/?token=c25327305b8beaf98b88f275b48f2bca&version_check=1 HTTP/1.1" 200 12687 "-" "Mozilla/5.0 (compatible; SemrushBot/7~bl; +http://www.semrush.com/bot.html)" "tekmedicgloves.com"
185.191.171.2 - - [26/Nov/2022:05:29:55 -0800] "GET /phpMyAdmin/setup/?token=03030556588a32e5531f406cb4968f8f&version_check=1 HTTP/1.1" 200 12691 "-" "Mozilla/5.0 (compatible; SemrushBot/7~bl; +http://www.semrush.com/bot.html)" "www.tekmedicgloves.com"
185.191.171.44 - - [26/Nov/2022:05:29:57 -0800] "GET /phpMyAdmin/setup/?token=c684d6de7d2d5177c4713a3c727ffb53&version_check=1 HTTP/1.1" 200 12691 "-" "Mozilla/5.0 (compatible; SemrushBot/7~bl; +http://www.semrush.com/bot.html)" "www.tekmedicgloves.com"
185.191.171.8 - - [26/Nov/2022:05:30:18 -0800] "GET /phpMyAdmin/setup/?token=c7ce8c70cb0ebca763712553a9da85c2&version_check=1 HTTP/1.1" 200 12687 "-" "Mozilla/5.0 (compatible; SemrushBot/7~bl; +http://www.semrush.com/bot.html)" "tekmedicgloves.com"
185.191.171.25 - - [26/Nov/2022:05:30:33 -0800] "GET /phpMyAdmin/setup/?token=0f005a5369093b76bc7d856ff597047a&version_check=1 HTTP/1.1" 200 12687 "-" "Mozilla/5.0 (compatible; SemrushBot/7~bl; +http://www.semrush.com/bot.html)" "tekmedicgloves.com"
185.191.171.16 - - [26/Nov/2022:05:31:11 -0800] "GET /phpMyAdmin/setup/?token=05d5e3ba68d70fa9bea5925993f94857&version_check=1 HTTP/1.1" 200 12691 "-" "Mozilla/5.0 (compatible; SemrushBot/7~bl; +http://www.semrush.com/bot.html)" "www.tekmedicgloves.com"
185.191.171.20 - - [26/Nov/2022:05:31:37 -0800] "GET /phpMyAdmin/setup/?token=fe2db9dc9da5b482682de8ff9a20f150&version_check=1 HTTP/1.1" 200 12691 "-" "Mozilla/5.0 (compatible; SemrushBot/7~bl; +http://www.semrush.com/bot.html)" "www.tekmedicgloves.com"
185.191.171.16 - - [26/Nov/2022:05:31:48 -0800] "GET /phpMyAdmin/setup/?token=03e79248585458b88692b429a5755791&version_check=1 HTTP/1.1" 200 12687 "-" "Mozilla/5.0 (compatible; SemrushBot/7~bl; +http://www.semrush.com/bot.html)" "tekmedicgloves.com"
185.191.171.19 - - [26/Nov/2022:05:32:23 -0800] "GET /phpMyAdmin/setup/?token=b8456a98bfee2378ce09715b3af5bc56&version_check=1 HTTP/1.1" 200 12691 "-" "Mozilla/5.0 (compatible; SemrushBot/7~bl; +http://www.semrush.com/bot.html)" "www.tekmedicgloves.com"
185.191.171.10 - - [26/Nov/2022:05:32:36 -0800] "GET /phpMyAdmin/setup/?token=c9305060a71682189dcda982357333af&version_check=1 HTTP/1.1" 200 12687 "-" "Mozilla/5.0 (compatible; SemrushBot/7~bl; +http://www.semrush.com/bot.html)" "tekmedicgloves.com"
185.191.171.14 - - [26/Nov/2022:05:32:40 -0800] "GET /phpMyAdmin/setup/?token=0a90eb99b6f42f4cf70fb280b65525ee&version_check=1 HTTP/1.1" 200 12687 "-" "Mozilla/5.0 (compatible; SemrushBot/7~bl; +http://www.semrush.com/bot.html)" "tekmedicgloves.com"
185.191.171.24 - - [26/Nov/2022:05:32:42 -0800] "GET /phpMyAdmin/setup/?token=1181a440d700e5af07b8fac6dd3edda7&version_check=1 HTTP/1.1" 200 12687 "-" "Mozilla/5.0 (compatible; SemrushBot/7~bl; +http://www.semrush.com/bot.html)" "tekmedicgloves.com"
185.191.171.42 - - [26/Nov/2022:05:32:49 -0800] "GET /phpMyAdmin/setup/?token=0367ce5a7b07df0fae02291e29499c2e&version_check=1 HTTP/1.1" 200 12691 "-" "Mozilla/5.0 (compatible; SemrushBot/7~bl; +http://www.semrush.com/bot.html)" "www.tekmedicgloves.com"
185.191.171.3 - - [26/Nov/2022:05:32:53 -0800] "GET /phpMyAdmin/setup/?token=12a89d9ca6e7519d8036563f0c95f64c&version_check=1 HTTP/1.1" 200 12687 "-" "Mozilla/5.0 (compatible; SemrushBot/7~bl; +http://www.semrush.com/bot.html)" "tekmedicgloves.com"
185.191.171.13 - - [26/Nov/2022:05:33:09 -0800] "GET /phpMyAdmin/setup/?token=c6fe782a17c199f26dd21cadf6a843b1&version_check=1 HTTP/1.1" 200 12687 "-" "Mozilla/5.0 (compatible; SemrushBot/7~bl; +http://www.semrush.com/bot.html)" "tekmedicgloves.com"
185.191.171.3 - - [26/Nov/2022:05:33:11 -0800] "GET /phpMyAdmin/setup/?token=c77f28ef7bda053e8a0f7e4a1c4298d0&version_check=1 HTTP/1.1" 200 12691 "-" "Mozilla/5.0 (compatible; SemrushBot/7~bl; +http://www.semrush.com/bot.html)" "www.tekmedicgloves.com"
185.191.171.1 - - [26/Nov/2022:05:33:22 -0800] "GET /phpMyAdmin/setup/?token=df520dac23d5b1df327eb68702e76752&version_check=1 HTTP/1.1" 200 12691 "-" "Mozilla/5.0 (compatible; SemrushBot/7~bl; +http://www.semrush.com/bot.html)" "www.tekmedicgloves.com"
185.191.171.38 - - [26/Nov/2022:05:33:26 -0800] "GET /phpMyAdmin/setup/?token=b12f4fd1cff0778a7d373484bc436dce&version_check=1 HTTP/1.1" 200 12691 "-" "Mozilla/5.0 (compatible; SemrushBot/7~bl; +http://www.semrush.com/bot.html)" "www.tekmedicgloves.com"
185.191.171.36 - - [26/Nov/2022:05:33:29 -0800] "GET /phpMyAdmin/setup/?token=f51a8eb47a732b81ee0db5d7aa57c8d9&version_check=1 HTTP/1.1" 200 12691 "-" "Mozilla/5.0 (compatible; SemrushBot/7~bl; +http://www.semrush.com/bot.html)" "www.tekmedicgloves.com"
185.191.171.25 - - [26/Nov/2022:05:33:34 -0800] "GET /phpMyAdmin/setup/?token=e1190651b2244e20ed65e57d45ffe28b&version_check=1 HTTP/1.1" 200 12687 "-" "Mozilla/5.0 (compatible; SemrushBot/7~bl; +http://www.semrush.com/bot.html)" "tekmedicgloves.com"
185.191.171.10 - - [26/Nov/2022:05:33:57 -0800] "GET /phpMyAdmin/setup/?token=f105e44cd15e74f65d2629d57e042b33&version_check=1 HTTP/1.1" 200 12691 "-" "Mozilla/5.0 (compatible; SemrushBot/7~bl; +http://www.semrush.com/bot.html)" "www.tekmedicgloves.com"
185.191.171.37 - - [26/Nov/2022:05:34:00 -0800] "GET /phpMyAdmin/setup/?token=e25ca013db9a1ff6247505d578407168&version_check=1 HTTP/1.1" 200 12691 "-" "Mozilla/5.0 (compatible; SemrushBot/7~bl; +http://www.semrush.com/bot.html)" "www.tekmedicgloves.com"
114.119.135.224 - - [26/Nov/2022:05:34:34 -0800] "GET /beta/products.php?cat=24&subcat=45 HTTP/1.1" 200 35865 "https://tekmedicgloves.com/beta/products.php?cat=20&id=4" "Mozilla/5.0 (Linux; Android 7.0;) AppleWebKit/537.36 (KHTML, like Gecko) Mobile Safari/537.36 (compatible; PetalBot;+https://webmaster.petalsearch.com/site/petalbot)" "tekmedicgloves.com"
185.191.171.10 - - [26/Nov/2022:05:34:42 -0800] "GET /phpMyAdmin/setup/?token=b8faada7533390fa00b694e2a62eb640&version_check=1 HTTP/1.1" 200 12691 "-" "Mozilla/5.0 (compatible; SemrushBot/7~bl; +http://www.semrush.com/bot.html)" "www.tekmedicgloves.com"
185.191.171.12 - - [26/Nov/2022:05:34:44 -0800] "GET /phpMyAdmin/setup/?token=eafa8ce5f06cdef04650d87dbbdac8b8&version_check=1 HTTP/1.1" 200 12691 "-" "Mozilla/5.0 (compatible; SemrushBot/7~bl; +http://www.semrush.com/bot.html)" "www.tekmedicgloves.com"
185.191.171.10 - - [26/Nov/2022:05:34:55 -0800] "GET /phpMyAdmin/setup/?token=d448fb8f1371651b9c52bfa21d711ecc&version_check=1 HTTP/1.1" 200 12687 "-" "Mozilla/5.0 (compatible; SemrushBot/7~bl; +http://www.semrush.com/bot.html)" "tekmedicgloves.com"
185.191.171.4 - - [26/Nov/2022:05:34:56 -0800] "GET /phpMyAdmin/setup/?token=0241fbe16fff9fff2d57714743695f95&version_check=1 HTTP/1.1" 200 12691 "-" "Mozilla/5.0 (compatible; SemrushBot/7~bl; +http://www.semrush.com/bot.html)" "www.tekmedicgloves.com"
185.191.171.43 - - [26/Nov/2022:05:35:21 -0800] "GET /phpMyAdmin/setup/?token=c4fce0eca3ef205ae1d5c726f02711bf&version_check=1 HTTP/1.1" 200 12687 "-" "Mozilla/5.0 (compatible; SemrushBot/7~bl; +http://www.semrush.com/bot.html)" "tekmedicgloves.com"
185.191.171.35 - - [26/Nov/2022:05:35:50 -0800] "GET /phpMyAdmin/setup/?token=c9f1e8c09b40cb165753e209cc72545b&version_check=1 HTTP/1.1" 200 12687 "-" "Mozilla/5.0 (compatible; SemrushBot/7~bl; +http://www.semrush.com/bot.html)" "tekmedicgloves.com"
185.191.171.19 - - [26/Nov/2022:05:36:13 -0800] "GET /phpMyAdmin/setup/?token=f4f5b59f767ab2cfedba6d12b2bca659&version_check=1 HTTP/1.1" 200 12687 "-" "Mozilla/5.0 (compatible; SemrushBot/7~bl; +http://www.semrush.com/bot.html)" "tekmedicgloves.com"
185.191.171.39 - - [26/Nov/2022:05:36:15 -0800] "GET /phpMyAdmin/setup/?token=e1405e3138bb88c3b789c77309fa9d51&version_check=1 HTTP/1.1" 200 12691 "-" "Mozilla/5.0 (compatible; SemrushBot/7~bl; +http://www.semrush.com/bot.html)" "www.tekmedicgloves.com"
185.191.171.16 - - [26/Nov/2022:05:36:17 -0800] "GET /phpMyAdmin/setup/?token=da2ea0f2e11fb6d049b82ad4c990ce43&version_check=1 HTTP/1.1" 200 12687 "-" "Mozilla/5.0 (compatible; SemrushBot/7~bl; +http://www.semrush.com/bot.html)" "tekmedicgloves.com"
185.191.171.8 - - [26/Nov/2022:05:36:20 -0800] "GET /phpMyAdmin/setup/?token=b960cea04f24e743df3cdc5013d7f813&version_check=1 HTTP/1.1" 200 12691 "-" "Mozilla/5.0 (compatible; SemrushBot/7~bl; +http://www.semrush.com/bot.html)" "www.tekmedicgloves.com"
185.191.171.17 - - [26/Nov/2022:05:36:33 -0800] "GET /phpMyAdmin/setup/?token=0019b722cd2cda552dc0df8c4e163c35&version_check=1 HTTP/1.1" 200 12687 "-" "Mozilla/5.0 (compatible; SemrushBot/7~bl; +http://www.semrush.com/bot.html)" "tekmedicgloves.com"
185.191.171.10 - - [26/Nov/2022:05:36:46 -0800] "GET /phpMyAdmin/setup/?token=f2a1a9d54203ad4de8ce2f21b8ab9b14&version_check=1 HTTP/1.1" 200 12691 "-" "Mozilla/5.0 (compatible; SemrushBot/7~bl; +http://www.semrush.com/bot.html)" "www.tekmedicgloves.com"
185.191.171.39 - - [26/Nov/2022:05:37:01 -0800] "GET /phpMyAdmin/setup/?token=c3f9392c2a7fdd25cb6fb3eacb391299&version_check=1 HTTP/1.1" 200 12687 "-" "Mozilla/5.0 (compatible; SemrushBot/7~bl; +http://www.semrush.com/bot.html)" "tekmedicgloves.com"
185.191.171.34 - - [26/Nov/2022:05:37:09 -0800] "GET /phpMyAdmin/setup/?token=db541a899f0440dc9f197d2c310bc7a0&version_check=1 HTTP/1.1" 200 12691 "-" "Mozilla/5.0 (compatible; SemrushBot/7~bl; +http://www.semrush.com/bot.html)" "www.tekmedicgloves.com"
185.191.171.38 - - [26/Nov/2022:05:37:15 -0800] "GET /phpMyAdmin/setup/?token=07bc54a81ea2cd537a864f04d7ec0de7&version_check=1 HTTP/1.1" 200 12691 "-" "Mozilla/5.0 (compatible; SemrushBot/7~bl; +http://www.semrush.com/bot.html)" "www.tekmedicgloves.com"
185.191.171.34 - - [26/Nov/2022:05:37:23 -0800] "GET /phpMyAdmin/setup/?token=e02fdd5454421eb32873f8833c629045&version_check=1 HTTP/1.1" 200 12691 "-" "Mozilla/5.0 (compatible; SemrushBot/7~bl; +http://www.semrush.com/bot.html)" "www.tekmedicgloves.com"
185.191.171.18 - - [26/Nov/2022:05:37:29 -0800] "GET /phpMyAdmin/setup/?token=c16cc959f4ac72fff17aa8b1317afa08&version_check=1 HTTP/1.1" 200 12687 "-" "Mozilla/5.0 (compatible; SemrushBot/7~bl; +http://www.semrush.com/bot.html)" "tekmedicgloves.com"
185.191.171.6 - - [26/Nov/2022:05:37:40 -0800] "GET /phpMyAdmin/setup/?token=ec856129545074ca013980e42e8d5a1e&version_check=1 HTTP/1.1" 200 12687 "-" "Mozilla/5.0 (compatible; SemrushBot/7~bl; +http://www.semrush.com/bot.html)" "tekmedicgloves.com"
185.191.171.24 - - [26/Nov/2022:05:37:53 -0800] "GET /phpMyAdmin/setup/?token=b6a361236e9b79415c2edbe35462aced&version_check=1 HTTP/1.1" 200 12691 "-" "Mozilla/5.0 (compatible; SemrushBot/7~bl; +http://www.semrush.com/bot.html)" "www.tekmedicgloves.com"
185.191.171.24 - - [26/Nov/2022:05:38:00 -0800] "GET /phpMyAdmin/setup/?token=c7a6f4453f69e92ee2c31ab745a37521&version_check=1 HTTP/1.1" 200 12687 "-" "Mozilla/5.0 (compatible; SemrushBot/7~bl; +http://www.semrush.com/bot.html)" "tekmedicgloves.com"
185.191.171.15 - - [26/Nov/2022:05:38:14 -0800] "GET /phpMyAdmin/setup/?token=0a90c4b1b0abd3fa00ef24ccd672231b&version_check=1 HTTP/1.1" 200 12687 "-" "Mozilla/5.0 (compatible; SemrushBot/7~bl; +http://www.semrush.com/bot.html)" "tekmedicgloves.com"
185.191.171.4 - - [26/Nov/2022:05:38:17 -0800] "GET /phpMyAdmin/setup/?token=08246079e0ebafd7115146e2313cae9a&version_check=1 HTTP/1.1" 200 12691 "-" "Mozilla/5.0 (compatible; SemrushBot/7~bl; +http://www.semrush.com/bot.html)" "www.tekmedicgloves.com"
194.38.20.161 - - [26/Nov/2022:05:38:22 -0800] "GET /wp-content/themes/seotheme/db.php?u HTTP/1.1" 404 73 "-" "ALittle Client" "tekmedicgloves.com"
185.191.171.22 - - [26/Nov/2022:05:38:29 -0800] "GET /phpMyAdmin/setup/?token=049fe0698f0fc7e383b4060b90717e32&version_check=1 HTTP/1.1" 200 12691 "-" "Mozilla/5.0 (compatible; SemrushBot/7~bl; +http://www.semrush.com/bot.html)" "www.tekmedicgloves.com"
185.191.171.42 - - [26/Nov/2022:05:38:37 -0800] "GET /phpMyAdmin/setup/?token=f93d2a187d44bc89c50fbf5a0e5125cd&version_check=1 HTTP/1.1" 200 12687 "-" "Mozilla/5.0 (compatible; SemrushBot/7~bl; +http://www.semrush.com/bot.html)" "tekmedicgloves.com"
185.191.171.7 - - [26/Nov/2022:05:38:44 -0800] "GET /phpMyAdmin/setup/?token=baffb3813df01159bf5ecb082f0b74eb&version_check=1 HTTP/1.1" 200 12691 "-" "Mozilla/5.0 (compatible; SemrushBot/7~bl; +http://www.semrush.com/bot.html)" "www.tekmedicgloves.com"
185.191.171.34 - - [26/Nov/2022:05:39:02 -0800] "GET /phpMyAdmin/setup/?token=f9277002489db5446ff20c8beaba9a9b&version_check=1 HTTP/1.1" 200 12687 "-" "Mozilla/5.0 (compatible; SemrushBot/7~bl; +http://www.semrush.com/bot.html)" "tekmedicgloves.com"
185.191.171.22 - - [26/Nov/2022:05:39:14 -0800] "GET /phpMyAdmin/setup/?token=ce7e8c350da259ffe7ce7c88c3fafb98&version_check=1 HTTP/1.1" 200 12687 "-" "Mozilla/5.0 (compatible; SemrushBot/7~bl; +http://www.semrush.com/bot.html)" "tekmedicgloves.com"
185.191.171.3 - - [26/Nov/2022:05:39:20 -0800] "GET /phpMyAdmin/setup/?token=cba6d040aae26092ca57c77a95d352c5&version_check=1 HTTP/1.1" 200 12687 "-" "Mozilla/5.0 (compatible; SemrushBot/7~bl; +http://www.semrush.com/bot.html)" "tekmedicgloves.com"
185.191.171.24 - - [26/Nov/2022:05:39:25 -0800] "GET /phpMyAdmin/setup/?token=d25f566d572a4de4fbaa23fabf62cf9e&version_check=1 HTTP/1.1" 200 12687 "-" "Mozilla/5.0 (compatible; SemrushBot/7~bl; +http://www.semrush.com/bot.html)" "tekmedicgloves.com"
114.119.160.195 - - [26/Nov/2022:05:39:47 -0800] "GET /beta/products.php?cat=24&subcat=45&id=20 HTTP/1.1" 200 53978 "https://tekmedicgloves.com/beta/products.php?cat=24&subcat=45" "Mozilla/5.0 (Linux; Android 7.0;) AppleWebKit/537.36 (KHTML, like Gecko) Mobile Safari/537.36 (compatible; PetalBot;+https://webmaster.petalsearch.com/site/petalbot)" "tekmedicgloves.com"
185.191.171.10 - - [26/Nov/2022:05:40:23 -0800] "GET /phpMyAdmin/setup/?token=ba5a5cb070ef93e8128a94a301dd593e&version_check=1 HTTP/1.1" 200 12691 "-" "Mozilla/5.0 (compatible; SemrushBot/7~bl; +http://www.semrush.com/bot.html)" "www.tekmedicgloves.com"
185.191.171.10 - - [26/Nov/2022:05:40:27 -0800] "GET /phpMyAdmin/setup/?token=f7673bc4cf6530e874d02766b9c56eaa&version_check=1 HTTP/1.1" 200 12687 "-" "Mozilla/5.0 (compatible; SemrushBot/7~bl; +http://www.semrush.com/bot.html)" "tekmedicgloves.com"
185.191.171.45 - - [26/Nov/2022:05:40:45 -0800] "GET /phpMyAdmin/setup/?token=01a1384903b9b1eee1b6459a8d68bdfe&version_check=1 HTTP/1.1" 200 12691 "-" "Mozilla/5.0 (compatible; SemrushBot/7~bl; +http://www.semrush.com/bot.html)" "www.tekmedicgloves.com"
185.191.171.23 - - [26/Nov/2022:05:40:47 -0800] "GET /phpMyAdmin/setup/?token=f6333421ee275fdf08ba8c33866f952e&version_check=1 HTTP/1.1" 200 12691 "-" "Mozilla/5.0 (compatible; SemrushBot/7~bl; +http://www.semrush.com/bot.html)" "www.tekmedicgloves.com"
185.191.171.11 - - [26/Nov/2022:05:40:49 -0800] "GET /phpMyAdmin/setup/?token=c7ae1d0771bb10ea0b9905520dc896a4&version_check=1 HTTP/1.1" 200 12687 "-" "Mozilla/5.0 (compatible; SemrushBot/7~bl; +http://www.semrush.com/bot.html)" "tekmedicgloves.com"
185.191.171.41 - - [26/Nov/2022:05:41:06 -0800] "GET /phpMyAdmin/setup/?token=fc3f9c1b3993cca3cecfeaf0965b2e98&version_check=1 HTTP/1.1" 200 12691 "-" "Mozilla/5.0 (compatible; SemrushBot/7~bl; +http://www.semrush.com/bot.html)" "www.tekmedicgloves.com"
185.191.171.42 - - [26/Nov/2022:05:41:23 -0800] "GET /phpMyAdmin/setup/?token=ff55d0f45d7b16d194b705fa8d405aa7&version_check=1 HTTP/1.1" 200 12691 "-" "Mozilla/5.0 (compatible; SemrushBot/7~bl; +http://www.semrush.com/bot.html)" "www.tekmedicgloves.com"
185.191.171.5 - - [26/Nov/2022:05:41:44 -0800] "GET /phpMyAdmin/setup/?token=f5b93d580cbc564cabb109ef2270f718&version_check=1 HTTP/1.1" 200 12687 "-" "Mozilla/5.0 (compatible; SemrushBot/7~bl; +http://www.semrush.com/bot.html)" "tekmedicgloves.com"
185.191.171.18 - - [26/Nov/2022:05:42:34 -0800] "GET /phpMyAdmin/setup/?token=bd30edc3b4d1490eab4a8d04cfa0663d&version_check=1 HTTP/1.1" 200 12691 "-" "Mozilla/5.0 (compatible; SemrushBot/7~bl; +http://www.semrush.com/bot.html)" "www.tekmedicgloves.com"
185.191.171.40 - - [26/Nov/2022:05:42:36 -0800] "GET /phpMyAdmin/setup/?token=b5c75a0c1d436d31d4ee91cc352fc175&version_check=1 HTTP/1.1" 200 12691 "-" "Mozilla/5.0 (compatible; SemrushBot/7~bl; +http://www.semrush.com/bot.html)" "www.tekmedicgloves.com"
185.191.171.14 - - [26/Nov/2022:05:42:43 -0800] "GET /phpMyAdmin/setup/?token=c4933f002d05cce19fc47dd8b003734f&version_check=1 HTTP/1.1" 200 12687 "-" "Mozilla/5.0 (compatible; SemrushBot/7~bl; +http://www.semrush.com/bot.html)" "tekmedicgloves.com"
185.191.171.6 - - [26/Nov/2022:05:42:52 -0800] "GET /phpMyAdmin/setup/?token=f669360cc0191b12c579e1eea2c79a6b&version_check=1 HTTP/1.1" 200 12687 "-" "Mozilla/5.0 (compatible; SemrushBot/7~bl; +http://www.semrush.com/bot.html)" "tekmedicgloves.com"
185.191.171.4 - - [26/Nov/2022:05:42:53 -0800] "GET /phpMyAdmin/setup/?token=d9c37d233058a7d36d520357f1f9a8d2&version_check=1 HTTP/1.1" 200 12691 "-" "Mozilla/5.0 (compatible; SemrushBot/7~bl; +http://www.semrush.com/bot.html)" "www.tekmedicgloves.com"
185.191.171.12 - - [26/Nov/2022:05:42:57 -0800] "GET /phpMyAdmin/setup/?token=cd93b92ae1008e4fe263ea64fff6f733&version_check=1 HTTP/1.1" 200 12687 "-" "Mozilla/5.0 (compatible; SemrushBot/7~bl; +http://www.semrush.com/bot.html)" "tekmedicgloves.com"
185.191.171.8 - - [26/Nov/2022:05:43:00 -0800] "GET /phpMyAdmin/setup/?token=cb34734f629c0455162995cb11bbfe0c&version_check=1 HTTP/1.1" 200 12687 "-" "Mozilla/5.0 (compatible; SemrushBot/7~bl; +http://www.semrush.com/bot.html)" "tekmedicgloves.com"
185.191.171.16 - - [26/Nov/2022:05:43:22 -0800] "GET /phpMyAdmin/setup/?token=d41c4b8791ad1eb14dc0066e72f8b6f5&version_check=1 HTTP/1.1" 200 12687 "-" "Mozilla/5.0 (compatible; SemrushBot/7~bl; +http://www.semrush.com/bot.html)" "tekmedicgloves.com"
185.191.171.39 - - [26/Nov/2022:05:43:23 -0800] "GET /phpMyAdmin/setup/?token=ede864a8e20969c90286fcf59248b9bf&version_check=1 HTTP/1.1" 200 12691 "-" "Mozilla/5.0 (compatible; SemrushBot/7~bl; +http://www.semrush.com/bot.html)" "www.tekmedicgloves.com"
185.191.171.5 - - [26/Nov/2022:05:43:27 -0800] "GET /phpMyAdmin/setup/?token=c356abd419ad54a9a4e2a5d96d075e9f&version_check=1 HTTP/1.1" 200 12687 "-" "Mozilla/5.0 (compatible; SemrushBot/7~bl; +http://www.semrush.com/bot.html)" "tekmedicgloves.com"
185.191.171.5 - - [26/Nov/2022:05:43:39 -0800] "GET /phpMyAdmin/setup/?token=08a2ed4bb05f0c5e6c472aafc8f38e9d&version_check=1 HTTP/1.1" 200 12691 "-" "Mozilla/5.0 (compatible; SemrushBot/7~bl; +http://www.semrush.com/bot.html)" "www.tekmedicgloves.com"
185.191.171.35 - - [26/Nov/2022:05:43:47 -0800] "GET /phpMyAdmin/setup/?token=d732550402b11484e2030b44b1f3b862&version_check=1 HTTP/1.1" 200 12691 "-" "Mozilla/5.0 (compatible; SemrushBot/7~bl; +http://www.semrush.com/bot.html)" "www.tekmedicgloves.com"
185.191.171.7 - - [26/Nov/2022:05:44:07 -0800] "GET /phpMyAdmin/setup/?token=d96556a51f52b046ca42aaad59f48ac1&version_check=1 HTTP/1.1" 200 12691 "-" "Mozilla/5.0 (compatible; SemrushBot/7~bl; +http://www.semrush.com/bot.html)" "www.tekmedicgloves.com"
185.191.171.18 - - [26/Nov/2022:05:44:16 -0800] "GET /phpMyAdmin/setup/?token=dacff9b4b2880ea934efbfcf358aabb5&version_check=1 HTTP/1.1" 200 12687 "-" "Mozilla/5.0 (compatible; SemrushBot/7~bl; +http://www.semrush.com/bot.html)" "tekmedicgloves.com"
185.191.171.12 - - [26/Nov/2022:05:44:34 -0800] "GET /phpMyAdmin/setup/?token=ce0186264e381397fb56ae630167a0bf&version_check=1 HTTP/1.1" 200 12687 "-" "Mozilla/5.0 (compatible; SemrushBot/7~bl; +http://www.semrush.com/bot.html)" "tekmedicgloves.com"
185.191.171.41 - - [26/Nov/2022:05:44:36 -0800] "GET /phpMyAdmin/setup/?token=dcc92d18d038e29baf352e7fcfcb289a&version_check=1 HTTP/1.1" 200 12691 "-" "Mozilla/5.0 (compatible; SemrushBot/7~bl; +http://www.semrush.com/bot.html)" "www.tekmedicgloves.com"
185.191.171.6 - - [26/Nov/2022:05:44:45 -0800] "GET /phpMyAdmin/setup/?token=b7a2de3c6fc50ddaa29b5a9747b6900c&version_check=1 HTTP/1.1" 200 12691 "-" "Mozilla/5.0 (compatible; SemrushBot/7~bl; +http://www.semrush.com/bot.html)" "www.tekmedicgloves.com"
114.119.135.224 - - [26/Nov/2022:05:44:58 -0800] "GET /beta/products.php?cat=20&id=10 HTTP/1.1" 200 57062 "http://www.tekmedicgloves.com/beta/products.php?cat=20" "Mozilla/5.0 (Linux; Android 7.0;) AppleWebKit/537.36 (KHTML, like Gecko) Mobile Safari/537.36 (compatible; PetalBot;+https://webmaster.petalsearch.com/site/petalbot)" "www.tekmedicgloves.com"
185.191.171.3 - - [26/Nov/2022:05:45:06 -0800] "GET /phpMyAdmin/setup/?token=ea5b967c15ee65685b0777f44a4df84d&version_check=1 HTTP/1.1" 200 12687 "-" "Mozilla/5.0 (compatible; SemrushBot/7~bl; +http://www.semrush.com/bot.html)" "tekmedicgloves.com"
185.191.171.22 - - [26/Nov/2022:05:45:08 -0800] "GET /phpMyAdmin/setup/?token=cc0a739cde8391c4879de8c2acf8eca0&version_check=1 HTTP/1.1" 200 12687 "-" "Mozilla/5.0 (compatible; SemrushBot/7~bl; +http://www.semrush.com/bot.html)" "tekmedicgloves.com"
185.191.171.20 - - [26/Nov/2022:05:45:11 -0800] "GET /phpMyAdmin/setup/?token=f78218c79c2f0310c259cc36eaa05312&version_check=1 HTTP/1.1" 200 12687 "-" "Mozilla/5.0 (compatible; SemrushBot/7~bl; +http://www.semrush.com/bot.html)" "tekmedicgloves.com"
185.191.171.22 - - [26/Nov/2022:05:45:24 -0800] "GET /phpMyAdmin/setup/?token=c326fbdbb8f139df94cce0a2b759d1ac&version_check=1 HTTP/1.1" 200 12687 "-" "Mozilla/5.0 (compatible; SemrushBot/7~bl; +http://www.semrush.com/bot.html)" "tekmedicgloves.com"
185.191.171.25 - - [26/Nov/2022:05:45:43 -0800] "GET /phpMyAdmin/setup/?token=0df33dabdba2d709717cad3bdc93ca6a&version_check=1 HTTP/1.1" 200 12691 "-" "Mozilla/5.0 (compatible; SemrushBot/7~bl; +http://www.semrush.com/bot.html)" "www.tekmedicgloves.com"
185.191.171.3 - - [26/Nov/2022:05:46:01 -0800] "GET /phpMyAdmin/setup/?token=c5b1bd87ff973e24bbec48ce5b9bd0bd&version_check=1 HTTP/1.1" 200 12687 "-" "Mozilla/5.0 (compatible; SemrushBot/7~bl; +http://www.semrush.com/bot.html)" "tekmedicgloves.com"
185.191.171.10 - - [26/Nov/2022:05:46:25 -0800] "GET /phpMyAdmin/setup/?token=e8ac148d87e2cce768aaea0a9ad26d80&version_check=1 HTTP/1.1" 200 12691 "-" "Mozilla/5.0 (compatible; SemrushBot/7~bl; +http://www.semrush.com/bot.html)" "www.tekmedicgloves.com"
185.191.171.1 - - [26/Nov/2022:05:46:30 -0800] "GET /phpMyAdmin/setup/?token=bbd75df84c8586322e455b0b21d4d029&version_check=1 HTTP/1.1" 200 12691 "-" "Mozilla/5.0 (compatible; SemrushBot/7~bl; +http://www.semrush.com/bot.html)" "www.tekmedicgloves.com"
185.191.171.13 - - [26/Nov/2022:05:46:48 -0800] "GET /phpMyAdmin/setup/?token=d34d19926afe9c48ad750eb9c14bc72a&version_check=1 HTTP/1.1" 200 12687 "-" "Mozilla/5.0 (compatible; SemrushBot/7~bl; +http://www.semrush.com/bot.html)" "tekmedicgloves.com"
185.191.171.1 - - [26/Nov/2022:05:46:51 -0800] "GET /phpMyAdmin/setup/?token=e2aa579d348f8885304b18c23aa7ff54&version_check=1 HTTP/1.1" 200 12691 "-" "Mozilla/5.0 (compatible; SemrushBot/7~bl; +http://www.semrush.com/bot.html)" "www.tekmedicgloves.com"
185.191.171.17 - - [26/Nov/2022:05:46:53 -0800] "GET /phpMyAdmin/setup/?token=e84f1992595468c4fe3053536c8639e4&version_check=1 HTTP/1.1" 200 12691 "-" "Mozilla/5.0 (compatible; SemrushBot/7~bl; +http://www.semrush.com/bot.html)" "www.tekmedicgloves.com"
185.191.171.43 - - [26/Nov/2022:05:46:56 -0800] "GET /phpMyAdmin/setup/?token=faec355f28bc140090660f22493056e8&version_check=1 HTTP/1.1" 200 12687 "-" "Mozilla/5.0 (compatible; SemrushBot/7~bl; +http://www.semrush.com/bot.html)" "tekmedicgloves.com"
185.191.171.10 - - [26/Nov/2022:05:46:56 -0800] "GET /phpMyAdmin/setup/?token=b540fc52915d0523e76c6788b738d349&version_check=1 HTTP/1.1" 200 12691 "-" "Mozilla/5.0 (compatible; SemrushBot/7~bl; +http://www.semrush.com/bot.html)" "www.tekmedicgloves.com"
185.191.171.17 - - [26/Nov/2022:05:47:07 -0800] "GET /phpMyAdmin/setup/?token=dcadc4d55f96d02f5975a0ae69682fe4&version_check=1 HTTP/1.1" 200 12687 "-" "Mozilla/5.0 (compatible; SemrushBot/7~bl; +http://www.semrush.com/bot.html)" "tekmedicgloves.com"
185.191.171.38 - - [26/Nov/2022:05:47:10 -0800] "GET /phpMyAdmin/setup/?token=e107993d4bede1810163ca00c0c4f3e9&version_check=1 HTTP/1.1" 200 12691 "-" "Mozilla/5.0 (compatible; SemrushBot/7~bl; +http://www.semrush.com/bot.html)" "www.tekmedicgloves.com"
185.191.171.10 - - [26/Nov/2022:05:47:24 -0800] "GET /phpMyAdmin/setup/?token=0253abb30957a7e82326b9a466320bd3&version_check=1 HTTP/1.1" 200 12691 "-" "Mozilla/5.0 (compatible; SemrushBot/7~bl; +http://www.semrush.com/bot.html)" "www.tekmedicgloves.com"
185.191.171.17 - - [26/Nov/2022:05:47:30 -0800] "GET /phpMyAdmin/setup/?token=0d646d3f3c29c61d9b5ee3ea941da090&version_check=1 HTTP/1.1" 200 12691 "-" "Mozilla/5.0 (compatible; SemrushBot/7~bl; +http://www.semrush.com/bot.html)" "www.tekmedicgloves.com"
185.191.171.5 - - [26/Nov/2022:05:47:44 -0800] "GET /phpMyAdmin/setup/?token=c5725030c2573be2ca2db9ceee94dda0&version_check=1 HTTP/1.1" 200 12687 "-" "Mozilla/5.0 (compatible; SemrushBot/7~bl; +http://www.semrush.com/bot.html)" "tekmedicgloves.com"
185.191.171.10 - - [26/Nov/2022:05:48:29 -0800] "GET /phpMyAdmin/setup/?token=c3fb208d68d0931928d222e63d28cb98&version_check=1 HTTP/1.1" 200 12687 "-" "Mozilla/5.0 (compatible; SemrushBot/7~bl; +http://www.semrush.com/bot.html)" "tekmedicgloves.com"
185.191.171.39 - - [26/Nov/2022:05:49:13 -0800] "GET /phpMyAdmin/setup/?token=ba33493eee573306fbf1dbcb419aac90&version_check=1 HTTP/1.1" 200 12691 "-" "Mozilla/5.0 (compatible; SemrushBot/7~bl; +http://www.semrush.com/bot.html)" "www.tekmedicgloves.com"
185.191.171.9 - - [26/Nov/2022:05:49:13 -0800] "GET /phpMyAdmin/setup/?token=c8bd8bd05436b57ec6c14fe9aa66b46e&version_check=1 HTTP/1.1" 200 12687 "-" "Mozilla/5.0 (compatible; SemrushBot/7~bl; +http://www.semrush.com/bot.html)" "tekmedicgloves.com"
185.191.171.38 - - [26/Nov/2022:05:49:21 -0800] "GET /phpMyAdmin/setup/?token=e1cf292e744e27e5f6e889e011404c40&version_check=1 HTTP/1.1" 200 12687 "-" "Mozilla/5.0 (compatible; SemrushBot/7~bl; +http://www.semrush.com/bot.html)" "tekmedicgloves.com"
185.191.171.16 - - [26/Nov/2022:05:49:24 -0800] "GET /phpMyAdmin/setup/?token=ed04f7c4dd1075c15251419a4912874a&version_check=1 HTTP/1.1" 200 12687 "-" "Mozilla/5.0 (compatible; SemrushBot/7~bl; +http://www.semrush.com/bot.html)" "tekmedicgloves.com"
185.191.171.4 - - [26/Nov/2022:05:49:27 -0800] "GET /phpMyAdmin/setup/?token=bd169b7e0eea93fe40bf15f4518627bd&version_check=1 HTTP/1.1" 200 12691 "-" "Mozilla/5.0 (compatible; SemrushBot/7~bl; +http://www.semrush.com/bot.html)" "www.tekmedicgloves.com"
185.191.171.7 - - [26/Nov/2022:05:49:27 -0800] "GET /phpMyAdmin/setup/?token=e7db3ee854487c2d90b28b42d11ac419&version_check=1 HTTP/1.1" 200 12687 "-" "Mozilla/5.0 (compatible; SemrushBot/7~bl; +http://www.semrush.com/bot.html)" "tekmedicgloves.com"
185.191.171.16 - - [26/Nov/2022:05:49:30 -0800] "GET /phpMyAdmin/setup/?token=bfa4cf3aa67fc0ac0cdaaf98c0cc0b61&version_check=1 HTTP/1.1" 200 12691 "-" "Mozilla/5.0 (compatible; SemrushBot/7~bl; +http://www.semrush.com/bot.html)" "www.tekmedicgloves.com"
185.191.171.43 - - [26/Nov/2022:05:49:44 -0800] "GET /phpMyAdmin/setup/?token=f276c68fff01b8d3cfe13367a8a8d2e4&version_check=1 HTTP/1.1" 200 12691 "-" "Mozilla/5.0 (compatible; SemrushBot/7~bl; +http://www.semrush.com/bot.html)" "www.tekmedicgloves.com"
185.191.171.12 - - [26/Nov/2022:05:49:53 -0800] "GET /phpMyAdmin/setup/?token=bd7c534633efbc613eeac58b89609096&version_check=1 HTTP/1.1" 200 12691 "-" "Mozilla/5.0 (compatible; SemrushBot/7~bl; +http://www.semrush.com/bot.html)" "www.tekmedicgloves.com"
185.191.171.16 - - [26/Nov/2022:05:49:57 -0800] "GET /phpMyAdmin/setup/?token=cb43d98267c4de6c5964eb699cad61f0&version_check=1 HTTP/1.1" 200 12687 "-" "Mozilla/5.0 (compatible; SemrushBot/7~bl; +http://www.semrush.com/bot.html)" "tekmedicgloves.com"
185.191.171.43 - - [26/Nov/2022:05:49:59 -0800] "GET /phpMyAdmin/setup/?token=dabc5a7f13e9d050aefc4000f848dd06&version_check=1 HTTP/1.1" 200 12691 "-" "Mozilla/5.0 (compatible; SemrushBot/7~bl; +http://www.semrush.com/bot.html)" "www.tekmedicgloves.com"
185.191.171.7 - - [26/Nov/2022:05:50:03 -0800] "GET /phpMyAdmin/setup/?token=0ec297b074496a92817b93cd5016e6d5&version_check=1 HTTP/1.1" 200 12687 "-" "Mozilla/5.0 (compatible; SemrushBot/7~bl; +http://www.semrush.com/bot.html)" "tekmedicgloves.com"
114.119.157.189 - - [26/Nov/2022:05:50:11 -0800] "GET /beta/products.php?cat=22&id=6 HTTP/1.1" 200 56596 "https://tekmedicgloves.com/beta/products.php?cat=22" "Mozilla/5.0 (Linux; Android 7.0;) AppleWebKit/537.36 (KHTML, like Gecko) Mobile Safari/537.36 (compatible; PetalBot;+https://webmaster.petalsearch.com/site/petalbot)" "tekmedicgloves.com"
185.191.171.42 - - [26/Nov/2022:05:50:29 -0800] "GET /phpMyAdmin/setup/?token=c59dd7456cb4224073680834c97a40f0&version_check=1 HTTP/1.1" 200 12687 "-" "Mozilla/5.0 (compatible; SemrushBot/7~bl; +http://www.semrush.com/bot.html)" "tekmedicgloves.com"
185.191.171.16 - - [26/Nov/2022:05:50:42 -0800] "GET /phpMyAdmin/setup/?token=bd45d098a07de47a2a31ed62e62d3a0d&version_check=1 HTTP/1.1" 200 12691 "-" "Mozilla/5.0 (compatible; SemrushBot/7~bl; +http://www.semrush.com/bot.html)" "www.tekmedicgloves.com"
185.191.171.26 - - [26/Nov/2022:05:50:42 -0800] "GET /phpMyAdmin/setup/?token=d1a123bee8758750d7716867828e5495&version_check=1 HTTP/1.1" 200 12687 "-" "Mozilla/5.0 (compatible; SemrushBot/7~bl; +http://www.semrush.com/bot.html)" "tekmedicgloves.com"
185.191.171.43 - - [26/Nov/2022:05:50:50 -0800] "GET /phpMyAdmin/setup/?token=d72a543415491977244c443bde9e8dad&version_check=1 HTTP/1.1" 200 12691 "-" "Mozilla/5.0 (compatible; SemrushBot/7~bl; +http://www.semrush.com/bot.html)" "www.tekmedicgloves.com"
185.191.171.34 - - [26/Nov/2022:05:50:51 -0800] "GET /phpMyAdmin/setup/?token=eed0d7ba3138f76f7f9adfe5f34e7f65&version_check=1 HTTP/1.1" 200 12691 "-" "Mozilla/5.0 (compatible; SemrushBot/7~bl; +http://www.semrush.com/bot.html)" "www.tekmedicgloves.com"
185.191.171.8 - - [26/Nov/2022:05:51:42 -0800] "GET /phpMyAdmin/setup/?token=e2836dd3d57820d4a9aff43fbc054c78&version_check=1 HTTP/1.1" 200 12691 "-" "Mozilla/5.0 (compatible; SemrushBot/7~bl; +http://www.semrush.com/bot.html)" "www.tekmedicgloves.com"
185.191.171.18 - - [26/Nov/2022:05:51:52 -0800] "GET /phpMyAdmin/setup/?token=de44fd2007e0720344566d55f0ea710b&version_check=1 HTTP/1.1" 200 12687 "-" "Mozilla/5.0 (compatible; SemrushBot/7~bl; +http://www.semrush.com/bot.html)" "tekmedicgloves.com"
185.191.171.40 - - [26/Nov/2022:05:52:08 -0800] "GET /phpMyAdmin/setup/?token=0054c146dfa7dcf4bc6f2f73c31d1fa4&version_check=1 HTTP/1.1" 200 12687 "-" "Mozilla/5.0 (compatible; SemrushBot/7~bl; +http://www.semrush.com/bot.html)" "tekmedicgloves.com"
185.191.171.38 - - [26/Nov/2022:05:53:31 -0800] "GET /phpMyAdmin/setup/?token=0f5eb5d5b4987ab4a6117b1f15f583ef&version_check=1 HTTP/1.1" 200 12687 "-" "Mozilla/5.0 (compatible; SemrushBot/7~bl; +http://www.semrush.com/bot.html)" "tekmedicgloves.com"
185.191.171.16 - - [26/Nov/2022:05:53:35 -0800] "GET /phpMyAdmin/setup/?token=d6b0978320353d050c08b623ecae3f73&version_check=1 HTTP/1.1" 200 12687 "-" "Mozilla/5.0 (compatible; SemrushBot/7~bl; +http://www.semrush.com/bot.html)" "tekmedicgloves.com"
185.191.171.23 - - [26/Nov/2022:05:53:38 -0800] "GET /phpMyAdmin/setup/?token=e4c906494f2e17e1e31688df1c33c4e2&version_check=1 HTTP/1.1" 200 12687 "-" "Mozilla/5.0 (compatible; SemrushBot/7~bl; +http://www.semrush.com/bot.html)" "tekmedicgloves.com"
185.191.171.12 - - [26/Nov/2022:05:53:40 -0800] "GET /phpMyAdmin/setup/?token=f2442f667232cfe89c2f348bd0bd3f33&version_check=1 HTTP/1.1" 200 12687 "-" "Mozilla/5.0 (compatible; SemrushBot/7~bl; +http://www.semrush.com/bot.html)" "tekmedicgloves.com"
185.191.171.25 - - [26/Nov/2022:05:53:43 -0800] "GET /phpMyAdmin/setup/?token=f5ae83a8be09afb1b5193e3440b2909f&version_check=1 HTTP/1.1" 200 12687 "-" "Mozilla/5.0 (compatible; SemrushBot/7~bl; +http://www.semrush.com/bot.html)" "tekmedicgloves.com"
185.191.171.19 - - [26/Nov/2022:05:53:46 -0800] "GET /phpMyAdmin/setup/?token=eeb6ffbccee85f1b70b7c813d9843ab9&version_check=1 HTTP/1.1" 200 12691 "-" "Mozilla/5.0 (compatible; SemrushBot/7~bl; +http://www.semrush.com/bot.html)" "www.tekmedicgloves.com"
185.191.171.35 - - [26/Nov/2022:05:53:53 -0800] "GET /phpMyAdmin/setup/?token=fb02020c4ac484dc67574e37f1c9df49&version_check=1 HTTP/1.1" 200 12691 "-" "Mozilla/5.0 (compatible; SemrushBot/7~bl; +http://www.semrush.com/bot.html)" "www.tekmedicgloves.com"
185.191.171.5 - - [26/Nov/2022:05:53:59 -0800] "GET /phpMyAdmin/setup/?token=f032c7bdc670c02649195217cae5b785&version_check=1 HTTP/1.1" 200 12691 "-" "Mozilla/5.0 (compatible; SemrushBot/7~bl; +http://www.semrush.com/bot.html)" "www.tekmedicgloves.com"
185.191.171.45 - - [26/Nov/2022:05:54:13 -0800] "GET /phpMyAdmin/setup/?token=c40b7f3215005754699f661a2df8ba96&version_check=1 HTTP/1.1" 200 12691 "-" "Mozilla/5.0 (compatible; SemrushBot/7~bl; +http://www.semrush.com/bot.html)" "www.tekmedicgloves.com"
185.191.171.34 - - [26/Nov/2022:05:54:36 -0800] "GET /phpMyAdmin/setup/?token=fcaf1b6b8a176688502490d0766fa3e1&version_check=1 HTTP/1.1" 200 12691 "-" "Mozilla/5.0 (compatible; SemrushBot/7~bl; +http://www.semrush.com/bot.html)" "www.tekmedicgloves.com"
185.191.171.4 - - [26/Nov/2022:05:55:05 -0800] "GET /phpMyAdmin/setup/?token=c5c6aac82311d07be099e34971b530cc&version_check=1 HTTP/1.1" 200 12687 "-" "Mozilla/5.0 (compatible; SemrushBot/7~bl; +http://www.semrush.com/bot.html)" "tekmedicgloves.com"
185.191.171.11 - - [26/Nov/2022:05:55:12 -0800] "GET /phpMyAdmin/setup/?token=d85249eeb91964b1d440140febbd9593&version_check=1 HTTP/1.1" 200 12687 "-" "Mozilla/5.0 (compatible; SemrushBot/7~bl; +http://www.semrush.com/bot.html)" "tekmedicgloves.com"
114.119.139.220 - - [26/Nov/2022:05:55:22 -0800] "GET /beta/home.php HTTP/1.1" 200 35074 "-" "Mozilla/5.0 (Linux; Android 7.0;) AppleWebKit/537.36 (KHTML, like Gecko) Mobile Safari/537.36 (compatible; PetalBot;+https://webmaster.petalsearch.com/site/petalbot)" "www.tekmedicgloves.com"
114.119.139.220 - - [26/Nov/2022:05:55:23 -0800] "GET /beta/wp-content/themes/theme48838/bootstrap/css/responsive.css HTTP/1.1" 200 4226 "http://www.tekmedicgloves.com/beta/home.php" "Mozilla/5.0 (Linux; Android 7.0;) AppleWebKit/537.36 (KHTML, like Gecko) Mobile Safari/537.36 (compatible; PetalBot;+https://webmaster.petalsearch.com/site/petalbot)" "www.tekmedicgloves.com"
114.119.139.220 - - [26/Nov/2022:05:55:23 -0800] "GET /beta/wp-content/themes/theme48838/style.css HTTP/1.1" 200 243 "http://www.tekmedicgloves.com/beta/home.php" "Mozilla/5.0 (Linux; Android 7.0;) AppleWebKit/537.36 (KHTML, like Gecko) Mobile Safari/537.36 (compatible; PetalBot;+https://webmaster.petalsearch.com/site/petalbot)" "www.tekmedicgloves.com"
114.119.139.220 - - [26/Nov/2022:05:55:23 -0800] "GET /beta/wp-content/themes/theme48838/bootstrap/css/bootstrap.css HTTP/1.1" 200 15793 "http://www.tekmedicgloves.com/beta/home.php" "Mozilla/5.0 (Linux; Android 7.0;) AppleWebKit/537.36 (KHTML, like Gecko) Mobile Safari/537.36 (compatible; PetalBot;+https://webmaster.petalsearch.com/site/petalbot)" "www.tekmedicgloves.com"
114.119.139.220 - - [26/Nov/2022:05:55:23 -0800] "GET /beta/wp-content/themes/CherryFramework/css/camera.css HTTP/1.1" 200 3117 "http://www.tekmedicgloves.com/beta/home.php" "Mozilla/5.0 (Linux; Android 7.0;) AppleWebKit/537.36 (KHTML, like Gecko) Mobile Safari/537.36 (compatible; PetalBot;+https://webmaster.petalsearch.com/site/petalbot)" "www.tekmedicgloves.com"
114.119.139.220 - - [26/Nov/2022:05:55:23 -0800] "GET /beta/wp-content/plugins/cherry-plugin/lib/js/FlexSlider/flexslider.css HTTP/1.1" 200 1323 "http://www.tekmedicgloves.com/beta/home.php" "Mozilla/5.0 (Linux; Android 7.0;) AppleWebKit/537.36 (KHTML, like Gecko) Mobile Safari/537.36 (compatible; PetalBot;+https://webmaster.petalsearch.com/site/petalbot)" "www.tekmedicgloves.com"
114.119.139.220 - - [26/Nov/2022:05:55:23 -0800] "GET /beta/wp-content/plugins/cherry-plugin/lib/js/owl-carousel/owl.carousel.css HTTP/1.1" 200 1119 "http://www.tekmedicgloves.com/beta/home.php" "Mozilla/5.0 (Linux; Android 7.0;) AppleWebKit/537.36 (KHTML, like Gecko) Mobile Safari/537.36 (compatible; PetalBot;+https://webmaster.petalsearch.com/site/petalbot)" "www.tekmedicgloves.com"
114.119.139.220 - - [26/Nov/2022:05:55:23 -0800] "GET /beta/wp-content/plugins/cherry-plugin/lib/js/owl-carousel/owl.theme.css HTTP/1.1" 200 606 "http://www.tekmedicgloves.com/beta/home.php" "Mozilla/5.0 (Linux; Android 7.0;) AppleWebKit/537.36 (KHTML, like Gecko) Mobile Safari/537.36 (compatible; PetalBot;+https://webmaster.petalsearch.com/site/petalbot)" "www.tekmedicgloves.com"
114.119.139.220 - - [26/Nov/2022:05:55:23 -0800] "GET /beta/wp-content/plugins/cherry-plugin/includes/css/cherry-plugin.css HTTP/1.1" 200 4752 "http://www.tekmedicgloves.com/beta/home.php" "Mozilla/5.0 (Linux; Android 7.0;) AppleWebKit/537.36 (KHTML, like Gecko) Mobile Safari/537.36 (compatible; PetalBot;+https://webmaster.petalsearch.com/site/petalbot)" "www.tekmedicgloves.com"
114.119.139.220 - - [26/Nov/2022:05:55:23 -0800] "GET /beta/wp-content/plugins/contact-form-7/includes/css/styles.css HTTP/1.1" 200 392 "http://www.tekmedicgloves.com/beta/home.php" "Mozilla/5.0 (Linux; Android 7.0;) AppleWebKit/537.36 (KHTML, like Gecko) Mobile Safari/537.36 (compatible; PetalBot;+https://webmaster.petalsearch.com/site/petalbot)" "www.tekmedicgloves.com"
114.119.139.220 - - [26/Nov/2022:05:55:23 -0800] "GET /beta/wp-content/themes/theme48838/main-style.css HTTP/1.1" 200 4849 "http://www.tekmedicgloves.com/beta/home.php" "Mozilla/5.0 (Linux; Android 7.0;) AppleWebKit/537.36 (KHTML, like Gecko) Mobile Safari/537.36 (compatible; PetalBot;+https://webmaster.petalsearch.com/site/petalbot)" "www.tekmedicgloves.com"
114.119.139.220 - - [26/Nov/2022:05:55:23 -0800] "GET /beta/wp-content/themes/CherryFramework/css/magnific-popup.css HTTP/1.1" 200 2166 "http://www.tekmedicgloves.com/beta/home.php" "Mozilla/5.0 (Linux; Android 7.0;) AppleWebKit/537.36 (KHTML, like Gecko) Mobile Safari/537.36 (compatible; PetalBot;+https://webmaster.petalsearch.com/site/petalbot)" "www.tekmedicgloves.com"
114.119.139.220 - - [26/Nov/2022:05:55:23 -0800] "GET /beta/wp-includes/js/comment-reply.min.js HTTP/1.1" 404 88 "http://www.tekmedicgloves.com/beta/home.php" "Mozilla/5.0 (Linux; Android 7.0;) AppleWebKit/537.36 (KHTML, like Gecko) Mobile Safari/537.36 (compatible; PetalBot;+https://webmaster.petalsearch.com/site/petalbot)" "www.tekmedicgloves.com"
114.119.139.220 - - [26/Nov/2022:05:55:23 -0800] "GET /beta/wp-includes/js/swfobject.js HTTP/1.1" 404 88 "http://www.tekmedicgloves.com/beta/home.php" "Mozilla/5.0 (Linux; Android 7.0;) AppleWebKit/537.36 (KHTML, like Gecko) Mobile Safari/537.36 (compatible; PetalBot;+https://webmaster.petalsearch.com/site/petalbot)" "www.tekmedicgloves.com"
114.119.139.220 - - [26/Nov/2022:05:55:23 -0800] "GET /beta/wp-content/themes/CherryFramework/js/jquery-1.7.2.min.js HTTP/1.1" 200 33630 "http://www.tekmedicgloves.com/beta/home.php" "Mozilla/5.0 (Linux; Android 7.0;) AppleWebKit/537.36 (KHTML, like Gecko) Mobile Safari/537.36 (compatible; PetalBot;+https://webmaster.petalsearch.com/site/petalbot)" "www.tekmedicgloves.com"
114.119.139.220 - - [26/Nov/2022:05:55:23 -0800] "GET /beta/wp-content/themes/CherryFramework/js/modernizr.js HTTP/1.1" 200 5141 "http://www.tekmedicgloves.com/beta/home.php" "Mozilla/5.0 (Linux; Android 7.0;) AppleWebKit/537.36 (KHTML, like Gecko) Mobile Safari/537.36 (compatible; PetalBot;+https://webmaster.petalsearch.com/site/petalbot)" "www.tekmedicgloves.com"
114.119.139.220 - - [26/Nov/2022:05:55:23 -0800] "GET /beta/wp-content/themes/CherryFramework/js/custom.js HTTP/1.1" 200 2131 "http://www.tekmedicgloves.com/beta/home.php" "Mozilla/5.0 (Linux; Android 7.0;) AppleWebKit/537.36 (KHTML, like Gecko) Mobile Safari/537.36 (compatible; PetalBot;+https://webmaster.petalsearch.com/site/petalbot)" "www.tekmedicgloves.com"
114.119.139.220 - - [26/Nov/2022:05:55:23 -0800] "GET /beta/wp-content/themes/CherryFramework/style.css HTTP/1.1" 200 331 "http://www.tekmedicgloves.com/beta/wp-content/themes/theme48838/main-style.css" "Mozilla/5.0 (Linux; Android 7.0;) AppleWebKit/537.36 (KHTML, like Gecko) Mobile Safari/537.36 (compatible; PetalBot;+https://webmaster.petalsearch.com/site/petalbot)" "www.tekmedicgloves.com"
114.119.139.220 - - [26/Nov/2022:05:55:23 -0800] "GET /beta/wp-content/themes/CherryFramework/js/jflickrfeed.js HTTP/1.1" 200 560 "http://www.tekmedicgloves.com/beta/home.php" "Mozilla/5.0 (Linux; Android 7.0;) AppleWebKit/537.36 (KHTML, like Gecko) Mobile Safari/537.36 (compatible; PetalBot;+https://webmaster.petalsearch.com/site/petalbot)" "www.tekmedicgloves.com"
114.119.139.220 - - [26/Nov/2022:05:55:23 -0800] "GET /beta/wp-content/themes/CherryFramework/js/jquery.mobile.customized.min.js HTTP/1.1" 200 6409 "http://www.tekmedicgloves.com/beta/home.php" "Mozilla/5.0 (Linux; Android 7.0;) AppleWebKit/537.36 (KHTML, like Gecko) Mobile Safari/537.36 (compatible; PetalBot;+https://webmaster.petalsearch.com/site/petalbot)" "www.tekmedicgloves.com"
114.119.139.220 - - [26/Nov/2022:05:55:23 -0800] "GET /beta/wp-content/themes/CherryFramework/bootstrap/js/bootstrap.min.js HTTP/1.1" 200 7654 "http://www.tekmedicgloves.com/beta/home.php" "Mozilla/5.0 (Linux; Android 7.0;) AppleWebKit/537.36 (KHTML, like Gecko) Mobile Safari/537.36 (compatible; PetalBot;+https://webmaster.petalsearch.com/site/petalbot)" "www.tekmedicgloves.com"
114.119.139.220 - - [26/Nov/2022:05:55:24 -0800] "GET /beta/wp-content/themes/CherryFramework/css/style.css HTTP/1.1" 200 12245 "http://www.tekmedicgloves.com/beta/wp-content/themes/CherryFramework/style.css" "Mozilla/5.0 (Linux; Android 7.0;) AppleWebKit/537.36 (KHTML, like Gecko) Mobile Safari/537.36 (compatible; PetalBot;+https://webmaster.petalsearch.com/site/petalbot)" "www.tekmedicgloves.com"
114.119.139.220 - - [26/Nov/2022:05:55:24 -0800] "GET /beta/wp-content/plugins/contact-form-7/includes/js/scripts.js HTTP/1.1" 200 1850 "http://www.tekmedicgloves.com/beta/home.php" "Mozilla/5.0 (Linux; Android 7.0;) AppleWebKit/537.36 (KHTML, like Gecko) Mobile Safari/537.36 (compatible; PetalBot;+https://webmaster.petalsearch.com/site/petalbot)" "www.tekmedicgloves.com"
114.119.139.220 - - [26/Nov/2022:05:55:24 -0800] "GET /beta/wp-content/plugins/contact-form-7/includes/js/jquery.form.min.js HTTP/1.1" 200 5878 "http://www.tekmedicgloves.com/beta/home.php" "Mozilla/5.0 (Linux; Android 7.0;) AppleWebKit/537.36 (KHTML, like Gecko) Mobile Safari/537.36 (compatible; PetalBot;+https://webmaster.petalsearch.com/site/petalbot)" "www.tekmedicgloves.com"
114.119.139.220 - - [26/Nov/2022:05:55:24 -0800] "GET /beta/wp-includes/js/swfobject.js HTTP/1.1" 404 88 "http://www.tekmedicgloves.com/beta/home.php" "Mozilla/5.0 (Linux; Android 7.0;) AppleWebKit/537.36 (KHTML, like Gecko) Mobile Safari/537.36 (compatible; PetalBot;+https://webmaster.petalsearch.com/site/petalbot)" "www.tekmedicgloves.com"
114.119.139.220 - - [26/Nov/2022:05:55:24 -0800] "GET /beta/wp-content/themes/CherryFramework/js/superfish.js HTTP/1.1" 200 1280 "http://www.tekmedicgloves.com/beta/home.php" "Mozilla/5.0 (Linux; Android 7.0;) AppleWebKit/537.36 (KHTML, like Gecko) Mobile Safari/537.36 (compatible; PetalBot;+https://webmaster.petalsearch.com/site/petalbot)" "www.tekmedicgloves.com"
114.119.139.220 - - [26/Nov/2022:05:55:24 -0800] "GET /beta/wp-content/themes/CherryFramework/js/jquery.mobilemenu.js HTTP/1.1" 200 908 "http://www.tekmedicgloves.com/beta/home.php" "Mozilla/5.0 (Linux; Android 7.0;) AppleWebKit/537.36 (KHTML, like Gecko) Mobile Safari/537.36 (compatible; PetalBot;+https://webmaster.petalsearch.com/site/petalbot)" "www.tekmedicgloves.com"
114.119.139.220 - - [26/Nov/2022:05:55:24 -0800] "GET /beta/wp-content/plugins/cherry-plugin/lib/js/jquery.easing.1.3.js HTTP/1.1" 200 814 "http://www.tekmedicgloves.com/beta/home.php" "Mozilla/5.0 (Linux; Android 7.0;) AppleWebKit/537.36 (KHTML, like Gecko) Mobile Safari/537.36 (compatible; PetalBot;+https://webmaster.petalsearch.com/site/petalbot)" "www.tekmedicgloves.com"
114.119.139.220 - - [26/Nov/2022:05:55:24 -0800] "GET /beta/wp-content/themes/CherryFramework/js/jquery.magnific-popup.min.js HTTP/1.1" 200 7493 "http://www.tekmedicgloves.com/beta/home.php" "Mozilla/5.0 (Linux; Android 7.0;) AppleWebKit/537.36 (KHTML, like Gecko) Mobile Safari/537.36 (compatible; PetalBot;+https://webmaster.petalsearch.com/site/petalbot)" "www.tekmedicgloves.com"
114.119.139.220 - - [26/Nov/2022:05:55:25 -0800] "GET /beta/wp-content/themes/CherryFramework/js/jplayer.playlist.min.js HTTP/1.1" 200 2404 "http://www.tekmedicgloves.com/beta/home.php" "Mozilla/5.0 (Linux; Android 7.0;) AppleWebKit/537.36 (KHTML, like Gecko) Mobile Safari/537.36 (compatible; PetalBot;+https://webmaster.petalsearch.com/site/petalbot)" "www.tekmedicgloves.com"
114.119.139.220 - - [26/Nov/2022:05:55:25 -0800] "GET /beta/wp-content/plugins/cherry-plugin/lib/js/FlexSlider/jquery.flexslider-min.js HTTP/1.1" 200 5177 "http://www.tekmedicgloves.com/beta/home.php" "Mozilla/5.0 (Linux; Android 7.0;) AppleWebKit/537.36 (KHTML, like Gecko) Mobile Safari/537.36 (compatible; PetalBot;+https://webmaster.petalsearch.com/site/petalbot)" "www.tekmedicgloves.com"
114.119.139.220 - - [26/Nov/2022:05:55:25 -0800] "GET /beta/wp-content/themes/CherryFramework/js/jquery.jplayer.min.js HTTP/1.1" 200 11945 "http://www.tekmedicgloves.com/beta/home.php" "Mozilla/5.0 (Linux; Android 7.0;) AppleWebKit/537.36 (KHTML, like Gecko) Mobile Safari/537.36 (compatible; PetalBot;+https://webmaster.petalsearch.com/site/petalbot)" "www.tekmedicgloves.com"
114.119.139.220 - - [26/Nov/2022:05:55:25 -0800] "GET /beta/wp-content/themes/CherryFramework/js/camera.min.js HTTP/1.1" 200 8551 "http://www.tekmedicgloves.com/beta/home.php" "Mozilla/5.0 (Linux; Android 7.0;) AppleWebKit/537.36 (KHTML, like Gecko) Mobile Safari/537.36 (compatible; PetalBot;+https://webmaster.petalsearch.com/site/petalbot)" "www.tekmedicgloves.com"
114.119.139.220 - - [26/Nov/2022:05:55:25 -0800] "GET /beta/wp-content/themes/CherryFramework/js/jquery.debouncedresize.js HTTP/1.1" 200 226 "http://www.tekmedicgloves.com/beta/home.php" "Mozilla/5.0 (Linux; Android 7.0;) AppleWebKit/537.36 (KHTML, like Gecko) Mobile Safari/537.36 (compatible; PetalBot;+https://webmaster.petalsearch.com/site/petalbot)" "www.tekmedicgloves.com"
114.119.139.220 - - [26/Nov/2022:05:55:25 -0800] "GET /beta/wp-content/plugins/cherry-plugin/lib/js/elasti-carousel/jquery.elastislide.js HTTP/1.1" 200 1963 "http://www.tekmedicgloves.com/beta/home.php" "Mozilla/5.0 (Linux; Android 7.0;) AppleWebKit/537.36 (KHTML, like Gecko) Mobile Safari/537.36 (compatible; PetalBot;+https://webmaster.petalsearch.com/site/petalbot)" "www.tekmedicgloves.com"
114.119.139.220 - - [26/Nov/2022:05:55:25 -0800] "GET /beta/wp-content/plugins/cherry-plugin/includes/js/cherry-plugin.js HTTP/1.1" 200 438 "http://www.tekmedicgloves.com/beta/home.php" "Mozilla/5.0 (Linux; Android 7.0;) AppleWebKit/537.36 (KHTML, like Gecko) Mobile Safari/537.36 (compatible; PetalBot;+https://webmaster.petalsearch.com/site/petalbot)" "www.tekmedicgloves.com"
114.119.139.220 - - [26/Nov/2022:05:55:25 -0800] "GET /beta/wp-content/themes/CherryFramework/js/jquery.ba-resize.min.js HTTP/1.1" 200 616 "http://www.tekmedicgloves.com/beta/home.php" "Mozilla/5.0 (Linux; Android 7.0;) AppleWebKit/537.36 (KHTML, like Gecko) Mobile Safari/537.36 (compatible; PetalBot;+https://webmaster.petalsearch.com/site/petalbot)" "www.tekmedicgloves.com"
114.119.139.220 - - [26/Nov/2022:05:55:25 -0800] "GET /beta/wp-content/themes/CherryFramework/js/jquery.isotope.js HTTP/1.1" 200 4845 "http://www.tekmedicgloves.com/beta/home.php" "Mozilla/5.0 (Linux; Android 7.0;) AppleWebKit/537.36 (KHTML, like Gecko) Mobile Safari/537.36 (compatible; PetalBot;+https://webmaster.petalsearch.com/site/petalbot)" "www.tekmedicgloves.com"
185.191.171.2 - - [26/Nov/2022:05:55:35 -0800] "GET /phpMyAdmin/setup/?token=dd9199730144b8ab8ebf05124880d570&version_check=1 HTTP/1.1" 200 12691 "-" "Mozilla/5.0 (compatible; SemrushBot/7~bl; +http://www.semrush.com/bot.html)" "www.tekmedicgloves.com"
185.191.171.39 - - [26/Nov/2022:05:55:53 -0800] "GET /phpMyAdmin/setup/?token=f960f583657023c5e862fd12ab692b37&version_check=1 HTTP/1.1" 200 12691 "-" "Mozilla/5.0 (compatible; SemrushBot/7~bl; +http://www.semrush.com/bot.html)" "www.tekmedicgloves.com"
185.191.171.34 - - [26/Nov/2022:05:56:03 -0800] "GET /phpMyAdmin/setup/?token=e10d49c692856d1b4ad5d7f556cb179d&version_check=1 HTTP/1.1" 200 12691 "-" "Mozilla/5.0 (compatible; SemrushBot/7~bl; +http://www.semrush.com/bot.html)" "www.tekmedicgloves.com"
185.191.171.5 - - [26/Nov/2022:05:56:16 -0800] "GET /phpMyAdmin/setup/?token=c0876f65ef7a3f0701ab041e76d3afd0&version_check=1 HTTP/1.1" 200 12691 "-" "Mozilla/5.0 (compatible; SemrushBot/7~bl; +http://www.semrush.com/bot.html)" "www.tekmedicgloves.com"
