185.191.171.23 - - [26/Nov/2022:07:13:41 -0800] "GET /phpMyAdmin/setup/?token=c765adb378210b3ec1dba7cb1e0bb7c1&version_check=1 HTTP/1.1" 200 12691 "-" "Mozilla/5.0 (compatible; SemrushBot/7~bl; +http://www.semrush.com/bot.html)" "www.tekmedicgloves.com"
185.191.171.8 - - [26/Nov/2022:07:13:52 -0800] "GET /phpMyAdmin/setup/?token=ba2574ca32a991e60fe7e3add8d66a0d&version_check=1 HTTP/1.1" 200 12691 "-" "Mozilla/5.0 (compatible; SemrushBot/7~bl; +http://www.semrush.com/bot.html)" "www.tekmedicgloves.com"
185.191.171.42 - - [26/Nov/2022:07:14:22 -0800] "GET /phpMyAdmin/setup/?token=f48e1c5beb817dc326c0fc759f3926a1&version_check=1 HTTP/1.1" 200 12687 "-" "Mozilla/5.0 (compatible; SemrushBot/7~bl; +http://www.semrush.com/bot.html)" "tekmedicgloves.com"
185.191.171.18 - - [26/Nov/2022:07:14:35 -0800] "GET /phpMyAdmin/setup/?token=c424b3b1c68f06c43ea871c1bb4e0ffe&version_check=1 HTTP/1.1" 200 12691 "-" "Mozilla/5.0 (compatible; SemrushBot/7~bl; +http://www.semrush.com/bot.html)" "www.tekmedicgloves.com"
114.119.156.247 - - [26/Nov/2022:07:14:41 -0800] "GET /robots.txt HTTP/1.1" 404 88 "-" "Mozilla/5.0 (compatible;PetalBot;+https://webmaster.petalsearch.com/site/petalbot)" "www.tekmedicgloves.com"
185.191.171.24 - - [26/Nov/2022:07:14:59 -0800] "GET /phpMyAdmin/setup/?token=b812d86ee573eab0dd5bd6b11691cc96&version_check=1 HTTP/1.1" 200 12691 "-" "Mozilla/5.0 (compatible; SemrushBot/7~bl; +http://www.semrush.com/bot.html)" "www.tekmedicgloves.com"
185.191.171.24 - - [26/Nov/2022:07:15:02 -0800] "GET /phpMyAdmin/setup/?token=d89284cbef7d707a70a855398084ea7f&version_check=1 HTTP/1.1" 200 12687 "-" "Mozilla/5.0 (compatible; SemrushBot/7~bl; +http://www.semrush.com/bot.html)" "tekmedicgloves.com"
185.191.171.16 - - [26/Nov/2022:07:15:04 -0800] "GET /phpMyAdmin/setup/?token=e538acc11a6f0b5620fa46d23c5842c2&version_check=1 HTTP/1.1" 200 12687 "-" "Mozilla/5.0 (compatible; SemrushBot/7~bl; +http://www.semrush.com/bot.html)" "tekmedicgloves.com"
185.191.171.9 - - [26/Nov/2022:07:15:06 -0800] "GET /phpMyAdmin/setup/?token=046b5e6a0ef148798a99be19f2ba0a88&version_check=1 HTTP/1.1" 200 12687 "-" "Mozilla/5.0 (compatible; SemrushBot/7~bl; +http://www.semrush.com/bot.html)" "tekmedicgloves.com"
185.191.171.23 - - [26/Nov/2022:07:15:12 -0800] "GET /phpMyAdmin/setup/?token=c2df4a8c32dbd89f543f05b2d2df7108&version_check=1 HTTP/1.1" 200 12687 "-" "Mozilla/5.0 (compatible; SemrushBot/7~bl; +http://www.semrush.com/bot.html)" "tekmedicgloves.com"
185.191.171.41 - - [26/Nov/2022:07:15:15 -0800] "GET /phpMyAdmin/setup/?token=d75128420cacb3feac21feae4f71e395&version_check=1 HTTP/1.1" 200 12687 "-" "Mozilla/5.0 (compatible; SemrushBot/7~bl; +http://www.semrush.com/bot.html)" "tekmedicgloves.com"
185.191.171.25 - - [26/Nov/2022:07:15:20 -0800] "GET /phpMyAdmin/setup/?token=b4ba09b45c3c5abaf9ebc1d774f589df&version_check=1 HTTP/1.1" 200 12691 "-" "Mozilla/5.0 (compatible; SemrushBot/7~bl; +http://www.semrush.com/bot.html)" "www.tekmedicgloves.com"
185.191.171.33 - - [26/Nov/2022:07:15:21 -0800] "GET /phpMyAdmin/setup/?token=c5fb93b5025b799ef410d221feaa62fd&version_check=1 HTTP/1.1" 200 12687 "-" "Mozilla/5.0 (compatible; SemrushBot/7~bl; +http://www.semrush.com/bot.html)" "tekmedicgloves.com"
185.191.171.45 - - [26/Nov/2022:07:15:23 -0800] "GET /phpMyAdmin/setup/?token=0d69672f7a46118c7ea570ca1413673f&version_check=1 HTTP/1.1" 200 12687 "-" "Mozilla/5.0 (compatible; SemrushBot/7~bl; +http://www.semrush.com/bot.html)" "tekmedicgloves.com"
185.191.171.39 - - [26/Nov/2022:07:15:28 -0800] "GET /phpMyAdmin/setup/?token=c2bb989909219b1bc23e3b480e55462b&version_check=1 HTTP/1.1" 200 12691 "-" "Mozilla/5.0 (compatible; SemrushBot/7~bl; +http://www.semrush.com/bot.html)" "www.tekmedicgloves.com"
185.191.171.19 - - [26/Nov/2022:07:15:55 -0800] "GET /phpMyAdmin/setup/?token=e61e744475df07ed9751b13e94e35f03&version_check=1 HTTP/1.1" 200 12691 "-" "Mozilla/5.0 (compatible; SemrushBot/7~bl; +http://www.semrush.com/bot.html)" "www.tekmedicgloves.com"
185.191.171.23 - - [26/Nov/2022:07:16:01 -0800] "GET /phpMyAdmin/setup/?token=f79ab2285128894e85f7b150035b70a6&version_check=1 HTTP/1.1" 200 12691 "-" "Mozilla/5.0 (compatible; SemrushBot/7~bl; +http://www.semrush.com/bot.html)" "www.tekmedicgloves.com"
185.191.171.13 - - [26/Nov/2022:07:16:35 -0800] "GET /phpMyAdmin/setup/?token=bdd93f8e93fc1de9e97cf21d96c9c0d6&version_check=1 HTTP/1.1" 200 12691 "-" "Mozilla/5.0 (compatible; SemrushBot/7~bl; +http://www.semrush.com/bot.html)" "www.tekmedicgloves.com"
185.191.171.39 - - [26/Nov/2022:07:16:36 -0800] "GET /phpMyAdmin/setup/?token=d6fff83b83d8a143d04b2b46db86a37d&version_check=1 HTTP/1.1" 200 12687 "-" "Mozilla/5.0 (compatible; SemrushBot/7~bl; +http://www.semrush.com/bot.html)" "tekmedicgloves.com"
185.191.171.26 - - [26/Nov/2022:07:16:57 -0800] "GET /phpMyAdmin/setup/?token=cfd1a87171ac0b0dd5acc4c00da5cea7&version_check=1 HTTP/1.1" 200 12687 "-" "Mozilla/5.0 (compatible; SemrushBot/7~bl; +http://www.semrush.com/bot.html)" "tekmedicgloves.com"
185.191.171.16 - - [26/Nov/2022:07:17:09 -0800] "GET /phpMyAdmin/setup/?token=0cf2f2b84f9e3a986a17270119f48162&version_check=1 HTTP/1.1" 200 12691 "-" "Mozilla/5.0 (compatible; SemrushBot/7~bl; +http://www.semrush.com/bot.html)" "www.tekmedicgloves.com"
185.191.171.25 - - [26/Nov/2022:07:17:10 -0800] "GET /phpMyAdmin/setup/?token=d47305339b17a36c0d11a9c0d29bc5b1&version_check=1 HTTP/1.1" 200 12687 "-" "Mozilla/5.0 (compatible; SemrushBot/7~bl; +http://www.semrush.com/bot.html)" "tekmedicgloves.com"
185.191.171.38 - - [26/Nov/2022:07:17:11 -0800] "GET /phpMyAdmin/setup/?token=b746dc7e78313750972aeaab165ea359&version_check=1 HTTP/1.1" 200 12691 "-" "Mozilla/5.0 (compatible; SemrushBot/7~bl; +http://www.semrush.com/bot.html)" "www.tekmedicgloves.com"
185.191.171.7 - - [26/Nov/2022:07:17:58 -0800] "GET /phpMyAdmin/setup/?token=d45fe2da9429447c776ff3bc0a4eb74a&version_check=1 HTTP/1.1" 200 12687 "-" "Mozilla/5.0 (compatible; SemrushBot/7~bl; +http://www.semrush.com/bot.html)" "tekmedicgloves.com"
185.191.171.42 - - [26/Nov/2022:07:18:10 -0800] "GET /phpMyAdmin/setup/?token=b835937b3938cba98719ea06e8216fa2&version_check=1 HTTP/1.1" 200 12691 "-" "Mozilla/5.0 (compatible; SemrushBot/7~bl; +http://www.semrush.com/bot.html)" "www.tekmedicgloves.com"
185.191.171.45 - - [26/Nov/2022:07:18:21 -0800] "GET /phpMyAdmin/setup/?token=f92abcf7d8038475e528ec681197e503&version_check=1 HTTP/1.1" 200 12687 "-" "Mozilla/5.0 (compatible; SemrushBot/7~bl; +http://www.semrush.com/bot.html)" "tekmedicgloves.com"
185.191.171.35 - - [26/Nov/2022:07:18:28 -0800] "GET /phpMyAdmin/setup/?token=dab35b408ac52c09d56492ae36c384de&version_check=1 HTTP/1.1" 200 12691 "-" "Mozilla/5.0 (compatible; SemrushBot/7~bl; +http://www.semrush.com/bot.html)" "www.tekmedicgloves.com"
185.191.171.40 - - [26/Nov/2022:07:18:30 -0800] "GET /phpMyAdmin/setup/?token=e39b2459626452ac2d5aadc116cf78f2&version_check=1 HTTP/1.1" 200 12691 "-" "Mozilla/5.0 (compatible; SemrushBot/7~bl; +http://www.semrush.com/bot.html)" "www.tekmedicgloves.com"
185.191.171.36 - - [26/Nov/2022:07:18:45 -0800] "GET /phpMyAdmin/setup/?token=fd2a500c2f88de1f55c76a2444fafae3&version_check=1 HTTP/1.1" 200 12687 "-" "Mozilla/5.0 (compatible; SemrushBot/7~bl; +http://www.semrush.com/bot.html)" "tekmedicgloves.com"
185.191.171.45 - - [26/Nov/2022:07:19:15 -0800] "GET /phpMyAdmin/setup/?token=dd43b740f689269d63de453f3e75f163&version_check=1 HTTP/1.1" 200 12691 "-" "Mozilla/5.0 (compatible; SemrushBot/7~bl; +http://www.semrush.com/bot.html)" "www.tekmedicgloves.com"
185.191.171.25 - - [26/Nov/2022:07:19:28 -0800] "GET /phpMyAdmin/setup/?token=e4a3c5de3ccf56badb22472862144787&version_check=1 HTTP/1.1" 200 12691 "-" "Mozilla/5.0 (compatible; SemrushBot/7~bl; +http://www.semrush.com/bot.html)" "www.tekmedicgloves.com"
185.191.171.26 - - [26/Nov/2022:07:19:29 -0800] "GET /phpMyAdmin/setup/?token=c17b8b1b57a7b29184e515ef1d1019e4&version_check=1 HTTP/1.1" 200 12687 "-" "Mozilla/5.0 (compatible; SemrushBot/7~bl; +http://www.semrush.com/bot.html)" "tekmedicgloves.com"
185.191.171.14 - - [26/Nov/2022:07:19:36 -0800] "GET /phpMyAdmin/setup/?token=08975cee233583ae5dedf6367414bdc3&version_check=1 HTTP/1.1" 200 12691 "-" "Mozilla/5.0 (compatible; SemrushBot/7~bl; +http://www.semrush.com/bot.html)" "www.tekmedicgloves.com"
185.191.171.22 - - [26/Nov/2022:07:19:44 -0800] "GET /phpMyAdmin/setup/?token=c8a4d45a998474b251fd0d17c569efd6&version_check=1 HTTP/1.1" 200 12687 "-" "Mozilla/5.0 (compatible; SemrushBot/7~bl; +http://www.semrush.com/bot.html)" "tekmedicgloves.com"
185.191.171.25 - - [26/Nov/2022:07:19:51 -0800] "GET /phpMyAdmin/setup/?token=cb46424ecc0f0fbc205be864cff9de7b&version_check=1 HTTP/1.1" 200 12687 "-" "Mozilla/5.0 (compatible; SemrushBot/7~bl; +http://www.semrush.com/bot.html)" "tekmedicgloves.com"
185.191.171.38 - - [26/Nov/2022:07:19:53 -0800] "GET /phpMyAdmin/setup/?token=c750efd71882afba27ee7e85fd5a180a&version_check=1 HTTP/1.1" 200 12687 "-" "Mozilla/5.0 (compatible; SemrushBot/7~bl; +http://www.semrush.com/bot.html)" "tekmedicgloves.com"
185.191.171.25 - - [26/Nov/2022:07:19:55 -0800] "GET /phpMyAdmin/setup/?token=f0dadab619668cf6172630049a5713f3&version_check=1 HTTP/1.1" 200 12687 "-" "Mozilla/5.0 (compatible; SemrushBot/7~bl; +http://www.semrush.com/bot.html)" "tekmedicgloves.com"
185.191.171.23 - - [26/Nov/2022:07:20:10 -0800] "GET /phpMyAdmin/setup/?token=dabb16fb83772230348878ebf5aeb77d&version_check=1 HTTP/1.1" 200 12691 "-" "Mozilla/5.0 (compatible; SemrushBot/7~bl; +http://www.semrush.com/bot.html)" "www.tekmedicgloves.com"
185.191.171.44 - - [26/Nov/2022:07:20:14 -0800] "GET /phpMyAdmin/setup/?token=b7b48ed3694da651afc9885f1f054e21&version_check=1 HTTP/1.1" 200 12691 "-" "Mozilla/5.0 (compatible; SemrushBot/7~bl; +http://www.semrush.com/bot.html)" "www.tekmedicgloves.com"
185.191.171.18 - - [26/Nov/2022:07:20:23 -0800] "GET /phpMyAdmin/setup/?token=cb198ddd9ccc0afd07413d3069692c1e&version_check=1 HTTP/1.1" 200 12687 "-" "Mozilla/5.0 (compatible; SemrushBot/7~bl; +http://www.semrush.com/bot.html)" "tekmedicgloves.com"
185.191.171.14 - - [26/Nov/2022:07:20:28 -0800] "GET /phpMyAdmin/setup/?token=e51ec08e48146955612896bef3bb21e1&version_check=1 HTTP/1.1" 200 12691 "-" "Mozilla/5.0 (compatible; SemrushBot/7~bl; +http://www.semrush.com/bot.html)" "www.tekmedicgloves.com"
185.191.171.10 - - [26/Nov/2022:07:20:40 -0800] "GET /phpMyAdmin/setup/?token=c4f1c850d9989f32190f501fb2d9fc3e&version_check=1 HTTP/1.1" 200 12691 "-" "Mozilla/5.0 (compatible; SemrushBot/7~bl; +http://www.semrush.com/bot.html)" "www.tekmedicgloves.com"
185.191.171.3 - - [26/Nov/2022:07:21:37 -0800] "GET /phpMyAdmin/setup/?token=edc0b556ca142e4c99915e9f79f8a875&version_check=1 HTTP/1.1" 200 12691 "-" "Mozilla/5.0 (compatible; SemrushBot/7~bl; +http://www.semrush.com/bot.html)" "www.tekmedicgloves.com"
185.191.171.11 - - [26/Nov/2022:07:22:31 -0800] "GET /phpMyAdmin/setup/?token=cfb8142b6997197dd37ce0e90b841fce&version_check=1 HTTP/1.1" 200 12687 "-" "Mozilla/5.0 (compatible; SemrushBot/7~bl; +http://www.semrush.com/bot.html)" "tekmedicgloves.com"
185.191.171.4 - - [26/Nov/2022:07:22:39 -0800] "GET /phpMyAdmin/setup/?token=c8ec84ab5edd2f9c018b8c896b93c5ee&version_check=1 HTTP/1.1" 200 12687 "-" "Mozilla/5.0 (compatible; SemrushBot/7~bl; +http://www.semrush.com/bot.html)" "tekmedicgloves.com"
185.191.171.35 - - [26/Nov/2022:07:22:41 -0800] "GET /phpMyAdmin/setup/?token=05fcb1ba7e1be4b43b15ab6220bfb111&version_check=1 HTTP/1.1" 200 12691 "-" "Mozilla/5.0 (compatible; SemrushBot/7~bl; +http://www.semrush.com/bot.html)" "www.tekmedicgloves.com"
185.191.171.45 - - [26/Nov/2022:07:22:48 -0800] "GET /phpMyAdmin/setup/?token=da214a58e6149c3fd09fffb26cd4a262&version_check=1 HTTP/1.1" 200 12691 "-" "Mozilla/5.0 (compatible; SemrushBot/7~bl; +http://www.semrush.com/bot.html)" "www.tekmedicgloves.com"
185.191.171.13 - - [26/Nov/2022:07:23:08 -0800] "GET /phpMyAdmin/setup/?token=cabb3855075b1a382d47cb14b445b3b1&version_check=1 HTTP/1.1" 200 12687 "-" "Mozilla/5.0 (compatible; SemrushBot/7~bl; +http://www.semrush.com/bot.html)" "tekmedicgloves.com"
185.191.171.45 - - [26/Nov/2022:07:23:20 -0800] "GET /phpMyAdmin/setup/?token=c1e7b609513556e862a296d1c56fcc0e&version_check=1 HTTP/1.1" 200 12687 "-" "Mozilla/5.0 (compatible; SemrushBot/7~bl; +http://www.semrush.com/bot.html)" "tekmedicgloves.com"
185.191.171.4 - - [26/Nov/2022:07:23:44 -0800] "GET /phpMyAdmin/setup/?token=fae53326683a73e3aecf4a35e9e7b893&version_check=1 HTTP/1.1" 200 12691 "-" "Mozilla/5.0 (compatible; SemrushBot/7~bl; +http://www.semrush.com/bot.html)" "www.tekmedicgloves.com"
185.191.171.25 - - [26/Nov/2022:07:23:47 -0800] "GET /phpMyAdmin/setup/?token=cdc1128388c7f9b94c440ba3d56cb39a&version_check=1 HTTP/1.1" 200 12687 "-" "Mozilla/5.0 (compatible; SemrushBot/7~bl; +http://www.semrush.com/bot.html)" "tekmedicgloves.com"
185.191.171.42 - - [26/Nov/2022:07:23:57 -0800] "GET /phpMyAdmin/setup/?token=dbc831d72eaddb88e973fbf1f46725c2&version_check=1 HTTP/1.1" 200 12691 "-" "Mozilla/5.0 (compatible; SemrushBot/7~bl; +http://www.semrush.com/bot.html)" "www.tekmedicgloves.com"
185.191.171.10 - - [26/Nov/2022:07:23:58 -0800] "GET /phpMyAdmin/setup/?token=d0bbba733314a8888f3f0ea7b3efe12a&version_check=1 HTTP/1.1" 200 12687 "-" "Mozilla/5.0 (compatible; SemrushBot/7~bl; +http://www.semrush.com/bot.html)" "tekmedicgloves.com"
185.191.171.37 - - [26/Nov/2022:07:23:59 -0800] "GET /robots.txt HTTP/1.1" 404 88 "-" "Mozilla/5.0 (compatible; SemrushBot/7~bl; +http://www.semrush.com/bot.html)" "tekmedicgloves.com"
185.191.171.4 - - [26/Nov/2022:07:24:00 -0800] "GET /phpMyAdmin/setup/?token=c7dd75ab75f553e6e7e48e8867b158c2&version_check=1 HTTP/1.1" 200 12687 "-" "Mozilla/5.0 (compatible; SemrushBot/7~bl; +http://www.semrush.com/bot.html)" "tekmedicgloves.com"
185.191.171.3 - - [26/Nov/2022:07:24:05 -0800] "GET /phpMyAdmin/setup/?token=eaaa19a5926f92da62ca5d36c983b9bb&version_check=1 HTTP/1.1" 200 12691 "-" "Mozilla/5.0 (compatible; SemrushBot/7~bl; +http://www.semrush.com/bot.html)" "www.tekmedicgloves.com"
185.191.171.43 - - [26/Nov/2022:07:24:41 -0800] "GET /phpMyAdmin/setup/?token=c78a50cd2d0602254c6e4071b2d02505&version_check=1 HTTP/1.1" 200 12687 "-" "Mozilla/5.0 (compatible; SemrushBot/7~bl; +http://www.semrush.com/bot.html)" "tekmedicgloves.com"
185.191.171.43 - - [26/Nov/2022:07:24:43 -0800] "GET /phpMyAdmin/setup/?token=01f07b6fb710d20fdad42f2fd45a573d&version_check=1 HTTP/1.1" 200 12691 "-" "Mozilla/5.0 (compatible; SemrushBot/7~bl; +http://www.semrush.com/bot.html)" "www.tekmedicgloves.com"
185.191.171.22 - - [26/Nov/2022:07:24:55 -0800] "GET /phpMyAdmin/setup/?token=00447c9828b9c2ed94de5f9d78cd3845&version_check=1 HTTP/1.1" 200 12687 "-" "Mozilla/5.0 (compatible; SemrushBot/7~bl; +http://www.semrush.com/bot.html)" "tekmedicgloves.com"
185.191.171.22 - - [26/Nov/2022:07:25:36 -0800] "GET /phpMyAdmin/setup/?token=e5ee329a9da78f1edce125d98062d0ac&version_check=1 HTTP/1.1" 200 12691 "-" "Mozilla/5.0 (compatible; SemrushBot/7~bl; +http://www.semrush.com/bot.html)" "www.tekmedicgloves.com"
185.191.171.40 - - [26/Nov/2022:07:25:46 -0800] "GET /phpMyAdmin/setup/?token=d9cf498959f2fa65e4bc277d8fe7c231&version_check=1 HTTP/1.1" 200 12691 "-" "Mozilla/5.0 (compatible; SemrushBot/7~bl; +http://www.semrush.com/bot.html)" "www.tekmedicgloves.com"
185.191.171.35 - - [26/Nov/2022:07:25:50 -0800] "GET /phpMyAdmin/setup/?token=ce0e366786ff93d38d278fee23139288&version_check=1 HTTP/1.1" 200 12687 "-" "Mozilla/5.0 (compatible; SemrushBot/7~bl; +http://www.semrush.com/bot.html)" "tekmedicgloves.com"
185.191.171.15 - - [26/Nov/2022:07:26:46 -0800] "GET /phpMyAdmin/setup/?token=bb840e1c8a87b9bdb60cd33698ab83f5&version_check=1 HTTP/1.1" 200 12691 "-" "Mozilla/5.0 (compatible; SemrushBot/7~bl; +http://www.semrush.com/bot.html)" "www.tekmedicgloves.com"
185.191.171.43 - - [26/Nov/2022:07:27:38 -0800] "GET /phpMyAdmin/setup/?token=ba79dd91b2d3a531ba2c62686ab3a238&version_check=1 HTTP/1.1" 200 12691 "-" "Mozilla/5.0 (compatible; SemrushBot/7~bl; +http://www.semrush.com/bot.html)" "www.tekmedicgloves.com"
185.191.171.20 - - [26/Nov/2022:07:27:41 -0800] "GET /phpMyAdmin/setup/?token=ee3cbece45ceb8518cedd98a69e10137&version_check=1 HTTP/1.1" 200 12687 "-" "Mozilla/5.0 (compatible; SemrushBot/7~bl; +http://www.semrush.com/bot.html)" "tekmedicgloves.com"
185.191.171.34 - - [26/Nov/2022:07:27:48 -0800] "GET /phpMyAdmin/setup/?token=0a55b12ff64e71de2daa5aaaf3f4b391&version_check=1 HTTP/1.1" 200 12691 "-" "Mozilla/5.0 (compatible; SemrushBot/7~bl; +http://www.semrush.com/bot.html)" "www.tekmedicgloves.com"
185.191.171.20 - - [26/Nov/2022:07:28:00 -0800] "GET /phpMyAdmin/setup/?token=daae18cf9ad08de80a8700b82b3d6423&version_check=1 HTTP/1.1" 200 12691 "-" "Mozilla/5.0 (compatible; SemrushBot/7~bl; +http://www.semrush.com/bot.html)" "www.tekmedicgloves.com"
185.191.171.13 - - [26/Nov/2022:07:28:02 -0800] "GET /phpMyAdmin/setup/?token=c90209647843ed34c3f7e699c3d086c0&version_check=1 HTTP/1.1" 200 12687 "-" "Mozilla/5.0 (compatible; SemrushBot/7~bl; +http://www.semrush.com/bot.html)" "tekmedicgloves.com"
185.191.171.18 - - [26/Nov/2022:07:28:05 -0800] "GET /phpMyAdmin/setup/?token=c845036ebb5e12708db0ce9052cf3543&version_check=1 HTTP/1.1" 200 12691 "-" "Mozilla/5.0 (compatible; SemrushBot/7~bl; +http://www.semrush.com/bot.html)" "www.tekmedicgloves.com"
185.191.171.2 - - [26/Nov/2022:07:28:09 -0800] "GET /phpMyAdmin/setup/?token=066945608ba55d11475ec6feacec7cef&version_check=1 HTTP/1.1" 200 12691 "-" "Mozilla/5.0 (compatible; SemrushBot/7~bl; +http://www.semrush.com/bot.html)" "www.tekmedicgloves.com"
185.191.171.36 - - [26/Nov/2022:07:28:15 -0800] "GET /phpMyAdmin/setup/?token=dfa78d7aeec5ffa81fafb6d5d5fc64fc&version_check=1 HTTP/1.1" 200 12687 "-" "Mozilla/5.0 (compatible; SemrushBot/7~bl; +http://www.semrush.com/bot.html)" "tekmedicgloves.com"
185.191.171.7 - - [26/Nov/2022:07:28:24 -0800] "GET /phpMyAdmin/setup/?token=ffbe99447de65579bcf36fd20af7a5dd&version_check=1 HTTP/1.1" 200 12687 "-" "Mozilla/5.0 (compatible; SemrushBot/7~bl; +http://www.semrush.com/bot.html)" "tekmedicgloves.com"
185.191.171.21 - - [26/Nov/2022:07:28:26 -0800] "GET /phpMyAdmin/setup/?token=12f07c3697ef6b2125bab1b4258c8568&version_check=1 HTTP/1.1" 200 12687 "-" "Mozilla/5.0 (compatible; SemrushBot/7~bl; +http://www.semrush.com/bot.html)" "tekmedicgloves.com"
185.191.171.18 - - [26/Nov/2022:07:28:31 -0800] "GET /phpMyAdmin/setup/?token=e0f89ad525a7c787bd05d81211a9eb77&version_check=1 HTTP/1.1" 200 12691 "-" "Mozilla/5.0 (compatible; SemrushBot/7~bl; +http://www.semrush.com/bot.html)" "www.tekmedicgloves.com"
185.191.171.12 - - [26/Nov/2022:07:28:46 -0800] "GET /phpMyAdmin/setup/?token=d844909bcd4536d81d40546f581c7090&version_check=1 HTTP/1.1" 200 12691 "-" "Mozilla/5.0 (compatible; SemrushBot/7~bl; +http://www.semrush.com/bot.html)" "www.tekmedicgloves.com"
185.191.171.26 - - [26/Nov/2022:07:28:55 -0800] "GET /phpMyAdmin/setup/?token=d767e2a91ac5f57fc43fedcc294c425a&version_check=1 HTTP/1.1" 200 12687 "-" "Mozilla/5.0 (compatible; SemrushBot/7~bl; +http://www.semrush.com/bot.html)" "tekmedicgloves.com"
185.191.171.40 - - [26/Nov/2022:07:29:00 -0800] "GET /phpMyAdmin/setup/?token=c1e172d2e85ff63772c7885e2e7e93cf&version_check=1 HTTP/1.1" 200 12687 "-" "Mozilla/5.0 (compatible; SemrushBot/7~bl; +http://www.semrush.com/bot.html)" "tekmedicgloves.com"
185.191.171.6 - - [26/Nov/2022:07:29:12 -0800] "GET /phpMyAdmin/setup/?token=c353629492765eb0de9b4d76156b7923&version_check=1 HTTP/1.1" 200 12687 "-" "Mozilla/5.0 (compatible; SemrushBot/7~bl; +http://www.semrush.com/bot.html)" "tekmedicgloves.com"
185.191.171.9 - - [26/Nov/2022:07:29:30 -0800] "GET /phpMyAdmin/setup/?token=c56199fabfc10f2d5aceecf39e1384e3&version_check=1 HTTP/1.1" 200 12687 "-" "Mozilla/5.0 (compatible; SemrushBot/7~bl; +http://www.semrush.com/bot.html)" "tekmedicgloves.com"
185.191.171.26 - - [26/Nov/2022:07:29:35 -0800] "GET /phpMyAdmin/setup/?token=e72cafd28a6eb2592fc87309b0033fe5&version_check=1 HTTP/1.1" 200 12691 "-" "Mozilla/5.0 (compatible; SemrushBot/7~bl; +http://www.semrush.com/bot.html)" "www.tekmedicgloves.com"
185.191.171.13 - - [26/Nov/2022:07:29:45 -0800] "GET /phpMyAdmin/setup/?token=c1fd816d0d9c1d3de454c97c814cf8d1&version_check=1 HTTP/1.1" 200 12687 "-" "Mozilla/5.0 (compatible; SemrushBot/7~bl; +http://www.semrush.com/bot.html)" "tekmedicgloves.com"
185.191.171.35 - - [26/Nov/2022:07:30:29 -0800] "GET /phpMyAdmin/setup/?token=d92003edec9fda643d517ae56fd190da&version_check=1 HTTP/1.1" 200 12687 "-" "Mozilla/5.0 (compatible; SemrushBot/7~bl; +http://www.semrush.com/bot.html)" "tekmedicgloves.com"
185.191.171.13 - - [26/Nov/2022:07:30:33 -0800] "GET /phpMyAdmin/setup/?token=010a32e1e6ff05eb4261a2689625e7ae&version_check=1 HTTP/1.1" 200 12691 "-" "Mozilla/5.0 (compatible; SemrushBot/7~bl; +http://www.semrush.com/bot.html)" "www.tekmedicgloves.com"
185.191.171.42 - - [26/Nov/2022:07:30:46 -0800] "GET /phpMyAdmin/setup/?token=ee88cab296b72f791434f2175c0106ea&version_check=1 HTTP/1.1" 200 12691 "-" "Mozilla/5.0 (compatible; SemrushBot/7~bl; +http://www.semrush.com/bot.html)" "www.tekmedicgloves.com"
185.191.171.5 - - [26/Nov/2022:07:31:33 -0800] "GET /phpMyAdmin/setup/?token=f9f168ef965d16d68372bfad45f1821b&version_check=1 HTTP/1.1" 200 12691 "-" "Mozilla/5.0 (compatible; SemrushBot/7~bl; +http://www.semrush.com/bot.html)" "www.tekmedicgloves.com"
185.191.171.16 - - [26/Nov/2022:07:31:41 -0800] "GET /phpMyAdmin/setup/?token=bcf7659e94ae1e8a8769e5f7a9ba6afe&version_check=1 HTTP/1.1" 200 12691 "-" "Mozilla/5.0 (compatible; SemrushBot/7~bl; +http://www.semrush.com/bot.html)" "www.tekmedicgloves.com"
185.191.171.19 - - [26/Nov/2022:07:31:44 -0800] "GET /phpMyAdmin/setup/?token=054039a6f295818646740cf3e3d15149&version_check=1 HTTP/1.1" 200 12687 "-" "Mozilla/5.0 (compatible; SemrushBot/7~bl; +http://www.semrush.com/bot.html)" "tekmedicgloves.com"
185.191.171.16 - - [26/Nov/2022:07:32:13 -0800] "GET /robots.txt HTTP/1.1" 404 88 "-" "Mozilla/5.0 (compatible; SemrushBot/7~bl; +http://www.semrush.com/bot.html)" "www.tekmedicgloves.com"
185.191.171.25 - - [26/Nov/2022:07:32:13 -0800] "GET /phpMyAdmin/setup/?token=c4c119321d19e094510efe4d89a802d5&version_check=1 HTTP/1.1" 200 12691 "-" "Mozilla/5.0 (compatible; SemrushBot/7~bl; +http://www.semrush.com/bot.html)" "www.tekmedicgloves.com"
185.191.171.18 - - [26/Nov/2022:07:32:35 -0800] "GET /phpMyAdmin/setup/?token=0b12ee2ca2dfc96510c15cb84c596f08&version_check=1 HTTP/1.1" 200 12691 "-" "Mozilla/5.0 (compatible; SemrushBot/7~bl; +http://www.semrush.com/bot.html)" "www.tekmedicgloves.com"
185.191.171.40 - - [26/Nov/2022:07:32:37 -0800] "GET /phpMyAdmin/setup/?token=0a827dd94bf2926d927464166b62cc3c&version_check=1 HTTP/1.1" 200 12691 "-" "Mozilla/5.0 (compatible; SemrushBot/7~bl; +http://www.semrush.com/bot.html)" "www.tekmedicgloves.com"
185.191.171.15 - - [26/Nov/2022:07:33:04 -0800] "GET /phpMyAdmin/setup/?token=c3c3348e7d459c6af4b10896ee805fee&version_check=1 HTTP/1.1" 200 12687 "-" "Mozilla/5.0 (compatible; SemrushBot/7~bl; +http://www.semrush.com/bot.html)" "tekmedicgloves.com"
185.191.171.26 - - [26/Nov/2022:07:33:09 -0800] "GET /phpMyAdmin/setup/?token=fd42452cbaf991471278ce4637d4672d&version_check=1 HTTP/1.1" 200 12691 "-" "Mozilla/5.0 (compatible; SemrushBot/7~bl; +http://www.semrush.com/bot.html)" "www.tekmedicgloves.com"
185.191.171.2 - - [26/Nov/2022:07:33:17 -0800] "GET /phpMyAdmin/setup/?token=c323b413c7d48f7266e3f961dc8c21b2&version_check=1 HTTP/1.1" 200 12687 "-" "Mozilla/5.0 (compatible; SemrushBot/7~bl; +http://www.semrush.com/bot.html)" "tekmedicgloves.com"
185.191.171.5 - - [26/Nov/2022:07:33:33 -0800] "GET /phpMyAdmin/setup/?token=02c4037873f7225d41984e2eca53e96c&version_check=1 HTTP/1.1" 200 12687 "-" "Mozilla/5.0 (compatible; SemrushBot/7~bl; +http://www.semrush.com/bot.html)" "tekmedicgloves.com"
185.191.171.22 - - [26/Nov/2022:07:33:49 -0800] "GET /phpMyAdmin/setup/?token=05af5817b32e773045e8abcbb64abb29&version_check=1 HTTP/1.1" 200 12691 "-" "Mozilla/5.0 (compatible; SemrushBot/7~bl; +http://www.semrush.com/bot.html)" "www.tekmedicgloves.com"
185.191.171.18 - - [26/Nov/2022:07:33:55 -0800] "GET /phpMyAdmin/setup/?token=dc91f51270ccae264a42f1e1d0b08832&version_check=1 HTTP/1.1" 200 12687 "-" "Mozilla/5.0 (compatible; SemrushBot/7~bl; +http://www.semrush.com/bot.html)" "tekmedicgloves.com"
185.191.171.11 - - [26/Nov/2022:07:34:06 -0800] "GET /phpMyAdmin/setup/?token=c30e6148f9bb1dbeff2d06537c8628ce&version_check=1 HTTP/1.1" 200 12687 "-" "Mozilla/5.0 (compatible; SemrushBot/7~bl; +http://www.semrush.com/bot.html)" "tekmedicgloves.com"
185.191.171.19 - - [26/Nov/2022:07:34:11 -0800] "GET /phpMyAdmin/setup/?token=f2ff7b813f14465cb01d369752d76d36&version_check=1 HTTP/1.1" 200 12691 "-" "Mozilla/5.0 (compatible; SemrushBot/7~bl; +http://www.semrush.com/bot.html)" "www.tekmedicgloves.com"
185.191.171.5 - - [26/Nov/2022:07:34:14 -0800] "GET /phpMyAdmin/setup/?token=c620bab6d00efb783b3fa9385325c896&version_check=1 HTTP/1.1" 200 12687 "-" "Mozilla/5.0 (compatible; SemrushBot/7~bl; +http://www.semrush.com/bot.html)" "tekmedicgloves.com"
185.191.171.21 - - [26/Nov/2022:07:34:24 -0800] "GET /phpMyAdmin/setup/?token=07981614031f0dee25e04d7ea8039529&version_check=1 HTTP/1.1" 200 12687 "-" "Mozilla/5.0 (compatible; SemrushBot/7~bl; +http://www.semrush.com/bot.html)" "tekmedicgloves.com"
185.191.171.24 - - [26/Nov/2022:07:34:36 -0800] "GET /phpMyAdmin/setup/?token=d9b3943c9f3b2c5fa16f3ae7ca3301dd&version_check=1 HTTP/1.1" 200 12691 "-" "Mozilla/5.0 (compatible; SemrushBot/7~bl; +http://www.semrush.com/bot.html)" "www.tekmedicgloves.com"
185.191.171.6 - - [26/Nov/2022:07:34:55 -0800] "GET /phpMyAdmin/setup/?token=daf693b2d96abcd31d77c14e9e94c040&version_check=1 HTTP/1.1" 200 12687 "-" "Mozilla/5.0 (compatible; SemrushBot/7~bl; +http://www.semrush.com/bot.html)" "tekmedicgloves.com"
185.191.171.24 - - [26/Nov/2022:07:34:57 -0800] "GET /phpMyAdmin/setup/?token=bd1cc103241401a5f6fecd235ef5165a&version_check=1 HTTP/1.1" 200 12691 "-" "Mozilla/5.0 (compatible; SemrushBot/7~bl; +http://www.semrush.com/bot.html)" "www.tekmedicgloves.com"
185.191.171.44 - - [26/Nov/2022:07:35:05 -0800] "GET /phpMyAdmin/setup/?token=e24a5cfa79eae660c9223f7506b070ab&version_check=1 HTTP/1.1" 200 12691 "-" "Mozilla/5.0 (compatible; SemrushBot/7~bl; +http://www.semrush.com/bot.html)" "www.tekmedicgloves.com"
185.191.171.22 - - [26/Nov/2022:07:35:22 -0800] "GET /phpMyAdmin/setup/?token=be3f49cbdf2587b96debc2089204dd67&version_check=1 HTTP/1.1" 200 12691 "-" "Mozilla/5.0 (compatible; SemrushBot/7~bl; +http://www.semrush.com/bot.html)" "www.tekmedicgloves.com"
185.191.171.4 - - [26/Nov/2022:07:35:37 -0800] "GET /phpMyAdmin/setup/?token=c3617e9234bee7a941441f0c5d443b2f&version_check=1 HTTP/1.1" 200 12687 "-" "Mozilla/5.0 (compatible; SemrushBot/7~bl; +http://www.semrush.com/bot.html)" "tekmedicgloves.com"
185.191.171.26 - - [26/Nov/2022:07:36:01 -0800] "GET /phpMyAdmin/setup/?token=eda0a895a98849718e081186295f326f&version_check=1 HTTP/1.1" 200 12687 "-" "Mozilla/5.0 (compatible; SemrushBot/7~bl; +http://www.semrush.com/bot.html)" "tekmedicgloves.com"
185.191.171.8 - - [26/Nov/2022:07:36:12 -0800] "GET /phpMyAdmin/setup/?token=00dc28582ef722fc1d192fdf8d97e295&version_check=1 HTTP/1.1" 200 12687 "-" "Mozilla/5.0 (compatible; SemrushBot/7~bl; +http://www.semrush.com/bot.html)" "tekmedicgloves.com"
185.191.171.3 - - [26/Nov/2022:07:36:30 -0800] "GET /phpMyAdmin/setup/?token=e3844edccc25f818c122357a11239e6d&version_check=1 HTTP/1.1" 200 12691 "-" "Mozilla/5.0 (compatible; SemrushBot/7~bl; +http://www.semrush.com/bot.html)" "www.tekmedicgloves.com"
185.191.171.9 - - [26/Nov/2022:07:36:48 -0800] "GET /phpMyAdmin/setup/?token=c7ff50d2f7ec2cda375bdc46d4420ba1&version_check=1 HTTP/1.1" 200 12687 "-" "Mozilla/5.0 (compatible; SemrushBot/7~bl; +http://www.semrush.com/bot.html)" "tekmedicgloves.com"
185.191.171.26 - - [26/Nov/2022:07:36:55 -0800] "GET /phpMyAdmin/setup/?token=d17b0efd9ab1e899cff7789eb22b03aa&version_check=1 HTTP/1.1" 200 12687 "-" "Mozilla/5.0 (compatible; SemrushBot/7~bl; +http://www.semrush.com/bot.html)" "tekmedicgloves.com"
185.191.171.5 - - [26/Nov/2022:07:36:57 -0800] "GET /phpMyAdmin/setup/?token=e41e017a5428111419d4724cb7d3dd5d&version_check=1 HTTP/1.1" 200 12691 "-" "Mozilla/5.0 (compatible; SemrushBot/7~bl; +http://www.semrush.com/bot.html)" "www.tekmedicgloves.com"
185.191.171.24 - - [26/Nov/2022:07:37:00 -0800] "GET /phpMyAdmin/setup/?token=daadcc1f6b4de4fc04d2a6ae99d00f12&version_check=1 HTTP/1.1" 200 12687 "-" "Mozilla/5.0 (compatible; SemrushBot/7~bl; +http://www.semrush.com/bot.html)" "tekmedicgloves.com"
185.191.171.6 - - [26/Nov/2022:07:37:10 -0800] "GET /phpMyAdmin/setup/?token=025dd5b95b10294f9dba51b9efff325e&version_check=1 HTTP/1.1" 200 12687 "-" "Mozilla/5.0 (compatible; SemrushBot/7~bl; +http://www.semrush.com/bot.html)" "tekmedicgloves.com"
185.191.171.38 - - [26/Nov/2022:07:37:11 -0800] "GET /phpMyAdmin/setup/?token=04ff8a1cb2baf1af350027be55fb7cc6&version_check=1 HTTP/1.1" 200 12691 "-" "Mozilla/5.0 (compatible; SemrushBot/7~bl; +http://www.semrush.com/bot.html)" "www.tekmedicgloves.com"
185.191.171.4 - - [26/Nov/2022:07:37:21 -0800] "GET /phpMyAdmin/setup/?token=b2a52d69db776fb52aa8b448a6476b83&version_check=1 HTTP/1.1" 200 12691 "-" "Mozilla/5.0 (compatible; SemrushBot/7~bl; +http://www.semrush.com/bot.html)" "www.tekmedicgloves.com"
185.191.171.42 - - [26/Nov/2022:07:37:21 -0800] "GET /phpMyAdmin/setup/?token=e017fa115ce7e9fe7c3ad799255b6fc3&version_check=1 HTTP/1.1" 200 12687 "-" "Mozilla/5.0 (compatible; SemrushBot/7~bl; +http://www.semrush.com/bot.html)" "tekmedicgloves.com"
185.191.171.6 - - [26/Nov/2022:07:37:29 -0800] "GET /phpMyAdmin/setup/?token=e2cd585831b61b1be32aebeffde57497&version_check=1 HTTP/1.1" 200 12687 "-" "Mozilla/5.0 (compatible; SemrushBot/7~bl; +http://www.semrush.com/bot.html)" "tekmedicgloves.com"
185.191.171.25 - - [26/Nov/2022:07:37:32 -0800] "GET /phpMyAdmin/setup/?token=9a42db3c8ead2a38fc430f2c1cfc9a0f&version_check=1 HTTP/1.1" 200 12687 "-" "Mozilla/5.0 (compatible; SemrushBot/7~bl; +http://www.semrush.com/bot.html)" "tekmedicgloves.com"
35.161.166.141 - - [26/Nov/2022:07:38:08 -0800] "GET / HTTP/1.1" 200 347 "-" "Mozilla/5.0 (X11; Linux x86_64) AppleWebKit/537.36 (KHTML, like Gecko) Chrome/83.0.4103.97 Safari/537.36" "tekmedicgloves.com"
54.214.123.205 - - [26/Nov/2022:07:38:14 -0800] "GET / HTTP/1.1" 200 347 "-" "Mozilla/5.0 (X11; Linux x86_64) AppleWebKit/537.36 (KHTML, like Gecko) Chrome/83.0.4103.97 Safari/537.36" "tekmedicgloves.com"
54.191.88.61 - - [26/Nov/2022:07:38:29 -0800] "GET /favicon.ico HTTP/1.1" 404 88 "-" "Mozilla/5.0 (X11; Linux x86_64) AppleWebKit/537.36 (KHTML, like Gecko) Chrome/83.0.4103.97 Safari/537.36" "tekmedicgloves.com"
185.191.171.36 - - [26/Nov/2022:07:38:30 -0800] "GET /phpMyAdmin/setup/?token=c5bb8c5dd17818781458ba5087da9c7e&version_check=1 HTTP/1.1" 200 12687 "-" "Mozilla/5.0 (compatible; SemrushBot/7~bl; +http://www.semrush.com/bot.html)" "tekmedicgloves.com"
54.191.88.61 - - [26/Nov/2022:07:38:31 -0800] "GET / HTTP/1.1" 200 347 "-" "Mozilla/5.0 (X11; Linux x86_64) AppleWebKit/537.36 (KHTML, like Gecko) Chrome/83.0.4103.97 Safari/537.36" "tekmedicgloves.com"
52.39.104.192 - - [26/Nov/2022:07:38:36 -0800] "GET /favicon.ico HTTP/1.1" 404 88 "-" "Mozilla/5.0 (X11; Linux x86_64) AppleWebKit/537.36 (KHTML, like Gecko) Chrome/83.0.4103.97 Safari/537.36" "tekmedicgloves.com"
52.39.104.192 - - [26/Nov/2022:07:38:37 -0800] "GET / HTTP/1.1" 200 347 "-" "Mozilla/5.0 (X11; Linux x86_64) AppleWebKit/537.36 (KHTML, like Gecko) Chrome/83.0.4103.97 Safari/537.36" "tekmedicgloves.com"
185.191.171.19 - - [26/Nov/2022:07:38:45 -0800] "GET /phpMyAdmin/setup/?token=da6cd04c58d9185dc41eb0ce3731276c&version_check=1 HTTP/1.1" 200 12687 "-" "Mozilla/5.0 (compatible; SemrushBot/7~bl; +http://www.semrush.com/bot.html)" "tekmedicgloves.com"
185.191.171.15 - - [26/Nov/2022:07:38:56 -0800] "GET /phpMyAdmin/setup/?token=c974d18b9b50c09f740842f5c3d59d00&version_check=1 HTTP/1.1" 200 12687 "-" "Mozilla/5.0 (compatible; SemrushBot/7~bl; +http://www.semrush.com/bot.html)" "tekmedicgloves.com"
185.191.171.15 - - [26/Nov/2022:07:39:08 -0800] "GET /phpMyAdmin/setup/?token=e101e9dea1820be3cf6e0032ae8b94b5&version_check=1 HTTP/1.1" 200 12691 "-" "Mozilla/5.0 (compatible; SemrushBot/7~bl; +http://www.semrush.com/bot.html)" "www.tekmedicgloves.com"
185.191.171.25 - - [26/Nov/2022:07:39:25 -0800] "GET /phpMyAdmin/setup/?token=eb136c9ee026c1b33dc414f6110ab546&version_check=1 HTTP/1.1" 200 12687 "-" "Mozilla/5.0 (compatible; SemrushBot/7~bl; +http://www.semrush.com/bot.html)" "tekmedicgloves.com"
185.191.171.40 - - [26/Nov/2022:07:39:48 -0800] "GET /phpMyAdmin/setup/?token=0251af4fbead4b39f6aee599af51e487&version_check=1 HTTP/1.1" 200 12691 "-" "Mozilla/5.0 (compatible; SemrushBot/7~bl; +http://www.semrush.com/bot.html)" "www.tekmedicgloves.com"
185.191.171.5 - - [26/Nov/2022:07:40:01 -0800] "GET /phpMyAdmin/setup/?token=0e0cc384c90b7e7e2c12a99df67f446f&version_check=1 HTTP/1.1" 200 12691 "-" "Mozilla/5.0 (compatible; SemrushBot/7~bl; +http://www.semrush.com/bot.html)" "www.tekmedicgloves.com"
185.191.171.15 - - [26/Nov/2022:07:40:17 -0800] "GET /phpMyAdmin/setup/?token=03568c4288e723f3b81f12813a441dae&version_check=1 HTTP/1.1" 200 12687 "-" "Mozilla/5.0 (compatible; SemrushBot/7~bl; +http://www.semrush.com/bot.html)" "tekmedicgloves.com"
185.191.171.3 - - [26/Nov/2022:07:40:23 -0800] "GET /phpMyAdmin/setup/?token=e2fe45182f7bd3bd98a08e6fd3ca581f&version_check=1 HTTP/1.1" 200 12691 "-" "Mozilla/5.0 (compatible; SemrushBot/7~bl; +http://www.semrush.com/bot.html)" "www.tekmedicgloves.com"
185.191.171.26 - - [26/Nov/2022:07:40:27 -0800] "GET /phpMyAdmin/setup/?token=bd59f20257fc38d7473b8046663a51bf&version_check=1 HTTP/1.1" 200 12691 "-" "Mozilla/5.0 (compatible; SemrushBot/7~bl; +http://www.semrush.com/bot.html)" "www.tekmedicgloves.com"
40.77.167.99 - - [26/Nov/2022:07:40:30 -0800] "GET /robots.txt HTTP/1.1" 404 88 "-" "Mozilla/5.0 (compatible; bingbot/2.0; +http://www.bing.com/bingbot.htm)" "tekmedicgloves.com"
40.77.167.18 - - [26/Nov/2022:07:40:33 -0800] "GET /beta/wp-content/plugins/cherry-plugin/lib/js/owl-carousel/owl.theme.css HTTP/1.1" 200 606 "-" "Mozilla/5.0 (compatible; bingbot/2.0; +http://www.bing.com/bingbot.htm)" "tekmedicgloves.com"
40.77.167.18 - - [26/Nov/2022:07:40:33 -0800] "GET /beta/wp-content/plugins/contact-form-7/includes/js/scripts.js HTTP/1.1" 200 1850 "-" "Mozilla/5.0 AppleWebKit/537.36 (KHTML, like Gecko; compatible; bingbot/2.0; +http://www.bing.com/bingbot.htm) Chrome/103.0.5060.134 Safari/537.36" "tekmedicgloves.com"
40.77.167.18 - - [26/Nov/2022:07:40:33 -0800] "GET /beta/wp-content/themes/CherryFramework/js/jquery.debouncedresize.js HTTP/1.1" 200 226 "-" "Mozilla/5.0 (compatible; bingbot/2.0; +http://www.bing.com/bingbot.htm)" "tekmedicgloves.com"
40.77.167.18 - - [26/Nov/2022:07:40:33 -0800] "GET /beta/wp-content/themes/CherryFramework/js/jquery.isotope.js HTTP/1.1" 200 4845 "-" "Mozilla/5.0 AppleWebKit/537.36 (KHTML, like Gecko; compatible; bingbot/2.0; +http://www.bing.com/bingbot.htm) Chrome/103.0.5060.134 Safari/537.36" "tekmedicgloves.com"
40.77.167.18 - - [26/Nov/2022:07:40:33 -0800] "GET /beta/wp-content/themes/CherryFramework/js/jquery.mobile.customized.min.js HTTP/1.1" 200 6409 "-" "Mozilla/5.0 AppleWebKit/537.36 (KHTML, like Gecko; compatible; bingbot/2.0; +http://www.bing.com/bingbot.htm) Chrome/103.0.5060.134 Safari/537.36" "tekmedicgloves.com"
40.77.167.18 - - [26/Nov/2022:07:40:33 -0800] "GET /beta/wp-content/themes/theme48838/style.css HTTP/1.1" 200 243 "-" "Mozilla/5.0 AppleWebKit/537.36 (KHTML, like Gecko; compatible; bingbot/2.0; +http://www.bing.com/bingbot.htm) Chrome/103.0.5060.134 Safari/537.36" "tekmedicgloves.com"
40.77.167.18 - - [26/Nov/2022:07:40:33 -0800] "GET /beta/wp-includes/js/comment-reply.min.js HTTP/1.1" 404 88 "-" "Mozilla/5.0 AppleWebKit/537.36 (KHTML, like Gecko; compatible; bingbot/2.0; +http://www.bing.com/bingbot.htm) Chrome/103.0.5060.134 Safari/537.36" "tekmedicgloves.com"
185.191.171.12 - - [26/Nov/2022:07:40:35 -0800] "GET /phpMyAdmin/setup/?token=0f90613ffe5186187a4e00f167c61d6b&version_check=1 HTTP/1.1" 200 12687 "-" "Mozilla/5.0 (compatible; SemrushBot/7~bl; +http://www.semrush.com/bot.html)" "tekmedicgloves.com"
157.55.39.185 - - [26/Nov/2022:07:40:39 -0800] "GET /beta/wp-content/plugins/cherry-plugin/lib/js/elasti-carousel/jquery.elastislide.js HTTP/1.1" 200 1963 "-" "Mozilla/5.0 (compatible; bingbot/2.0; +http://www.bing.com/bingbot.htm)" "tekmedicgloves.com"
157.55.39.185 - - [26/Nov/2022:07:40:39 -0800] "GET /beta/wp-content/plugins/contact-form-7/includes/js/jquery.form.min.js HTTP/1.1" 200 5878 "-" "Mozilla/5.0 (compatible; bingbot/2.0; +http://www.bing.com/bingbot.htm)" "tekmedicgloves.com"
157.55.39.185 - - [26/Nov/2022:07:40:39 -0800] "GET /beta/wp-content/themes/CherryFramework/js/camera.min.js HTTP/1.1" 200 8551 "-" "Mozilla/5.0 (compatible; bingbot/2.0; +http://www.bing.com/bingbot.htm)" "tekmedicgloves.com"
157.55.39.185 - - [26/Nov/2022:07:40:40 -0800] "GET /beta/wp-content/themes/CherryFramework/js/jflickrfeed.js HTTP/1.1" 200 560 "-" "Mozilla/5.0 AppleWebKit/537.36 (KHTML, like Gecko; compatible; bingbot/2.0; +http://www.bing.com/bingbot.htm) Chrome/103.0.5060.134 Safari/537.36" "tekmedicgloves.com"
40.77.167.36 - - [26/Nov/2022:07:40:44 -0800] "GET /beta/wp-content/themes/CherryFramework/js/custom.js HTTP/1.1" 200 2131 "-" "Mozilla/5.0 (compatible; bingbot/2.0; +http://www.bing.com/bingbot.htm)" "tekmedicgloves.com"
157.55.39.207 - - [26/Nov/2022:07:40:44 -0800] "GET /beta/wp-content/plugins/cherry-plugin/includes/css/cherry-plugin.css HTTP/1.1" 200 4752 "-" "Mozilla/5.0 (compatible; bingbot/2.0; +http://www.bing.com/bingbot.htm)" "tekmedicgloves.com"
157.55.39.207 - - [26/Nov/2022:07:40:44 -0800] "GET /beta/wp-content/plugins/contact-form-7/includes/css/styles.css HTTP/1.1" 200 392 "-" "Mozilla/5.0 (compatible; bingbot/2.0; +http://www.bing.com/bingbot.htm)" "tekmedicgloves.com"
157.55.39.207 - - [26/Nov/2022:07:40:44 -0800] "GET /beta/wp-content/themes/CherryFramework/bootstrap/js/bootstrap.min.js HTTP/1.1" 200 7654 "-" "Mozilla/5.0 (compatible; bingbot/2.0; +http://www.bing.com/bingbot.htm)" "tekmedicgloves.com"
157.55.39.207 - - [26/Nov/2022:07:40:44 -0800] "GET /beta/wp-content/themes/CherryFramework/js/jplayer.playlist.min.js HTTP/1.1" 200 2404 "-" "Mozilla/5.0 (compatible; bingbot/2.0; +http://www.bing.com/bingbot.htm)" "tekmedicgloves.com"
157.55.39.207 - - [26/Nov/2022:07:40:45 -0800] "GET /beta/wp-content/themes/CherryFramework/js/jquery.jplayer.min.js HTTP/1.1" 200 11945 "-" "Mozilla/5.0 (compatible; bingbot/2.0; +http://www.bing.com/bingbot.htm)" "tekmedicgloves.com"
157.55.39.207 - - [26/Nov/2022:07:40:45 -0800] "GET /beta/wp-content/themes/CherryFramework/js/superfish.js HTTP/1.1" 200 1280 "-" "Mozilla/5.0 (compatible; bingbot/2.0; +http://www.bing.com/bingbot.htm)" "tekmedicgloves.com"
185.191.171.43 - - [26/Nov/2022:07:40:49 -0800] "GET /phpMyAdmin/setup/?token=cb4e38805a9a4380da4f6e532e45b048&version_check=1 HTTP/1.1" 200 12687 "-" "Mozilla/5.0 (compatible; SemrushBot/7~bl; +http://www.semrush.com/bot.html)" "tekmedicgloves.com"
207.46.13.40 - - [26/Nov/2022:07:40:51 -0800] "GET /beta/wp-content/plugins/cherry-plugin/lib/js/jquery.easing.1.3.js HTTP/1.1" 200 814 "-" "Mozilla/5.0 (compatible; bingbot/2.0; +http://www.bing.com/bingbot.htm)" "tekmedicgloves.com"
207.46.13.40 - - [26/Nov/2022:07:40:51 -0800] "GET /beta/wp-content/plugins/cherry-plugin/lib/js/owl-carousel/owl.carousel.css HTTP/1.1" 200 1119 "-" "Mozilla/5.0 (compatible; bingbot/2.0; +http://www.bing.com/bingbot.htm)" "tekmedicgloves.com"
207.46.13.40 - - [26/Nov/2022:07:40:51 -0800] "GET /beta/wp-content/themes/CherryFramework/js/jquery.ba-resize.min.js HTTP/1.1" 200 616 "-" "Mozilla/5.0 AppleWebKit/537.36 (KHTML, like Gecko; compatible; bingbot/2.0; +http://www.bing.com/bingbot.htm) Chrome/103.0.5060.134 Safari/537.36" "tekmedicgloves.com"
207.46.13.40 - - [26/Nov/2022:07:40:51 -0800] "GET /beta/wp-content/themes/theme48838/bootstrap/css/bootstrap.css HTTP/1.1" 200 15793 "-" "Mozilla/5.0 AppleWebKit/537.36 (KHTML, like Gecko; compatible; bingbot/2.0; +http://www.bing.com/bingbot.htm) Chrome/103.0.5060.134 Safari/537.36" "tekmedicgloves.com"
207.46.13.40 - - [26/Nov/2022:07:40:51 -0800] "GET /beta/wp-content/themes/theme48838/bootstrap/css/responsive.css HTTP/1.1" 200 4226 "-" "Mozilla/5.0 (compatible; bingbot/2.0; +http://www.bing.com/bingbot.htm)" "tekmedicgloves.com"
207.46.13.40 - - [26/Nov/2022:07:40:51 -0800] "GET /beta/wp-includes/js/swfobject.js HTTP/1.1" 404 88 "-" "Mozilla/5.0 (compatible; bingbot/2.0; +http://www.bing.com/bingbot.htm)" "tekmedicgloves.com"
40.77.167.36 - - [26/Nov/2022:07:40:57 -0800] "GET /beta/wp-content/themes/CherryFramework/js/modernizr.js HTTP/1.1" 200 5141 "-" "Mozilla/5.0 (compatible; bingbot/2.0; +http://www.bing.com/bingbot.htm)" "tekmedicgloves.com"
40.77.167.36 - - [26/Nov/2022:07:40:57 -0800] "GET /beta/wp-content/themes/theme48838/main-style.css HTTP/1.1" 200 4849 "-" "Mozilla/5.0 AppleWebKit/537.36 (KHTML, like Gecko; compatible; bingbot/2.0; +http://www.bing.com/bingbot.htm) Chrome/103.0.5060.134 Safari/537.36" "tekmedicgloves.com"
157.55.39.147 - - [26/Nov/2022:07:41:02 -0800] "GET /beta/wp-content/plugins/cherry-plugin/includes/js/cherry-plugin.js HTTP/1.1" 200 438 "-" "Mozilla/5.0 (compatible; bingbot/2.0; +http://www.bing.com/bingbot.htm)" "tekmedicgloves.com"
157.55.39.147 - - [26/Nov/2022:07:41:02 -0800] "GET /beta/wp-content/plugins/cherry-plugin/lib/js/FlexSlider/flexslider.css HTTP/1.1" 200 1323 "-" "Mozilla/5.0 AppleWebKit/537.36 (KHTML, like Gecko; compatible; bingbot/2.0; +http://www.bing.com/bingbot.htm) Chrome/103.0.5060.134 Safari/537.36" "tekmedicgloves.com"
157.55.39.147 - - [26/Nov/2022:07:41:02 -0800] "GET /beta/wp-content/plugins/cherry-plugin/lib/js/FlexSlider/jquery.flexslider-min.js HTTP/1.1" 200 5177 "-" "Mozilla/5.0 AppleWebKit/537.36 (KHTML, like Gecko; compatible; bingbot/2.0; +http://www.bing.com/bingbot.htm) Chrome/103.0.5060.134 Safari/537.36" "tekmedicgloves.com"
157.55.39.147 - - [26/Nov/2022:07:41:02 -0800] "GET /beta/wp-content/themes/CherryFramework/css/camera.css HTTP/1.1" 200 3117 "-" "Mozilla/5.0 AppleWebKit/537.36 (KHTML, like Gecko; compatible; bingbot/2.0; +http://www.bing.com/bingbot.htm) Chrome/103.0.5060.134 Safari/537.36" "tekmedicgloves.com"
157.55.39.147 - - [26/Nov/2022:07:41:02 -0800] "GET /beta/wp-content/themes/CherryFramework/css/magnific-popup.css HTTP/1.1" 200 2166 "-" "Mozilla/5.0 (compatible; bingbot/2.0; +http://www.bing.com/bingbot.htm)" "tekmedicgloves.com"
157.55.39.147 - - [26/Nov/2022:07:41:02 -0800] "GET /beta/wp-content/themes/CherryFramework/js/jquery-1.7.2.min.js HTTP/1.1" 200 33630 "-" "Mozilla/5.0 (compatible; bingbot/2.0; +http://www.bing.com/bingbot.htm)" "tekmedicgloves.com"
157.55.39.147 - - [26/Nov/2022:07:41:03 -0800] "GET /beta/wp-content/themes/CherryFramework/js/jquery.magnific-popup.min.js HTTP/1.1" 200 7493 "-" "Mozilla/5.0 AppleWebKit/537.36 (KHTML, like Gecko; compatible; bingbot/2.0; +http://www.bing.com/bingbot.htm) Chrome/103.0.5060.134 Safari/537.36" "tekmedicgloves.com"
157.55.39.147 - - [26/Nov/2022:07:41:03 -0800] "GET /beta/wp-content/themes/CherryFramework/js/jquery.mobilemenu.js HTTP/1.1" 200 908 "-" "Mozilla/5.0 (compatible; bingbot/2.0; +http://www.bing.com/bingbot.htm)" "tekmedicgloves.com"
185.191.171.37 - - [26/Nov/2022:07:41:27 -0800] "GET /phpMyAdmin/setup/?token=faf1fafef2c2969cd6572413d3fd3f9f&version_check=1 HTTP/1.1" 200 12687 "-" "Mozilla/5.0 (compatible; SemrushBot/7~bl; +http://www.semrush.com/bot.html)" "tekmedicgloves.com"
216.244.66.246 - - [26/Nov/2022:07:41:35 -0800] "GET /robots.txt HTTP/1.1" 404 73 "-" "Mozilla/5.0 (compatible; DotBot/1.2; +https://opensiteexplorer.org/dotbot; help@moz.com)" "tekmedicgloves.com"
185.191.171.4 - - [26/Nov/2022:07:42:01 -0800] "GET /phpMyAdmin/setup/?token=075471b154e028fc4b40f99261676b0c&version_check=1 HTTP/1.1" 200 12687 "-" "Mozilla/5.0 (compatible; SemrushBot/7~bl; +http://www.semrush.com/bot.html)" "tekmedicgloves.com"
185.191.171.1 - - [26/Nov/2022:07:42:27 -0800] "GET /phpMyAdmin/setup/?token=d554e2438a39f419d2f6b970af180454&version_check=1 HTTP/1.1" 200 12687 "-" "Mozilla/5.0 (compatible; SemrushBot/7~bl; +http://www.semrush.com/bot.html)" "tekmedicgloves.com"
185.191.171.8 - - [26/Nov/2022:07:42:37 -0800] "GET /phpMyAdmin/setup/?token=04a6f0a40c85fbd56b7efe899374a46c&version_check=1 HTTP/1.1" 200 12691 "-" "Mozilla/5.0 (compatible; SemrushBot/7~bl; +http://www.semrush.com/bot.html)" "www.tekmedicgloves.com"
185.191.171.35 - - [26/Nov/2022:07:42:47 -0800] "GET /phpMyAdmin/setup/?token=c71482251372b3059361d730da74d9f1&version_check=1 HTTP/1.1" 200 12691 "-" "Mozilla/5.0 (compatible; SemrushBot/7~bl; +http://www.semrush.com/bot.html)" "www.tekmedicgloves.com"
185.191.171.18 - - [26/Nov/2022:07:43:07 -0800] "GET /phpMyAdmin/setup/?token=e10acd41f00498605f7b8eecba2e5d4b&version_check=1 HTTP/1.1" 200 12687 "-" "Mozilla/5.0 (compatible; SemrushBot/7~bl; +http://www.semrush.com/bot.html)" "tekmedicgloves.com"
185.191.171.5 - - [26/Nov/2022:07:43:25 -0800] "GET /phpMyAdmin/setup/?token=fecc44539f58e3f4eab6164f345b5228&version_check=1 HTTP/1.1" 200 12687 "-" "Mozilla/5.0 (compatible; SemrushBot/7~bl; +http://www.semrush.com/bot.html)" "tekmedicgloves.com"
185.191.171.38 - - [26/Nov/2022:07:43:39 -0800] "GET /phpMyAdmin/setup/?token=da4229d3571aa5aa197bcca87094aa63&version_check=1 HTTP/1.1" 200 12691 "-" "Mozilla/5.0 (compatible; SemrushBot/7~bl; +http://www.semrush.com/bot.html)" "www.tekmedicgloves.com"
185.191.171.16 - - [26/Nov/2022:07:44:29 -0800] "GET /phpMyAdmin/setup/?token=d964ceaaf3d33228977658602777b948&version_check=1 HTTP/1.1" 200 12691 "-" "Mozilla/5.0 (compatible; SemrushBot/7~bl; +http://www.semrush.com/bot.html)" "www.tekmedicgloves.com"
185.191.171.9 - - [26/Nov/2022:07:44:32 -0800] "GET /phpMyAdmin/setup/?token=d289badf3946903b5808eb86e77f30e4&version_check=1 HTTP/1.1" 200 12687 "-" "Mozilla/5.0 (compatible; SemrushBot/7~bl; +http://www.semrush.com/bot.html)" "tekmedicgloves.com"
185.191.171.6 - - [26/Nov/2022:07:44:33 -0800] "GET /phpMyAdmin/setup/?token=eee0425fd1b73c91b6d89f793efcd01a&version_check=1 HTTP/1.1" 200 12691 "-" "Mozilla/5.0 (compatible; SemrushBot/7~bl; +http://www.semrush.com/bot.html)" "www.tekmedicgloves.com"
185.191.171.36 - - [26/Nov/2022:07:44:34 -0800] "GET /phpMyAdmin/setup/?token=c9658896effc7650d844e20823f7c080&version_check=1 HTTP/1.1" 200 12687 "-" "Mozilla/5.0 (compatible; SemrushBot/7~bl; +http://www.semrush.com/bot.html)" "tekmedicgloves.com"
185.191.171.34 - - [26/Nov/2022:07:44:43 -0800] "GET /phpMyAdmin/setup/?token=dfe3d69067b44d9ffc68b55ab335bb22&version_check=1 HTTP/1.1" 200 12687 "-" "Mozilla/5.0 (compatible; SemrushBot/7~bl; +http://www.semrush.com/bot.html)" "tekmedicgloves.com"
185.191.171.10 - - [26/Nov/2022:07:44:46 -0800] "GET /phpMyAdmin/setup/?token=f65737094ddc8ca5c0a380fb3b1e4c9a&version_check=1 HTTP/1.1" 200 12687 "-" "Mozilla/5.0 (compatible; SemrushBot/7~bl; +http://www.semrush.com/bot.html)" "tekmedicgloves.com"
185.191.171.2 - - [26/Nov/2022:07:44:59 -0800] "GET /phpMyAdmin/setup/?token=fd6e056512adc4fe5d21f425da7f7120&version_check=1 HTTP/1.1" 200 12691 "-" "Mozilla/5.0 (compatible; SemrushBot/7~bl; +http://www.semrush.com/bot.html)" "www.tekmedicgloves.com"
185.191.171.43 - - [26/Nov/2022:07:45:09 -0800] "GET /phpMyAdmin/setup/?token=c5004d79218ffc41efcbffcd591c5249&version_check=1 HTTP/1.1" 200 12687 "-" "Mozilla/5.0 (compatible; SemrushBot/7~bl; +http://www.semrush.com/bot.html)" "tekmedicgloves.com"
185.191.171.1 - - [26/Nov/2022:07:45:27 -0800] "GET /phpMyAdmin/setup/?token=ef9cc5a34d6bb239f78e97934a1c2ad9&version_check=1 HTTP/1.1" 200 12691 "-" "Mozilla/5.0 (compatible; SemrushBot/7~bl; +http://www.semrush.com/bot.html)" "www.tekmedicgloves.com"
185.191.171.34 - - [26/Nov/2022:07:45:31 -0800] "GET /phpMyAdmin/setup/?token=0ce09663205435a90adf9caa928593a0&version_check=1 HTTP/1.1" 200 12687 "-" "Mozilla/5.0 (compatible; SemrushBot/7~bl; +http://www.semrush.com/bot.html)" "tekmedicgloves.com"
185.191.171.8 - - [26/Nov/2022:07:45:44 -0800] "GET /phpMyAdmin/setup/?token=ea578b6438679e7f8a3c3a46fbacc955&version_check=1 HTTP/1.1" 200 12691 "-" "Mozilla/5.0 (compatible; SemrushBot/7~bl; +http://www.semrush.com/bot.html)" "www.tekmedicgloves.com"
185.191.171.24 - - [26/Nov/2022:07:45:52 -0800] "GET /phpMyAdmin/setup/?token=fcccad59478d666824258dea85ee0044&version_check=1 HTTP/1.1" 200 12691 "-" "Mozilla/5.0 (compatible; SemrushBot/7~bl; +http://www.semrush.com/bot.html)" "www.tekmedicgloves.com"
185.191.171.17 - - [26/Nov/2022:07:45:53 -0800] "GET /phpMyAdmin/setup/?token=c8f97af290662a7ae85f03165eb2cadb&version_check=1 HTTP/1.1" 200 12687 "-" "Mozilla/5.0 (compatible; SemrushBot/7~bl; +http://www.semrush.com/bot.html)" "tekmedicgloves.com"
185.191.171.23 - - [26/Nov/2022:07:46:04 -0800] "GET /phpMyAdmin/setup/?token=08d1562a06a17377257eb53c4cff5992&version_check=1 HTTP/1.1" 200 12691 "-" "Mozilla/5.0 (compatible; SemrushBot/7~bl; +http://www.semrush.com/bot.html)" "www.tekmedicgloves.com"
185.191.171.43 - - [26/Nov/2022:07:46:10 -0800] "GET /phpMyAdmin/setup/?token=e00534c2278c990b7705a23279106eee&version_check=1 HTTP/1.1" 200 12691 "-" "Mozilla/5.0 (compatible; SemrushBot/7~bl; +http://www.semrush.com/bot.html)" "www.tekmedicgloves.com"
185.191.171.43 - - [26/Nov/2022:07:46:14 -0800] "GET /phpMyAdmin/setup/?token=de77c8e1bec2533282aad0b4da10efa8&version_check=1 HTTP/1.1" 200 12691 "-" "Mozilla/5.0 (compatible; SemrushBot/7~bl; +http://www.semrush.com/bot.html)" "www.tekmedicgloves.com"
216.244.66.246 - - [26/Nov/2022:07:46:32 -0800] "GET /beta/products.php?cat=24&subcat=43 HTTP/1.1" 200 35883 "-" "Mozilla/5.0 (compatible; DotBot/1.2; +https://opensiteexplorer.org/dotbot; help@moz.com)" "tekmedicgloves.com"
