185.191.171.22 - - [08/Dec/2022:14:38:45 -0800] "GET /phpMyAdmin/setup/?token=dd0552276d39c40774b05caf99999ada&version_check=1 HTTP/1.1" 200 12687 "-" "Mozilla/5.0 (compatible; SemrushBot/7~bl; +http://www.semrush.com/bot.html)" "tekmedicgloves.com"
185.191.171.24 - - [08/Dec/2022:14:38:48 -0800] "GET /phpMyAdmin/setup/?token=f8d2b84db86fde9050186dc4d80e5e5e&version_check=1 HTTP/1.1" 200 12687 "-" "Mozilla/5.0 (compatible; SemrushBot/7~bl; +http://www.semrush.com/bot.html)" "tekmedicgloves.com"
185.191.171.38 - - [08/Dec/2022:14:38:53 -0800] "GET /phpMyAdmin/setup/?token=c2d8c591ba7fe69a761dccad99f094b8&version_check=1 HTTP/1.1" 200 12687 "-" "Mozilla/5.0 (compatible; SemrushBot/7~bl; +http://www.semrush.com/bot.html)" "tekmedicgloves.com"
185.191.171.8 - - [08/Dec/2022:14:39:17 -0800] "GET /phpMyAdmin/setup/?token=e69c3c7be7c8b779f87d28a21a13ddd4&version_check=1 HTTP/1.1" 200 12687 "-" "Mozilla/5.0 (compatible; SemrushBot/7~bl; +http://www.semrush.com/bot.html)" "tekmedicgloves.com"
185.191.171.41 - - [08/Dec/2022:14:39:22 -0800] "GET /phpMyAdmin/setup/?token=d6720f04b4efc1e4ef4d263d10ab9fb1&version_check=1 HTTP/1.1" 200 12687 "-" "Mozilla/5.0 (compatible; SemrushBot/7~bl; +http://www.semrush.com/bot.html)" "tekmedicgloves.com"
185.191.171.15 - - [08/Dec/2022:14:39:28 -0800] "GET /phpMyAdmin/setup/?token=0b7edd1864ca6e7215069e2bf55ede05&version_check=1 HTTP/1.1" 200 12691 "-" "Mozilla/5.0 (compatible; SemrushBot/7~bl; +http://www.semrush.com/bot.html)" "www.tekmedicgloves.com"
185.191.171.43 - - [08/Dec/2022:14:39:37 -0800] "GET /phpMyAdmin/setup/?token=be345da7284dee59a58172cfae543e4b&version_check=1 HTTP/1.1" 200 12687 "-" "Mozilla/5.0 (compatible; SemrushBot/7~bl; +http://www.semrush.com/bot.html)" "tekmedicgloves.com"
185.191.171.21 - - [08/Dec/2022:14:39:56 -0800] "GET /phpMyAdmin/setup/?token=bdb0872bef2c97de2a9fe42bd308f535&version_check=1 HTTP/1.1" 200 12687 "-" "Mozilla/5.0 (compatible; SemrushBot/7~bl; +http://www.semrush.com/bot.html)" "tekmedicgloves.com"
185.191.171.6 - - [08/Dec/2022:14:40:01 -0800] "GET /phpMyAdmin/setup/?token=ce1a3fed434f194911f8fd9ff5c5818b&version_check=1 HTTP/1.1" 200 12687 "-" "Mozilla/5.0 (compatible; SemrushBot/7~bl; +http://www.semrush.com/bot.html)" "tekmedicgloves.com"
185.191.171.18 - - [08/Dec/2022:14:40:17 -0800] "GET /phpMyAdmin/setup/?token=e271d23b7a8bf999ee5d9c5472c57dca&version_check=1 HTTP/1.1" 200 12691 "-" "Mozilla/5.0 (compatible; SemrushBot/7~bl; +http://www.semrush.com/bot.html)" "www.tekmedicgloves.com"
185.191.171.36 - - [08/Dec/2022:14:40:28 -0800] "GET /phpMyAdmin/setup/?token=d0b72fbbba188b6c81bfe80bcbd51ccd&version_check=1 HTTP/1.1" 200 12687 "-" "Mozilla/5.0 (compatible; SemrushBot/7~bl; +http://www.semrush.com/bot.html)" "tekmedicgloves.com"
185.191.171.6 - - [08/Dec/2022:14:40:39 -0800] "GET /phpMyAdmin/setup/?token=01e4ee6bf7ef0d82c50abe886ccc9646&version_check=1 HTTP/1.1" 200 12691 "-" "Mozilla/5.0 (compatible; SemrushBot/7~bl; +http://www.semrush.com/bot.html)" "www.tekmedicgloves.com"
185.191.171.44 - - [08/Dec/2022:14:40:54 -0800] "GET /phpMyAdmin/setup/?token=d353e3c1afa3284b56314b130f85256f&version_check=1 HTTP/1.1" 200 12687 "-" "Mozilla/5.0 (compatible; SemrushBot/7~bl; +http://www.semrush.com/bot.html)" "tekmedicgloves.com"
185.191.171.23 - - [08/Dec/2022:14:41:24 -0800] "GET /phpMyAdmin/setup/?token=f89edad5d18dec81af6e399cf812214a&version_check=1 HTTP/1.1" 200 12687 "-" "Mozilla/5.0 (compatible; SemrushBot/7~bl; +http://www.semrush.com/bot.html)" "tekmedicgloves.com"
185.191.171.23 - - [08/Dec/2022:14:41:37 -0800] "GET /phpMyAdmin/setup/?token=0775cf0fa6702866e8518615da06f17a&version_check=1 HTTP/1.1" 200 12691 "-" "Mozilla/5.0 (compatible; SemrushBot/7~bl; +http://www.semrush.com/bot.html)" "www.tekmedicgloves.com"
185.191.171.23 - - [08/Dec/2022:14:41:50 -0800] "GET /phpMyAdmin/setup/?token=f617b1072e11b0006326dfc9197db87f&version_check=1 HTTP/1.1" 200 12691 "-" "Mozilla/5.0 (compatible; SemrushBot/7~bl; +http://www.semrush.com/bot.html)" "www.tekmedicgloves.com"
185.191.171.40 - - [08/Dec/2022:14:41:54 -0800] "GET /phpMyAdmin/setup/?token=cd492d6bcd2f5e4511448b3116487625&version_check=1 HTTP/1.1" 200 12687 "-" "Mozilla/5.0 (compatible; SemrushBot/7~bl; +http://www.semrush.com/bot.html)" "tekmedicgloves.com"
185.191.171.19 - - [08/Dec/2022:14:42:04 -0800] "GET /phpMyAdmin/setup/?token=0d7c33e00a2cf3a29ba8345b34340d03&version_check=1 HTTP/1.1" 200 12691 "-" "Mozilla/5.0 (compatible; SemrushBot/7~bl; +http://www.semrush.com/bot.html)" "www.tekmedicgloves.com"
185.191.171.17 - - [08/Dec/2022:14:42:40 -0800] "GET /phpMyAdmin/setup/?token=d1f11ddcd3d73fd965cb72ce8aada2a7&version_check=1 HTTP/1.1" 200 12687 "-" "Mozilla/5.0 (compatible; SemrushBot/7~bl; +http://www.semrush.com/bot.html)" "tekmedicgloves.com"
185.191.171.40 - - [08/Dec/2022:14:42:41 -0800] "GET /phpMyAdmin/setup/?token=a813dc6c2bbd28179cc2968ce60d0d16&version_check=1 HTTP/1.1" 200 12691 "-" "Mozilla/5.0 (compatible; SemrushBot/7~bl; +http://www.semrush.com/bot.html)" "www.tekmedicgloves.com"
185.191.171.4 - - [08/Dec/2022:14:42:49 -0800] "GET /phpMyAdmin/setup/?token=d9716547e6139ef5f729a2dcc819adbc&version_check=1 HTTP/1.1" 200 12691 "-" "Mozilla/5.0 (compatible; SemrushBot/7~bl; +http://www.semrush.com/bot.html)" "www.tekmedicgloves.com"
185.191.171.35 - - [08/Dec/2022:14:43:08 -0800] "GET /phpMyAdmin/setup/?token=0abb0a81d39df1263fa5ef08cf79c091&version_check=1 HTTP/1.1" 200 12691 "-" "Mozilla/5.0 (compatible; SemrushBot/7~bl; +http://www.semrush.com/bot.html)" "www.tekmedicgloves.com"
185.191.171.17 - - [08/Dec/2022:14:43:11 -0800] "GET /phpMyAdmin/setup/?token=df30910bad2ab1e6b23b9712d1f12b03&version_check=1 HTTP/1.1" 200 12691 "-" "Mozilla/5.0 (compatible; SemrushBot/7~bl; +http://www.semrush.com/bot.html)" "www.tekmedicgloves.com"
185.191.171.44 - - [08/Dec/2022:14:43:18 -0800] "GET /phpMyAdmin/setup/?token=bf1ba0ee1af9f24bf6e833481dc9e6ed&version_check=1 HTTP/1.1" 200 12687 "-" "Mozilla/5.0 (compatible; SemrushBot/7~bl; +http://www.semrush.com/bot.html)" "tekmedicgloves.com"
185.191.171.45 - - [08/Dec/2022:14:43:31 -0800] "GET /phpMyAdmin/setup/?token=fcb0920312c297f01367e32146c1b2ae&version_check=1 HTTP/1.1" 200 12691 "-" "Mozilla/5.0 (compatible; SemrushBot/7~bl; +http://www.semrush.com/bot.html)" "www.tekmedicgloves.com"
185.191.171.26 - - [08/Dec/2022:14:43:42 -0800] "GET /phpMyAdmin/setup/?token=bbc06a2d2cb7f7c4d2b080687681ab24&version_check=1 HTTP/1.1" 200 12687 "-" "Mozilla/5.0 (compatible; SemrushBot/7~bl; +http://www.semrush.com/bot.html)" "tekmedicgloves.com"
185.191.171.3 - - [08/Dec/2022:14:43:51 -0800] "GET /phpMyAdmin/setup/?token=d8ca7ceef22fa51b7e14448e62560a03&version_check=1 HTTP/1.1" 200 12691 "-" "Mozilla/5.0 (compatible; SemrushBot/7~bl; +http://www.semrush.com/bot.html)" "www.tekmedicgloves.com"
185.191.171.17 - - [08/Dec/2022:14:43:59 -0800] "GET /phpMyAdmin/setup/?token=e830442d6730256e91cde4269a9e713b&version_check=1 HTTP/1.1" 200 12691 "-" "Mozilla/5.0 (compatible; SemrushBot/7~bl; +http://www.semrush.com/bot.html)" "www.tekmedicgloves.com"
185.191.171.2 - - [08/Dec/2022:14:44:03 -0800] "GET /phpMyAdmin/setup/?token=d9b4f92f29af47b75b92514a9b42e426&version_check=1 HTTP/1.1" 200 12691 "-" "Mozilla/5.0 (compatible; SemrushBot/7~bl; +http://www.semrush.com/bot.html)" "www.tekmedicgloves.com"
185.191.171.35 - - [08/Dec/2022:14:44:03 -0800] "GET /phpMyAdmin/setup/?token=017765d7f6fddc654e119b74d7087179&version_check=1 HTTP/1.1" 200 12687 "-" "Mozilla/5.0 (compatible; SemrushBot/7~bl; +http://www.semrush.com/bot.html)" "tekmedicgloves.com"
185.191.171.19 - - [08/Dec/2022:14:44:27 -0800] "GET /phpMyAdmin/setup/?token=d6b380985f7c909a0b1bc63057b841a4&version_check=1 HTTP/1.1" 200 12691 "-" "Mozilla/5.0 (compatible; SemrushBot/7~bl; +http://www.semrush.com/bot.html)" "www.tekmedicgloves.com"
185.191.171.20 - - [08/Dec/2022:14:44:29 -0800] "GET /phpMyAdmin/setup/?token=e515ac1fd77b9bfcaae097424fe6e357&version_check=1 HTTP/1.1" 200 12691 "-" "Mozilla/5.0 (compatible; SemrushBot/7~bl; +http://www.semrush.com/bot.html)" "www.tekmedicgloves.com"
185.191.171.24 - - [08/Dec/2022:14:44:55 -0800] "GET /phpMyAdmin/setup/?token=c7b04a01c8f62081fea45a0c57d74f90&version_check=1 HTTP/1.1" 200 12691 "-" "Mozilla/5.0 (compatible; SemrushBot/7~bl; +http://www.semrush.com/bot.html)" "www.tekmedicgloves.com"
185.191.171.9 - - [08/Dec/2022:14:45:02 -0800] "GET /phpMyAdmin/setup/?token=e6a8fc544fe4e3ba73c8b8fd8c266984&version_check=1 HTTP/1.1" 200 12687 "-" "Mozilla/5.0 (compatible; SemrushBot/7~bl; +http://www.semrush.com/bot.html)" "tekmedicgloves.com"
185.191.171.20 - - [08/Dec/2022:14:45:30 -0800] "GET /phpMyAdmin/setup/?token=f018d7767530c0fbc154119256ce7731&version_check=1 HTTP/1.1" 200 12691 "-" "Mozilla/5.0 (compatible; SemrushBot/7~bl; +http://www.semrush.com/bot.html)" "www.tekmedicgloves.com"
185.191.171.4 - - [08/Dec/2022:14:45:51 -0800] "GET /phpMyAdmin/setup/?token=d5149a04ef43ba4e8424a6987f14e42e&version_check=1 HTTP/1.1" 200 12691 "-" "Mozilla/5.0 (compatible; SemrushBot/7~bl; +http://www.semrush.com/bot.html)" "www.tekmedicgloves.com"
185.191.171.15 - - [08/Dec/2022:14:46:09 -0800] "GET /phpMyAdmin/setup/?token=f091d279b253c242bc0606404463327d&version_check=1 HTTP/1.1" 200 12687 "-" "Mozilla/5.0 (compatible; SemrushBot/7~bl; +http://www.semrush.com/bot.html)" "tekmedicgloves.com"
185.191.171.16 - - [08/Dec/2022:14:46:14 -0800] "GET /phpMyAdmin/setup/?token=bc4096def36bbaa5a29ee5abc813692b&version_check=1 HTTP/1.1" 200 12687 "-" "Mozilla/5.0 (compatible; SemrushBot/7~bl; +http://www.semrush.com/bot.html)" "tekmedicgloves.com"
185.191.171.21 - - [08/Dec/2022:14:46:17 -0800] "GET /phpMyAdmin/setup/?token=d40fdfbdb6d106dc4545740e207b5ffc&version_check=1 HTTP/1.1" 200 12687 "-" "Mozilla/5.0 (compatible; SemrushBot/7~bl; +http://www.semrush.com/bot.html)" "tekmedicgloves.com"
185.191.171.12 - - [08/Dec/2022:14:46:21 -0800] "GET /phpMyAdmin/setup/?token=e857daff561617737f07fada4db916be&version_check=1 HTTP/1.1" 200 12687 "-" "Mozilla/5.0 (compatible; SemrushBot/7~bl; +http://www.semrush.com/bot.html)" "tekmedicgloves.com"
185.191.171.42 - - [08/Dec/2022:14:46:24 -0800] "GET /phpMyAdmin/setup/?token=fcfa40928268f4111a88e725acc14ad5&version_check=1 HTTP/1.1" 200 12691 "-" "Mozilla/5.0 (compatible; SemrushBot/7~bl; +http://www.semrush.com/bot.html)" "www.tekmedicgloves.com"
185.191.171.20 - - [08/Dec/2022:14:46:46 -0800] "GET /phpMyAdmin/setup/?token=bb9b9c1cb04a2485f440f9ecc73410fe&version_check=1 HTTP/1.1" 200 12687 "-" "Mozilla/5.0 (compatible; SemrushBot/7~bl; +http://www.semrush.com/bot.html)" "tekmedicgloves.com"
185.191.171.37 - - [08/Dec/2022:14:47:03 -0800] "GET /phpMyAdmin/setup/?token=e19919c56a5f028f70c0e4636531b92c&version_check=1 HTTP/1.1" 200 12691 "-" "Mozilla/5.0 (compatible; SemrushBot/7~bl; +http://www.semrush.com/bot.html)" "www.tekmedicgloves.com"
185.191.171.12 - - [08/Dec/2022:14:47:06 -0800] "GET /phpMyAdmin/setup/?token=c2c41b1dcafac4830d5adf813f8cb0fc&version_check=1 HTTP/1.1" 200 12687 "-" "Mozilla/5.0 (compatible; SemrushBot/7~bl; +http://www.semrush.com/bot.html)" "tekmedicgloves.com"
185.191.171.45 - - [08/Dec/2022:14:48:00 -0800] "GET /phpMyAdmin/setup/?token=f381a4cf2735b28436d071dcb195b0bc&version_check=1 HTTP/1.1" 200 12691 "-" "Mozilla/5.0 (compatible; SemrushBot/7~bl; +http://www.semrush.com/bot.html)" "www.tekmedicgloves.com"
185.191.171.6 - - [08/Dec/2022:14:48:32 -0800] "GET /phpMyAdmin/setup/?token=fa01b4b928eb5a8d415e559d0a2c10e3&version_check=1 HTTP/1.1" 200 12687 "-" "Mozilla/5.0 (compatible; SemrushBot/7~bl; +http://www.semrush.com/bot.html)" "tekmedicgloves.com"
185.191.171.4 - - [08/Dec/2022:14:48:35 -0800] "GET /phpMyAdmin/setup/?token=c482aaa7bcb643f2760f5fc6beabda76&version_check=1 HTTP/1.1" 200 12687 "-" "Mozilla/5.0 (compatible; SemrushBot/7~bl; +http://www.semrush.com/bot.html)" "tekmedicgloves.com"
185.191.171.1 - - [08/Dec/2022:14:48:39 -0800] "GET /phpMyAdmin/setup/?token=da387dd46ff02067ff6c06e32f02ee0e&version_check=1 HTTP/1.1" 200 12691 "-" "Mozilla/5.0 (compatible; SemrushBot/7~bl; +http://www.semrush.com/bot.html)" "www.tekmedicgloves.com"
185.191.171.4 - - [08/Dec/2022:14:48:51 -0800] "GET /phpMyAdmin/setup/?token=e28152982aef9674dda066b38237d81f&version_check=1 HTTP/1.1" 200 12691 "-" "Mozilla/5.0 (compatible; SemrushBot/7~bl; +http://www.semrush.com/bot.html)" "www.tekmedicgloves.com"
185.191.171.37 - - [08/Dec/2022:14:48:55 -0800] "GET /phpMyAdmin/setup/?token=f767ea747eb6f8fcfb8709143a4fcbb9&version_check=1 HTTP/1.1" 200 12691 "-" "Mozilla/5.0 (compatible; SemrushBot/7~bl; +http://www.semrush.com/bot.html)" "www.tekmedicgloves.com"
185.191.171.5 - - [08/Dec/2022:14:49:02 -0800] "GET /phpMyAdmin/setup/?token=e6e3cea22e1c1e52dbe9037d554135b3&version_check=1 HTTP/1.1" 200 12691 "-" "Mozilla/5.0 (compatible; SemrushBot/7~bl; +http://www.semrush.com/bot.html)" "www.tekmedicgloves.com"
185.191.171.5 - - [08/Dec/2022:14:49:36 -0800] "GET /phpMyAdmin/setup/?token=da1670a93e9a586e7d12014935c698dc&version_check=1 HTTP/1.1" 200 12691 "-" "Mozilla/5.0 (compatible; SemrushBot/7~bl; +http://www.semrush.com/bot.html)" "www.tekmedicgloves.com"
185.191.171.25 - - [08/Dec/2022:14:49:46 -0800] "GET /phpMyAdmin/setup/?token=bd0994a45d9ad477cceec39395c1658d&version_check=1 HTTP/1.1" 200 12687 "-" "Mozilla/5.0 (compatible; SemrushBot/7~bl; +http://www.semrush.com/bot.html)" "tekmedicgloves.com"
185.191.171.12 - - [08/Dec/2022:14:49:53 -0800] "GET /phpMyAdmin/setup/?token=e8b42d8aea950f90126209047af1c498&version_check=1 HTTP/1.1" 200 12687 "-" "Mozilla/5.0 (compatible; SemrushBot/7~bl; +http://www.semrush.com/bot.html)" "tekmedicgloves.com"
185.191.171.11 - - [08/Dec/2022:14:50:00 -0800] "GET /phpMyAdmin/setup/?token=f4921b28428097b8020844c182cae524&version_check=1 HTTP/1.1" 200 12687 "-" "Mozilla/5.0 (compatible; SemrushBot/7~bl; +http://www.semrush.com/bot.html)" "tekmedicgloves.com"
185.191.171.5 - - [08/Dec/2022:14:50:05 -0800] "GET /phpMyAdmin/setup/?token=c1be0f41dfff63fa6cfbc7aeb9675364&version_check=1 HTTP/1.1" 200 12687 "-" "Mozilla/5.0 (compatible; SemrushBot/7~bl; +http://www.semrush.com/bot.html)" "tekmedicgloves.com"
185.191.171.2 - - [08/Dec/2022:14:50:12 -0800] "GET /phpMyAdmin/setup/?token=c09e2e7150123976f07d539ebfe67dd7&version_check=1 HTTP/1.1" 200 12687 "-" "Mozilla/5.0 (compatible; SemrushBot/7~bl; +http://www.semrush.com/bot.html)" "tekmedicgloves.com"
185.191.171.4 - - [08/Dec/2022:14:50:40 -0800] "GET /phpMyAdmin/setup/?token=d8e5faaa0e1867bad892806a11feb10f&version_check=1 HTTP/1.1" 200 12691 "-" "Mozilla/5.0 (compatible; SemrushBot/7~bl; +http://www.semrush.com/bot.html)" "www.tekmedicgloves.com"
185.191.171.23 - - [08/Dec/2022:14:50:49 -0800] "GET /phpMyAdmin/setup/?token=f9e3a7186f8b7d8f4ba9f7e50bb4ed36&version_check=1 HTTP/1.1" 200 12691 "-" "Mozilla/5.0 (compatible; SemrushBot/7~bl; +http://www.semrush.com/bot.html)" "www.tekmedicgloves.com"
185.191.171.38 - - [08/Dec/2022:14:50:54 -0800] "GET /phpMyAdmin/setup/?token=0d152e44587fed5253fb15cd85c8b7bf&version_check=1 HTTP/1.1" 200 12691 "-" "Mozilla/5.0 (compatible; SemrushBot/7~bl; +http://www.semrush.com/bot.html)" "www.tekmedicgloves.com"
185.191.171.4 - - [08/Dec/2022:14:51:06 -0800] "GET /phpMyAdmin/setup/?token=11f0da88538b4ce6c3cd929e81f668c3&version_check=1 HTTP/1.1" 200 12687 "-" "Mozilla/5.0 (compatible; SemrushBot/7~bl; +http://www.semrush.com/bot.html)" "tekmedicgloves.com"
185.191.171.13 - - [08/Dec/2022:14:51:13 -0800] "GET /phpMyAdmin/setup/?token=c121e3760395b6d7f1695a794345d602&version_check=1 HTTP/1.1" 200 12691 "-" "Mozilla/5.0 (compatible; SemrushBot/7~bl; +http://www.semrush.com/bot.html)" "www.tekmedicgloves.com"
185.191.171.36 - - [08/Dec/2022:14:51:29 -0800] "GET /phpMyAdmin/setup/?token=c57b9b1c5f5d7ecb5b568c812ed67501&version_check=1 HTTP/1.1" 200 12687 "-" "Mozilla/5.0 (compatible; SemrushBot/7~bl; +http://www.semrush.com/bot.html)" "tekmedicgloves.com"
185.191.171.15 - - [08/Dec/2022:14:51:37 -0800] "GET /phpMyAdmin/setup/?token=d42f24fd0c5229a875e7ca7e6279a918&version_check=1 HTTP/1.1" 200 12691 "-" "Mozilla/5.0 (compatible; SemrushBot/7~bl; +http://www.semrush.com/bot.html)" "www.tekmedicgloves.com"
185.191.171.33 - - [08/Dec/2022:14:51:46 -0800] "GET /phpMyAdmin/setup/?token=dcba61de74104bc08f86fa4eed43ec54&version_check=1 HTTP/1.1" 200 12687 "-" "Mozilla/5.0 (compatible; SemrushBot/7~bl; +http://www.semrush.com/bot.html)" "tekmedicgloves.com"
185.191.171.9 - - [08/Dec/2022:14:52:20 -0800] "GET /phpMyAdmin/setup/?token=fa93332e825434e965390bcb9f11af77&version_check=1 HTTP/1.1" 200 12691 "-" "Mozilla/5.0 (compatible; SemrushBot/7~bl; +http://www.semrush.com/bot.html)" "www.tekmedicgloves.com"
185.191.171.40 - - [08/Dec/2022:14:52:28 -0800] "GET /phpMyAdmin/setup/?token=f1c4c315fe61e023c7eddcdeb2d70b5a&version_check=1 HTTP/1.1" 200 12691 "-" "Mozilla/5.0 (compatible; SemrushBot/7~bl; +http://www.semrush.com/bot.html)" "www.tekmedicgloves.com"
185.191.171.10 - - [08/Dec/2022:14:52:32 -0800] "GET /phpMyAdmin/setup/?token=05963081efbe1cbc00b2f2f2eb445738&version_check=1 HTTP/1.1" 200 12687 "-" "Mozilla/5.0 (compatible; SemrushBot/7~bl; +http://www.semrush.com/bot.html)" "tekmedicgloves.com"
185.191.171.22 - - [08/Dec/2022:14:52:44 -0800] "GET /phpMyAdmin/setup/?token=c5e4ac7465523115c219d523b4c46d96&version_check=1 HTTP/1.1" 200 12687 "-" "Mozilla/5.0 (compatible; SemrushBot/7~bl; +http://www.semrush.com/bot.html)" "tekmedicgloves.com"
185.191.171.24 - - [08/Dec/2022:14:52:47 -0800] "GET /phpMyAdmin/setup/?token=fd3af96c20c3cb92b3a5ef7093910994&version_check=1 HTTP/1.1" 200 12691 "-" "Mozilla/5.0 (compatible; SemrushBot/7~bl; +http://www.semrush.com/bot.html)" "www.tekmedicgloves.com"
185.191.171.6 - - [08/Dec/2022:14:53:02 -0800] "GET /phpMyAdmin/setup/?token=0eecc350afe4e80cae2cb9baa0735793&version_check=1 HTTP/1.1" 200 12687 "-" "Mozilla/5.0 (compatible; SemrushBot/7~bl; +http://www.semrush.com/bot.html)" "tekmedicgloves.com"
185.191.171.44 - - [08/Dec/2022:14:53:09 -0800] "GET /phpMyAdmin/setup/?token=fa36925c2dae441514dc9f6368a0145e&version_check=1 HTTP/1.1" 200 12691 "-" "Mozilla/5.0 (compatible; SemrushBot/7~bl; +http://www.semrush.com/bot.html)" "www.tekmedicgloves.com"
185.191.171.44 - - [08/Dec/2022:14:53:14 -0800] "GET /phpMyAdmin/setup/?token=eea1f979f37c1fb2183e0fc854f30b66&version_check=1 HTTP/1.1" 200 12691 "-" "Mozilla/5.0 (compatible; SemrushBot/7~bl; +http://www.semrush.com/bot.html)" "www.tekmedicgloves.com"
185.191.171.2 - - [08/Dec/2022:14:53:31 -0800] "GET /phpMyAdmin/setup/?token=0afef546627b9ad413728e63491aa599&version_check=1 HTTP/1.1" 200 12687 "-" "Mozilla/5.0 (compatible; SemrushBot/7~bl; +http://www.semrush.com/bot.html)" "tekmedicgloves.com"
185.191.171.7 - - [08/Dec/2022:14:53:46 -0800] "GET /phpMyAdmin/setup/?token=d349596871628c7e7489a8eeb84d23aa&version_check=1 HTTP/1.1" 200 12687 "-" "Mozilla/5.0 (compatible; SemrushBot/7~bl; +http://www.semrush.com/bot.html)" "tekmedicgloves.com"
185.191.171.38 - - [08/Dec/2022:14:53:59 -0800] "GET /phpMyAdmin/setup/?token=cb3be4d7019a0fa93fbd307aed24fa43&version_check=1 HTTP/1.1" 200 12687 "-" "Mozilla/5.0 (compatible; SemrushBot/7~bl; +http://www.semrush.com/bot.html)" "tekmedicgloves.com"
185.191.171.8 - - [08/Dec/2022:14:54:30 -0800] "GET /phpMyAdmin/setup/?token=c8cdf62db1eb1b46744b7b38368947ff&version_check=1 HTTP/1.1" 200 12687 "-" "Mozilla/5.0 (compatible; SemrushBot/7~bl; +http://www.semrush.com/bot.html)" "tekmedicgloves.com"
185.191.171.40 - - [08/Dec/2022:14:54:33 -0800] "GET /phpMyAdmin/setup/?token=e5e35f5def28534503ff082c335e146c&version_check=1 HTTP/1.1" 200 12687 "-" "Mozilla/5.0 (compatible; SemrushBot/7~bl; +http://www.semrush.com/bot.html)" "tekmedicgloves.com"
185.191.171.41 - - [08/Dec/2022:14:54:35 -0800] "GET /phpMyAdmin/setup/?token=bc42a0d46b46663f6f9887fbc0d0fe82&version_check=1 HTTP/1.1" 200 12691 "-" "Mozilla/5.0 (compatible; SemrushBot/7~bl; +http://www.semrush.com/bot.html)" "www.tekmedicgloves.com"
185.191.171.33 - - [08/Dec/2022:14:55:05 -0800] "GET /phpMyAdmin/setup/?token=e34b6bd11a90ae6f5fdb953ca258f870&version_check=1 HTTP/1.1" 200 12691 "-" "Mozilla/5.0 (compatible; SemrushBot/7~bl; +http://www.semrush.com/bot.html)" "www.tekmedicgloves.com"
185.191.171.42 - - [08/Dec/2022:14:55:30 -0800] "GET /phpMyAdmin/setup/?token=fd7de73657e1d697b59d35946a22d0b6&version_check=1 HTTP/1.1" 200 12691 "-" "Mozilla/5.0 (compatible; SemrushBot/7~bl; +http://www.semrush.com/bot.html)" "www.tekmedicgloves.com"
185.191.171.6 - - [08/Dec/2022:14:55:59 -0800] "GET /phpMyAdmin/setup/?token=d72384e17661172a5f4be822666dcac3&version_check=1 HTTP/1.1" 200 12687 "-" "Mozilla/5.0 (compatible; SemrushBot/7~bl; +http://www.semrush.com/bot.html)" "tekmedicgloves.com"
185.191.171.43 - - [08/Dec/2022:14:56:03 -0800] "GET /phpMyAdmin/setup/?token=d6877277a4af8af05117d256d1f4a894&version_check=1 HTTP/1.1" 200 12687 "-" "Mozilla/5.0 (compatible; SemrushBot/7~bl; +http://www.semrush.com/bot.html)" "tekmedicgloves.com"
185.191.171.34 - - [08/Dec/2022:14:56:05 -0800] "GET /phpMyAdmin/setup/?token=e83ef25a8f8c8bd7b699a8e8fc7976bd&version_check=1 HTTP/1.1" 200 12687 "-" "Mozilla/5.0 (compatible; SemrushBot/7~bl; +http://www.semrush.com/bot.html)" "tekmedicgloves.com"
185.191.171.6 - - [08/Dec/2022:14:56:12 -0800] "GET /phpMyAdmin/setup/?token=fd0964439c46476d5572ba0d2dcaa407&version_check=1 HTTP/1.1" 200 12691 "-" "Mozilla/5.0 (compatible; SemrushBot/7~bl; +http://www.semrush.com/bot.html)" "www.tekmedicgloves.com"
185.191.171.42 - - [08/Dec/2022:14:56:14 -0800] "GET /phpMyAdmin/setup/?token=f3b48ee83153055d3aab5630ab24ffa1&version_check=1 HTTP/1.1" 200 12691 "-" "Mozilla/5.0 (compatible; SemrushBot/7~bl; +http://www.semrush.com/bot.html)" "www.tekmedicgloves.com"
185.191.171.9 - - [08/Dec/2022:14:56:22 -0800] "GET /phpMyAdmin/setup/?token=ec5e6854dfb634c31b3a1d6128bf55c1&version_check=1 HTTP/1.1" 200 12691 "-" "Mozilla/5.0 (compatible; SemrushBot/7~bl; +http://www.semrush.com/bot.html)" "www.tekmedicgloves.com"
185.191.171.2 - - [08/Dec/2022:14:56:25 -0800] "GET /phpMyAdmin/setup/?token=abcb40fd6d857fd0c1b0bddd1c53901d&version_check=1 HTTP/1.1" 200 12691 "-" "Mozilla/5.0 (compatible; SemrushBot/7~bl; +http://www.semrush.com/bot.html)" "www.tekmedicgloves.com"
185.191.171.8 - - [08/Dec/2022:14:56:46 -0800] "GET /phpMyAdmin/setup/?token=da381e0e2de8ac4debae6cfe4e562200&version_check=1 HTTP/1.1" 200 12691 "-" "Mozilla/5.0 (compatible; SemrushBot/7~bl; +http://www.semrush.com/bot.html)" "www.tekmedicgloves.com"
185.191.171.34 - - [08/Dec/2022:14:56:48 -0800] "GET /phpMyAdmin/setup/?token=edb40d37134e58756bcf4afe408088b0&version_check=1 HTTP/1.1" 200 12691 "-" "Mozilla/5.0 (compatible; SemrushBot/7~bl; +http://www.semrush.com/bot.html)" "www.tekmedicgloves.com"
185.191.171.16 - - [08/Dec/2022:14:57:04 -0800] "GET /phpMyAdmin/setup/?token=ebf201eab0a15bb9f5511ba2de241572&version_check=1 HTTP/1.1" 200 12691 "-" "Mozilla/5.0 (compatible; SemrushBot/7~bl; +http://www.semrush.com/bot.html)" "www.tekmedicgloves.com"
185.191.171.25 - - [08/Dec/2022:14:57:12 -0800] "GET /phpMyAdmin/setup/?token=c4f7ec6b9784c12bf413e5c93be31ea4&version_check=1 HTTP/1.1" 200 12687 "-" "Mozilla/5.0 (compatible; SemrushBot/7~bl; +http://www.semrush.com/bot.html)" "tekmedicgloves.com"
185.191.171.20 - - [08/Dec/2022:14:57:31 -0800] "GET /phpMyAdmin/setup/?token=e3714958c548d2ccab8d30fe177bd50c&version_check=1 HTTP/1.1" 200 12691 "-" "Mozilla/5.0 (compatible; SemrushBot/7~bl; +http://www.semrush.com/bot.html)" "www.tekmedicgloves.com"
185.191.171.2 - - [08/Dec/2022:14:57:39 -0800] "GET /phpMyAdmin/setup/?token=df70882c3eb4fc4290c1aa8ca0122b22&version_check=1 HTTP/1.1" 200 12687 "-" "Mozilla/5.0 (compatible; SemrushBot/7~bl; +http://www.semrush.com/bot.html)" "tekmedicgloves.com"
185.191.171.43 - - [08/Dec/2022:14:57:54 -0800] "GET /phpMyAdmin/setup/?token=005a7d2b7f9b7cf4db50e4f0c690eedd&version_check=1 HTTP/1.1" 200 12687 "-" "Mozilla/5.0 (compatible; SemrushBot/7~bl; +http://www.semrush.com/bot.html)" "tekmedicgloves.com"
185.191.171.7 - - [08/Dec/2022:14:58:19 -0800] "GET /phpMyAdmin/setup/?token=d96decefdb6b9cbbd3e90e8f10bdecfc&version_check=1 HTTP/1.1" 200 12687 "-" "Mozilla/5.0 (compatible; SemrushBot/7~bl; +http://www.semrush.com/bot.html)" "tekmedicgloves.com"
51.222.253.4 - - [08/Dec/2022:14:58:41 -0800] "GET /robots.txt HTTP/1.1" 404 88 "-" "Mozilla/5.0 (compatible; AhrefsBot/7.0; +http://ahrefs.com/robot/)" "tekmedicgloves.com"
51.222.253.17 - - [08/Dec/2022:14:58:42 -0800] "GET /beta/contacts.php HTTP/1.1" 200 24038 "-" "Mozilla/5.0 (compatible; AhrefsBot/7.0; +http://ahrefs.com/robot/)" "tekmedicgloves.com"
51.222.253.6 - - [08/Dec/2022:14:58:53 -0800] "GET /beta/wp-content/themes/CherryFramework/js/jquery.ba-resize.min.js HTTP/1.1" 200 616 "-" "Mozilla/5.0 (compatible; AhrefsBot/7.0; +http://ahrefs.com/robot/)" "tekmedicgloves.com"
51.222.253.20 - - [08/Dec/2022:14:58:53 -0800] "GET /beta/wp-content/themes/CherryFramework/js/jflickrfeed.js HTTP/1.1" 200 560 "-" "Mozilla/5.0 (compatible; AhrefsBot/7.0; +http://ahrefs.com/robot/)" "tekmedicgloves.com"
51.222.253.17 - - [08/Dec/2022:14:58:53 -0800] "GET /beta/wp-content/plugins/cherry-plugin/lib/js/FlexSlider/flexslider.css HTTP/1.1" 200 1323 "-" "Mozilla/5.0 (compatible; AhrefsBot/7.0; +http://ahrefs.com/robot/)" "tekmedicgloves.com"
51.222.253.12 - - [08/Dec/2022:14:58:59 -0800] "GET /beta/wp-content/themes/theme48838/bootstrap/css/responsive.css HTTP/1.1" 200 4226 "-" "Mozilla/5.0 (compatible; AhrefsBot/7.0; +http://ahrefs.com/robot/)" "tekmedicgloves.com"
51.222.253.15 - - [08/Dec/2022:14:59:04 -0800] "GET /beta/wp-content/themes/theme48838/images/social/facebook.png HTTP/1.1" 200 1671 "-" "Mozilla/5.0 (compatible; AhrefsBot/7.0; +http://ahrefs.com/robot/)" "tekmedicgloves.com"
51.222.253.1 - - [08/Dec/2022:14:59:09 -0800] "GET /beta/wp-content/themes/theme48838/images/logo.png HTTP/1.1" 200 27710 "-" "Mozilla/5.0 (compatible; AhrefsBot/7.0; +http://ahrefs.com/robot/)" "tekmedicgloves.com"
51.222.253.14 - - [08/Dec/2022:14:59:15 -0800] "GET /beta/wp-content/themes/theme48838/images/social/rss.png HTTP/1.1" 200 2128 "-" "Mozilla/5.0 (compatible; AhrefsBot/7.0; +http://ahrefs.com/robot/)" "tekmedicgloves.com"
51.222.253.13 - - [08/Dec/2022:14:59:20 -0800] "GET /beta/wp-content/themes/CherryFramework/js/jplayer.playlist.min.js HTTP/1.1" 200 2404 "-" "Mozilla/5.0 (compatible; AhrefsBot/7.0; +http://ahrefs.com/robot/)" "tekmedicgloves.com"
51.222.253.4 - - [08/Dec/2022:14:59:29 -0800] "GET /beta/wp-content/themes/CherryFramework/js/superfish.js HTTP/1.1" 200 1280 "-" "Mozilla/5.0 (compatible; AhrefsBot/7.0; +http://ahrefs.com/robot/)" "tekmedicgloves.com"
51.222.253.5 - - [08/Dec/2022:14:59:34 -0800] "GET /beta/wp-content/plugins/cherry-plugin/lib/js/owl-carousel/owl.theme.css HTTP/1.1" 200 606 "-" "Mozilla/5.0 (compatible; AhrefsBot/7.0; +http://ahrefs.com/robot/)" "tekmedicgloves.com"
51.222.253.19 - - [08/Dec/2022:14:59:34 -0800] "GET /beta/wp-content/themes/theme48838/images/social/google.png HTTP/1.1" 200 1611 "-" "Mozilla/5.0 (compatible; AhrefsBot/7.0; +http://ahrefs.com/robot/)" "tekmedicgloves.com"
51.222.253.4 - - [08/Dec/2022:14:59:39 -0800] "GET /beta/wp-content/themes/theme48838/main-style.css HTTP/1.1" 200 4849 "-" "Mozilla/5.0 (compatible; AhrefsBot/7.0; +http://ahrefs.com/robot/)" "tekmedicgloves.com"
51.222.253.5 - - [08/Dec/2022:14:59:45 -0800] "GET /beta/wp-content/themes/CherryFramework/js/jquery.debouncedresize.js HTTP/1.1" 200 226 "-" "Mozilla/5.0 (compatible; AhrefsBot/7.0; +http://ahrefs.com/robot/)" "tekmedicgloves.com"
51.222.253.8 - - [08/Dec/2022:14:59:46 -0800] "GET /beta/wp-content/themes/CherryFramework/bootstrap/js/bootstrap.min.js HTTP/1.1" 200 7654 "-" "Mozilla/5.0 (compatible; AhrefsBot/7.0; +http://ahrefs.com/robot/)" "tekmedicgloves.com"
51.222.253.11 - - [08/Dec/2022:14:59:51 -0800] "GET /beta/wp-content/plugins/contact-form-7/includes/js/scripts.js HTTP/1.1" 200 1850 "-" "Mozilla/5.0 (compatible; AhrefsBot/7.0; +http://ahrefs.com/robot/)" "tekmedicgloves.com"
51.222.253.3 - - [08/Dec/2022:14:59:56 -0800] "GET /beta/wp-content/plugins/cherry-plugin/lib/js/jquery.easing.1.3.js HTTP/1.1" 200 814 "-" "Mozilla/5.0 (compatible; AhrefsBot/7.0; +http://ahrefs.com/robot/)" "tekmedicgloves.com"
51.222.253.9 - - [08/Dec/2022:14:59:56 -0800] "GET /beta/wp-content/plugins/cherry-plugin/includes/css/cherry-plugin.css HTTP/1.1" 200 4752 "-" "Mozilla/5.0 (compatible; AhrefsBot/7.0; +http://ahrefs.com/robot/)" "tekmedicgloves.com"
185.191.171.33 - - [08/Dec/2022:14:59:58 -0800] "GET /phpMyAdmin/setup/?token=bb382f017bec5311e423e7dc39743c38&version_check=1 HTTP/1.1" 200 12687 "-" "Mozilla/5.0 (compatible; SemrushBot/7~bl; +http://www.semrush.com/bot.html)" "tekmedicgloves.com"
185.191.171.42 - - [08/Dec/2022:15:00:00 -0800] "GET /phpMyAdmin/setup/?token=bd835c457a6f2f6bb526ab2fc21d5040&version_check=1 HTTP/1.1" 200 12687 "-" "Mozilla/5.0 (compatible; SemrushBot/7~bl; +http://www.semrush.com/bot.html)" "tekmedicgloves.com"
51.222.253.16 - - [08/Dec/2022:15:00:02 -0800] "GET /beta/wp-content/themes/CherryFramework/js/jquery.jplayer.min.js HTTP/1.1" 200 11945 "-" "Mozilla/5.0 (compatible; AhrefsBot/7.0; +http://ahrefs.com/robot/)" "tekmedicgloves.com"
185.191.171.22 - - [08/Dec/2022:15:00:06 -0800] "GET /phpMyAdmin/setup/?token=c4efe1f2c0d50e70bd7ab76ad8c921d0&version_check=1 HTTP/1.1" 200 12691 "-" "Mozilla/5.0 (compatible; SemrushBot/7~bl; +http://www.semrush.com/bot.html)" "www.tekmedicgloves.com"
51.222.253.18 - - [08/Dec/2022:15:00:08 -0800] "GET /beta/wp-content/themes/CherryFramework/css/camera.css HTTP/1.1" 200 3117 "-" "Mozilla/5.0 (compatible; AhrefsBot/7.0; +http://ahrefs.com/robot/)" "tekmedicgloves.com"
51.222.253.16 - - [08/Dec/2022:15:00:13 -0800] "GET /beta/wp-content/plugins/cherry-plugin/lib/js/elasti-carousel/jquery.elastislide.js HTTP/1.1" 200 1963 "-" "Mozilla/5.0 (compatible; AhrefsBot/7.0; +http://ahrefs.com/robot/)" "tekmedicgloves.com"
185.191.171.12 - - [08/Dec/2022:15:00:13 -0800] "GET /phpMyAdmin/setup/?token=cdb3071419b53c06639b1561a8f9c2ec&version_check=1 HTTP/1.1" 200 12687 "-" "Mozilla/5.0 (compatible; SemrushBot/7~bl; +http://www.semrush.com/bot.html)" "tekmedicgloves.com"
51.222.253.2 - - [08/Dec/2022:15:00:18 -0800] "GET /beta/wp-content/themes/CherryFramework/js/jquery-1.7.2.min.js HTTP/1.1" 200 33630 "-" "Mozilla/5.0 (compatible; AhrefsBot/7.0; +http://ahrefs.com/robot/)" "tekmedicgloves.com"
51.222.253.19 - - [08/Dec/2022:15:00:24 -0800] "GET /beta/wp-content/themes/CherryFramework/css/magnific-popup.css HTTP/1.1" 200 2166 "-" "Mozilla/5.0 (compatible; AhrefsBot/7.0; +http://ahrefs.com/robot/)" "tekmedicgloves.com"
185.191.171.38 - - [08/Dec/2022:15:00:29 -0800] "GET /phpMyAdmin/setup/?token=eeca8dd06d79d7cb64c173dd0d9e2771&version_check=1 HTTP/1.1" 200 12687 "-" "Mozilla/5.0 (compatible; SemrushBot/7~bl; +http://www.semrush.com/bot.html)" "tekmedicgloves.com"
51.222.253.8 - - [08/Dec/2022:15:00:32 -0800] "GET /beta/wp-content/plugins/cherry-plugin/lib/js/FlexSlider/jquery.flexslider-min.js HTTP/1.1" 200 5177 "-" "Mozilla/5.0 (compatible; AhrefsBot/7.0; +http://ahrefs.com/robot/)" "tekmedicgloves.com"
51.222.253.4 - - [08/Dec/2022:15:00:38 -0800] "GET /beta/wp-content/themes/CherryFramework/js/jquery.magnific-popup.min.js HTTP/1.1" 200 7493 "-" "Mozilla/5.0 (compatible; AhrefsBot/7.0; +http://ahrefs.com/robot/)" "tekmedicgloves.com"
51.222.253.9 - - [08/Dec/2022:15:00:43 -0800] "GET /beta/wp-content/themes/theme48838/images/social/twitter.png HTTP/1.1" 200 1861 "-" "Mozilla/5.0 (compatible; AhrefsBot/7.0; +http://ahrefs.com/robot/)" "tekmedicgloves.com"
51.222.253.15 - - [08/Dec/2022:15:00:48 -0800] "GET /beta/wp-content/themes/theme48838/bootstrap/css/bootstrap.css HTTP/1.1" 200 15793 "-" "Mozilla/5.0 (compatible; AhrefsBot/7.0; +http://ahrefs.com/robot/)" "tekmedicgloves.com"
51.222.253.14 - - [08/Dec/2022:15:00:54 -0800] "GET /beta/wp-content/themes/CherryFramework/js/custom.js HTTP/1.1" 200 2131 "-" "Mozilla/5.0 (compatible; AhrefsBot/7.0; +http://ahrefs.com/robot/)" "tekmedicgloves.com"
51.222.253.1 - - [08/Dec/2022:15:00:59 -0800] "GET /beta/wp-content/themes/CherryFramework/js/jquery.mobilemenu.js HTTP/1.1" 200 908 "-" "Mozilla/5.0 (compatible; AhrefsBot/7.0; +http://ahrefs.com/robot/)" "tekmedicgloves.com"
51.222.253.6 - - [08/Dec/2022:15:01:04 -0800] "GET /beta/wp-content/themes/CherryFramework/js/camera.min.js HTTP/1.1" 200 8551 "-" "Mozilla/5.0 (compatible; AhrefsBot/7.0; +http://ahrefs.com/robot/)" "tekmedicgloves.com"
185.191.171.15 - - [08/Dec/2022:15:01:06 -0800] "GET /phpMyAdmin/setup/?token=e8b0c599be1e5bfcd269fe2dcd8c1312&version_check=1 HTTP/1.1" 200 12687 "-" "Mozilla/5.0 (compatible; SemrushBot/7~bl; +http://www.semrush.com/bot.html)" "tekmedicgloves.com"
51.222.253.7 - - [08/Dec/2022:15:01:10 -0800] "GET /beta/wp-content/themes/CherryFramework/js/modernizr.js HTTP/1.1" 200 5141 "-" "Mozilla/5.0 (compatible; AhrefsBot/7.0; +http://ahrefs.com/robot/)" "tekmedicgloves.com"
51.222.253.12 - - [08/Dec/2022:15:01:15 -0800] "GET /beta/wp-includes/js/swfobject.js HTTP/1.1" 404 88 "-" "Mozilla/5.0 (compatible; AhrefsBot/7.0; +http://ahrefs.com/robot/)" "tekmedicgloves.com"
51.222.253.3 - - [08/Dec/2022:15:01:15 -0800] "GET /beta/wp-content/themes/CherryFramework/js/jquery.mobile.customized.min.js HTTP/1.1" 200 6409 "-" "Mozilla/5.0 (compatible; AhrefsBot/7.0; +http://ahrefs.com/robot/)" "tekmedicgloves.com"
51.222.253.7 - - [08/Dec/2022:15:01:21 -0800] "GET /beta/wp-content/plugins/contact-form-7/includes/js/jquery.form.min.js HTTP/1.1" 200 5878 "-" "Mozilla/5.0 (compatible; AhrefsBot/7.0; +http://ahrefs.com/robot/)" "tekmedicgloves.com"
51.222.253.1 - - [08/Dec/2022:15:01:26 -0800] "GET /beta/wp-includes/js/comment-reply.min.js HTTP/1.1" 404 88 "-" "Mozilla/5.0 (compatible; AhrefsBot/7.0; +http://ahrefs.com/robot/)" "tekmedicgloves.com"
51.222.253.7 - - [08/Dec/2022:15:01:26 -0800] "GET /beta/wp-content/plugins/cherry-plugin/includes/js/cherry-plugin.js HTTP/1.1" 200 438 "-" "Mozilla/5.0 (compatible; AhrefsBot/7.0; +http://ahrefs.com/robot/)" "tekmedicgloves.com"
51.222.253.12 - - [08/Dec/2022:15:01:26 -0800] "GET /beta/wp-content/plugins/cherry-plugin/lib/js/owl-carousel/owl.carousel.css HTTP/1.1" 200 1119 "-" "Mozilla/5.0 (compatible; AhrefsBot/7.0; +http://ahrefs.com/robot/)" "tekmedicgloves.com"
185.191.171.37 - - [08/Dec/2022:15:01:27 -0800] "GET /phpMyAdmin/setup/?token=0f2df8dd313244cef41e2397e971bae3&version_check=1 HTTP/1.1" 200 12687 "-" "Mozilla/5.0 (compatible; SemrushBot/7~bl; +http://www.semrush.com/bot.html)" "tekmedicgloves.com"
51.222.253.9 - - [08/Dec/2022:15:01:31 -0800] "GET /beta/wp-content/plugins/contact-form-7/includes/css/styles.css HTTP/1.1" 200 392 "-" "Mozilla/5.0 (compatible; AhrefsBot/7.0; +http://ahrefs.com/robot/)" "tekmedicgloves.com"
51.222.253.17 - - [08/Dec/2022:15:01:32 -0800] "GET /beta/wp-content/themes/CherryFramework/js/jquery.isotope.js HTTP/1.1" 200 4845 "-" "Mozilla/5.0 (compatible; AhrefsBot/7.0; +http://ahrefs.com/robot/)" "tekmedicgloves.com"
185.191.171.6 - - [08/Dec/2022:15:01:42 -0800] "GET /phpMyAdmin/setup/?token=b70476ecdb29e55a5b7486172394476a&version_check=1 HTTP/1.1" 200 12691 "-" "Mozilla/5.0 (compatible; SemrushBot/7~bl; +http://www.semrush.com/bot.html)" "www.tekmedicgloves.com"
185.191.171.8 - - [08/Dec/2022:15:01:52 -0800] "GET /phpMyAdmin/setup/?token=b5f9053838ba4a466ee11892b74be00d&version_check=1 HTTP/1.1" 200 12691 "-" "Mozilla/5.0 (compatible; SemrushBot/7~bl; +http://www.semrush.com/bot.html)" "www.tekmedicgloves.com"
185.191.171.5 - - [08/Dec/2022:15:01:56 -0800] "GET /phpMyAdmin/setup/?token=fc4b2d4c46eb2ab3540cc1dfa4c74f97&version_check=1 HTTP/1.1" 200 12691 "-" "Mozilla/5.0 (compatible; SemrushBot/7~bl; +http://www.semrush.com/bot.html)" "www.tekmedicgloves.com"
185.191.171.3 - - [08/Dec/2022:15:02:04 -0800] "GET /phpMyAdmin/setup/?token=c2a9aede94b477f9b47dd246867a0ad2&version_check=1 HTTP/1.1" 200 12687 "-" "Mozilla/5.0 (compatible; SemrushBot/7~bl; +http://www.semrush.com/bot.html)" "tekmedicgloves.com"
185.191.171.17 - - [08/Dec/2022:15:02:07 -0800] "GET /phpMyAdmin/setup/?token=c87d8a347782a9bdbb475c4436c1c26e&version_check=1 HTTP/1.1" 200 12687 "-" "Mozilla/5.0 (compatible; SemrushBot/7~bl; +http://www.semrush.com/bot.html)" "tekmedicgloves.com"
185.191.171.10 - - [08/Dec/2022:15:02:19 -0800] "GET /phpMyAdmin/setup/?token=ea72f0e34b8a59fbafd5bc78336cd38e&version_check=1 HTTP/1.1" 200 12691 "-" "Mozilla/5.0 (compatible; SemrushBot/7~bl; +http://www.semrush.com/bot.html)" "www.tekmedicgloves.com"
185.191.171.24 - - [08/Dec/2022:15:02:26 -0800] "GET /phpMyAdmin/setup/?token=d2ea79fb21a397bea03070de2a382bd5&version_check=1 HTTP/1.1" 200 12687 "-" "Mozilla/5.0 (compatible; SemrushBot/7~bl; +http://www.semrush.com/bot.html)" "tekmedicgloves.com"
185.191.171.41 - - [08/Dec/2022:15:02:30 -0800] "GET /phpMyAdmin/setup/?token=e280cc1c93520d6aee370e4ab9e8804d&version_check=1 HTTP/1.1" 200 12691 "-" "Mozilla/5.0 (compatible; SemrushBot/7~bl; +http://www.semrush.com/bot.html)" "www.tekmedicgloves.com"
185.191.171.33 - - [08/Dec/2022:15:02:40 -0800] "GET /phpMyAdmin/setup/?token=e4e2cb41a19b1c071c4d544ae576ff67&version_check=1 HTTP/1.1" 200 12691 "-" "Mozilla/5.0 (compatible; SemrushBot/7~bl; +http://www.semrush.com/bot.html)" "www.tekmedicgloves.com"
185.191.171.6 - - [08/Dec/2022:15:02:45 -0800] "GET /phpMyAdmin/setup/?token=eb28ee4d6ec5c844e1cb3a9b70e779d1&version_check=1 HTTP/1.1" 200 12691 "-" "Mozilla/5.0 (compatible; SemrushBot/7~bl; +http://www.semrush.com/bot.html)" "www.tekmedicgloves.com"
185.191.171.11 - - [08/Dec/2022:15:03:34 -0800] "GET /phpMyAdmin/setup/?token=eb21916a193b28364898da3d32a5b111&version_check=1 HTTP/1.1" 200 12691 "-" "Mozilla/5.0 (compatible; SemrushBot/7~bl; +http://www.semrush.com/bot.html)" "www.tekmedicgloves.com"
185.191.171.8 - - [08/Dec/2022:15:03:36 -0800] "GET /phpMyAdmin/setup/?token=e25c21b261f47ea347fcd49a855d7083&version_check=1 HTTP/1.1" 200 12691 "-" "Mozilla/5.0 (compatible; SemrushBot/7~bl; +http://www.semrush.com/bot.html)" "www.tekmedicgloves.com"
185.191.171.21 - - [08/Dec/2022:15:03:37 -0800] "GET /phpMyAdmin/setup/?token=078c6d5b87ce178a97546edc9f931b79&version_check=1 HTTP/1.1" 200 12691 "-" "Mozilla/5.0 (compatible; SemrushBot/7~bl; +http://www.semrush.com/bot.html)" "www.tekmedicgloves.com"
185.191.171.8 - - [08/Dec/2022:15:03:39 -0800] "GET /phpMyAdmin/setup/?token=d58ad4c33b45c3d809924f0ccd7e3164&version_check=1 HTTP/1.1" 200 12687 "-" "Mozilla/5.0 (compatible; SemrushBot/7~bl; +http://www.semrush.com/bot.html)" "tekmedicgloves.com"
185.191.171.44 - - [08/Dec/2022:15:04:00 -0800] "GET /phpMyAdmin/setup/?token=dac67f199ecd5c142ec7173cd3724967&version_check=1 HTTP/1.1" 200 12691 "-" "Mozilla/5.0 (compatible; SemrushBot/7~bl; +http://www.semrush.com/bot.html)" "www.tekmedicgloves.com"
185.191.171.7 - - [08/Dec/2022:15:04:17 -0800] "GET /phpMyAdmin/setup/?token=bf3c3e638e9b65fbf4a0ac52c185a0ed&version_check=1 HTTP/1.1" 200 12691 "-" "Mozilla/5.0 (compatible; SemrushBot/7~bl; +http://www.semrush.com/bot.html)" "www.tekmedicgloves.com"
185.191.171.13 - - [08/Dec/2022:15:04:25 -0800] "GET /phpMyAdmin/setup/?token=cd2269631dd07cfc7db77cd6854aa4c0&version_check=1 HTTP/1.1" 200 12687 "-" "Mozilla/5.0 (compatible; SemrushBot/7~bl; +http://www.semrush.com/bot.html)" "tekmedicgloves.com"
185.191.171.24 - - [08/Dec/2022:15:04:40 -0800] "GET /robots.txt HTTP/1.1" 404 88 "-" "Mozilla/5.0 (compatible; SemrushBot/7~bl; +http://www.semrush.com/bot.html)" "tekmedicgloves.com"
185.191.171.15 - - [08/Dec/2022:15:04:41 -0800] "GET /phpMyAdmin/setup/?token=dfecdfde89188e81e28f194d73a29779&version_check=1 HTTP/1.1" 200 12687 "-" "Mozilla/5.0 (compatible; SemrushBot/7~bl; +http://www.semrush.com/bot.html)" "tekmedicgloves.com"
185.191.171.25 - - [08/Dec/2022:15:04:45 -0800] "GET /phpMyAdmin/setup/?token=0d0140e374b687af17a2c0d2c3fe8c73&version_check=1 HTTP/1.1" 200 12687 "-" "Mozilla/5.0 (compatible; SemrushBot/7~bl; +http://www.semrush.com/bot.html)" "tekmedicgloves.com"
185.191.171.34 - - [08/Dec/2022:15:04:51 -0800] "GET /phpMyAdmin/setup/?token=c7c406cdd7dfd7abbe23926859dbb506&version_check=1 HTTP/1.1" 200 12691 "-" "Mozilla/5.0 (compatible; SemrushBot/7~bl; +http://www.semrush.com/bot.html)" "www.tekmedicgloves.com"
185.191.171.5 - - [08/Dec/2022:15:05:20 -0800] "GET /phpMyAdmin/setup/?token=ff70d6eab2b660c1ec7f3a37b4aff3b9&version_check=1 HTTP/1.1" 200 12691 "-" "Mozilla/5.0 (compatible; SemrushBot/7~bl; +http://www.semrush.com/bot.html)" "www.tekmedicgloves.com"
185.191.171.20 - - [08/Dec/2022:15:05:50 -0800] "GET /phpMyAdmin/setup/?token=0df2c0b8d3e1caabf5d42cb146e920a2&version_check=1 HTTP/1.1" 200 12691 "-" "Mozilla/5.0 (compatible; SemrushBot/7~bl; +http://www.semrush.com/bot.html)" "www.tekmedicgloves.com"
185.191.171.43 - - [08/Dec/2022:15:06:33 -0800] "GET /phpMyAdmin/setup/?token=b153acb7ac43b251179899b4dbdcf811&version_check=1 HTTP/1.1" 200 12691 "-" "Mozilla/5.0 (compatible; SemrushBot/7~bl; +http://www.semrush.com/bot.html)" "www.tekmedicgloves.com"
185.191.171.14 - - [08/Dec/2022:15:06:42 -0800] "GET /robots.txt HTTP/1.1" 404 88 "-" "Mozilla/5.0 (compatible; SemrushBot/7~bl; +http://www.semrush.com/bot.html)" "www.tekmedicgloves.com"
185.191.171.44 - - [08/Dec/2022:15:06:42 -0800] "GET /phpMyAdmin/setup/?token=e7210586e3405f3ddfbf77a9cc588396&version_check=1 HTTP/1.1" 200 12691 "-" "Mozilla/5.0 (compatible; SemrushBot/7~bl; +http://www.semrush.com/bot.html)" "www.tekmedicgloves.com"
185.191.171.10 - - [08/Dec/2022:15:06:57 -0800] "GET /phpMyAdmin/setup/?token=b09d34cce2e705b65b28438c7ec04d67&version_check=1 HTTP/1.1" 200 12691 "-" "Mozilla/5.0 (compatible; SemrushBot/7~bl; +http://www.semrush.com/bot.html)" "www.tekmedicgloves.com"
185.191.171.17 - - [08/Dec/2022:15:07:10 -0800] "GET /phpMyAdmin/setup/?token=be78fdd1f1be0151c354dede95e03d81&version_check=1 HTTP/1.1" 200 12687 "-" "Mozilla/5.0 (compatible; SemrushBot/7~bl; +http://www.semrush.com/bot.html)" "tekmedicgloves.com"
185.191.171.17 - - [08/Dec/2022:15:07:35 -0800] "GET /phpMyAdmin/setup/?token=0d447099c7dd410ca5eea7bd79c30515&version_check=1 HTTP/1.1" 200 12691 "-" "Mozilla/5.0 (compatible; SemrushBot/7~bl; +http://www.semrush.com/bot.html)" "www.tekmedicgloves.com"
185.191.171.21 - - [08/Dec/2022:15:07:54 -0800] "GET /phpMyAdmin/setup/?token=eed7f5394d1fb5ab6d0a0103b1557ecf&version_check=1 HTTP/1.1" 200 12691 "-" "Mozilla/5.0 (compatible; SemrushBot/7~bl; +http://www.semrush.com/bot.html)" "www.tekmedicgloves.com"
185.191.171.17 - - [08/Dec/2022:15:08:00 -0800] "GET /phpMyAdmin/setup/?token=d1ca8b7d3a2ad9b07bf78d1617d37832&version_check=1 HTTP/1.1" 200 12687 "-" "Mozilla/5.0 (compatible; SemrushBot/7~bl; +http://www.semrush.com/bot.html)" "tekmedicgloves.com"
185.191.171.4 - - [08/Dec/2022:15:08:12 -0800] "GET /phpMyAdmin/setup/?token=f6017c8d3da27a2a860cccaebb17863d&version_check=1 HTTP/1.1" 200 12691 "-" "Mozilla/5.0 (compatible; SemrushBot/7~bl; +http://www.semrush.com/bot.html)" "www.tekmedicgloves.com"
185.191.171.44 - - [08/Dec/2022:15:09:11 -0800] "GET /phpMyAdmin/setup/?token=e016598d0823870c6ddcf447f52beee3&version_check=1 HTTP/1.1" 200 12687 "-" "Mozilla/5.0 (compatible; SemrushBot/7~bl; +http://www.semrush.com/bot.html)" "tekmedicgloves.com"
185.191.171.34 - - [08/Dec/2022:15:09:50 -0800] "GET /phpMyAdmin/setup/?token=c950c17fd8b57d0382cf6d6a0b7a7012&version_check=1 HTTP/1.1" 200 12691 "-" "Mozilla/5.0 (compatible; SemrushBot/7~bl; +http://www.semrush.com/bot.html)" "www.tekmedicgloves.com"
185.191.171.2 - - [08/Dec/2022:15:09:55 -0800] "GET /phpMyAdmin/setup/?token=bdb9b40a151940c266fb333101a0e5c7&version_check=1 HTTP/1.1" 200 12687 "-" "Mozilla/5.0 (compatible; SemrushBot/7~bl; +http://www.semrush.com/bot.html)" "tekmedicgloves.com"
185.191.171.15 - - [08/Dec/2022:15:09:58 -0800] "GET /phpMyAdmin/setup/?token=bcf5faa6d1ce12f60f0a9ece1754895f&version_check=1 HTTP/1.1" 200 12687 "-" "Mozilla/5.0 (compatible; SemrushBot/7~bl; +http://www.semrush.com/bot.html)" "tekmedicgloves.com"
185.191.171.6 - - [08/Dec/2022:15:10:00 -0800] "GET /phpMyAdmin/setup/?token=c4560e2cec48b93a42a695ae2671d708&version_check=1 HTTP/1.1" 200 12687 "-" "Mozilla/5.0 (compatible; SemrushBot/7~bl; +http://www.semrush.com/bot.html)" "tekmedicgloves.com"
185.191.171.15 - - [08/Dec/2022:15:10:02 -0800] "GET /phpMyAdmin/setup/?token=c420426fa51ccb407b0f8a4ade10a777&version_check=1 HTTP/1.1" 200 12687 "-" "Mozilla/5.0 (compatible; SemrushBot/7~bl; +http://www.semrush.com/bot.html)" "tekmedicgloves.com"
185.191.171.37 - - [08/Dec/2022:15:10:02 -0800] "GET /phpMyAdmin/setup/?token=ee8d558453062fee56674029d9a8db6c&version_check=1 HTTP/1.1" 200 12691 "-" "Mozilla/5.0 (compatible; SemrushBot/7~bl; +http://www.semrush.com/bot.html)" "www.tekmedicgloves.com"
185.191.171.26 - - [08/Dec/2022:15:10:06 -0800] "GET /phpMyAdmin/setup/?token=da6d6e15d1bbf09c2ab7f91b53394c06&version_check=1 HTTP/1.1" 200 12691 "-" "Mozilla/5.0 (compatible; SemrushBot/7~bl; +http://www.semrush.com/bot.html)" "www.tekmedicgloves.com"
185.191.171.41 - - [08/Dec/2022:15:10:17 -0800] "GET /phpMyAdmin/setup/?token=d75ab212fbf121b93162f9b44ef192c6&version_check=1 HTTP/1.1" 200 12691 "-" "Mozilla/5.0 (compatible; SemrushBot/7~bl; +http://www.semrush.com/bot.html)" "www.tekmedicgloves.com"
185.191.171.11 - - [08/Dec/2022:15:10:28 -0800] "GET /phpMyAdmin/setup/?token=f612d4120439544ca88f8761d19dc0f2&version_check=1 HTTP/1.1" 200 12691 "-" "Mozilla/5.0 (compatible; SemrushBot/7~bl; +http://www.semrush.com/bot.html)" "www.tekmedicgloves.com"
185.191.171.1 - - [08/Dec/2022:15:10:42 -0800] "GET /phpMyAdmin/setup/?token=e58b2f57dd2602e7a23f851407758143&version_check=1 HTTP/1.1" 200 12691 "-" "Mozilla/5.0 (compatible; SemrushBot/7~bl; +http://www.semrush.com/bot.html)" "www.tekmedicgloves.com"
185.191.171.35 - - [08/Dec/2022:15:10:43 -0800] "GET /phpMyAdmin/setup/?token=cba4304ff3ab4bc55932d847e36077a1&version_check=1 HTTP/1.1" 200 12687 "-" "Mozilla/5.0 (compatible; SemrushBot/7~bl; +http://www.semrush.com/bot.html)" "tekmedicgloves.com"
185.191.171.40 - - [08/Dec/2022:15:10:43 -0800] "GET /phpMyAdmin/setup/?token=f2cf153b59a57947710b98c9efb70318&version_check=1 HTTP/1.1" 200 12691 "-" "Mozilla/5.0 (compatible; SemrushBot/7~bl; +http://www.semrush.com/bot.html)" "www.tekmedicgloves.com"
185.191.171.17 - - [08/Dec/2022:15:10:44 -0800] "GET /phpMyAdmin/setup/?token=eeb81da8edde1b952c4a5bb6999256a0&version_check=1 HTTP/1.1" 200 12687 "-" "Mozilla/5.0 (compatible; SemrushBot/7~bl; +http://www.semrush.com/bot.html)" "tekmedicgloves.com"
185.191.171.42 - - [08/Dec/2022:15:11:06 -0800] "GET /phpMyAdmin/setup/?token=f8e9f57caa18c404c489b2e8d80844ba&version_check=1 HTTP/1.1" 200 12687 "-" "Mozilla/5.0 (compatible; SemrushBot/7~bl; +http://www.semrush.com/bot.html)" "tekmedicgloves.com"
185.191.171.17 - - [08/Dec/2022:15:11:56 -0800] "GET /phpMyAdmin/setup/?token=f750971ef8e35e8c551a28f87008cbe7&version_check=1 HTTP/1.1" 200 12691 "-" "Mozilla/5.0 (compatible; SemrushBot/7~bl; +http://www.semrush.com/bot.html)" "www.tekmedicgloves.com"
185.191.171.8 - - [08/Dec/2022:15:12:06 -0800] "GET /phpMyAdmin/setup/?token=d0d5ab59732161a3f512fef83fd0f8f0&version_check=1 HTTP/1.1" 200 12687 "-" "Mozilla/5.0 (compatible; SemrushBot/7~bl; +http://www.semrush.com/bot.html)" "tekmedicgloves.com"
185.191.171.45 - - [08/Dec/2022:15:12:29 -0800] "GET /phpMyAdmin/setup/?token=ac9b5c4c373064c528c91eea0570518e&version_check=1 HTTP/1.1" 200 12691 "-" "Mozilla/5.0 (compatible; SemrushBot/7~bl; +http://www.semrush.com/bot.html)" "www.tekmedicgloves.com"
185.191.171.10 - - [08/Dec/2022:15:12:56 -0800] "GET /phpMyAdmin/setup/?token=da9b79b01e85adf0ea0a5e91eb40b9f0&version_check=1 HTTP/1.1" 200 12691 "-" "Mozilla/5.0 (compatible; SemrushBot/7~bl; +http://www.semrush.com/bot.html)" "www.tekmedicgloves.com"
185.191.171.45 - - [08/Dec/2022:15:12:59 -0800] "GET /phpMyAdmin/setup/?token=cecf75d2cd559657c0dca7ede1581d83&version_check=1 HTTP/1.1" 200 12687 "-" "Mozilla/5.0 (compatible; SemrushBot/7~bl; +http://www.semrush.com/bot.html)" "tekmedicgloves.com"
185.191.171.7 - - [08/Dec/2022:15:13:58 -0800] "GET /phpMyAdmin/setup/?token=c3114e8326db1ba5a0b5acbf6ac64bb4&version_check=1 HTTP/1.1" 200 12687 "-" "Mozilla/5.0 (compatible; SemrushBot/7~bl; +http://www.semrush.com/bot.html)" "tekmedicgloves.com"
185.191.171.35 - - [08/Dec/2022:15:14:14 -0800] "GET /phpMyAdmin/setup/?token=b53f9152e07a445afe4dbbf6651a0871&version_check=1 HTTP/1.1" 200 12691 "-" "Mozilla/5.0 (compatible; SemrushBot/7~bl; +http://www.semrush.com/bot.html)" "www.tekmedicgloves.com"
185.191.171.43 - - [08/Dec/2022:15:15:02 -0800] "GET /phpMyAdmin/setup/?token=ca41bc94e3b4997086f246dc08a1ed3d&version_check=1 HTTP/1.1" 200 12687 "-" "Mozilla/5.0 (compatible; SemrushBot/7~bl; +http://www.semrush.com/bot.html)" "tekmedicgloves.com"
185.191.171.35 - - [08/Dec/2022:15:15:12 -0800] "GET /phpMyAdmin/setup/?token=c3c6a3bcdf8a8fe0b462c6e417648b24&version_check=1 HTTP/1.1" 200 12687 "-" "Mozilla/5.0 (compatible; SemrushBot/7~bl; +http://www.semrush.com/bot.html)" "tekmedicgloves.com"
185.191.171.37 - - [08/Dec/2022:15:15:20 -0800] "GET /phpMyAdmin/setup/?token=c7f40e13380235419b4ca22ecd6309ac&version_check=1 HTTP/1.1" 200 12691 "-" "Mozilla/5.0 (compatible; SemrushBot/7~bl; +http://www.semrush.com/bot.html)" "www.tekmedicgloves.com"
185.191.171.43 - - [08/Dec/2022:15:15:27 -0800] "GET /phpMyAdmin/setup/?token=f3fb05391e20f9e0253b366cd9b964f3&version_check=1 HTTP/1.1" 200 12691 "-" "Mozilla/5.0 (compatible; SemrushBot/7~bl; +http://www.semrush.com/bot.html)" "www.tekmedicgloves.com"
185.191.171.14 - - [08/Dec/2022:15:15:36 -0800] "GET /phpMyAdmin/setup/?token=c1dc0a2c971305a48c3b5b935b749669&version_check=1 HTTP/1.1" 200 12687 "-" "Mozilla/5.0 (compatible; SemrushBot/7~bl; +http://www.semrush.com/bot.html)" "tekmedicgloves.com"
185.191.171.15 - - [08/Dec/2022:15:15:44 -0800] "GET /phpMyAdmin/setup/?token=b53901d1c6f9459ae6d368e5b76f0ec1&version_check=1 HTTP/1.1" 200 12691 "-" "Mozilla/5.0 (compatible; SemrushBot/7~bl; +http://www.semrush.com/bot.html)" "www.tekmedicgloves.com"
