51.222.253.12 - - [07/Dec/2022:19:47:21 -0800] "GET /beta/wp-content/uploads/2014/04/2page_img1.jpg HTTP/1.1" 200 33711 "-" "Mozilla/5.0 (compatible; AhrefsBot/7.0; +http://ahrefs.com/robot/)" "tekmedicgloves.com"
185.191.171.5 - - [07/Dec/2022:19:47:26 -0800] "GET /phpMyAdmin/setup/?token=c420b8744e3a9aad2a9a6ac54d910f64&version_check=1 HTTP/1.1" 200 12687 "-" "Mozilla/5.0 (compatible; SemrushBot/7~bl; +http://www.semrush.com/bot.html)" "tekmedicgloves.com"
51.222.253.10 - - [07/Dec/2022:19:47:27 -0800] "GET /beta/wp-content/themes/CherryFramework/js/jquery.jplayer.min.js HTTP/1.1" 200 11945 "-" "Mozilla/5.0 (compatible; AhrefsBot/7.0; +http://ahrefs.com/robot/)" "tekmedicgloves.com"
185.191.171.14 - - [07/Dec/2022:19:47:29 -0800] "GET /phpMyAdmin/setup/?token=fb0b81f82bccc2c959c6941fdf09ca7f&version_check=1 HTTP/1.1" 200 12691 "-" "Mozilla/5.0 (compatible; SemrushBot/7~bl; +http://www.semrush.com/bot.html)" "www.tekmedicgloves.com"
51.222.253.10 - - [07/Dec/2022:19:47:33 -0800] "GET /beta/wp-content/themes/CherryFramework/css/camera.css HTTP/1.1" 200 3117 "-" "Mozilla/5.0 (compatible; AhrefsBot/7.0; +http://ahrefs.com/robot/)" "tekmedicgloves.com"
51.222.253.12 - - [07/Dec/2022:19:47:38 -0800] "GET /beta/wp-content/plugins/cherry-plugin/lib/js/elasti-carousel/jquery.elastislide.js HTTP/1.1" 200 1963 "-" "Mozilla/5.0 (compatible; AhrefsBot/7.0; +http://ahrefs.com/robot/)" "tekmedicgloves.com"
185.191.171.35 - - [07/Dec/2022:19:47:38 -0800] "GET /phpMyAdmin/setup/?token=d39f2f4362e4b872d40b95dd73e84dae&version_check=1 HTTP/1.1" 200 12691 "-" "Mozilla/5.0 (compatible; SemrushBot/7~bl; +http://www.semrush.com/bot.html)" "www.tekmedicgloves.com"
51.222.253.3 - - [07/Dec/2022:19:47:43 -0800] "GET /beta/wp-content/uploads/2014/04/team3.jpg HTTP/1.1" 200 10832 "-" "Mozilla/5.0 (compatible; AhrefsBot/7.0; +http://ahrefs.com/robot/)" "tekmedicgloves.com"
51.222.253.20 - - [07/Dec/2022:19:47:48 -0800] "GET /beta/wp-content/themes/CherryFramework/js/jquery-1.7.2.min.js HTTP/1.1" 200 33630 "-" "Mozilla/5.0 (compatible; AhrefsBot/7.0; +http://ahrefs.com/robot/)" "tekmedicgloves.com"
51.222.253.14 - - [07/Dec/2022:19:47:54 -0800] "GET /beta/wp-content/themes/CherryFramework/css/magnific-popup.css HTTP/1.1" 200 2166 "-" "Mozilla/5.0 (compatible; AhrefsBot/7.0; +http://ahrefs.com/robot/)" "tekmedicgloves.com"
51.222.253.1 - - [07/Dec/2022:19:47:59 -0800] "GET /beta/wp-content/plugins/cherry-plugin/lib/js/FlexSlider/jquery.flexslider-min.js HTTP/1.1" 200 5177 "-" "Mozilla/5.0 (compatible; AhrefsBot/7.0; +http://ahrefs.com/robot/)" "tekmedicgloves.com"
51.222.253.10 - - [07/Dec/2022:19:48:04 -0800] "GET /beta/wp-content/themes/CherryFramework/js/jquery.magnific-popup.min.js HTTP/1.1" 200 7493 "-" "Mozilla/5.0 (compatible; AhrefsBot/7.0; +http://ahrefs.com/robot/)" "tekmedicgloves.com"
51.222.253.8 - - [07/Dec/2022:19:48:10 -0800] "GET /beta/wp-content/themes/theme48838/images/social/twitter.png HTTP/1.1" 200 1861 "-" "Mozilla/5.0 (compatible; AhrefsBot/7.0; +http://ahrefs.com/robot/)" "tekmedicgloves.com"
51.222.253.5 - - [07/Dec/2022:19:48:15 -0800] "GET /beta/wp-content/uploads/2014/04/team6.jpg HTTP/1.1" 200 10734 "-" "Mozilla/5.0 (compatible; AhrefsBot/7.0; +http://ahrefs.com/robot/)" "tekmedicgloves.com"
51.222.253.9 - - [07/Dec/2022:19:48:20 -0800] "GET /beta/wp-content/themes/theme48838/bootstrap/css/bootstrap.css HTTP/1.1" 200 15793 "-" "Mozilla/5.0 (compatible; AhrefsBot/7.0; +http://ahrefs.com/robot/)" "tekmedicgloves.com"
51.222.253.12 - - [07/Dec/2022:19:48:25 -0800] "GET /beta/wp-content/themes/CherryFramework/js/custom.js HTTP/1.1" 200 2131 "-" "Mozilla/5.0 (compatible; AhrefsBot/7.0; +http://ahrefs.com/robot/)" "tekmedicgloves.com"
51.222.253.5 - - [07/Dec/2022:19:48:31 -0800] "GET /beta/wp-content/themes/CherryFramework/js/jquery.mobilemenu.js HTTP/1.1" 200 908 "-" "Mozilla/5.0 (compatible; AhrefsBot/7.0; +http://ahrefs.com/robot/)" "tekmedicgloves.com"
185.191.171.12 - - [07/Dec/2022:19:48:32 -0800] "GET /phpMyAdmin/setup/?token=c7babd9eb0980a7182aa5ee3bebf5728&version_check=1 HTTP/1.1" 200 12687 "-" "Mozilla/5.0 (compatible; SemrushBot/7~bl; +http://www.semrush.com/bot.html)" "tekmedicgloves.com"
185.191.171.16 - - [07/Dec/2022:19:48:35 -0800] "GET /phpMyAdmin/setup/?token=bc578d6ee352b3b9837e7adbbcdf619a&version_check=1 HTTP/1.1" 200 12687 "-" "Mozilla/5.0 (compatible; SemrushBot/7~bl; +http://www.semrush.com/bot.html)" "tekmedicgloves.com"
51.222.253.4 - - [07/Dec/2022:19:48:36 -0800] "GET /beta/wp-content/themes/CherryFramework/js/camera.min.js HTTP/1.1" 200 8551 "-" "Mozilla/5.0 (compatible; AhrefsBot/7.0; +http://ahrefs.com/robot/)" "tekmedicgloves.com"
185.191.171.42 - - [07/Dec/2022:19:48:40 -0800] "GET /phpMyAdmin/setup/?token=ca25bc31f9a10d223a71ad67db508530&version_check=1 HTTP/1.1" 200 12687 "-" "Mozilla/5.0 (compatible; SemrushBot/7~bl; +http://www.semrush.com/bot.html)" "tekmedicgloves.com"
51.222.253.1 - - [07/Dec/2022:19:48:41 -0800] "GET /beta/wp-content/themes/CherryFramework/js/modernizr.js HTTP/1.1" 200 5141 "-" "Mozilla/5.0 (compatible; AhrefsBot/7.0; +http://ahrefs.com/robot/)" "tekmedicgloves.com"
51.222.253.6 - - [07/Dec/2022:19:48:46 -0800] "GET /beta/wp-content/uploads/2014/04/team5.jpg HTTP/1.1" 200 11451 "-" "Mozilla/5.0 (compatible; AhrefsBot/7.0; +http://ahrefs.com/robot/)" "tekmedicgloves.com"
51.222.253.16 - - [07/Dec/2022:19:48:52 -0800] "GET /beta/wp-includes/js/swfobject.js HTTP/1.1" 404 88 "-" "Mozilla/5.0 (compatible; AhrefsBot/7.0; +http://ahrefs.com/robot/)" "tekmedicgloves.com"
51.222.253.8 - - [07/Dec/2022:19:48:52 -0800] "GET /beta/wp-content/themes/CherryFramework/js/jquery.mobile.customized.min.js HTTP/1.1" 200 6409 "-" "Mozilla/5.0 (compatible; AhrefsBot/7.0; +http://ahrefs.com/robot/)" "tekmedicgloves.com"
185.191.171.4 - - [07/Dec/2022:19:48:51 -0800] "GET /phpMyAdmin/setup/?token=b7b275ffd8f36651de52bd8a55a6527b&version_check=1 HTTP/1.1" 200 12691 "-" "Mozilla/5.0 (compatible; SemrushBot/7~bl; +http://www.semrush.com/bot.html)" "www.tekmedicgloves.com"
51.222.253.3 - - [07/Dec/2022:19:48:57 -0800] "GET /beta/wp-content/plugins/contact-form-7/includes/js/jquery.form.min.js HTTP/1.1" 200 5878 "-" "Mozilla/5.0 (compatible; AhrefsBot/7.0; +http://ahrefs.com/robot/)" "tekmedicgloves.com"
51.222.253.20 - - [07/Dec/2022:19:49:02 -0800] "GET /beta/wp-includes/js/comment-reply.min.js HTTP/1.1" 404 88 "-" "Mozilla/5.0 (compatible; AhrefsBot/7.0; +http://ahrefs.com/robot/)" "tekmedicgloves.com"
51.222.253.10 - - [07/Dec/2022:19:49:02 -0800] "GET /beta/wp-content/plugins/cherry-plugin/includes/js/cherry-plugin.js HTTP/1.1" 200 438 "-" "Mozilla/5.0 (compatible; AhrefsBot/7.0; +http://ahrefs.com/robot/)" "tekmedicgloves.com"
51.222.253.8 - - [07/Dec/2022:19:49:02 -0800] "GET /beta/wp-content/plugins/cherry-plugin/lib/js/owl-carousel/owl.carousel.css HTTP/1.1" 200 1119 "-" "Mozilla/5.0 (compatible; AhrefsBot/7.0; +http://ahrefs.com/robot/)" "tekmedicgloves.com"
51.222.253.13 - - [07/Dec/2022:19:49:08 -0800] "GET /beta/wp-content/plugins/contact-form-7/includes/css/styles.css HTTP/1.1" 200 392 "-" "Mozilla/5.0 (compatible; AhrefsBot/7.0; +http://ahrefs.com/robot/)" "tekmedicgloves.com"
51.222.253.19 - - [07/Dec/2022:19:49:08 -0800] "GET /beta/wp-content/themes/CherryFramework/js/jquery.isotope.js HTTP/1.1" 200 4845 "-" "Mozilla/5.0 (compatible; AhrefsBot/7.0; +http://ahrefs.com/robot/)" "tekmedicgloves.com"
185.191.171.35 - - [07/Dec/2022:19:49:10 -0800] "GET /phpMyAdmin/setup/?token=c3422dcbb5ac2f524b7f29b016fa9b9c&version_check=1 HTTP/1.1" 200 12687 "-" "Mozilla/5.0 (compatible; SemrushBot/7~bl; +http://www.semrush.com/bot.html)" "tekmedicgloves.com"
185.191.171.25 - - [07/Dec/2022:19:49:45 -0800] "GET /phpMyAdmin/setup/?token=dcfbecf2a2fab85fd473ed68fc084f4f&version_check=1 HTTP/1.1" 200 12687 "-" "Mozilla/5.0 (compatible; SemrushBot/7~bl; +http://www.semrush.com/bot.html)" "tekmedicgloves.com"
185.191.171.11 - - [07/Dec/2022:19:49:48 -0800] "GET /phpMyAdmin/setup/?token=e6f90e4224317e4e5406c1220b9f011c&version_check=1 HTTP/1.1" 200 12691 "-" "Mozilla/5.0 (compatible; SemrushBot/7~bl; +http://www.semrush.com/bot.html)" "www.tekmedicgloves.com"
185.191.171.24 - - [07/Dec/2022:19:50:11 -0800] "GET /phpMyAdmin/setup/?token=daa182b340bc7cef2fe32c1f3dce3234&version_check=1 HTTP/1.1" 200 12687 "-" "Mozilla/5.0 (compatible; SemrushBot/7~bl; +http://www.semrush.com/bot.html)" "tekmedicgloves.com"
185.191.171.6 - - [07/Dec/2022:19:50:11 -0800] "GET /phpMyAdmin/setup/?token=0cb435b2f15ee3c23d584524c775cebf&version_check=1 HTTP/1.1" 200 12691 "-" "Mozilla/5.0 (compatible; SemrushBot/7~bl; +http://www.semrush.com/bot.html)" "www.tekmedicgloves.com"
185.191.171.40 - - [07/Dec/2022:19:50:25 -0800] "GET /phpMyAdmin/setup/?token=f33a77d49b200ce347bcc817af5af5a0&version_check=1 HTTP/1.1" 200 12687 "-" "Mozilla/5.0 (compatible; SemrushBot/7~bl; +http://www.semrush.com/bot.html)" "tekmedicgloves.com"
185.191.171.16 - - [07/Dec/2022:19:50:29 -0800] "GET /phpMyAdmin/setup/?token=f231c421510c1ccb28e87f94fc117919&version_check=1 HTTP/1.1" 200 12691 "-" "Mozilla/5.0 (compatible; SemrushBot/7~bl; +http://www.semrush.com/bot.html)" "www.tekmedicgloves.com"
185.191.171.9 - - [07/Dec/2022:19:50:32 -0800] "GET /phpMyAdmin/setup/?token=fcbb05142fbedea3f1763d18fef43932&version_check=1 HTTP/1.1" 200 12691 "-" "Mozilla/5.0 (compatible; SemrushBot/7~bl; +http://www.semrush.com/bot.html)" "www.tekmedicgloves.com"
185.191.171.5 - - [07/Dec/2022:19:51:00 -0800] "GET /phpMyAdmin/setup/?token=07272ed2be372533857825ddeb71939f&version_check=1 HTTP/1.1" 200 12691 "-" "Mozilla/5.0 (compatible; SemrushBot/7~bl; +http://www.semrush.com/bot.html)" "www.tekmedicgloves.com"
185.191.171.5 - - [07/Dec/2022:19:51:16 -0800] "GET /phpMyAdmin/setup/?token=e0e97ae05c3d333109688fc8971e4ec2&version_check=1 HTTP/1.1" 200 12687 "-" "Mozilla/5.0 (compatible; SemrushBot/7~bl; +http://www.semrush.com/bot.html)" "tekmedicgloves.com"
185.191.171.4 - - [07/Dec/2022:19:51:30 -0800] "GET /phpMyAdmin/setup/?token=d52342d6bc816189a3d16b2d1488a842&version_check=1 HTTP/1.1" 200 12687 "-" "Mozilla/5.0 (compatible; SemrushBot/7~bl; +http://www.semrush.com/bot.html)" "tekmedicgloves.com"
185.191.171.44 - - [07/Dec/2022:19:51:33 -0800] "GET /phpMyAdmin/setup/?token=f6530951b9594ca9a6e5b37d846ca3ae&version_check=1 HTTP/1.1" 200 12691 "-" "Mozilla/5.0 (compatible; SemrushBot/7~bl; +http://www.semrush.com/bot.html)" "www.tekmedicgloves.com"
185.191.171.26 - - [07/Dec/2022:19:51:44 -0800] "GET /phpMyAdmin/setup/?token=e79d3ede832b13f9f67ddffab50985e4&version_check=1 HTTP/1.1" 200 12691 "-" "Mozilla/5.0 (compatible; SemrushBot/7~bl; +http://www.semrush.com/bot.html)" "www.tekmedicgloves.com"
185.191.171.4 - - [07/Dec/2022:19:51:45 -0800] "GET /phpMyAdmin/setup/?token=bdbbe4d275f3687810a91f9132932c3d&version_check=1 HTTP/1.1" 200 12687 "-" "Mozilla/5.0 (compatible; SemrushBot/7~bl; +http://www.semrush.com/bot.html)" "tekmedicgloves.com"
185.191.171.5 - - [07/Dec/2022:19:51:55 -0800] "GET /phpMyAdmin/setup/?token=d2acce97627f53dd9653d6c8dfef510c&version_check=1 HTTP/1.1" 200 12691 "-" "Mozilla/5.0 (compatible; SemrushBot/7~bl; +http://www.semrush.com/bot.html)" "www.tekmedicgloves.com"
185.191.171.42 - - [07/Dec/2022:19:52:06 -0800] "GET /phpMyAdmin/setup/?token=c17884a2f684e4f986b68ca38548e2a1&version_check=1 HTTP/1.1" 200 12687 "-" "Mozilla/5.0 (compatible; SemrushBot/7~bl; +http://www.semrush.com/bot.html)" "tekmedicgloves.com"
185.191.171.36 - - [07/Dec/2022:19:52:10 -0800] "GET /phpMyAdmin/setup/?token=ee0d227e2efca28a10e0f4303ab7c10a&version_check=1 HTTP/1.1" 200 12691 "-" "Mozilla/5.0 (compatible; SemrushBot/7~bl; +http://www.semrush.com/bot.html)" "www.tekmedicgloves.com"
185.191.171.20 - - [07/Dec/2022:19:52:19 -0800] "GET /phpMyAdmin/setup/?token=e2869a5566f087ad1afbcbc735c61f39&version_check=1 HTTP/1.1" 200 12687 "-" "Mozilla/5.0 (compatible; SemrushBot/7~bl; +http://www.semrush.com/bot.html)" "tekmedicgloves.com"
185.191.171.3 - - [07/Dec/2022:19:52:35 -0800] "GET /phpMyAdmin/setup/?token=dcb35352d53ab6b070873fbbb89e88c3&version_check=1 HTTP/1.1" 200 12691 "-" "Mozilla/5.0 (compatible; SemrushBot/7~bl; +http://www.semrush.com/bot.html)" "www.tekmedicgloves.com"
185.191.171.34 - - [07/Dec/2022:19:52:38 -0800] "GET /phpMyAdmin/setup/?token=0f1e60f5c81bac2e60b59a679aeac3a7&version_check=1 HTTP/1.1" 200 12687 "-" "Mozilla/5.0 (compatible; SemrushBot/7~bl; +http://www.semrush.com/bot.html)" "tekmedicgloves.com"
185.191.171.38 - - [07/Dec/2022:19:52:40 -0800] "GET /phpMyAdmin/setup/?token=e72ce92350c3894f0433d9195c5b9e06&version_check=1 HTTP/1.1" 200 12687 "-" "Mozilla/5.0 (compatible; SemrushBot/7~bl; +http://www.semrush.com/bot.html)" "tekmedicgloves.com"
185.191.171.36 - - [07/Dec/2022:19:52:46 -0800] "GET /phpMyAdmin/setup/?token=dcbbfc92e6a9290db345b9d6d93a7d32&version_check=1 HTTP/1.1" 200 12691 "-" "Mozilla/5.0 (compatible; SemrushBot/7~bl; +http://www.semrush.com/bot.html)" "www.tekmedicgloves.com"
185.191.171.17 - - [07/Dec/2022:19:52:58 -0800] "GET /phpMyAdmin/setup/?token=07a9521c740585a95b93e6356268debd&version_check=1 HTTP/1.1" 200 12687 "-" "Mozilla/5.0 (compatible; SemrushBot/7~bl; +http://www.semrush.com/bot.html)" "tekmedicgloves.com"
185.191.171.13 - - [07/Dec/2022:19:53:03 -0800] "GET /phpMyAdmin/setup/?token=104150cdb917a3858ab04669c84a20f1&version_check=1 HTTP/1.1" 200 12687 "-" "Mozilla/5.0 (compatible; SemrushBot/7~bl; +http://www.semrush.com/bot.html)" "tekmedicgloves.com"
185.191.171.18 - - [07/Dec/2022:19:53:13 -0800] "GET /phpMyAdmin/setup/?token=dfa6045a1ad355fb60a2e72b11f286a1&version_check=1 HTTP/1.1" 200 12691 "-" "Mozilla/5.0 (compatible; SemrushBot/7~bl; +http://www.semrush.com/bot.html)" "www.tekmedicgloves.com"
185.191.171.18 - - [07/Dec/2022:19:53:27 -0800] "GET /phpMyAdmin/setup/?token=d36f6757af5b8013be8d0ff0ea2cc239&version_check=1 HTTP/1.1" 200 12691 "-" "Mozilla/5.0 (compatible; SemrushBot/7~bl; +http://www.semrush.com/bot.html)" "www.tekmedicgloves.com"
185.191.171.25 - - [07/Dec/2022:19:53:28 -0800] "GET /phpMyAdmin/setup/?token=c1796ff715c9d8460f7010337281876d&version_check=1 HTTP/1.1" 200 12687 "-" "Mozilla/5.0 (compatible; SemrushBot/7~bl; +http://www.semrush.com/bot.html)" "tekmedicgloves.com"
185.191.171.41 - - [07/Dec/2022:19:54:08 -0800] "GET /phpMyAdmin/setup/?token=da159de8b3e2840448ab9527aa63fae1&version_check=1 HTTP/1.1" 200 12691 "-" "Mozilla/5.0 (compatible; SemrushBot/7~bl; +http://www.semrush.com/bot.html)" "www.tekmedicgloves.com"
185.191.171.5 - - [07/Dec/2022:19:55:31 -0800] "GET /phpMyAdmin/setup/?token=0e13c4b8aaf9c1ca9689e671c4fb1edf&version_check=1 HTTP/1.1" 200 12691 "-" "Mozilla/5.0 (compatible; SemrushBot/7~bl; +http://www.semrush.com/bot.html)" "www.tekmedicgloves.com"
185.191.171.41 - - [07/Dec/2022:19:55:45 -0800] "GET /phpMyAdmin/setup/?token=bca3300871e3a0cf8a0e266d8d4c6d18&version_check=1 HTTP/1.1" 200 12687 "-" "Mozilla/5.0 (compatible; SemrushBot/7~bl; +http://www.semrush.com/bot.html)" "tekmedicgloves.com"
185.191.171.38 - - [07/Dec/2022:19:56:22 -0800] "GET /phpMyAdmin/setup/?token=07c50ec3429fc3dafaaf931897b5e2ac&version_check=1 HTTP/1.1" 200 12691 "-" "Mozilla/5.0 (compatible; SemrushBot/7~bl; +http://www.semrush.com/bot.html)" "www.tekmedicgloves.com"
185.191.171.4 - - [07/Dec/2022:19:56:32 -0800] "GET /phpMyAdmin/setup/?token=bccd9acd873139ab24145ef6724c35a8&version_check=1 HTTP/1.1" 200 12687 "-" "Mozilla/5.0 (compatible; SemrushBot/7~bl; +http://www.semrush.com/bot.html)" "tekmedicgloves.com"
185.191.171.19 - - [07/Dec/2022:19:56:34 -0800] "GET /phpMyAdmin/setup/?token=d9df5f8f0c37d7c7e5cfb36761ae020c&version_check=1 HTTP/1.1" 200 12691 "-" "Mozilla/5.0 (compatible; SemrushBot/7~bl; +http://www.semrush.com/bot.html)" "www.tekmedicgloves.com"
185.191.171.5 - - [07/Dec/2022:19:56:38 -0800] "GET /phpMyAdmin/setup/?token=ea4ac402c94fc23b2a78ac4f89ea678b&version_check=1 HTTP/1.1" 200 12691 "-" "Mozilla/5.0 (compatible; SemrushBot/7~bl; +http://www.semrush.com/bot.html)" "www.tekmedicgloves.com"
185.191.171.7 - - [07/Dec/2022:19:56:43 -0800] "GET /phpMyAdmin/setup/?token=e0bd7421fcbec8cc4f2f089572f376f1&version_check=1 HTTP/1.1" 200 12691 "-" "Mozilla/5.0 (compatible; SemrushBot/7~bl; +http://www.semrush.com/bot.html)" "www.tekmedicgloves.com"
185.191.171.25 - - [07/Dec/2022:19:56:46 -0800] "GET /phpMyAdmin/setup/?token=f8872a4622380cc33b245b2704905533&version_check=1 HTTP/1.1" 200 12691 "-" "Mozilla/5.0 (compatible; SemrushBot/7~bl; +http://www.semrush.com/bot.html)" "www.tekmedicgloves.com"
185.191.171.26 - - [07/Dec/2022:19:56:56 -0800] "GET /phpMyAdmin/setup/?token=d5b24477ba2738c865636f294d8192a4&version_check=1 HTTP/1.1" 200 12691 "-" "Mozilla/5.0 (compatible; SemrushBot/7~bl; +http://www.semrush.com/bot.html)" "www.tekmedicgloves.com"
185.191.171.41 - - [07/Dec/2022:19:57:10 -0800] "GET /phpMyAdmin/setup/?token=dcb3d673201d111ea565598ebb9b12b0&version_check=1 HTTP/1.1" 200 12687 "-" "Mozilla/5.0 (compatible; SemrushBot/7~bl; +http://www.semrush.com/bot.html)" "tekmedicgloves.com"
185.191.171.40 - - [07/Dec/2022:19:57:14 -0800] "GET /phpMyAdmin/setup/?token=bd5f8ca7cce936750b21d63f93f7e754&version_check=1 HTTP/1.1" 200 12691 "-" "Mozilla/5.0 (compatible; SemrushBot/7~bl; +http://www.semrush.com/bot.html)" "www.tekmedicgloves.com"
185.191.171.25 - - [07/Dec/2022:19:57:19 -0800] "GET /phpMyAdmin/setup/?token=bc61984c41167a1ab4265d7fdcf11690&version_check=1 HTTP/1.1" 200 12687 "-" "Mozilla/5.0 (compatible; SemrushBot/7~bl; +http://www.semrush.com/bot.html)" "tekmedicgloves.com"
185.191.171.16 - - [07/Dec/2022:19:57:25 -0800] "GET /phpMyAdmin/setup/?token=cb6e15426e1703a25a2c0ee28441ac9c&version_check=1 HTTP/1.1" 200 12687 "-" "Mozilla/5.0 (compatible; SemrushBot/7~bl; +http://www.semrush.com/bot.html)" "tekmedicgloves.com"
185.191.171.38 - - [07/Dec/2022:19:57:34 -0800] "GET /phpMyAdmin/setup/?token=be563b6a9c13493edb4e3208fd788b2f&version_check=1 HTTP/1.1" 200 12687 "-" "Mozilla/5.0 (compatible; SemrushBot/7~bl; +http://www.semrush.com/bot.html)" "tekmedicgloves.com"
185.191.171.45 - - [07/Dec/2022:19:57:57 -0800] "GET /phpMyAdmin/setup/?token=b1b2cdb8bb5c99db1dcd426aed89495e&version_check=1 HTTP/1.1" 200 12691 "-" "Mozilla/5.0 (compatible; SemrushBot/7~bl; +http://www.semrush.com/bot.html)" "www.tekmedicgloves.com"
185.191.171.36 - - [07/Dec/2022:19:58:44 -0800] "GET /phpMyAdmin/setup/?token=d2f665c5e7cfc326b8d34a246aa178a4&version_check=1 HTTP/1.1" 200 12687 "-" "Mozilla/5.0 (compatible; SemrushBot/7~bl; +http://www.semrush.com/bot.html)" "tekmedicgloves.com"
185.191.171.40 - - [07/Dec/2022:19:58:50 -0800] "GET /phpMyAdmin/setup/?token=e46fe2c5b90f7fbd751b013a93a22f5f&version_check=1 HTTP/1.1" 200 12691 "-" "Mozilla/5.0 (compatible; SemrushBot/7~bl; +http://www.semrush.com/bot.html)" "www.tekmedicgloves.com"
185.191.171.10 - - [07/Dec/2022:19:58:54 -0800] "GET /phpMyAdmin/setup/?token=016df343d70d9f42168d4538504d10ca&version_check=1 HTTP/1.1" 200 12691 "-" "Mozilla/5.0 (compatible; SemrushBot/7~bl; +http://www.semrush.com/bot.html)" "www.tekmedicgloves.com"
185.191.171.43 - - [07/Dec/2022:19:59:00 -0800] "GET /phpMyAdmin/setup/?token=bcdf4331515eab77099595abb1f9d110&version_check=1 HTTP/1.1" 200 12687 "-" "Mozilla/5.0 (compatible; SemrushBot/7~bl; +http://www.semrush.com/bot.html)" "tekmedicgloves.com"
185.191.171.45 - - [07/Dec/2022:19:59:03 -0800] "GET /phpMyAdmin/setup/?token=fc9c82aab1f8d873b9c7e74566a8ed7f&version_check=1 HTTP/1.1" 200 12691 "-" "Mozilla/5.0 (compatible; SemrushBot/7~bl; +http://www.semrush.com/bot.html)" "www.tekmedicgloves.com"
185.191.171.37 - - [07/Dec/2022:19:59:46 -0800] "GET /phpMyAdmin/setup/?token=129af7e7ddd74375533f7829bf4c5fd5&version_check=1 HTTP/1.1" 200 12687 "-" "Mozilla/5.0 (compatible; SemrushBot/7~bl; +http://www.semrush.com/bot.html)" "tekmedicgloves.com"
185.191.171.9 - - [07/Dec/2022:20:00:22 -0800] "GET /phpMyAdmin/setup/?token=bfb57291089977633f3d7390a54987a4&version_check=1 HTTP/1.1" 200 12687 "-" "Mozilla/5.0 (compatible; SemrushBot/7~bl; +http://www.semrush.com/bot.html)" "tekmedicgloves.com"
185.191.171.23 - - [07/Dec/2022:20:00:53 -0800] "GET /phpMyAdmin/setup/?token=d3c2d80f27a1938d0103b2a75d22ffd3&version_check=1 HTTP/1.1" 200 12691 "-" "Mozilla/5.0 (compatible; SemrushBot/7~bl; +http://www.semrush.com/bot.html)" "www.tekmedicgloves.com"
185.191.171.11 - - [07/Dec/2022:20:01:08 -0800] "GET /phpMyAdmin/setup/?token=f9ad502f16e54dbc9523fcdfdf8a98b4&version_check=1 HTTP/1.1" 200 12691 "-" "Mozilla/5.0 (compatible; SemrushBot/7~bl; +http://www.semrush.com/bot.html)" "www.tekmedicgloves.com"
185.191.171.6 - - [07/Dec/2022:20:01:19 -0800] "GET /phpMyAdmin/setup/?token=0d196968565a7e019735a7c6f3c4ac33&version_check=1 HTTP/1.1" 200 12691 "-" "Mozilla/5.0 (compatible; SemrushBot/7~bl; +http://www.semrush.com/bot.html)" "www.tekmedicgloves.com"
185.191.171.36 - - [07/Dec/2022:20:01:26 -0800] "GET /phpMyAdmin/setup/?token=e0ae51f1875f34a19c1dd8d052cb2514&version_check=1 HTTP/1.1" 200 12687 "-" "Mozilla/5.0 (compatible; SemrushBot/7~bl; +http://www.semrush.com/bot.html)" "tekmedicgloves.com"
185.191.171.20 - - [07/Dec/2022:20:01:27 -0800] "GET /phpMyAdmin/setup/?token=da34fde61c707b920dc30b951e0afb07&version_check=1 HTTP/1.1" 200 12691 "-" "Mozilla/5.0 (compatible; SemrushBot/7~bl; +http://www.semrush.com/bot.html)" "www.tekmedicgloves.com"
185.191.171.36 - - [07/Dec/2022:20:01:32 -0800] "GET /phpMyAdmin/setup/?token=d7729a538f85cdafa8fe83b636f641d7&version_check=1 HTTP/1.1" 200 12691 "-" "Mozilla/5.0 (compatible; SemrushBot/7~bl; +http://www.semrush.com/bot.html)" "www.tekmedicgloves.com"
185.191.171.38 - - [07/Dec/2022:20:01:48 -0800] "GET /phpMyAdmin/setup/?token=f16011734fdf1acec525b88e4423408a&version_check=1 HTTP/1.1" 200 12691 "-" "Mozilla/5.0 (compatible; SemrushBot/7~bl; +http://www.semrush.com/bot.html)" "www.tekmedicgloves.com"
185.191.171.6 - - [07/Dec/2022:20:02:02 -0800] "GET /phpMyAdmin/setup/?token=de914897c7bc316aaff7455b84be0980&version_check=1 HTTP/1.1" 200 12687 "-" "Mozilla/5.0 (compatible; SemrushBot/7~bl; +http://www.semrush.com/bot.html)" "tekmedicgloves.com"
185.191.171.9 - - [07/Dec/2022:20:02:04 -0800] "GET /phpMyAdmin/setup/?token=f8adf36a54c18093e8423725ff585a2e&version_check=1 HTTP/1.1" 200 12687 "-" "Mozilla/5.0 (compatible; SemrushBot/7~bl; +http://www.semrush.com/bot.html)" "tekmedicgloves.com"
185.191.171.21 - - [07/Dec/2022:20:02:17 -0800] "GET /phpMyAdmin/setup/?token=bb8380c6d0ef831470e91e23dc73263d&version_check=1 HTTP/1.1" 200 12687 "-" "Mozilla/5.0 (compatible; SemrushBot/7~bl; +http://www.semrush.com/bot.html)" "tekmedicgloves.com"
185.191.171.38 - - [07/Dec/2022:20:02:28 -0800] "GET /phpMyAdmin/setup/?token=bcb8c36fee9d3a1f3d7eab158f31f0e6&version_check=1 HTTP/1.1" 200 12687 "-" "Mozilla/5.0 (compatible; SemrushBot/7~bl; +http://www.semrush.com/bot.html)" "tekmedicgloves.com"
185.191.171.37 - - [07/Dec/2022:20:02:34 -0800] "GET /phpMyAdmin/setup/?token=ea5b67636466f90ddbfe3e4569da032a&version_check=1 HTTP/1.1" 200 12687 "-" "Mozilla/5.0 (compatible; SemrushBot/7~bl; +http://www.semrush.com/bot.html)" "tekmedicgloves.com"
185.191.171.17 - - [07/Dec/2022:20:02:41 -0800] "GET /phpMyAdmin/setup/?token=dc0f8334f7d3695b325ee9562a0fbb6b&version_check=1 HTTP/1.1" 200 12691 "-" "Mozilla/5.0 (compatible; SemrushBot/7~bl; +http://www.semrush.com/bot.html)" "www.tekmedicgloves.com"
185.191.171.1 - - [07/Dec/2022:20:02:45 -0800] "GET /phpMyAdmin/setup/?token=fb70f3b5be69cbf72c9286c30649cbab&version_check=1 HTTP/1.1" 200 12691 "-" "Mozilla/5.0 (compatible; SemrushBot/7~bl; +http://www.semrush.com/bot.html)" "www.tekmedicgloves.com"
185.191.171.37 - - [07/Dec/2022:20:02:49 -0800] "GET /phpMyAdmin/setup/?token=f506ab66b99fdb463af15f6dc94e5fb7&version_check=1 HTTP/1.1" 200 12687 "-" "Mozilla/5.0 (compatible; SemrushBot/7~bl; +http://www.semrush.com/bot.html)" "tekmedicgloves.com"
185.191.171.12 - - [07/Dec/2022:20:02:52 -0800] "GET /phpMyAdmin/setup/?token=b3b593b3c309db71cd3c7d7b6c5a4462&version_check=1 HTTP/1.1" 200 12691 "-" "Mozilla/5.0 (compatible; SemrushBot/7~bl; +http://www.semrush.com/bot.html)" "www.tekmedicgloves.com"
216.244.66.246 - - [07/Dec/2022:20:03:06 -0800] "GET /robots.txt HTTP/1.1" 404 73 "-" "Mozilla/5.0 (compatible; DotBot/1.2; +https://opensiteexplorer.org/dotbot; help@moz.com)" "tekmedicgloves.com"
185.191.171.16 - - [07/Dec/2022:20:03:17 -0800] "GET /phpMyAdmin/setup/?token=bf9cac1c81e8c7b7b844957c7a53d5bf&version_check=1 HTTP/1.1" 200 12691 "-" "Mozilla/5.0 (compatible; SemrushBot/7~bl; +http://www.semrush.com/bot.html)" "www.tekmedicgloves.com"
185.191.171.17 - - [07/Dec/2022:20:03:22 -0800] "GET /phpMyAdmin/setup/?token=cef405d7c66bd9bc249bbf0eab0636b5&version_check=1 HTTP/1.1" 200 12687 "-" "Mozilla/5.0 (compatible; SemrushBot/7~bl; +http://www.semrush.com/bot.html)" "tekmedicgloves.com"
185.191.171.7 - - [07/Dec/2022:20:03:52 -0800] "GET /phpMyAdmin/setup/?token=ed8a0eb05eee8dfe175bc22af4494672&version_check=1 HTTP/1.1" 200 12691 "-" "Mozilla/5.0 (compatible; SemrushBot/7~bl; +http://www.semrush.com/bot.html)" "www.tekmedicgloves.com"
185.191.171.42 - - [07/Dec/2022:20:04:00 -0800] "GET /phpMyAdmin/setup/?token=b642d90fcc0aa03114681b4f2686772b&version_check=1 HTTP/1.1" 200 12691 "-" "Mozilla/5.0 (compatible; SemrushBot/7~bl; +http://www.semrush.com/bot.html)" "www.tekmedicgloves.com"
185.191.171.12 - - [07/Dec/2022:20:04:35 -0800] "GET /phpMyAdmin/setup/?token=97d05f57c8fd856afdd8b41d3ea063d3&version_check=1 HTTP/1.1" 200 12687 "-" "Mozilla/5.0 (compatible; SemrushBot/7~bl; +http://www.semrush.com/bot.html)" "tekmedicgloves.com"
185.191.171.1 - - [07/Dec/2022:20:04:37 -0800] "GET /phpMyAdmin/setup/?token=bd22a629f511f02e122943d553251afc&version_check=1 HTTP/1.1" 200 12687 "-" "Mozilla/5.0 (compatible; SemrushBot/7~bl; +http://www.semrush.com/bot.html)" "tekmedicgloves.com"
185.191.171.9 - - [07/Dec/2022:20:04:42 -0800] "GET /phpMyAdmin/setup/?token=d27265d7d0f7f04ef2109d358b550104&version_check=1 HTTP/1.1" 200 12687 "-" "Mozilla/5.0 (compatible; SemrushBot/7~bl; +http://www.semrush.com/bot.html)" "tekmedicgloves.com"
185.191.171.37 - - [07/Dec/2022:20:04:44 -0800] "GET /phpMyAdmin/setup/?token=ecad194e6e2aa4d57b3ddce2782bd17b&version_check=1 HTTP/1.1" 200 12691 "-" "Mozilla/5.0 (compatible; SemrushBot/7~bl; +http://www.semrush.com/bot.html)" "www.tekmedicgloves.com"
185.191.171.8 - - [07/Dec/2022:20:05:01 -0800] "GET /phpMyAdmin/setup/?token=e88cb6f94d5b89e4b5288d570b2b62d5&version_check=1 HTTP/1.1" 200 12691 "-" "Mozilla/5.0 (compatible; SemrushBot/7~bl; +http://www.semrush.com/bot.html)" "www.tekmedicgloves.com"
185.191.171.38 - - [07/Dec/2022:20:05:16 -0800] "GET /phpMyAdmin/setup/?token=bc432fde4f97279033a33116a7b27579&version_check=1 HTTP/1.1" 200 12687 "-" "Mozilla/5.0 (compatible; SemrushBot/7~bl; +http://www.semrush.com/bot.html)" "tekmedicgloves.com"
185.191.171.2 - - [07/Dec/2022:20:05:21 -0800] "GET /phpMyAdmin/setup/?token=fc535ed9056ea87ca0656725f65a9a09&version_check=1 HTTP/1.1" 200 12691 "-" "Mozilla/5.0 (compatible; SemrushBot/7~bl; +http://www.semrush.com/bot.html)" "www.tekmedicgloves.com"
185.191.171.5 - - [07/Dec/2022:20:05:27 -0800] "GET /phpMyAdmin/setup/?token=e732ca73eb498eae2c23a43391cda867&version_check=1 HTTP/1.1" 200 12691 "-" "Mozilla/5.0 (compatible; SemrushBot/7~bl; +http://www.semrush.com/bot.html)" "www.tekmedicgloves.com"
185.191.171.5 - - [07/Dec/2022:20:05:32 -0800] "GET /phpMyAdmin/setup/?token=f15352a888c08e08a4acd17fe357de9f&version_check=1 HTTP/1.1" 200 12687 "-" "Mozilla/5.0 (compatible; SemrushBot/7~bl; +http://www.semrush.com/bot.html)" "tekmedicgloves.com"
185.191.171.9 - - [07/Dec/2022:20:05:35 -0800] "GET /phpMyAdmin/setup/?token=f0002d2e95e8494d26c7ee72fa877591&version_check=1 HTTP/1.1" 200 12691 "-" "Mozilla/5.0 (compatible; SemrushBot/7~bl; +http://www.semrush.com/bot.html)" "www.tekmedicgloves.com"
185.191.171.42 - - [07/Dec/2022:20:05:43 -0800] "GET /phpMyAdmin/setup/?token=eab968be98996879e77e3f5084d45d16&version_check=1 HTTP/1.1" 200 12687 "-" "Mozilla/5.0 (compatible; SemrushBot/7~bl; +http://www.semrush.com/bot.html)" "tekmedicgloves.com"
185.191.171.15 - - [07/Dec/2022:20:05:50 -0800] "GET /phpMyAdmin/setup/?token=fb319adee5489abba12fd1af45c3ee51&version_check=1 HTTP/1.1" 200 12687 "-" "Mozilla/5.0 (compatible; SemrushBot/7~bl; +http://www.semrush.com/bot.html)" "tekmedicgloves.com"
185.191.171.36 - - [07/Dec/2022:20:06:07 -0800] "GET /phpMyAdmin/setup/?token=e218ec21f669b726935f7a1d0e330b9c&version_check=1 HTTP/1.1" 200 12687 "-" "Mozilla/5.0 (compatible; SemrushBot/7~bl; +http://www.semrush.com/bot.html)" "tekmedicgloves.com"
185.191.171.6 - - [07/Dec/2022:20:06:09 -0800] "GET /phpMyAdmin/setup/?token=f5b2c0036d39ec3fca5e5a168dd54701&version_check=1 HTTP/1.1" 200 12691 "-" "Mozilla/5.0 (compatible; SemrushBot/7~bl; +http://www.semrush.com/bot.html)" "www.tekmedicgloves.com"
185.191.171.9 - - [07/Dec/2022:20:06:41 -0800] "GET /phpMyAdmin/setup/?token=bd7178c84aec8d084db8ff090ef48516&version_check=1 HTTP/1.1" 200 12687 "-" "Mozilla/5.0 (compatible; SemrushBot/7~bl; +http://www.semrush.com/bot.html)" "tekmedicgloves.com"
185.191.171.11 - - [07/Dec/2022:20:06:48 -0800] "GET /phpMyAdmin/setup/?token=0d7b859b9c46a8a20aac0341ee964cd3&version_check=1 HTTP/1.1" 200 12691 "-" "Mozilla/5.0 (compatible; SemrushBot/7~bl; +http://www.semrush.com/bot.html)" "www.tekmedicgloves.com"
185.191.171.4 - - [07/Dec/2022:20:07:09 -0800] "GET /phpMyAdmin/setup/?token=d8056d8f276a6ee151946eb80c1c3e7d&version_check=1 HTTP/1.1" 200 12691 "-" "Mozilla/5.0 (compatible; SemrushBot/7~bl; +http://www.semrush.com/bot.html)" "www.tekmedicgloves.com"
185.191.171.26 - - [07/Dec/2022:20:07:11 -0800] "GET /phpMyAdmin/setup/?token=d2bfec2eeeac114b6c3b0831dd746d53&version_check=1 HTTP/1.1" 200 12691 "-" "Mozilla/5.0 (compatible; SemrushBot/7~bl; +http://www.semrush.com/bot.html)" "www.tekmedicgloves.com"
185.191.171.26 - - [07/Dec/2022:20:07:29 -0800] "GET /phpMyAdmin/setup/?token=e589c2818bc5314bc1c3dd4e87066a7b&version_check=1 HTTP/1.1" 200 12687 "-" "Mozilla/5.0 (compatible; SemrushBot/7~bl; +http://www.semrush.com/bot.html)" "tekmedicgloves.com"
185.191.171.15 - - [07/Dec/2022:20:07:46 -0800] "GET /phpMyAdmin/setup/?token=094dc36e90425c6145a602f2fad5197b&version_check=1 HTTP/1.1" 200 12687 "-" "Mozilla/5.0 (compatible; SemrushBot/7~bl; +http://www.semrush.com/bot.html)" "tekmedicgloves.com"
185.191.171.35 - - [07/Dec/2022:20:08:14 -0800] "GET /phpMyAdmin/setup/?token=0823b2e8406dc10c5455b511354ebb91&version_check=1 HTTP/1.1" 200 12687 "-" "Mozilla/5.0 (compatible; SemrushBot/7~bl; +http://www.semrush.com/bot.html)" "tekmedicgloves.com"
185.191.171.8 - - [07/Dec/2022:20:08:18 -0800] "GET /phpMyAdmin/setup/?token=c400967f7b01292fbeed2fb39de99e88&version_check=1 HTTP/1.1" 200 12687 "-" "Mozilla/5.0 (compatible; SemrushBot/7~bl; +http://www.semrush.com/bot.html)" "tekmedicgloves.com"
185.191.171.43 - - [07/Dec/2022:20:08:18 -0800] "GET /phpMyAdmin/setup/?token=d63bae4e4b23fe5c3974e5194de81553&version_check=1 HTTP/1.1" 200 12691 "-" "Mozilla/5.0 (compatible; SemrushBot/7~bl; +http://www.semrush.com/bot.html)" "www.tekmedicgloves.com"
185.191.171.37 - - [07/Dec/2022:20:08:45 -0800] "GET /phpMyAdmin/setup/?token=eaa1ba676497d2ea423f23c482b90dde&version_check=1 HTTP/1.1" 200 12691 "-" "Mozilla/5.0 (compatible; SemrushBot/7~bl; +http://www.semrush.com/bot.html)" "www.tekmedicgloves.com"
185.191.171.37 - - [07/Dec/2022:20:09:05 -0800] "GET /phpMyAdmin/setup/?token=fb04493c8b6c8c69153d4d7b2038f1b2&version_check=1 HTTP/1.1" 200 12691 "-" "Mozilla/5.0 (compatible; SemrushBot/7~bl; +http://www.semrush.com/bot.html)" "www.tekmedicgloves.com"
185.191.171.25 - - [07/Dec/2022:20:09:42 -0800] "GET /phpMyAdmin/setup/?token=d3e51cfb5d37e6800661ad121fc4dc3f&version_check=1 HTTP/1.1" 200 12691 "-" "Mozilla/5.0 (compatible; SemrushBot/7~bl; +http://www.semrush.com/bot.html)" "www.tekmedicgloves.com"
185.191.171.40 - - [07/Dec/2022:20:09:52 -0800] "GET /phpMyAdmin/setup/?token=ce04905e5a324e4955cf07f7705ae741&version_check=1 HTTP/1.1" 200 12687 "-" "Mozilla/5.0 (compatible; SemrushBot/7~bl; +http://www.semrush.com/bot.html)" "tekmedicgloves.com"
185.191.171.1 - - [07/Dec/2022:20:10:18 -0800] "GET /phpMyAdmin/setup/?token=c043d7f2e98b0004be63030e6823e61b&version_check=1 HTTP/1.1" 200 12687 "-" "Mozilla/5.0 (compatible; SemrushBot/7~bl; +http://www.semrush.com/bot.html)" "tekmedicgloves.com"
185.191.171.12 - - [07/Dec/2022:20:10:28 -0800] "GET /phpMyAdmin/setup/?token=d8b46a06003578e82e32c50ec4693497&version_check=1 HTTP/1.1" 200 12691 "-" "Mozilla/5.0 (compatible; SemrushBot/7~bl; +http://www.semrush.com/bot.html)" "www.tekmedicgloves.com"
185.191.171.14 - - [07/Dec/2022:20:10:50 -0800] "GET /phpMyAdmin/setup/?token=dcd2f8b1cd8f938eb2c92a4e365d9329&version_check=1 HTTP/1.1" 200 12691 "-" "Mozilla/5.0 (compatible; SemrushBot/7~bl; +http://www.semrush.com/bot.html)" "www.tekmedicgloves.com"
185.191.171.45 - - [07/Dec/2022:20:10:56 -0800] "GET /phpMyAdmin/setup/?token=d9b5bcad4062984cfc229fa3c10a3c5c&version_check=1 HTTP/1.1" 200 12691 "-" "Mozilla/5.0 (compatible; SemrushBot/7~bl; +http://www.semrush.com/bot.html)" "www.tekmedicgloves.com"
185.191.171.41 - - [07/Dec/2022:20:11:23 -0800] "GET /phpMyAdmin/setup/?token=b6ecbec7357dabdcc682c07b46f7b6d6&version_check=1 HTTP/1.1" 200 12691 "-" "Mozilla/5.0 (compatible; SemrushBot/7~bl; +http://www.semrush.com/bot.html)" "www.tekmedicgloves.com"
185.191.171.22 - - [07/Dec/2022:20:11:44 -0800] "GET /phpMyAdmin/setup/?token=bf930f918d502fa3f2d73d0f0ced1e2d&version_check=1 HTTP/1.1" 200 12687 "-" "Mozilla/5.0 (compatible; SemrushBot/7~bl; +http://www.semrush.com/bot.html)" "tekmedicgloves.com"
185.191.171.39 - - [07/Dec/2022:20:12:01 -0800] "GET /phpMyAdmin/setup/?token=df774c150bfcd4429777eb6930551b50&version_check=1 HTTP/1.1" 200 12691 "-" "Mozilla/5.0 (compatible; SemrushBot/7~bl; +http://www.semrush.com/bot.html)" "www.tekmedicgloves.com"
185.191.171.42 - - [07/Dec/2022:20:12:05 -0800] "GET /phpMyAdmin/setup/?token=c8ce578d5e39152b6fcf1371ef25669c&version_check=1 HTTP/1.1" 200 12687 "-" "Mozilla/5.0 (compatible; SemrushBot/7~bl; +http://www.semrush.com/bot.html)" "tekmedicgloves.com"
185.191.171.7 - - [07/Dec/2022:20:12:12 -0800] "GET /phpMyAdmin/setup/?token=ff7ae869b431dc21e7f7eaa82cd5df8e&version_check=1 HTTP/1.1" 200 12687 "-" "Mozilla/5.0 (compatible; SemrushBot/7~bl; +http://www.semrush.com/bot.html)" "tekmedicgloves.com"
185.191.171.1 - - [07/Dec/2022:20:12:17 -0800] "GET /phpMyAdmin/setup/?token=e4d67082da5e64b98547be8fc90fdb28&version_check=1 HTTP/1.1" 200 12687 "-" "Mozilla/5.0 (compatible; SemrushBot/7~bl; +http://www.semrush.com/bot.html)" "tekmedicgloves.com"
185.191.171.9 - - [07/Dec/2022:20:12:28 -0800] "GET /phpMyAdmin/setup/?token=dcd621bc4c558ac0259caca4f184252b&version_check=1 HTTP/1.1" 200 12691 "-" "Mozilla/5.0 (compatible; SemrushBot/7~bl; +http://www.semrush.com/bot.html)" "www.tekmedicgloves.com"
185.191.171.25 - - [07/Dec/2022:20:12:49 -0800] "GET /phpMyAdmin/setup/?token=fe8eff6809dcb8c78374cfcb155ab31a&version_check=1 HTTP/1.1" 200 12691 "-" "Mozilla/5.0 (compatible; SemrushBot/7~bl; +http://www.semrush.com/bot.html)" "www.tekmedicgloves.com"
185.191.171.38 - - [07/Dec/2022:20:13:04 -0800] "GET /phpMyAdmin/setup/?token=c86c4c13149f9bce9f1c7bb972ea6209&version_check=1 HTTP/1.1" 200 12687 "-" "Mozilla/5.0 (compatible; SemrushBot/7~bl; +http://www.semrush.com/bot.html)" "tekmedicgloves.com"
185.191.171.43 - - [07/Dec/2022:20:13:11 -0800] "GET /phpMyAdmin/setup/?token=efab9acdbf80b331a74d8cda4393e515&version_check=1 HTTP/1.1" 200 12687 "-" "Mozilla/5.0 (compatible; SemrushBot/7~bl; +http://www.semrush.com/bot.html)" "tekmedicgloves.com"
185.191.171.17 - - [07/Dec/2022:20:13:13 -0800] "GET /phpMyAdmin/setup/?token=cfd0941d76fb1f2fc56651389c7e3df0&version_check=1 HTTP/1.1" 200 12687 "-" "Mozilla/5.0 (compatible; SemrushBot/7~bl; +http://www.semrush.com/bot.html)" "tekmedicgloves.com"
185.191.171.35 - - [07/Dec/2022:20:13:26 -0800] "GET /phpMyAdmin/setup/?token=f530701adfff7c0d9b6b8c51c2e265f3&version_check=1 HTTP/1.1" 200 12691 "-" "Mozilla/5.0 (compatible; SemrushBot/7~bl; +http://www.semrush.com/bot.html)" "www.tekmedicgloves.com"
185.191.171.14 - - [07/Dec/2022:20:13:34 -0800] "GET /phpMyAdmin/setup/?token=078ba0ededa0ae2bdaf6ea2922538413&version_check=1 HTTP/1.1" 200 12687 "-" "Mozilla/5.0 (compatible; SemrushBot/7~bl; +http://www.semrush.com/bot.html)" "tekmedicgloves.com"
185.191.171.42 - - [07/Dec/2022:20:13:45 -0800] "GET /phpMyAdmin/setup/?token=c6c3fe7938cef0bbe36c589f0cb87fe0&version_check=1 HTTP/1.1" 200 12687 "-" "Mozilla/5.0 (compatible; SemrushBot/7~bl; +http://www.semrush.com/bot.html)" "tekmedicgloves.com"
185.191.171.38 - - [07/Dec/2022:20:13:53 -0800] "GET /phpMyAdmin/setup/?token=f4cb959b9e89fe403465829790292773&version_check=1 HTTP/1.1" 200 12687 "-" "Mozilla/5.0 (compatible; SemrushBot/7~bl; +http://www.semrush.com/bot.html)" "tekmedicgloves.com"
185.191.171.22 - - [07/Dec/2022:20:13:59 -0800] "GET /phpMyAdmin/setup/?token=e04f4c42907ad71116bcbfd55338be48&version_check=1 HTTP/1.1" 200 12691 "-" "Mozilla/5.0 (compatible; SemrushBot/7~bl; +http://www.semrush.com/bot.html)" "www.tekmedicgloves.com"
185.191.171.22 - - [07/Dec/2022:20:13:59 -0800] "GET /phpMyAdmin/setup/?token=f6e2c0ca8bed4187e73985aec34c91dc&version_check=1 HTTP/1.1" 200 12687 "-" "Mozilla/5.0 (compatible; SemrushBot/7~bl; +http://www.semrush.com/bot.html)" "tekmedicgloves.com"
185.191.171.5 - - [07/Dec/2022:20:14:01 -0800] "GET /phpMyAdmin/setup/?token=be9655b8155e1d2ba4fffb3163f7ebb3&version_check=1 HTTP/1.1" 200 12691 "-" "Mozilla/5.0 (compatible; SemrushBot/7~bl; +http://www.semrush.com/bot.html)" "www.tekmedicgloves.com"
185.191.171.8 - - [07/Dec/2022:20:14:13 -0800] "GET /phpMyAdmin/setup/?token=c33908c2879675310b1f6274547b0c79&version_check=1 HTTP/1.1" 200 12687 "-" "Mozilla/5.0 (compatible; SemrushBot/7~bl; +http://www.semrush.com/bot.html)" "tekmedicgloves.com"
185.191.171.43 - - [07/Dec/2022:20:14:26 -0800] "GET /phpMyAdmin/setup/?token=f5f96da3368c23c1a3edd17207ff13b7&version_check=1 HTTP/1.1" 200 12691 "-" "Mozilla/5.0 (compatible; SemrushBot/7~bl; +http://www.semrush.com/bot.html)" "www.tekmedicgloves.com"
185.191.171.22 - - [07/Dec/2022:20:14:48 -0800] "GET /phpMyAdmin/setup/?token=fbf6183fda47dc885a51235d7e019c14&version_check=1 HTTP/1.1" 200 12687 "-" "Mozilla/5.0 (compatible; SemrushBot/7~bl; +http://www.semrush.com/bot.html)" "tekmedicgloves.com"
185.191.171.12 - - [07/Dec/2022:20:14:54 -0800] "GET /phpMyAdmin/setup/?token=d9a875e15794732ad9a6d1d845e8f191&version_check=1 HTTP/1.1" 200 12691 "-" "Mozilla/5.0 (compatible; SemrushBot/7~bl; +http://www.semrush.com/bot.html)" "www.tekmedicgloves.com"
185.191.171.11 - - [07/Dec/2022:20:15:09 -0800] "GET /robots.txt HTTP/1.1" 404 88 "-" "Mozilla/5.0 (compatible; SemrushBot/7~bl; +http://www.semrush.com/bot.html)" "www.tekmedicgloves.com"
185.191.171.11 - - [07/Dec/2022:20:15:10 -0800] "GET /phpMyAdmin/setup/?token=fb6c16f799fe7318fa997217d926f2e7&version_check=1 HTTP/1.1" 200 12691 "-" "Mozilla/5.0 (compatible; SemrushBot/7~bl; +http://www.semrush.com/bot.html)" "www.tekmedicgloves.com"
185.191.171.36 - - [07/Dec/2022:20:15:31 -0800] "GET /phpMyAdmin/setup/?token=077a8ebd679f181948de462e9ad15fa6&version_check=1 HTTP/1.1" 200 12691 "-" "Mozilla/5.0 (compatible; SemrushBot/7~bl; +http://www.semrush.com/bot.html)" "www.tekmedicgloves.com"
185.191.171.38 - - [07/Dec/2022:20:15:34 -0800] "GET /phpMyAdmin/setup/?token=f5c025d3b468e6ea376e61c2daaccd8a&version_check=1 HTTP/1.1" 200 12691 "-" "Mozilla/5.0 (compatible; SemrushBot/7~bl; +http://www.semrush.com/bot.html)" "www.tekmedicgloves.com"
185.191.171.14 - - [07/Dec/2022:20:15:48 -0800] "GET /phpMyAdmin/setup/?token=04d7eacc654a5f7dc39cec22cabdcc58&version_check=1 HTTP/1.1" 200 12691 "-" "Mozilla/5.0 (compatible; SemrushBot/7~bl; +http://www.semrush.com/bot.html)" "www.tekmedicgloves.com"
185.191.171.18 - - [07/Dec/2022:20:15:48 -0800] "GET /phpMyAdmin/setup/?token=bf06b57e2f1e1dc511d7266b662ce8b7&version_check=1 HTTP/1.1" 200 12687 "-" "Mozilla/5.0 (compatible; SemrushBot/7~bl; +http://www.semrush.com/bot.html)" "tekmedicgloves.com"
185.191.171.20 - - [07/Dec/2022:20:15:59 -0800] "GET /phpMyAdmin/setup/?token=0c617c7e0fe4a8b83726c0b909705a4f&version_check=1 HTTP/1.1" 200 12687 "-" "Mozilla/5.0 (compatible; SemrushBot/7~bl; +http://www.semrush.com/bot.html)" "tekmedicgloves.com"
185.191.171.43 - - [07/Dec/2022:20:16:36 -0800] "GET /phpMyAdmin/setup/?token=ddc66aa2254c13d7ca598a9a131f54d1&version_check=1 HTTP/1.1" 200 12691 "-" "Mozilla/5.0 (compatible; SemrushBot/7~bl; +http://www.semrush.com/bot.html)" "www.tekmedicgloves.com"
185.191.171.16 - - [07/Dec/2022:20:16:40 -0800] "GET /phpMyAdmin/setup/?token=bc5c8c6166c376aebdefc537a56f27dd&version_check=1 HTTP/1.1" 200 12687 "-" "Mozilla/5.0 (compatible; SemrushBot/7~bl; +http://www.semrush.com/bot.html)" "tekmedicgloves.com"
185.191.171.38 - - [07/Dec/2022:20:17:14 -0800] "GET /phpMyAdmin/setup/?token=ffbd137a5f3acd74d83d236f57ceb88e&version_check=1 HTTP/1.1" 200 12691 "-" "Mozilla/5.0 (compatible; SemrushBot/7~bl; +http://www.semrush.com/bot.html)" "www.tekmedicgloves.com"
185.191.171.14 - - [07/Dec/2022:20:17:22 -0800] "GET /phpMyAdmin/setup/?token=e7ac3a30d3ac3d066efed019bf01720e&version_check=1 HTTP/1.1" 200 12691 "-" "Mozilla/5.0 (compatible; SemrushBot/7~bl; +http://www.semrush.com/bot.html)" "www.tekmedicgloves.com"
185.191.171.19 - - [07/Dec/2022:20:17:34 -0800] "GET /robots.txt HTTP/1.1" 404 88 "-" "Mozilla/5.0 (compatible; SemrushBot/7~bl; +http://www.semrush.com/bot.html)" "tekmedicgloves.com"
185.191.171.2 - - [07/Dec/2022:20:17:34 -0800] "GET /phpMyAdmin/setup/?token=c2fbe180ea226446a2ac3fd8c5921066&version_check=1 HTTP/1.1" 200 12687 "-" "Mozilla/5.0 (compatible; SemrushBot/7~bl; +http://www.semrush.com/bot.html)" "tekmedicgloves.com"
185.191.171.12 - - [07/Dec/2022:20:17:36 -0800] "GET /phpMyAdmin/setup/?token=0bad9bf2857bed3f2bf005cf072add3e&version_check=1 HTTP/1.1" 200 12687 "-" "Mozilla/5.0 (compatible; SemrushBot/7~bl; +http://www.semrush.com/bot.html)" "tekmedicgloves.com"
185.191.171.40 - - [07/Dec/2022:20:17:45 -0800] "GET /phpMyAdmin/setup/?token=99c0a0e3b2e9b8c13306046ec8b43cc1&version_check=1 HTTP/1.1" 200 12687 "-" "Mozilla/5.0 (compatible; SemrushBot/7~bl; +http://www.semrush.com/bot.html)" "tekmedicgloves.com"
185.191.171.33 - - [07/Dec/2022:20:18:15 -0800] "GET /phpMyAdmin/setup/?token=d647b844eb6dfdbf5ceaa04b5ca67a63&version_check=1 HTTP/1.1" 200 12687 "-" "Mozilla/5.0 (compatible; SemrushBot/7~bl; +http://www.semrush.com/bot.html)" "tekmedicgloves.com"
185.191.171.4 - - [07/Dec/2022:20:18:19 -0800] "GET /phpMyAdmin/setup/?token=f92da8d1bb8621103ada0d73fad3ea60&version_check=1 HTTP/1.1" 200 12691 "-" "Mozilla/5.0 (compatible; SemrushBot/7~bl; +http://www.semrush.com/bot.html)" "www.tekmedicgloves.com"
185.191.171.3 - - [07/Dec/2022:20:19:00 -0800] "GET /phpMyAdmin/setup/?token=d531617197b7aceb9886360152f11c1e&version_check=1 HTTP/1.1" 200 12687 "-" "Mozilla/5.0 (compatible; SemrushBot/7~bl; +http://www.semrush.com/bot.html)" "tekmedicgloves.com"
185.191.171.18 - - [07/Dec/2022:20:19:15 -0800] "GET /phpMyAdmin/setup/?token=0052bc5346b3d6381d4eb83e980d4884&version_check=1 HTTP/1.1" 200 12691 "-" "Mozilla/5.0 (compatible; SemrushBot/7~bl; +http://www.semrush.com/bot.html)" "www.tekmedicgloves.com"
185.191.171.3 - - [07/Dec/2022:20:19:20 -0800] "GET /phpMyAdmin/setup/?token=e054844d314d3de4386f051302488cb7&version_check=1 HTTP/1.1" 200 12691 "-" "Mozilla/5.0 (compatible; SemrushBot/7~bl; +http://www.semrush.com/bot.html)" "www.tekmedicgloves.com"
185.191.171.20 - - [07/Dec/2022:20:19:26 -0800] "GET /phpMyAdmin/setup/?token=f0d2e566eb49e8d5b9d64061f4375683&version_check=1 HTTP/1.1" 200 12691 "-" "Mozilla/5.0 (compatible; SemrushBot/7~bl; +http://www.semrush.com/bot.html)" "www.tekmedicgloves.com"
185.191.171.41 - - [07/Dec/2022:20:20:03 -0800] "GET /phpMyAdmin/setup/?token=efa794b8cf8a2d60b3e92620cd69650b&version_check=1 HTTP/1.1" 200 12691 "-" "Mozilla/5.0 (compatible; SemrushBot/7~bl; +http://www.semrush.com/bot.html)" "www.tekmedicgloves.com"
185.191.171.16 - - [07/Dec/2022:20:20:12 -0800] "GET /phpMyAdmin/setup/?token=728c0db0827572656759010124d9283a&version_check=1 HTTP/1.1" 200 12687 "-" "Mozilla/5.0 (compatible; SemrushBot/7~bl; +http://www.semrush.com/bot.html)" "tekmedicgloves.com"
185.191.171.3 - - [07/Dec/2022:20:20:43 -0800] "GET /phpMyAdmin/setup/?token=bb5c03017ace0f24825cd77efef287cf&version_check=1 HTTP/1.1" 200 12687 "-" "Mozilla/5.0 (compatible; SemrushBot/7~bl; +http://www.semrush.com/bot.html)" "tekmedicgloves.com"
185.191.171.25 - - [07/Dec/2022:20:20:46 -0800] "GET /phpMyAdmin/setup/?token=e1795f4f92b652c4e7ab14ce4fa8e6a5&version_check=1 HTTP/1.1" 200 12687 "-" "Mozilla/5.0 (compatible; SemrushBot/7~bl; +http://www.semrush.com/bot.html)" "tekmedicgloves.com"
185.191.171.37 - - [07/Dec/2022:20:21:03 -0800] "GET /phpMyAdmin/setup/?token=c2fdc2619a97bd1dbf3c1ccc9184f849&version_check=1 HTTP/1.1" 200 12687 "-" "Mozilla/5.0 (compatible; SemrushBot/7~bl; +http://www.semrush.com/bot.html)" "tekmedicgloves.com"
185.191.171.6 - - [07/Dec/2022:20:21:07 -0800] "GET /phpMyAdmin/setup/?token=d4f64aa24e014381090a9d795acdd72c&version_check=1 HTTP/1.1" 200 12687 "-" "Mozilla/5.0 (compatible; SemrushBot/7~bl; +http://www.semrush.com/bot.html)" "tekmedicgloves.com"
185.191.171.44 - - [07/Dec/2022:20:21:15 -0800] "GET /phpMyAdmin/setup/?token=a73fa2ee25b1a8017182b9aba375bf75&version_check=1 HTTP/1.1" 200 12691 "-" "Mozilla/5.0 (compatible; SemrushBot/7~bl; +http://www.semrush.com/bot.html)" "www.tekmedicgloves.com"
185.191.171.24 - - [07/Dec/2022:20:21:59 -0800] "GET /phpMyAdmin/setup/?token=b3ea2363fac38c7e17765fe39d1d85f5&version_check=1 HTTP/1.1" 200 12691 "-" "Mozilla/5.0 (compatible; SemrushBot/7~bl; +http://www.semrush.com/bot.html)" "www.tekmedicgloves.com"
185.191.171.22 - - [07/Dec/2022:20:22:03 -0800] "GET /phpMyAdmin/setup/?token=c742815cfe153cac4bf7a2a844416818&version_check=1 HTTP/1.1" 200 12687 "-" "Mozilla/5.0 (compatible; SemrushBot/7~bl; +http://www.semrush.com/bot.html)" "tekmedicgloves.com"
185.191.171.7 - - [07/Dec/2022:20:22:36 -0800] "GET /phpMyAdmin/setup/?token=b8abc8104c7a02417830e3ef5418af0c&version_check=1 HTTP/1.1" 200 12691 "-" "Mozilla/5.0 (compatible; SemrushBot/7~bl; +http://www.semrush.com/bot.html)" "www.tekmedicgloves.com"
185.191.171.19 - - [07/Dec/2022:20:22:36 -0800] "GET /phpMyAdmin/setup/?token=e2205f123140b5277a78a4adf4e16be7&version_check=1 HTTP/1.1" 200 12687 "-" "Mozilla/5.0 (compatible; SemrushBot/7~bl; +http://www.semrush.com/bot.html)" "tekmedicgloves.com"
185.191.171.11 - - [07/Dec/2022:20:22:44 -0800] "GET /phpMyAdmin/setup/?token=f7c7cd121ce67481dd54f095c038e74f&version_check=1 HTTP/1.1" 200 12691 "-" "Mozilla/5.0 (compatible; SemrushBot/7~bl; +http://www.semrush.com/bot.html)" "www.tekmedicgloves.com"
185.191.171.8 - - [07/Dec/2022:20:22:46 -0800] "GET /phpMyAdmin/setup/?token=0761a21a799dbfe21f699554bc3443b8&version_check=1 HTTP/1.1" 200 12691 "-" "Mozilla/5.0 (compatible; SemrushBot/7~bl; +http://www.semrush.com/bot.html)" "www.tekmedicgloves.com"
185.191.171.26 - - [07/Dec/2022:20:22:49 -0800] "GET /phpMyAdmin/setup/?token=fc075dd3e895eb42344c51e7c963d3da&version_check=1 HTTP/1.1" 200 12691 "-" "Mozilla/5.0 (compatible; SemrushBot/7~bl; +http://www.semrush.com/bot.html)" "www.tekmedicgloves.com"
185.191.171.22 - - [07/Dec/2022:20:22:51 -0800] "GET /phpMyAdmin/setup/?token=04c255bde41d15eb4efbcdc5b060eb7d&version_check=1 HTTP/1.1" 200 12691 "-" "Mozilla/5.0 (compatible; SemrushBot/7~bl; +http://www.semrush.com/bot.html)" "www.tekmedicgloves.com"
185.191.171.34 - - [07/Dec/2022:20:23:10 -0800] "GET /phpMyAdmin/setup/?token=f3674802e99ff431672e85801603fc87&version_check=1 HTTP/1.1" 200 12691 "-" "Mozilla/5.0 (compatible; SemrushBot/7~bl; +http://www.semrush.com/bot.html)" "www.tekmedicgloves.com"
185.191.171.23 - - [07/Dec/2022:20:23:55 -0800] "GET /phpMyAdmin/setup/?token=eafc84e231ca9e10a98d757ebaa5dd67&version_check=1 HTTP/1.1" 200 12687 "-" "Mozilla/5.0 (compatible; SemrushBot/7~bl; +http://www.semrush.com/bot.html)" "tekmedicgloves.com"
185.191.171.11 - - [07/Dec/2022:20:23:57 -0800] "GET /phpMyAdmin/setup/?token=ef1bb78dc0bb1a583c32d9de467f08cd&version_check=1 HTTP/1.1" 200 12687 "-" "Mozilla/5.0 (compatible; SemrushBot/7~bl; +http://www.semrush.com/bot.html)" "tekmedicgloves.com"
185.191.171.41 - - [07/Dec/2022:20:24:08 -0800] "GET /phpMyAdmin/setup/?token=dd6886942a476ad6b6284fb2451db4f2&version_check=1 HTTP/1.1" 200 12687 "-" "Mozilla/5.0 (compatible; SemrushBot/7~bl; +http://www.semrush.com/bot.html)" "tekmedicgloves.com"
185.191.171.42 - - [07/Dec/2022:20:24:18 -0800] "GET /phpMyAdmin/setup/?token=dbf28065ef2e9dd3e1cde3ba405c80b6&version_check=1 HTTP/1.1" 200 12691 "-" "Mozilla/5.0 (compatible; SemrushBot/7~bl; +http://www.semrush.com/bot.html)" "www.tekmedicgloves.com"
185.191.171.10 - - [07/Dec/2022:20:24:20 -0800] "GET /phpMyAdmin/setup/?token=f0b97b6c98d743843f65e06343be77fc&version_check=1 HTTP/1.1" 200 12691 "-" "Mozilla/5.0 (compatible; SemrushBot/7~bl; +http://www.semrush.com/bot.html)" "www.tekmedicgloves.com"
185.191.171.34 - - [07/Dec/2022:20:24:24 -0800] "GET /phpMyAdmin/setup/?token=ca998297e8717d1b64a55d092014db47&version_check=1 HTTP/1.1" 200 12687 "-" "Mozilla/5.0 (compatible; SemrushBot/7~bl; +http://www.semrush.com/bot.html)" "tekmedicgloves.com"
185.191.171.25 - - [07/Dec/2022:20:24:34 -0800] "GET /phpMyAdmin/setup/?token=c7850f94a9927fe1f6f5ab955c777a90&version_check=1 HTTP/1.1" 200 12691 "-" "Mozilla/5.0 (compatible; SemrushBot/7~bl; +http://www.semrush.com/bot.html)" "www.tekmedicgloves.com"
185.191.171.24 - - [07/Dec/2022:20:24:39 -0800] "GET /phpMyAdmin/setup/?token=11ad42842ead6041e887c26bda4dd614&version_check=1 HTTP/1.1" 200 12687 "-" "Mozilla/5.0 (compatible; SemrushBot/7~bl; +http://www.semrush.com/bot.html)" "tekmedicgloves.com"
