185.191.171.41 - - [07/Dec/2022:19:09:57 -0800] "GET /phpMyAdmin/setup/?token=dc01bc7fc839fd0b7cb187e98d2e629e&version_check=1 HTTP/1.1" 200 12687 "-" "Mozilla/5.0 (compatible; SemrushBot/7~bl; +http://www.semrush.com/bot.html)" "tekmedicgloves.com"
185.191.171.41 - - [07/Dec/2022:19:10:00 -0800] "GET /phpMyAdmin/setup/?token=d33c57e6cdb6b684c00327929256e422&version_check=1 HTTP/1.1" 200 12687 "-" "Mozilla/5.0 (compatible; SemrushBot/7~bl; +http://www.semrush.com/bot.html)" "tekmedicgloves.com"
185.191.171.21 - - [07/Dec/2022:19:10:02 -0800] "GET /phpMyAdmin/setup/?token=d6ff6cd603479838ff969e4e2e747d08&version_check=1 HTTP/1.1" 200 12691 "-" "Mozilla/5.0 (compatible; SemrushBot/7~bl; +http://www.semrush.com/bot.html)" "www.tekmedicgloves.com"
185.191.171.8 - - [07/Dec/2022:19:10:19 -0800] "GET /phpMyAdmin/setup/?token=d3639958c26df0cc70260efbb1cb5c2e&version_check=1 HTTP/1.1" 200 12691 "-" "Mozilla/5.0 (compatible; SemrushBot/7~bl; +http://www.semrush.com/bot.html)" "www.tekmedicgloves.com"
185.191.171.26 - - [07/Dec/2022:19:10:32 -0800] "GET /phpMyAdmin/setup/?token=f33d0c6066e0fd5e5c0fcb37c8798e4c&version_check=1 HTTP/1.1" 200 12687 "-" "Mozilla/5.0 (compatible; SemrushBot/7~bl; +http://www.semrush.com/bot.html)" "tekmedicgloves.com"
185.191.171.13 - - [07/Dec/2022:19:10:48 -0800] "GET /phpMyAdmin/setup/?token=e03a8d73e43cfaddd44c633106db008d&version_check=1 HTTP/1.1" 200 12691 "-" "Mozilla/5.0 (compatible; SemrushBot/7~bl; +http://www.semrush.com/bot.html)" "www.tekmedicgloves.com"
185.191.171.8 - - [07/Dec/2022:19:10:50 -0800] "GET /phpMyAdmin/setup/?token=f0a0b73e64c37d4121e08249709a0e26&version_check=1 HTTP/1.1" 200 12691 "-" "Mozilla/5.0 (compatible; SemrushBot/7~bl; +http://www.semrush.com/bot.html)" "www.tekmedicgloves.com"
185.191.171.9 - - [07/Dec/2022:19:11:17 -0800] "GET /phpMyAdmin/setup/?token=c57e19d3ac76f2473c651e74c3e5b1c3&version_check=1 HTTP/1.1" 200 12687 "-" "Mozilla/5.0 (compatible; SemrushBot/7~bl; +http://www.semrush.com/bot.html)" "tekmedicgloves.com"
185.191.171.25 - - [07/Dec/2022:19:11:34 -0800] "GET /phpMyAdmin/setup/?token=bd39e617ffa737f46316c165fdfe57a7&version_check=1 HTTP/1.1" 200 12687 "-" "Mozilla/5.0 (compatible; SemrushBot/7~bl; +http://www.semrush.com/bot.html)" "tekmedicgloves.com"
185.191.171.25 - - [07/Dec/2022:19:12:11 -0800] "GET /phpMyAdmin/setup/?token=c114e3c38a82667cde42295f9a3dc761&version_check=1 HTTP/1.1" 200 12687 "-" "Mozilla/5.0 (compatible; SemrushBot/7~bl; +http://www.semrush.com/bot.html)" "tekmedicgloves.com"
185.191.171.16 - - [07/Dec/2022:19:12:35 -0800] "GET /phpMyAdmin/setup/?token=c1159fd1a72ead057542fb21051723f3&version_check=1 HTTP/1.1" 200 12687 "-" "Mozilla/5.0 (compatible; SemrushBot/7~bl; +http://www.semrush.com/bot.html)" "tekmedicgloves.com"
185.191.171.39 - - [07/Dec/2022:19:12:37 -0800] "GET /phpMyAdmin/setup/?token=bb097cd1bc2ccbe9a006c4555c6baf51&version_check=1 HTTP/1.1" 200 12691 "-" "Mozilla/5.0 (compatible; SemrushBot/7~bl; +http://www.semrush.com/bot.html)" "www.tekmedicgloves.com"
185.191.171.25 - - [07/Dec/2022:19:13:06 -0800] "GET /phpMyAdmin/setup/?token=d8381b3bf7276f32389bddf9defe076e&version_check=1 HTTP/1.1" 200 12691 "-" "Mozilla/5.0 (compatible; SemrushBot/7~bl; +http://www.semrush.com/bot.html)" "www.tekmedicgloves.com"
185.191.171.5 - - [07/Dec/2022:19:13:13 -0800] "GET /phpMyAdmin/setup/?token=d69ab880a6da0112e5d5594eff73a4cf&version_check=1 HTTP/1.1" 200 12691 "-" "Mozilla/5.0 (compatible; SemrushBot/7~bl; +http://www.semrush.com/bot.html)" "www.tekmedicgloves.com"
185.191.171.1 - - [07/Dec/2022:19:13:22 -0800] "GET /phpMyAdmin/setup/?token=d2f8a0f3fc5929edef448b65b3f184b7&version_check=1 HTTP/1.1" 200 12687 "-" "Mozilla/5.0 (compatible; SemrushBot/7~bl; +http://www.semrush.com/bot.html)" "tekmedicgloves.com"
185.191.171.16 - - [07/Dec/2022:19:13:40 -0800] "GET /phpMyAdmin/setup/?token=d7f8e371572d5d128b94e7ed8aa2285e&version_check=1 HTTP/1.1" 200 12687 "-" "Mozilla/5.0 (compatible; SemrushBot/7~bl; +http://www.semrush.com/bot.html)" "tekmedicgloves.com"
185.191.171.21 - - [07/Dec/2022:19:13:45 -0800] "GET /phpMyAdmin/setup/?token=bcb7283175166c94fae0eaae413c3176&version_check=1 HTTP/1.1" 200 12687 "-" "Mozilla/5.0 (compatible; SemrushBot/7~bl; +http://www.semrush.com/bot.html)" "tekmedicgloves.com"
185.191.171.5 - - [07/Dec/2022:19:14:05 -0800] "GET /phpMyAdmin/setup/?token=c5ccc130f2ccc221c10dc5aafb7f30ba&version_check=1 HTTP/1.1" 200 12687 "-" "Mozilla/5.0 (compatible; SemrushBot/7~bl; +http://www.semrush.com/bot.html)" "tekmedicgloves.com"
185.191.171.40 - - [07/Dec/2022:19:14:54 -0800] "GET /phpMyAdmin/setup/?token=c4642288c615a9be56df55a087625267&version_check=1 HTTP/1.1" 200 12687 "-" "Mozilla/5.0 (compatible; SemrushBot/7~bl; +http://www.semrush.com/bot.html)" "tekmedicgloves.com"
185.191.171.13 - - [07/Dec/2022:19:15:03 -0800] "GET /phpMyAdmin/setup/?token=bd5f33e5c1e7d39930f598e7f3be8935&version_check=1 HTTP/1.1" 200 12687 "-" "Mozilla/5.0 (compatible; SemrushBot/7~bl; +http://www.semrush.com/bot.html)" "tekmedicgloves.com"
185.191.171.10 - - [07/Dec/2022:19:15:05 -0800] "GET /phpMyAdmin/setup/?token=fb6be354f44098fdbac002177bd41f31&version_check=1 HTTP/1.1" 200 12691 "-" "Mozilla/5.0 (compatible; SemrushBot/7~bl; +http://www.semrush.com/bot.html)" "www.tekmedicgloves.com"
185.191.171.44 - - [07/Dec/2022:19:15:13 -0800] "GET /phpMyAdmin/setup/?token=c42a848ebca94b6a23659d353e43069a&version_check=1 HTTP/1.1" 200 12691 "-" "Mozilla/5.0 (compatible; SemrushBot/7~bl; +http://www.semrush.com/bot.html)" "www.tekmedicgloves.com"
185.191.171.40 - - [07/Dec/2022:19:15:14 -0800] "GET /phpMyAdmin/setup/?token=e0dd3a6c9ce0a8718b43349dea878b58&version_check=1 HTTP/1.1" 200 12691 "-" "Mozilla/5.0 (compatible; SemrushBot/7~bl; +http://www.semrush.com/bot.html)" "www.tekmedicgloves.com"
185.191.171.26 - - [07/Dec/2022:19:15:24 -0800] "GET /phpMyAdmin/setup/?token=baec1022cbb33862cbaaa222853461f1&version_check=1 HTTP/1.1" 200 12691 "-" "Mozilla/5.0 (compatible; SemrushBot/7~bl; +http://www.semrush.com/bot.html)" "www.tekmedicgloves.com"
185.191.171.14 - - [07/Dec/2022:19:15:45 -0800] "GET /phpMyAdmin/setup/?token=b1787d3a75672bc70579248781613de8&version_check=1 HTTP/1.1" 200 12691 "-" "Mozilla/5.0 (compatible; SemrushBot/7~bl; +http://www.semrush.com/bot.html)" "www.tekmedicgloves.com"
185.191.171.44 - - [07/Dec/2022:19:15:49 -0800] "GET /phpMyAdmin/setup/?token=f0d9c969490a5c67ebbdbdf1de3f1d87&version_check=1 HTTP/1.1" 200 12687 "-" "Mozilla/5.0 (compatible; SemrushBot/7~bl; +http://www.semrush.com/bot.html)" "tekmedicgloves.com"
185.191.171.9 - - [07/Dec/2022:19:16:10 -0800] "GET /phpMyAdmin/setup/?token=dd116725f85027fde197a109ffa3423c&version_check=1 HTTP/1.1" 200 12691 "-" "Mozilla/5.0 (compatible; SemrushBot/7~bl; +http://www.semrush.com/bot.html)" "www.tekmedicgloves.com"
185.191.171.40 - - [07/Dec/2022:19:16:10 -0800] "GET /phpMyAdmin/setup/?token=c687d568a6fc3708c03caed9b348cfd2&version_check=1 HTTP/1.1" 200 12687 "-" "Mozilla/5.0 (compatible; SemrushBot/7~bl; +http://www.semrush.com/bot.html)" "tekmedicgloves.com"
185.191.171.17 - - [07/Dec/2022:19:16:28 -0800] "GET /phpMyAdmin/setup/?token=fcb8cb3cd6177d41641f00a3d106c7d4&version_check=1 HTTP/1.1" 200 12691 "-" "Mozilla/5.0 (compatible; SemrushBot/7~bl; +http://www.semrush.com/bot.html)" "www.tekmedicgloves.com"
185.191.171.35 - - [07/Dec/2022:19:16:55 -0800] "GET /phpMyAdmin/setup/?token=b3947c9d764d57e74ebf4cf6bf687840&version_check=1 HTTP/1.1" 200 12691 "-" "Mozilla/5.0 (compatible; SemrushBot/7~bl; +http://www.semrush.com/bot.html)" "www.tekmedicgloves.com"
185.191.171.40 - - [07/Dec/2022:19:16:58 -0800] "GET /phpMyAdmin/setup/?token=dbec2f23651adc8cad4d6042b56ada11&version_check=1 HTTP/1.1" 200 12691 "-" "Mozilla/5.0 (compatible; SemrushBot/7~bl; +http://www.semrush.com/bot.html)" "www.tekmedicgloves.com"
185.191.171.45 - - [07/Dec/2022:19:17:07 -0800] "GET /phpMyAdmin/setup/?token=ff9ef4cead3da9d71f3f0aca89c38c8a&version_check=1 HTTP/1.1" 200 12687 "-" "Mozilla/5.0 (compatible; SemrushBot/7~bl; +http://www.semrush.com/bot.html)" "tekmedicgloves.com"
185.191.171.4 - - [07/Dec/2022:19:17:18 -0800] "GET /phpMyAdmin/setup/?token=c4625ce30c9e1acf78c0b3181e2785a5&version_check=1 HTTP/1.1" 200 12687 "-" "Mozilla/5.0 (compatible; SemrushBot/7~bl; +http://www.semrush.com/bot.html)" "tekmedicgloves.com"
185.191.171.21 - - [07/Dec/2022:19:17:23 -0800] "GET /phpMyAdmin/setup/?token=06d0354dfea03edb700733945a1dd2c6&version_check=1 HTTP/1.1" 200 12691 "-" "Mozilla/5.0 (compatible; SemrushBot/7~bl; +http://www.semrush.com/bot.html)" "www.tekmedicgloves.com"
185.191.171.23 - - [07/Dec/2022:19:17:41 -0800] "GET /phpMyAdmin/setup/?token=da6d3d22274e9236742bf0d6d0921d8e&version_check=1 HTTP/1.1" 200 12691 "-" "Mozilla/5.0 (compatible; SemrushBot/7~bl; +http://www.semrush.com/bot.html)" "www.tekmedicgloves.com"
216.244.66.246 - - [07/Dec/2022:19:17:51 -0800] "GET /robots.txt HTTP/1.1" 404 73 "-" "Mozilla/5.0 (compatible; DotBot/1.2; +https://opensiteexplorer.org/dotbot; help@moz.com)" "tekmedicgloves.com"
185.191.171.5 - - [07/Dec/2022:19:18:10 -0800] "GET /phpMyAdmin/setup/?token=9948def1effd1efce979ba3fde30eef5&version_check=1 HTTP/1.1" 200 12687 "-" "Mozilla/5.0 (compatible; SemrushBot/7~bl; +http://www.semrush.com/bot.html)" "tekmedicgloves.com"
185.191.171.15 - - [07/Dec/2022:19:18:17 -0800] "GET /phpMyAdmin/setup/?token=fc363a3f376de47c96f4ed6c3cdf271f&version_check=1 HTTP/1.1" 200 12691 "-" "Mozilla/5.0 (compatible; SemrushBot/7~bl; +http://www.semrush.com/bot.html)" "www.tekmedicgloves.com"
185.191.171.5 - - [07/Dec/2022:19:18:24 -0800] "GET /phpMyAdmin/setup/?token=c16d1f7c7d1ba627ff5bc3fa2ac02acd&version_check=1 HTTP/1.1" 200 12687 "-" "Mozilla/5.0 (compatible; SemrushBot/7~bl; +http://www.semrush.com/bot.html)" "tekmedicgloves.com"
185.191.171.6 - - [07/Dec/2022:19:18:48 -0800] "GET /phpMyAdmin/setup/?token=bce086cc925ce4158888c78fc82ec29a&version_check=1 HTTP/1.1" 200 12687 "-" "Mozilla/5.0 (compatible; SemrushBot/7~bl; +http://www.semrush.com/bot.html)" "tekmedicgloves.com"
185.191.171.40 - - [07/Dec/2022:19:19:17 -0800] "GET /phpMyAdmin/setup/?token=0dac802a808759313aa6a2ffa80d8de2&version_check=1 HTTP/1.1" 200 12687 "-" "Mozilla/5.0 (compatible; SemrushBot/7~bl; +http://www.semrush.com/bot.html)" "tekmedicgloves.com"
185.191.171.34 - - [07/Dec/2022:19:19:19 -0800] "GET /phpMyAdmin/setup/?token=c6d0521b8f6a16a95255e29d2e034fc3&version_check=1 HTTP/1.1" 200 12687 "-" "Mozilla/5.0 (compatible; SemrushBot/7~bl; +http://www.semrush.com/bot.html)" "tekmedicgloves.com"
185.191.171.14 - - [07/Dec/2022:19:19:21 -0800] "GET /phpMyAdmin/setup/?token=d2b753dbc9b8eda29505ce140b85f229&version_check=1 HTTP/1.1" 200 12691 "-" "Mozilla/5.0 (compatible; SemrushBot/7~bl; +http://www.semrush.com/bot.html)" "www.tekmedicgloves.com"
185.191.171.26 - - [07/Dec/2022:19:19:50 -0800] "GET /phpMyAdmin/setup/?token=c74013dcdd2c19753f74ba60ef8b6587&version_check=1 HTTP/1.1" 200 12687 "-" "Mozilla/5.0 (compatible; SemrushBot/7~bl; +http://www.semrush.com/bot.html)" "tekmedicgloves.com"
185.191.171.34 - - [07/Dec/2022:19:19:59 -0800] "GET /phpMyAdmin/setup/?token=bffbe7707f2dbc4a09b878baf9baa871&version_check=1 HTTP/1.1" 200 12691 "-" "Mozilla/5.0 (compatible; SemrushBot/7~bl; +http://www.semrush.com/bot.html)" "www.tekmedicgloves.com"
185.191.171.16 - - [07/Dec/2022:19:20:00 -0800] "GET /phpMyAdmin/setup/?token=bcce55bfb4015758e29c92c427d0e90b&version_check=1 HTTP/1.1" 200 12687 "-" "Mozilla/5.0 (compatible; SemrushBot/7~bl; +http://www.semrush.com/bot.html)" "tekmedicgloves.com"
185.191.171.8 - - [07/Dec/2022:19:20:31 -0800] "GET /phpMyAdmin/setup/?token=f2bf369c1f2387071d86afaadad755fe&version_check=1 HTTP/1.1" 200 12691 "-" "Mozilla/5.0 (compatible; SemrushBot/7~bl; +http://www.semrush.com/bot.html)" "www.tekmedicgloves.com"
185.191.171.20 - - [07/Dec/2022:19:20:34 -0800] "GET /phpMyAdmin/setup/?token=b1e798de6a2d2b1bc89fda0651ecff91&version_check=1 HTTP/1.1" 200 12691 "-" "Mozilla/5.0 (compatible; SemrushBot/7~bl; +http://www.semrush.com/bot.html)" "www.tekmedicgloves.com"
185.191.171.18 - - [07/Dec/2022:19:20:41 -0800] "GET /phpMyAdmin/setup/?token=c4e99c5d308ad64fb10acca751126a9d&version_check=1 HTTP/1.1" 200 12691 "-" "Mozilla/5.0 (compatible; SemrushBot/7~bl; +http://www.semrush.com/bot.html)" "www.tekmedicgloves.com"
185.191.171.21 - - [07/Dec/2022:19:20:43 -0800] "GET /phpMyAdmin/setup/?token=fef75c07b6fb4be7b474803603a46f96&version_check=1 HTTP/1.1" 200 12691 "-" "Mozilla/5.0 (compatible; SemrushBot/7~bl; +http://www.semrush.com/bot.html)" "www.tekmedicgloves.com"
185.191.171.40 - - [07/Dec/2022:19:20:45 -0800] "GET /phpMyAdmin/setup/?token=0ab90f858de4e468b06cb5e3da141afc&version_check=1 HTTP/1.1" 200 12691 "-" "Mozilla/5.0 (compatible; SemrushBot/7~bl; +http://www.semrush.com/bot.html)" "www.tekmedicgloves.com"
185.191.171.15 - - [07/Dec/2022:19:21:08 -0800] "GET /phpMyAdmin/setup/?token=bc2abd7a8ce78396be5f284684240b54&version_check=1 HTTP/1.1" 200 12687 "-" "Mozilla/5.0 (compatible; SemrushBot/7~bl; +http://www.semrush.com/bot.html)" "tekmedicgloves.com"
185.191.171.4 - - [07/Dec/2022:19:22:06 -0800] "GET /phpMyAdmin/setup/?token=d9a442fc6c853f792bb85d1b7f5ce18f&version_check=1 HTTP/1.1" 200 12687 "-" "Mozilla/5.0 (compatible; SemrushBot/7~bl; +http://www.semrush.com/bot.html)" "tekmedicgloves.com"
185.191.171.18 - - [07/Dec/2022:19:22:21 -0800] "GET /phpMyAdmin/setup/?token=b4fbc62d5ba2c2ec97c23e963b9c06f4&version_check=1 HTTP/1.1" 200 12691 "-" "Mozilla/5.0 (compatible; SemrushBot/7~bl; +http://www.semrush.com/bot.html)" "www.tekmedicgloves.com"
185.191.171.45 - - [07/Dec/2022:19:22:33 -0800] "GET /phpMyAdmin/setup/?token=ecb7e1b8a9b139eeafb3edd8f5e3dbad&version_check=1 HTTP/1.1" 200 12691 "-" "Mozilla/5.0 (compatible; SemrushBot/7~bl; +http://www.semrush.com/bot.html)" "www.tekmedicgloves.com"
185.191.171.41 - - [07/Dec/2022:19:22:43 -0800] "GET /phpMyAdmin/setup/?token=d9478831ac1fac57447552cbd1bb9dc7&version_check=1 HTTP/1.1" 200 12691 "-" "Mozilla/5.0 (compatible; SemrushBot/7~bl; +http://www.semrush.com/bot.html)" "www.tekmedicgloves.com"
185.191.171.6 - - [07/Dec/2022:19:22:56 -0800] "GET /phpMyAdmin/setup/?token=c970c8a8bb2af3bc140d7e797550c25a&version_check=1 HTTP/1.1" 200 12687 "-" "Mozilla/5.0 (compatible; SemrushBot/7~bl; +http://www.semrush.com/bot.html)" "tekmedicgloves.com"
185.191.171.2 - - [07/Dec/2022:19:22:59 -0800] "GET /phpMyAdmin/setup/?token=df20e2dd2a8debf38485bee9912d7289&version_check=1 HTTP/1.1" 200 12691 "-" "Mozilla/5.0 (compatible; SemrushBot/7~bl; +http://www.semrush.com/bot.html)" "www.tekmedicgloves.com"
185.191.171.36 - - [07/Dec/2022:19:23:08 -0800] "GET /phpMyAdmin/setup/?token=027c45588bed5771e2853f60a8828f44&version_check=1 HTTP/1.1" 200 12691 "-" "Mozilla/5.0 (compatible; SemrushBot/7~bl; +http://www.semrush.com/bot.html)" "www.tekmedicgloves.com"
185.191.171.44 - - [07/Dec/2022:19:23:11 -0800] "GET /phpMyAdmin/setup/?token=bd226c54f1bc2b7d19d0887144d2eb7e&version_check=1 HTTP/1.1" 200 12687 "-" "Mozilla/5.0 (compatible; SemrushBot/7~bl; +http://www.semrush.com/bot.html)" "tekmedicgloves.com"
185.191.171.43 - - [07/Dec/2022:19:23:14 -0800] "GET /phpMyAdmin/setup/?token=c19284f0e0780a94b98e70be89eebc71&version_check=1 HTTP/1.1" 200 12687 "-" "Mozilla/5.0 (compatible; SemrushBot/7~bl; +http://www.semrush.com/bot.html)" "tekmedicgloves.com"
185.191.171.24 - - [07/Dec/2022:19:23:20 -0800] "GET /phpMyAdmin/setup/?token=eaca6789f04e2b400bf5156ba562a302&version_check=1 HTTP/1.1" 200 12691 "-" "Mozilla/5.0 (compatible; SemrushBot/7~bl; +http://www.semrush.com/bot.html)" "www.tekmedicgloves.com"
185.191.171.4 - - [07/Dec/2022:19:23:37 -0800] "GET /phpMyAdmin/setup/?token=eef91924bdf61bdb14e5cb6d61193755&version_check=1 HTTP/1.1" 200 12691 "-" "Mozilla/5.0 (compatible; SemrushBot/7~bl; +http://www.semrush.com/bot.html)" "www.tekmedicgloves.com"
185.191.171.44 - - [07/Dec/2022:19:23:46 -0800] "GET /phpMyAdmin/setup/?token=01a46f1fa103d9958f8ea1991039700d&version_check=1 HTTP/1.1" 200 12687 "-" "Mozilla/5.0 (compatible; SemrushBot/7~bl; +http://www.semrush.com/bot.html)" "tekmedicgloves.com"
185.191.171.15 - - [07/Dec/2022:19:23:54 -0800] "GET /phpMyAdmin/setup/?token=fce1a85ed4f540c2e84c9b2db79c066d&version_check=1 HTTP/1.1" 200 12687 "-" "Mozilla/5.0 (compatible; SemrushBot/7~bl; +http://www.semrush.com/bot.html)" "tekmedicgloves.com"
185.191.171.16 - - [07/Dec/2022:19:24:07 -0800] "GET /phpMyAdmin/setup/?token=fdb609bc0ee2007139e844f6a68c6661&version_check=1 HTTP/1.1" 200 12691 "-" "Mozilla/5.0 (compatible; SemrushBot/7~bl; +http://www.semrush.com/bot.html)" "www.tekmedicgloves.com"
185.191.171.4 - - [07/Dec/2022:19:24:11 -0800] "GET /phpMyAdmin/setup/?token=bd9cc0cf6ad19a06e702551fc31a02d8&version_check=1 HTTP/1.1" 200 12687 "-" "Mozilla/5.0 (compatible; SemrushBot/7~bl; +http://www.semrush.com/bot.html)" "tekmedicgloves.com"
185.191.171.4 - - [07/Dec/2022:19:24:29 -0800] "GET /phpMyAdmin/setup/?token=dbe380d4ce9f481f55f67cd90dec680a&version_check=1 HTTP/1.1" 200 12691 "-" "Mozilla/5.0 (compatible; SemrushBot/7~bl; +http://www.semrush.com/bot.html)" "www.tekmedicgloves.com"
185.191.171.12 - - [07/Dec/2022:19:24:32 -0800] "GET /phpMyAdmin/setup/?token=f0ab6ffd7d2fc205136e8de118618dfb&version_check=1 HTTP/1.1" 200 12687 "-" "Mozilla/5.0 (compatible; SemrushBot/7~bl; +http://www.semrush.com/bot.html)" "tekmedicgloves.com"
185.191.171.18 - - [07/Dec/2022:19:25:02 -0800] "GET /phpMyAdmin/setup/?token=d41a7a9cfa4a27e784cefbd8a986bcf9&version_check=1 HTTP/1.1" 200 12691 "-" "Mozilla/5.0 (compatible; SemrushBot/7~bl; +http://www.semrush.com/bot.html)" "www.tekmedicgloves.com"
185.191.171.6 - - [07/Dec/2022:19:25:06 -0800] "GET /phpMyAdmin/setup/?token=d50a882dbab16033ce81c92f142e8d79&version_check=1 HTTP/1.1" 200 12691 "-" "Mozilla/5.0 (compatible; SemrushBot/7~bl; +http://www.semrush.com/bot.html)" "www.tekmedicgloves.com"
185.191.171.35 - - [07/Dec/2022:19:25:18 -0800] "GET /phpMyAdmin/setup/?token=0131f198c300ada10d26f768758a6d73&version_check=1 HTTP/1.1" 200 12687 "-" "Mozilla/5.0 (compatible; SemrushBot/7~bl; +http://www.semrush.com/bot.html)" "tekmedicgloves.com"
185.191.171.26 - - [07/Dec/2022:19:25:19 -0800] "GET /phpMyAdmin/setup/?token=c97b5e49f96b5e7d9a1d0cbf92aaff1f&version_check=1 HTTP/1.1" 200 12687 "-" "Mozilla/5.0 (compatible; SemrushBot/7~bl; +http://www.semrush.com/bot.html)" "tekmedicgloves.com"
185.191.171.33 - - [07/Dec/2022:19:25:48 -0800] "GET /phpMyAdmin/setup/?token=fe6abea59f45e77e1100bb32ba3feb7b&version_check=1 HTTP/1.1" 200 12691 "-" "Mozilla/5.0 (compatible; SemrushBot/7~bl; +http://www.semrush.com/bot.html)" "www.tekmedicgloves.com"
185.191.171.26 - - [07/Dec/2022:19:25:59 -0800] "GET /phpMyAdmin/setup/?token=f5e27f69e331b6f2061aa1355c1a3f3c&version_check=1 HTTP/1.1" 200 12687 "-" "Mozilla/5.0 (compatible; SemrushBot/7~bl; +http://www.semrush.com/bot.html)" "tekmedicgloves.com"
185.191.171.44 - - [07/Dec/2022:19:26:01 -0800] "GET /phpMyAdmin/setup/?token=c09340c415e828fb12648b4508072c84&version_check=1 HTTP/1.1" 200 12687 "-" "Mozilla/5.0 (compatible; SemrushBot/7~bl; +http://www.semrush.com/bot.html)" "tekmedicgloves.com"
185.191.171.45 - - [07/Dec/2022:19:26:08 -0800] "GET /phpMyAdmin/setup/?token=f313735d9cff75bdfe15925959546a60&version_check=1 HTTP/1.1" 200 12691 "-" "Mozilla/5.0 (compatible; SemrushBot/7~bl; +http://www.semrush.com/bot.html)" "www.tekmedicgloves.com"
185.191.171.45 - - [07/Dec/2022:19:26:16 -0800] "GET /phpMyAdmin/setup/?token=e8d88a9fea682267189e2945f5190b7f&version_check=1 HTTP/1.1" 200 12687 "-" "Mozilla/5.0 (compatible; SemrushBot/7~bl; +http://www.semrush.com/bot.html)" "tekmedicgloves.com"
114.119.128.129 - - [07/Dec/2022:19:26:29 -0800] "GET /robots.txt HTTP/1.1" 404 88 "-" "Mozilla/5.0 (compatible;PetalBot;+https://webmaster.petalsearch.com/site/petalbot)" "www.tekmedicgloves.com"
185.191.171.3 - - [07/Dec/2022:19:26:56 -0800] "GET /phpMyAdmin/setup/?token=b1ce4fdfea0dcfd7a7eb5c76173726ba&version_check=1 HTTP/1.1" 200 12691 "-" "Mozilla/5.0 (compatible; SemrushBot/7~bl; +http://www.semrush.com/bot.html)" "www.tekmedicgloves.com"
185.191.171.1 - - [07/Dec/2022:19:27:04 -0800] "GET /phpMyAdmin/setup/?token=da94dbe316945f75b2c9b88730c27772&version_check=1 HTTP/1.1" 200 12691 "-" "Mozilla/5.0 (compatible; SemrushBot/7~bl; +http://www.semrush.com/bot.html)" "www.tekmedicgloves.com"
185.191.171.8 - - [07/Dec/2022:19:27:06 -0800] "GET /phpMyAdmin/setup/?token=e3705dad660c9c17716a32b8053a86ce&version_check=1 HTTP/1.1" 200 12691 "-" "Mozilla/5.0 (compatible; SemrushBot/7~bl; +http://www.semrush.com/bot.html)" "www.tekmedicgloves.com"
185.191.171.16 - - [07/Dec/2022:19:27:27 -0800] "GET /phpMyAdmin/setup/?token=f28e6d44859549f156b042e7b1a23da3&version_check=1 HTTP/1.1" 200 12691 "-" "Mozilla/5.0 (compatible; SemrushBot/7~bl; +http://www.semrush.com/bot.html)" "www.tekmedicgloves.com"
185.191.171.12 - - [07/Dec/2022:19:28:03 -0800] "GET /phpMyAdmin/setup/?token=dde8a1d93cde85d07bb455757e64f75e&version_check=1 HTTP/1.1" 200 12687 "-" "Mozilla/5.0 (compatible; SemrushBot/7~bl; +http://www.semrush.com/bot.html)" "tekmedicgloves.com"
185.191.171.8 - - [07/Dec/2022:19:28:03 -0800] "GET /phpMyAdmin/setup/?token=f28bf9a8f8dc96d03b9ba8dc0732198a&version_check=1 HTTP/1.1" 200 12691 "-" "Mozilla/5.0 (compatible; SemrushBot/7~bl; +http://www.semrush.com/bot.html)" "www.tekmedicgloves.com"
185.191.171.37 - - [07/Dec/2022:19:28:12 -0800] "GET /phpMyAdmin/setup/?token=c20a482227ddeabdbfc9cad5e7a05a39&version_check=1 HTTP/1.1" 200 12691 "-" "Mozilla/5.0 (compatible; SemrushBot/7~bl; +http://www.semrush.com/bot.html)" "www.tekmedicgloves.com"
185.191.171.14 - - [07/Dec/2022:19:28:34 -0800] "GET /phpMyAdmin/setup/?token=fb35da89e483f49f74fcfb1837a28ff8&version_check=1 HTTP/1.1" 200 12691 "-" "Mozilla/5.0 (compatible; SemrushBot/7~bl; +http://www.semrush.com/bot.html)" "www.tekmedicgloves.com"
185.191.171.38 - - [07/Dec/2022:19:29:04 -0800] "GET /phpMyAdmin/setup/?token=b4a5338eb69eb7ca873c8946942d626e&version_check=1 HTTP/1.1" 200 12691 "-" "Mozilla/5.0 (compatible; SemrushBot/7~bl; +http://www.semrush.com/bot.html)" "www.tekmedicgloves.com"
185.191.171.42 - - [07/Dec/2022:19:29:13 -0800] "GET /phpMyAdmin/setup/?token=c3c7bd5bf87cea2d58311ad6755eb162&version_check=1 HTTP/1.1" 200 12687 "-" "Mozilla/5.0 (compatible; SemrushBot/7~bl; +http://www.semrush.com/bot.html)" "tekmedicgloves.com"
185.191.171.45 - - [07/Dec/2022:19:29:19 -0800] "GET /phpMyAdmin/setup/?token=c5831d3839b9ebec213928883c726723&version_check=1 HTTP/1.1" 200 12687 "-" "Mozilla/5.0 (compatible; SemrushBot/7~bl; +http://www.semrush.com/bot.html)" "tekmedicgloves.com"
185.191.171.9 - - [07/Dec/2022:19:29:32 -0800] "GET /phpMyAdmin/setup/?token=fd66cb1f17674bcb5680a98dd64a9af8&version_check=1 HTTP/1.1" 200 12691 "-" "Mozilla/5.0 (compatible; SemrushBot/7~bl; +http://www.semrush.com/bot.html)" "www.tekmedicgloves.com"
185.191.171.22 - - [07/Dec/2022:19:29:33 -0800] "GET /phpMyAdmin/setup/?token=cef10f88877892171c81a470ce59195f&version_check=1 HTTP/1.1" 200 12687 "-" "Mozilla/5.0 (compatible; SemrushBot/7~bl; +http://www.semrush.com/bot.html)" "tekmedicgloves.com"
185.191.171.25 - - [07/Dec/2022:19:29:36 -0800] "GET /phpMyAdmin/setup/?token=dd45b29333f016d46f79772c0f0ef5db&version_check=1 HTTP/1.1" 200 12691 "-" "Mozilla/5.0 (compatible; SemrushBot/7~bl; +http://www.semrush.com/bot.html)" "www.tekmedicgloves.com"
185.191.171.45 - - [07/Dec/2022:19:29:45 -0800] "GET /phpMyAdmin/setup/?token=bfb81213dfb0d6f7f90b8ca0c80aeba0&version_check=1 HTTP/1.1" 200 12687 "-" "Mozilla/5.0 (compatible; SemrushBot/7~bl; +http://www.semrush.com/bot.html)" "tekmedicgloves.com"
185.191.171.45 - - [07/Dec/2022:19:30:02 -0800] "GET /phpMyAdmin/setup/?token=ec2d552ed2965675bf1ee573640feb46&version_check=1 HTTP/1.1" 200 12687 "-" "Mozilla/5.0 (compatible; SemrushBot/7~bl; +http://www.semrush.com/bot.html)" "tekmedicgloves.com"
185.191.171.35 - - [07/Dec/2022:19:30:17 -0800] "GET /phpMyAdmin/setup/?token=bb33023bdf17f38a601484819a594152&version_check=1 HTTP/1.1" 200 12691 "-" "Mozilla/5.0 (compatible; SemrushBot/7~bl; +http://www.semrush.com/bot.html)" "www.tekmedicgloves.com"
185.191.171.6 - - [07/Dec/2022:19:30:29 -0800] "GET /phpMyAdmin/setup/?token=fed0fe96f8b5eb1d04cef7954bbdf965&version_check=1 HTTP/1.1" 200 12691 "-" "Mozilla/5.0 (compatible; SemrushBot/7~bl; +http://www.semrush.com/bot.html)" "www.tekmedicgloves.com"
185.191.171.18 - - [07/Dec/2022:19:30:34 -0800] "GET /phpMyAdmin/setup/?token=be83e635b23e19ec6d60c3bcf349b319&version_check=1 HTTP/1.1" 200 12687 "-" "Mozilla/5.0 (compatible; SemrushBot/7~bl; +http://www.semrush.com/bot.html)" "tekmedicgloves.com"
185.191.171.6 - - [07/Dec/2022:19:30:38 -0800] "GET /phpMyAdmin/setup/?token=c3a7d5a77e40645c2de81373699c0dc6&version_check=1 HTTP/1.1" 200 12687 "-" "Mozilla/5.0 (compatible; SemrushBot/7~bl; +http://www.semrush.com/bot.html)" "tekmedicgloves.com"
185.191.171.26 - - [07/Dec/2022:19:31:50 -0800] "GET /phpMyAdmin/setup/?token=cb57ce99c4592ecb8ebb991ec7b27469&version_check=1 HTTP/1.1" 200 12687 "-" "Mozilla/5.0 (compatible; SemrushBot/7~bl; +http://www.semrush.com/bot.html)" "tekmedicgloves.com"
185.191.171.18 - - [07/Dec/2022:19:31:51 -0800] "GET /phpMyAdmin/setup/?token=ee99bc720f3a69e7d63dae6598029988&version_check=1 HTTP/1.1" 200 12691 "-" "Mozilla/5.0 (compatible; SemrushBot/7~bl; +http://www.semrush.com/bot.html)" "www.tekmedicgloves.com"
185.191.171.24 - - [07/Dec/2022:19:31:52 -0800] "GET /robots.txt HTTP/1.1" 404 88 "-" "Mozilla/5.0 (compatible; SemrushBot/7~bl; +http://www.semrush.com/bot.html)" "tekmedicgloves.com"
185.191.171.18 - - [07/Dec/2022:19:31:53 -0800] "GET /phpMyAdmin/setup/?token=ce8562c13a5db7fdb6a846fd21136fc2&version_check=1 HTTP/1.1" 200 12687 "-" "Mozilla/5.0 (compatible; SemrushBot/7~bl; +http://www.semrush.com/bot.html)" "tekmedicgloves.com"
185.191.171.34 - - [07/Dec/2022:19:31:54 -0800] "GET /phpMyAdmin/setup/?token=bd8475f9bd2f3b1eb4e5d0cbed60b4f9&version_check=1 HTTP/1.1" 200 12687 "-" "Mozilla/5.0 (compatible; SemrushBot/7~bl; +http://www.semrush.com/bot.html)" "tekmedicgloves.com"
185.191.171.8 - - [07/Dec/2022:19:31:54 -0800] "GET /phpMyAdmin/setup/?token=fd9c8ac43440353c404f574a79d66615&version_check=1 HTTP/1.1" 200 12691 "-" "Mozilla/5.0 (compatible; SemrushBot/7~bl; +http://www.semrush.com/bot.html)" "www.tekmedicgloves.com"
185.191.171.21 - - [07/Dec/2022:19:31:58 -0800] "GET /phpMyAdmin/setup/?token=037a05a94321f1a8a0bab7316dfdb6de&version_check=1 HTTP/1.1" 200 12687 "-" "Mozilla/5.0 (compatible; SemrushBot/7~bl; +http://www.semrush.com/bot.html)" "tekmedicgloves.com"
185.191.171.8 - - [07/Dec/2022:19:32:14 -0800] "GET /phpMyAdmin/setup/?token=c1ff46695000d9acdebefb1e7624b304&version_check=1 HTTP/1.1" 200 12691 "-" "Mozilla/5.0 (compatible; SemrushBot/7~bl; +http://www.semrush.com/bot.html)" "www.tekmedicgloves.com"
185.191.171.8 - - [07/Dec/2022:19:32:14 -0800] "GET /phpMyAdmin/setup/?token=e14fc7abe1395824d846da231c0d804f&version_check=1 HTTP/1.1" 200 12687 "-" "Mozilla/5.0 (compatible; SemrushBot/7~bl; +http://www.semrush.com/bot.html)" "tekmedicgloves.com"
185.191.171.45 - - [07/Dec/2022:19:32:24 -0800] "GET /phpMyAdmin/setup/?token=f76549104730f070e88896bf8ce8b043&version_check=1 HTTP/1.1" 200 12691 "-" "Mozilla/5.0 (compatible; SemrushBot/7~bl; +http://www.semrush.com/bot.html)" "www.tekmedicgloves.com"
185.191.171.23 - - [07/Dec/2022:19:32:31 -0800] "GET /phpMyAdmin/setup/?token=c0ef58ff6a3d57bd21f25dddbf4dbd0f&version_check=1 HTTP/1.1" 200 12687 "-" "Mozilla/5.0 (compatible; SemrushBot/7~bl; +http://www.semrush.com/bot.html)" "tekmedicgloves.com"
185.191.171.6 - - [07/Dec/2022:19:32:36 -0800] "GET /phpMyAdmin/setup/?token=035cf731ca2ba63255bf5959d8d667a3&version_check=1 HTTP/1.1" 200 12691 "-" "Mozilla/5.0 (compatible; SemrushBot/7~bl; +http://www.semrush.com/bot.html)" "www.tekmedicgloves.com"
185.191.171.16 - - [07/Dec/2022:19:32:39 -0800] "GET /phpMyAdmin/setup/?token=c145dacfb48d4982dc46bba9e1a82348&version_check=1 HTTP/1.1" 200 12691 "-" "Mozilla/5.0 (compatible; SemrushBot/7~bl; +http://www.semrush.com/bot.html)" "www.tekmedicgloves.com"
185.191.171.23 - - [07/Dec/2022:19:33:15 -0800] "GET /phpMyAdmin/setup/?token=dd1cb04e5cdf0ccf333d7d9420559e7c&version_check=1 HTTP/1.1" 200 12691 "-" "Mozilla/5.0 (compatible; SemrushBot/7~bl; +http://www.semrush.com/bot.html)" "www.tekmedicgloves.com"
185.191.171.38 - - [07/Dec/2022:19:33:26 -0800] "GET /phpMyAdmin/setup/?token=d630a90f01400e92db0b297fbb65a586&version_check=1 HTTP/1.1" 200 12687 "-" "Mozilla/5.0 (compatible; SemrushBot/7~bl; +http://www.semrush.com/bot.html)" "tekmedicgloves.com"
185.191.171.6 - - [07/Dec/2022:19:33:44 -0800] "GET /phpMyAdmin/setup/?token=cbc1e6841f745276d3d26c6ad34a8bf9&version_check=1 HTTP/1.1" 200 12687 "-" "Mozilla/5.0 (compatible; SemrushBot/7~bl; +http://www.semrush.com/bot.html)" "tekmedicgloves.com"
185.191.171.34 - - [07/Dec/2022:19:34:39 -0800] "GET /phpMyAdmin/setup/?token=bc8273cce2545669dad7f082dea0afcb&version_check=1 HTTP/1.1" 200 12687 "-" "Mozilla/5.0 (compatible; SemrushBot/7~bl; +http://www.semrush.com/bot.html)" "tekmedicgloves.com"
185.191.171.38 - - [07/Dec/2022:19:34:40 -0800] "GET /robots.txt HTTP/1.1" 404 88 "-" "Mozilla/5.0 (compatible; SemrushBot/7~bl; +http://www.semrush.com/bot.html)" "www.tekmedicgloves.com"
185.191.171.25 - - [07/Dec/2022:19:34:40 -0800] "GET /phpMyAdmin/setup/?token=d22a6685d2df1db43324565b06920fec&version_check=1 HTTP/1.1" 200 12691 "-" "Mozilla/5.0 (compatible; SemrushBot/7~bl; +http://www.semrush.com/bot.html)" "www.tekmedicgloves.com"
185.191.171.3 - - [07/Dec/2022:19:34:52 -0800] "GET /phpMyAdmin/setup/?token=6d6f438983df8c1c70bb9ef0ca560299&version_check=1 HTTP/1.1" 200 12687 "-" "Mozilla/5.0 (compatible; SemrushBot/7~bl; +http://www.semrush.com/bot.html)" "tekmedicgloves.com"
185.191.171.10 - - [07/Dec/2022:19:34:53 -0800] "GET /phpMyAdmin/setup/?token=be0c9afe807b30064b070c289468c672&version_check=1 HTTP/1.1" 200 12691 "-" "Mozilla/5.0 (compatible; SemrushBot/7~bl; +http://www.semrush.com/bot.html)" "www.tekmedicgloves.com"
185.191.171.39 - - [07/Dec/2022:19:34:57 -0800] "GET /phpMyAdmin/setup/?token=f16cd9005f4a5a6983ebe1e5122d436e&version_check=1 HTTP/1.1" 200 12691 "-" "Mozilla/5.0 (compatible; SemrushBot/7~bl; +http://www.semrush.com/bot.html)" "www.tekmedicgloves.com"
185.191.171.7 - - [07/Dec/2022:19:35:10 -0800] "GET /phpMyAdmin/setup/?token=01c6ec2bfb2484e056885b72493fe847&version_check=1 HTTP/1.1" 200 12691 "-" "Mozilla/5.0 (compatible; SemrushBot/7~bl; +http://www.semrush.com/bot.html)" "www.tekmedicgloves.com"
185.191.171.6 - - [07/Dec/2022:19:35:26 -0800] "GET /phpMyAdmin/setup/?token=fbdd62668536723f44b1615710889d98&version_check=1 HTTP/1.1" 200 12691 "-" "Mozilla/5.0 (compatible; SemrushBot/7~bl; +http://www.semrush.com/bot.html)" "www.tekmedicgloves.com"
185.191.171.19 - - [07/Dec/2022:19:35:35 -0800] "GET /phpMyAdmin/setup/?token=fe390a04f01b4f27981dbc7bc6b469d4&version_check=1 HTTP/1.1" 200 12691 "-" "Mozilla/5.0 (compatible; SemrushBot/7~bl; +http://www.semrush.com/bot.html)" "www.tekmedicgloves.com"
185.191.171.22 - - [07/Dec/2022:19:35:40 -0800] "GET /phpMyAdmin/setup/?token=dbe8766d5675ea53f9173e36d9ef382f&version_check=1 HTTP/1.1" 200 12691 "-" "Mozilla/5.0 (compatible; SemrushBot/7~bl; +http://www.semrush.com/bot.html)" "www.tekmedicgloves.com"
185.191.171.26 - - [07/Dec/2022:19:36:43 -0800] "GET /phpMyAdmin/setup/?token=f053bf7244140cf95d8a36232866409c&version_check=1 HTTP/1.1" 200 12691 "-" "Mozilla/5.0 (compatible; SemrushBot/7~bl; +http://www.semrush.com/bot.html)" "www.tekmedicgloves.com"
185.191.171.18 - - [07/Dec/2022:19:36:53 -0800] "GET /phpMyAdmin/setup/?token=033004a5dfc18084b43120960eda3691&version_check=1 HTTP/1.1" 200 12691 "-" "Mozilla/5.0 (compatible; SemrushBot/7~bl; +http://www.semrush.com/bot.html)" "www.tekmedicgloves.com"
185.191.171.10 - - [07/Dec/2022:19:37:12 -0800] "GET /phpMyAdmin/setup/?token=11d04f82b0d586914195742146c1c3bc&version_check=1 HTTP/1.1" 200 12687 "-" "Mozilla/5.0 (compatible; SemrushBot/7~bl; +http://www.semrush.com/bot.html)" "tekmedicgloves.com"
185.191.171.4 - - [07/Dec/2022:19:37:19 -0800] "GET /phpMyAdmin/setup/?token=bb6f388bd7603f548d7bd7fb447945a2&version_check=1 HTTP/1.1" 200 12687 "-" "Mozilla/5.0 (compatible; SemrushBot/7~bl; +http://www.semrush.com/bot.html)" "tekmedicgloves.com"
185.191.171.5 - - [07/Dec/2022:19:37:21 -0800] "GET /phpMyAdmin/setup/?token=dc425752943c70f8f23f948517e1339e&version_check=1 HTTP/1.1" 200 12687 "-" "Mozilla/5.0 (compatible; SemrushBot/7~bl; +http://www.semrush.com/bot.html)" "tekmedicgloves.com"
185.191.171.8 - - [07/Dec/2022:19:37:22 -0800] "GET /phpMyAdmin/setup/?token=a5ec444200f78ba91fd7508a57d7b8ab&version_check=1 HTTP/1.1" 200 12691 "-" "Mozilla/5.0 (compatible; SemrushBot/7~bl; +http://www.semrush.com/bot.html)" "www.tekmedicgloves.com"
185.191.171.36 - - [07/Dec/2022:19:37:28 -0800] "GET /phpMyAdmin/setup/?token=c14feaf80a4498280185019a68001e4f&version_check=1 HTTP/1.1" 200 12687 "-" "Mozilla/5.0 (compatible; SemrushBot/7~bl; +http://www.semrush.com/bot.html)" "tekmedicgloves.com"
185.191.171.19 - - [07/Dec/2022:19:37:30 -0800] "GET /phpMyAdmin/setup/?token=c43131e29911f457c2e5a5db4f12f33c&version_check=1 HTTP/1.1" 200 12687 "-" "Mozilla/5.0 (compatible; SemrushBot/7~bl; +http://www.semrush.com/bot.html)" "tekmedicgloves.com"
185.191.171.3 - - [07/Dec/2022:19:37:45 -0800] "GET /phpMyAdmin/setup/?token=c0f2f93af860d4d6ca3480b395f547e4&version_check=1 HTTP/1.1" 200 12691 "-" "Mozilla/5.0 (compatible; SemrushBot/7~bl; +http://www.semrush.com/bot.html)" "www.tekmedicgloves.com"
185.191.171.36 - - [07/Dec/2022:19:37:54 -0800] "GET /phpMyAdmin/setup/?token=f7a429b4869b51194905cdecd50289cb&version_check=1 HTTP/1.1" 200 12691 "-" "Mozilla/5.0 (compatible; SemrushBot/7~bl; +http://www.semrush.com/bot.html)" "www.tekmedicgloves.com"
185.191.171.24 - - [07/Dec/2022:19:37:56 -0800] "GET /phpMyAdmin/setup/?token=f11034dcb90c279cc42e895fd678d9a7&version_check=1 HTTP/1.1" 200 12687 "-" "Mozilla/5.0 (compatible; SemrushBot/7~bl; +http://www.semrush.com/bot.html)" "tekmedicgloves.com"
185.191.171.34 - - [07/Dec/2022:19:37:57 -0800] "GET /phpMyAdmin/setup/?token=d88ab9d828fd1dfaec2a50ebb12ecb76&version_check=1 HTTP/1.1" 200 12687 "-" "Mozilla/5.0 (compatible; SemrushBot/7~bl; +http://www.semrush.com/bot.html)" "tekmedicgloves.com"
185.191.171.10 - - [07/Dec/2022:19:38:08 -0800] "GET /phpMyAdmin/setup/?token=fb06703d3952adb8d38464ddb36dfc10&version_check=1 HTTP/1.1" 200 12691 "-" "Mozilla/5.0 (compatible; SemrushBot/7~bl; +http://www.semrush.com/bot.html)" "www.tekmedicgloves.com"
185.191.171.34 - - [07/Dec/2022:19:38:10 -0800] "GET /phpMyAdmin/setup/?token=02a79706aa184cc6a425da75a5c8784c&version_check=1 HTTP/1.1" 200 12687 "-" "Mozilla/5.0 (compatible; SemrushBot/7~bl; +http://www.semrush.com/bot.html)" "tekmedicgloves.com"
185.191.171.14 - - [07/Dec/2022:19:38:11 -0800] "GET /phpMyAdmin/setup/?token=033f25df595f7cfa6d771e0b280f2859&version_check=1 HTTP/1.1" 200 12691 "-" "Mozilla/5.0 (compatible; SemrushBot/7~bl; +http://www.semrush.com/bot.html)" "www.tekmedicgloves.com"
185.191.171.1 - - [07/Dec/2022:19:38:36 -0800] "GET /phpMyAdmin/setup/?token=bc73876fa3ef0add4808a5775529653f&version_check=1 HTTP/1.1" 200 12687 "-" "Mozilla/5.0 (compatible; SemrushBot/7~bl; +http://www.semrush.com/bot.html)" "tekmedicgloves.com"
185.191.171.38 - - [07/Dec/2022:19:38:46 -0800] "GET /phpMyAdmin/setup/?token=ca41785a47ee6a1120bd59b99d94d5fa&version_check=1 HTTP/1.1" 200 12687 "-" "Mozilla/5.0 (compatible; SemrushBot/7~bl; +http://www.semrush.com/bot.html)" "tekmedicgloves.com"
185.191.171.45 - - [07/Dec/2022:19:39:02 -0800] "GET /phpMyAdmin/setup/?token=d625580a910fcde2f3213a6500985e5a&version_check=1 HTTP/1.1" 200 12691 "-" "Mozilla/5.0 (compatible; SemrushBot/7~bl; +http://www.semrush.com/bot.html)" "www.tekmedicgloves.com"
185.191.171.11 - - [07/Dec/2022:19:39:30 -0800] "GET /phpMyAdmin/setup/?token=b5b35e98e9d97f8f9367ab406c40b7e7&version_check=1 HTTP/1.1" 200 12691 "-" "Mozilla/5.0 (compatible; SemrushBot/7~bl; +http://www.semrush.com/bot.html)" "www.tekmedicgloves.com"
185.191.171.12 - - [07/Dec/2022:19:39:34 -0800] "GET /phpMyAdmin/setup/?token=d7316a8e102bbf2a1838b8a4bb8dc0bd&version_check=1 HTTP/1.1" 200 12687 "-" "Mozilla/5.0 (compatible; SemrushBot/7~bl; +http://www.semrush.com/bot.html)" "tekmedicgloves.com"
185.191.171.7 - - [07/Dec/2022:19:39:43 -0800] "GET /phpMyAdmin/setup/?token=bbcb688f7e6e4f2f1a5ebe76fb936953&version_check=1 HTTP/1.1" 200 12691 "-" "Mozilla/5.0 (compatible; SemrushBot/7~bl; +http://www.semrush.com/bot.html)" "www.tekmedicgloves.com"
185.191.171.16 - - [07/Dec/2022:19:40:02 -0800] "GET /phpMyAdmin/setup/?token=e6d4ed496850b4831756ba9caba4be17&version_check=1 HTTP/1.1" 200 12687 "-" "Mozilla/5.0 (compatible; SemrushBot/7~bl; +http://www.semrush.com/bot.html)" "tekmedicgloves.com"
185.191.171.40 - - [07/Dec/2022:19:40:25 -0800] "GET /phpMyAdmin/setup/?token=c460ffb2a7c3c21b3761770ef374a3f1&version_check=1 HTTP/1.1" 200 12687 "-" "Mozilla/5.0 (compatible; SemrushBot/7~bl; +http://www.semrush.com/bot.html)" "tekmedicgloves.com"
185.191.171.25 - - [07/Dec/2022:19:40:44 -0800] "GET /phpMyAdmin/setup/?token=bcb57159d77e491251fec739b5f8cd20&version_check=1 HTTP/1.1" 200 12687 "-" "Mozilla/5.0 (compatible; SemrushBot/7~bl; +http://www.semrush.com/bot.html)" "tekmedicgloves.com"
185.191.171.26 - - [07/Dec/2022:19:40:47 -0800] "GET /phpMyAdmin/setup/?token=fd7b537ec960be83659efab2a19c0c3f&version_check=1 HTTP/1.1" 200 12691 "-" "Mozilla/5.0 (compatible; SemrushBot/7~bl; +http://www.semrush.com/bot.html)" "www.tekmedicgloves.com"
185.191.171.42 - - [07/Dec/2022:19:41:08 -0800] "GET /phpMyAdmin/setup/?token=f8fcc37db55a2d96eeabdcdf19a8cd3b&version_check=1 HTTP/1.1" 200 12691 "-" "Mozilla/5.0 (compatible; SemrushBot/7~bl; +http://www.semrush.com/bot.html)" "www.tekmedicgloves.com"
185.191.171.24 - - [07/Dec/2022:19:41:40 -0800] "GET /phpMyAdmin/setup/?token=da081aa984fa8a6ece42cb43701cab3f&version_check=1 HTTP/1.1" 200 12687 "-" "Mozilla/5.0 (compatible; SemrushBot/7~bl; +http://www.semrush.com/bot.html)" "tekmedicgloves.com"
185.191.171.9 - - [07/Dec/2022:19:41:43 -0800] "GET /phpMyAdmin/setup/?token=c01d4ccae07894a90f49d27cc9c52add&version_check=1 HTTP/1.1" 200 12687 "-" "Mozilla/5.0 (compatible; SemrushBot/7~bl; +http://www.semrush.com/bot.html)" "tekmedicgloves.com"
185.191.171.11 - - [07/Dec/2022:19:42:00 -0800] "GET /phpMyAdmin/setup/?token=b3b34f54c4278767e6ac3093e1bc1c92&version_check=1 HTTP/1.1" 200 12691 "-" "Mozilla/5.0 (compatible; SemrushBot/7~bl; +http://www.semrush.com/bot.html)" "www.tekmedicgloves.com"
185.191.171.45 - - [07/Dec/2022:19:42:20 -0800] "GET /phpMyAdmin/setup/?token=c39fa8cee00e86462f6daac948a79885&version_check=1 HTTP/1.1" 200 12687 "-" "Mozilla/5.0 (compatible; SemrushBot/7~bl; +http://www.semrush.com/bot.html)" "tekmedicgloves.com"
185.191.171.2 - - [07/Dec/2022:19:42:39 -0800] "GET /phpMyAdmin/setup/?token=c74776f1d3b314424d62ba73d3310d76&version_check=1 HTTP/1.1" 200 12691 "-" "Mozilla/5.0 (compatible; SemrushBot/7~bl; +http://www.semrush.com/bot.html)" "www.tekmedicgloves.com"
185.191.171.36 - - [07/Dec/2022:19:42:54 -0800] "GET /phpMyAdmin/setup/?token=ea690a17c6bc8122d25c5ed8338fb299&version_check=1 HTTP/1.1" 200 12691 "-" "Mozilla/5.0 (compatible; SemrushBot/7~bl; +http://www.semrush.com/bot.html)" "www.tekmedicgloves.com"
185.191.171.35 - - [07/Dec/2022:19:43:03 -0800] "GET /phpMyAdmin/setup/?token=fc9b0ba6728cf68521b72651ba61b3ba&version_check=1 HTTP/1.1" 200 12691 "-" "Mozilla/5.0 (compatible; SemrushBot/7~bl; +http://www.semrush.com/bot.html)" "www.tekmedicgloves.com"
185.191.171.2 - - [07/Dec/2022:19:43:26 -0800] "GET /phpMyAdmin/setup/?token=eccd1cfc60e1247cbbe4d76d24489d4f&version_check=1 HTTP/1.1" 200 12691 "-" "Mozilla/5.0 (compatible; SemrushBot/7~bl; +http://www.semrush.com/bot.html)" "www.tekmedicgloves.com"
185.191.171.34 - - [07/Dec/2022:19:43:28 -0800] "GET /phpMyAdmin/setup/?token=f57acf7eddbd78f5f740984f9ba3bd72&version_check=1 HTTP/1.1" 200 12691 "-" "Mozilla/5.0 (compatible; SemrushBot/7~bl; +http://www.semrush.com/bot.html)" "www.tekmedicgloves.com"
185.191.171.24 - - [07/Dec/2022:19:43:38 -0800] "GET /phpMyAdmin/setup/?token=c552c6ff013e6054245e98bfe1dce902&version_check=1 HTTP/1.1" 200 12687 "-" "Mozilla/5.0 (compatible; SemrushBot/7~bl; +http://www.semrush.com/bot.html)" "tekmedicgloves.com"
185.191.171.26 - - [07/Dec/2022:19:43:48 -0800] "GET /phpMyAdmin/setup/?token=c6558b2ce17da8e2186d2c0eeb36940c&version_check=1 HTTP/1.1" 200 12687 "-" "Mozilla/5.0 (compatible; SemrushBot/7~bl; +http://www.semrush.com/bot.html)" "tekmedicgloves.com"
185.191.171.44 - - [07/Dec/2022:19:43:54 -0800] "GET /phpMyAdmin/setup/?token=c8bb1069b204f6e66004d283980c63fb&version_check=1 HTTP/1.1" 200 12687 "-" "Mozilla/5.0 (compatible; SemrushBot/7~bl; +http://www.semrush.com/bot.html)" "tekmedicgloves.com"
185.191.171.44 - - [07/Dec/2022:19:44:00 -0800] "GET /phpMyAdmin/setup/?token=fe9c1385bc657e63a1c0a69b887d6482&version_check=1 HTTP/1.1" 200 12691 "-" "Mozilla/5.0 (compatible; SemrushBot/7~bl; +http://www.semrush.com/bot.html)" "www.tekmedicgloves.com"
185.191.171.10 - - [07/Dec/2022:19:44:00 -0800] "GET /phpMyAdmin/setup/?token=c6e7d479f1f31f240ce1a93c828905d7&version_check=1 HTTP/1.1" 200 12687 "-" "Mozilla/5.0 (compatible; SemrushBot/7~bl; +http://www.semrush.com/bot.html)" "tekmedicgloves.com"
185.191.171.7 - - [07/Dec/2022:19:44:11 -0800] "GET /phpMyAdmin/setup/?token=c2d427e332d613356058d0b1ef6bdc3a&version_check=1 HTTP/1.1" 200 12691 "-" "Mozilla/5.0 (compatible; SemrushBot/7~bl; +http://www.semrush.com/bot.html)" "www.tekmedicgloves.com"
185.191.171.5 - - [07/Dec/2022:19:44:33 -0800] "GET /phpMyAdmin/setup/?token=f739d21fc4f3c778775e112a6ccc195e&version_check=1 HTTP/1.1" 200 12691 "-" "Mozilla/5.0 (compatible; SemrushBot/7~bl; +http://www.semrush.com/bot.html)" "www.tekmedicgloves.com"
185.191.171.10 - - [07/Dec/2022:19:44:42 -0800] "GET /phpMyAdmin/setup/?token=d894af51572c6d50cc86e590324bc3d3&version_check=1 HTTP/1.1" 200 12691 "-" "Mozilla/5.0 (compatible; SemrushBot/7~bl; +http://www.semrush.com/bot.html)" "www.tekmedicgloves.com"
185.191.171.33 - - [07/Dec/2022:19:44:49 -0800] "GET /phpMyAdmin/setup/?token=032f6da8bb9887795e41181502bfa1a7&version_check=1 HTTP/1.1" 200 12691 "-" "Mozilla/5.0 (compatible; SemrushBot/7~bl; +http://www.semrush.com/bot.html)" "www.tekmedicgloves.com"
185.191.171.11 - - [07/Dec/2022:19:44:52 -0800] "GET /phpMyAdmin/setup/?token=da23fef3d9f9bcf3be531f1fd0b7b75a&version_check=1 HTTP/1.1" 200 12687 "-" "Mozilla/5.0 (compatible; SemrushBot/7~bl; +http://www.semrush.com/bot.html)" "tekmedicgloves.com"
185.191.171.11 - - [07/Dec/2022:19:44:56 -0800] "GET /phpMyAdmin/setup/?token=ee66200a022b024374f75bec00914157&version_check=1 HTTP/1.1" 200 12687 "-" "Mozilla/5.0 (compatible; SemrushBot/7~bl; +http://www.semrush.com/bot.html)" "tekmedicgloves.com"
185.191.171.2 - - [07/Dec/2022:19:45:42 -0800] "GET /phpMyAdmin/setup/?token=e1844a662f92650fefc1d521ff882ae5&version_check=1 HTTP/1.1" 200 12691 "-" "Mozilla/5.0 (compatible; SemrushBot/7~bl; +http://www.semrush.com/bot.html)" "www.tekmedicgloves.com"
54.36.148.191 - - [07/Dec/2022:19:45:48 -0800] "GET /robots.txt HTTP/1.1" 404 88 "-" "Mozilla/5.0 (compatible; AhrefsBot/7.0; +http://ahrefs.com/robot/)" "tekmedicgloves.com"
51.222.253.1 - - [07/Dec/2022:19:45:49 -0800] "GET /beta/page.php?pg=2 HTTP/1.1" 200 28123 "-" "Mozilla/5.0 (compatible; AhrefsBot/7.0; +http://ahrefs.com/robot/)" "tekmedicgloves.com"
51.222.253.14 - - [07/Dec/2022:19:45:57 -0800] "GET /beta/wp-content/themes/CherryFramework/js/jquery.ba-resize.min.js HTTP/1.1" 200 616 "-" "Mozilla/5.0 (compatible; AhrefsBot/7.0; +http://ahrefs.com/robot/)" "tekmedicgloves.com"
51.222.253.13 - - [07/Dec/2022:19:45:57 -0800] "GET /beta/wp-content/themes/CherryFramework/js/jflickrfeed.js HTTP/1.1" 200 560 "-" "Mozilla/5.0 (compatible; AhrefsBot/7.0; +http://ahrefs.com/robot/)" "tekmedicgloves.com"
51.222.253.6 - - [07/Dec/2022:19:45:57 -0800] "GET /beta/wp-content/plugins/cherry-plugin/lib/js/FlexSlider/flexslider.css HTTP/1.1" 200 1323 "-" "Mozilla/5.0 (compatible; AhrefsBot/7.0; +http://ahrefs.com/robot/)" "tekmedicgloves.com"
185.191.171.24 - - [07/Dec/2022:19:46:00 -0800] "GET /phpMyAdmin/setup/?token=d4c50b3af0e56c8666fb8085a163c980&version_check=1 HTTP/1.1" 200 12691 "-" "Mozilla/5.0 (compatible; SemrushBot/7~bl; +http://www.semrush.com/bot.html)" "www.tekmedicgloves.com"
51.222.253.4 - - [07/Dec/2022:19:46:02 -0800] "GET /beta/wp-content/themes/theme48838/bootstrap/css/responsive.css HTTP/1.1" 200 4226 "-" "Mozilla/5.0 (compatible; AhrefsBot/7.0; +http://ahrefs.com/robot/)" "tekmedicgloves.com"
51.222.253.4 - - [07/Dec/2022:19:46:07 -0800] "GET /beta/wp-content/themes/theme48838/images/social/facebook.png HTTP/1.1" 200 1671 "-" "Mozilla/5.0 (compatible; AhrefsBot/7.0; +http://ahrefs.com/robot/)" "tekmedicgloves.com"
51.222.253.17 - - [07/Dec/2022:19:46:12 -0800] "GET /beta/wp-content/themes/theme48838/images/logo.png HTTP/1.1" 200 27710 "-" "Mozilla/5.0 (compatible; AhrefsBot/7.0; +http://ahrefs.com/robot/)" "tekmedicgloves.com"
51.222.253.3 - - [07/Dec/2022:19:46:18 -0800] "GET /beta/wp-content/themes/theme48838/images/social/rss.png HTTP/1.1" 200 2128 "-" "Mozilla/5.0 (compatible; AhrefsBot/7.0; +http://ahrefs.com/robot/)" "tekmedicgloves.com"
185.191.171.11 - - [07/Dec/2022:19:46:18 -0800] "GET /phpMyAdmin/setup/?token=bd4d9ee8c4fc075770aa24222fecabbd&version_check=1 HTTP/1.1" 200 12687 "-" "Mozilla/5.0 (compatible; SemrushBot/7~bl; +http://www.semrush.com/bot.html)" "tekmedicgloves.com"
185.191.171.24 - - [07/Dec/2022:19:46:19 -0800] "GET /phpMyAdmin/setup/?token=d69f3e200c70164176c83c1770be4928&version_check=1 HTTP/1.1" 200 12691 "-" "Mozilla/5.0 (compatible; SemrushBot/7~bl; +http://www.semrush.com/bot.html)" "www.tekmedicgloves.com"
185.191.171.17 - - [07/Dec/2022:19:46:22 -0800] "GET /phpMyAdmin/setup/?token=bce1e95036151b8c73dad582b1de4baa&version_check=1 HTTP/1.1" 200 12687 "-" "Mozilla/5.0 (compatible; SemrushBot/7~bl; +http://www.semrush.com/bot.html)" "tekmedicgloves.com"
51.222.253.3 - - [07/Dec/2022:19:46:23 -0800] "GET /beta/wp-content/themes/CherryFramework/js/jplayer.playlist.min.js HTTP/1.1" 200 2404 "-" "Mozilla/5.0 (compatible; AhrefsBot/7.0; +http://ahrefs.com/robot/)" "tekmedicgloves.com"
185.191.171.42 - - [07/Dec/2022:19:46:23 -0800] "GET /phpMyAdmin/setup/?token=d2157e0dfae42762f13fbaab82ccec61&version_check=1 HTTP/1.1" 200 12691 "-" "Mozilla/5.0 (compatible; SemrushBot/7~bl; +http://www.semrush.com/bot.html)" "www.tekmedicgloves.com"
51.222.253.18 - - [07/Dec/2022:19:46:29 -0800] "GET /beta/wp-content/themes/CherryFramework/js/superfish.js HTTP/1.1" 200 1280 "-" "Mozilla/5.0 (compatible; AhrefsBot/7.0; +http://ahrefs.com/robot/)" "tekmedicgloves.com"
51.222.253.19 - - [07/Dec/2022:19:46:34 -0800] "GET /beta/wp-content/plugins/cherry-plugin/lib/js/owl-carousel/owl.theme.css HTTP/1.1" 200 606 "-" "Mozilla/5.0 (compatible; AhrefsBot/7.0; +http://ahrefs.com/robot/)" "tekmedicgloves.com"
51.222.253.13 - - [07/Dec/2022:19:46:34 -0800] "GET /beta/wp-content/uploads/2014/04/team11.jpg HTTP/1.1" 200 11038 "-" "Mozilla/5.0 (compatible; AhrefsBot/7.0; +http://ahrefs.com/robot/)" "tekmedicgloves.com"
51.222.253.8 - - [07/Dec/2022:19:46:40 -0800] "GET /beta/wp-content/uploads/2014/04/team2.jpg HTTP/1.1" 200 10791 "-" "Mozilla/5.0 (compatible; AhrefsBot/7.0; +http://ahrefs.com/robot/)" "tekmedicgloves.com"
51.222.253.10 - - [07/Dec/2022:19:46:45 -0800] "GET /beta/wp-content/themes/theme48838/images/social/google.png HTTP/1.1" 200 1611 "-" "Mozilla/5.0 (compatible; AhrefsBot/7.0; +http://ahrefs.com/robot/)" "tekmedicgloves.com"
51.222.253.13 - - [07/Dec/2022:19:46:50 -0800] "GET /beta/wp-content/themes/theme48838/main-style.css HTTP/1.1" 200 4849 "-" "Mozilla/5.0 (compatible; AhrefsBot/7.0; +http://ahrefs.com/robot/)" "tekmedicgloves.com"
51.222.253.13 - - [07/Dec/2022:19:46:55 -0800] "GET /beta/wp-content/uploads/2014/04/team4.jpg HTTP/1.1" 200 11883 "-" "Mozilla/5.0 (compatible; AhrefsBot/7.0; +http://ahrefs.com/robot/)" "tekmedicgloves.com"
51.222.253.10 - - [07/Dec/2022:19:47:01 -0800] "GET /beta/wp-content/themes/CherryFramework/js/jquery.debouncedresize.js HTTP/1.1" 200 226 "-" "Mozilla/5.0 (compatible; AhrefsBot/7.0; +http://ahrefs.com/robot/)" "tekmedicgloves.com"
51.222.253.9 - - [07/Dec/2022:19:47:01 -0800] "GET /beta/wp-content/themes/CherryFramework/bootstrap/js/bootstrap.min.js HTTP/1.1" 200 7654 "-" "Mozilla/5.0 (compatible; AhrefsBot/7.0; +http://ahrefs.com/robot/)" "tekmedicgloves.com"
51.222.253.7 - - [07/Dec/2022:19:47:06 -0800] "GET /beta/wp-content/plugins/contact-form-7/includes/js/scripts.js HTTP/1.1" 200 1850 "-" "Mozilla/5.0 (compatible; AhrefsBot/7.0; +http://ahrefs.com/robot/)" "tekmedicgloves.com"
185.191.171.19 - - [07/Dec/2022:19:47:06 -0800] "GET /phpMyAdmin/setup/?token=e07292be7253c5bfea8ed1047db88add&version_check=1 HTTP/1.1" 200 12687 "-" "Mozilla/5.0 (compatible; SemrushBot/7~bl; +http://www.semrush.com/bot.html)" "tekmedicgloves.com"
185.191.171.44 - - [07/Dec/2022:19:47:06 -0800] "GET /phpMyAdmin/setup/?token=d48cae8a38674e4df5e04b11f7aed255&version_check=1 HTTP/1.1" 200 12691 "-" "Mozilla/5.0 (compatible; SemrushBot/7~bl; +http://www.semrush.com/bot.html)" "www.tekmedicgloves.com"
51.222.253.3 - - [07/Dec/2022:19:47:11 -0800] "GET /beta/wp-content/plugins/cherry-plugin/lib/js/jquery.easing.1.3.js HTTP/1.1" 200 814 "-" "Mozilla/5.0 (compatible; AhrefsBot/7.0; +http://ahrefs.com/robot/)" "tekmedicgloves.com"
185.191.171.3 - - [07/Dec/2022:19:47:12 -0800] "GET /phpMyAdmin/setup/?token=110a8258aae600a0006cbf84c5290d50&version_check=1 HTTP/1.1" 200 12687 "-" "Mozilla/5.0 (compatible; SemrushBot/7~bl; +http://www.semrush.com/bot.html)" "tekmedicgloves.com"
51.222.253.19 - - [07/Dec/2022:19:47:16 -0800] "GET /beta/wp-content/plugins/cherry-plugin/includes/css/cherry-plugin.css HTTP/1.1" 200 4752 "-" "Mozilla/5.0 (compatible; AhrefsBot/7.0; +http://ahrefs.com/robot/)" "tekmedicgloves.com"
