185.191.171.5 - - [08/Dec/2022:03:04:39 -0800] "GET /phpMyAdmin/setup/?token=c1a3a16cffa432218b2051045524d99d&version_check=1 HTTP/1.1" 200 12687 "-" "Mozilla/5.0 (compatible; SemrushBot/7~bl; +http://www.semrush.com/bot.html)" "tekmedicgloves.com"
185.191.171.8 - - [08/Dec/2022:03:04:46 -0800] "GET /phpMyAdmin/setup/?token=dfe623242ff1efe8665892daad5f1818&version_check=1 HTTP/1.1" 200 12691 "-" "Mozilla/5.0 (compatible; SemrushBot/7~bl; +http://www.semrush.com/bot.html)" "www.tekmedicgloves.com"
185.191.171.37 - - [08/Dec/2022:03:04:47 -0800] "GET /phpMyAdmin/setup/?token=b35018fec4226efbae6b0edae5470d6b&version_check=1 HTTP/1.1" 200 12691 "-" "Mozilla/5.0 (compatible; SemrushBot/7~bl; +http://www.semrush.com/bot.html)" "www.tekmedicgloves.com"
185.191.171.45 - - [08/Dec/2022:03:04:50 -0800] "GET /phpMyAdmin/setup/?token=0792070288da032f2888f1bfdfdfede0&version_check=1 HTTP/1.1" 200 12691 "-" "Mozilla/5.0 (compatible; SemrushBot/7~bl; +http://www.semrush.com/bot.html)" "www.tekmedicgloves.com"
185.191.171.3 - - [08/Dec/2022:03:05:05 -0800] "GET /phpMyAdmin/setup/?token=d5bc001a30824f73ed1cbc7b6a8ea526&version_check=1 HTTP/1.1" 200 12691 "-" "Mozilla/5.0 (compatible; SemrushBot/7~bl; +http://www.semrush.com/bot.html)" "www.tekmedicgloves.com"
185.191.171.21 - - [08/Dec/2022:03:05:13 -0800] "GET /phpMyAdmin/setup/?token=0ccc568da91d50f133b17b8c5caeb33f&version_check=1 HTTP/1.1" 200 12691 "-" "Mozilla/5.0 (compatible; SemrushBot/7~bl; +http://www.semrush.com/bot.html)" "www.tekmedicgloves.com"
185.191.171.34 - - [08/Dec/2022:03:05:14 -0800] "GET /phpMyAdmin/setup/?token=fc1304396c73502443cd8c3d3925dc2e&version_check=1 HTTP/1.1" 200 12691 "-" "Mozilla/5.0 (compatible; SemrushBot/7~bl; +http://www.semrush.com/bot.html)" "www.tekmedicgloves.com"
185.191.171.21 - - [08/Dec/2022:03:06:08 -0800] "GET /phpMyAdmin/setup/?token=0567654f423f85aed89ca18951b3be0b&version_check=1 HTTP/1.1" 200 12691 "-" "Mozilla/5.0 (compatible; SemrushBot/7~bl; +http://www.semrush.com/bot.html)" "www.tekmedicgloves.com"
185.191.171.45 - - [08/Dec/2022:03:06:20 -0800] "GET /phpMyAdmin/setup/?token=bc586dc96464457788d63905f36c2e53&version_check=1 HTTP/1.1" 200 12687 "-" "Mozilla/5.0 (compatible; SemrushBot/7~bl; +http://www.semrush.com/bot.html)" "tekmedicgloves.com"
185.191.171.45 - - [08/Dec/2022:03:06:35 -0800] "GET /phpMyAdmin/setup/?token=e03d59f59934e873e74f3ccee1966a62&version_check=1 HTTP/1.1" 200 12691 "-" "Mozilla/5.0 (compatible; SemrushBot/7~bl; +http://www.semrush.com/bot.html)" "www.tekmedicgloves.com"
185.191.171.41 - - [08/Dec/2022:03:06:46 -0800] "GET /phpMyAdmin/setup/?token=eef243140588c0b1508c279df3220f9a&version_check=1 HTTP/1.1" 200 12687 "-" "Mozilla/5.0 (compatible; SemrushBot/7~bl; +http://www.semrush.com/bot.html)" "tekmedicgloves.com"
185.191.171.33 - - [08/Dec/2022:03:06:57 -0800] "GET /phpMyAdmin/setup/?token=c47fe2966bfb7fd35dc210fed1bafde8&version_check=1 HTTP/1.1" 200 12687 "-" "Mozilla/5.0 (compatible; SemrushBot/7~bl; +http://www.semrush.com/bot.html)" "tekmedicgloves.com"
185.191.171.42 - - [08/Dec/2022:03:07:00 -0800] "GET /phpMyAdmin/setup/?token=08afd0017db7c5726de7283a315ef684&version_check=1 HTTP/1.1" 200 12687 "-" "Mozilla/5.0 (compatible; SemrushBot/7~bl; +http://www.semrush.com/bot.html)" "tekmedicgloves.com"
185.191.171.42 - - [08/Dec/2022:03:07:02 -0800] "GET /phpMyAdmin/setup/?token=c415b8dc48603933ed111d31ac1853e7&version_check=1 HTTP/1.1" 200 12687 "-" "Mozilla/5.0 (compatible; SemrushBot/7~bl; +http://www.semrush.com/bot.html)" "tekmedicgloves.com"
185.191.171.16 - - [08/Dec/2022:03:07:06 -0800] "GET /phpMyAdmin/setup/?token=fa6ccca11d2de137bf3306c1eee7f6c4&version_check=1 HTTP/1.1" 200 12687 "-" "Mozilla/5.0 (compatible; SemrushBot/7~bl; +http://www.semrush.com/bot.html)" "tekmedicgloves.com"
185.191.171.9 - - [08/Dec/2022:03:07:12 -0800] "GET /phpMyAdmin/setup/?token=fba8fd3e0b185339b433efb47325652b&version_check=1 HTTP/1.1" 200 12687 "-" "Mozilla/5.0 (compatible; SemrushBot/7~bl; +http://www.semrush.com/bot.html)" "tekmedicgloves.com"
185.191.171.9 - - [08/Dec/2022:03:07:26 -0800] "GET /phpMyAdmin/setup/?token=bd9667e17fb1ce508a639b0e96249512&version_check=1 HTTP/1.1" 200 12687 "-" "Mozilla/5.0 (compatible; SemrushBot/7~bl; +http://www.semrush.com/bot.html)" "tekmedicgloves.com"
185.191.171.42 - - [08/Dec/2022:03:07:28 -0800] "GET /phpMyAdmin/setup/?token=c49f0b780c118e714aef6ff59b1bda1c&version_check=1 HTTP/1.1" 200 12687 "-" "Mozilla/5.0 (compatible; SemrushBot/7~bl; +http://www.semrush.com/bot.html)" "tekmedicgloves.com"
185.191.171.34 - - [08/Dec/2022:03:07:30 -0800] "GET /phpMyAdmin/setup/?token=e15503de7d1fa22b7a939c22fc955c7b&version_check=1 HTTP/1.1" 200 12691 "-" "Mozilla/5.0 (compatible; SemrushBot/7~bl; +http://www.semrush.com/bot.html)" "www.tekmedicgloves.com"
185.191.171.9 - - [08/Dec/2022:03:07:30 -0800] "GET /phpMyAdmin/setup/?token=c2a9f7d4aaeb2d0448aa690441db890f&version_check=1 HTTP/1.1" 200 12687 "-" "Mozilla/5.0 (compatible; SemrushBot/7~bl; +http://www.semrush.com/bot.html)" "tekmedicgloves.com"
185.191.171.21 - - [08/Dec/2022:03:07:37 -0800] "GET /phpMyAdmin/setup/?token=ec9834f9df42032911927b5db35e3543&version_check=1 HTTP/1.1" 200 12691 "-" "Mozilla/5.0 (compatible; SemrushBot/7~bl; +http://www.semrush.com/bot.html)" "www.tekmedicgloves.com"
185.191.171.5 - - [08/Dec/2022:03:07:39 -0800] "GET /phpMyAdmin/setup/?token=bfd67cadc678f9aa85a397d462e13fc0&version_check=1 HTTP/1.1" 200 12687 "-" "Mozilla/5.0 (compatible; SemrushBot/7~bl; +http://www.semrush.com/bot.html)" "tekmedicgloves.com"
185.191.171.12 - - [08/Dec/2022:03:07:47 -0800] "GET /phpMyAdmin/setup/?token=fccb9ddbf62f0196f2e4b32b5e05df95&version_check=1 HTTP/1.1" 200 12691 "-" "Mozilla/5.0 (compatible; SemrushBot/7~bl; +http://www.semrush.com/bot.html)" "www.tekmedicgloves.com"
185.191.171.43 - - [08/Dec/2022:03:08:15 -0800] "GET /phpMyAdmin/setup/?token=b13a30e7cd2b9c0b4bc3bf4d6fb25a1e&version_check=1 HTTP/1.1" 200 12691 "-" "Mozilla/5.0 (compatible; SemrushBot/7~bl; +http://www.semrush.com/bot.html)" "www.tekmedicgloves.com"
216.244.66.246 - - [08/Dec/2022:03:08:19 -0800] "GET /robots.txt HTTP/1.1" 404 73 "-" "Mozilla/5.0 (compatible; DotBot/1.2; +https://opensiteexplorer.org/dotbot; help@moz.com)" "tekmedicgloves.com"
185.191.171.25 - - [08/Dec/2022:03:08:37 -0800] "GET /phpMyAdmin/setup/?token=fbfcd9fc7d180e5f59874b41b6933818&version_check=1 HTTP/1.1" 200 12691 "-" "Mozilla/5.0 (compatible; SemrushBot/7~bl; +http://www.semrush.com/bot.html)" "www.tekmedicgloves.com"
185.191.171.16 - - [08/Dec/2022:03:08:57 -0800] "GET /phpMyAdmin/setup/?token=bc57d9827d2801cd8176fcaf2a04106f&version_check=1 HTTP/1.1" 200 12687 "-" "Mozilla/5.0 (compatible; SemrushBot/7~bl; +http://www.semrush.com/bot.html)" "tekmedicgloves.com"
185.191.171.33 - - [08/Dec/2022:03:09:12 -0800] "GET /phpMyAdmin/setup/?token=f057b5d48e31618d359c661501a121b7&version_check=1 HTTP/1.1" 200 12687 "-" "Mozilla/5.0 (compatible; SemrushBot/7~bl; +http://www.semrush.com/bot.html)" "tekmedicgloves.com"
185.191.171.33 - - [08/Dec/2022:03:09:15 -0800] "GET /phpMyAdmin/setup/?token=ecf4912109609c8ed9d74b32d90fc10d&version_check=1 HTTP/1.1" 200 12691 "-" "Mozilla/5.0 (compatible; SemrushBot/7~bl; +http://www.semrush.com/bot.html)" "www.tekmedicgloves.com"
185.191.171.45 - - [08/Dec/2022:03:09:21 -0800] "GET /robots.txt HTTP/1.1" 404 88 "-" "Mozilla/5.0 (compatible; SemrushBot/7~bl; +http://www.semrush.com/bot.html)" "tekmedicgloves.com"
185.191.171.3 - - [08/Dec/2022:03:09:22 -0800] "GET /phpMyAdmin/setup/?token=e4d6ecccfbc669060bdf43ef697594e4&version_check=1 HTTP/1.1" 200 12687 "-" "Mozilla/5.0 (compatible; SemrushBot/7~bl; +http://www.semrush.com/bot.html)" "tekmedicgloves.com"
185.191.171.4 - - [08/Dec/2022:03:10:00 -0800] "GET /phpMyAdmin/setup/?token=becef09a6b33d50d969e9f4edd8a7ce0&version_check=1 HTTP/1.1" 200 12691 "-" "Mozilla/5.0 (compatible; SemrushBot/7~bl; +http://www.semrush.com/bot.html)" "www.tekmedicgloves.com"
185.191.171.43 - - [08/Dec/2022:03:10:14 -0800] "GET /phpMyAdmin/setup/?token=da5b3d809d9db646f7d7ca6f299bbbdc&version_check=1 HTTP/1.1" 200 12691 "-" "Mozilla/5.0 (compatible; SemrushBot/7~bl; +http://www.semrush.com/bot.html)" "www.tekmedicgloves.com"
185.191.171.39 - - [08/Dec/2022:03:10:22 -0800] "GET /phpMyAdmin/setup/?token=f22970621e9e9d2d28ab989eae424985&version_check=1 HTTP/1.1" 200 12691 "-" "Mozilla/5.0 (compatible; SemrushBot/7~bl; +http://www.semrush.com/bot.html)" "www.tekmedicgloves.com"
185.191.171.35 - - [08/Dec/2022:03:10:25 -0800] "GET /phpMyAdmin/setup/?token=bf465ccf2332557b3be695aed0fce341&version_check=1 HTTP/1.1" 200 12687 "-" "Mozilla/5.0 (compatible; SemrushBot/7~bl; +http://www.semrush.com/bot.html)" "tekmedicgloves.com"
185.191.171.26 - - [08/Dec/2022:03:10:31 -0800] "GET /phpMyAdmin/setup/?token=dc5b4a886554e6f9b4cb8836fcf3326b&version_check=1 HTTP/1.1" 200 12691 "-" "Mozilla/5.0 (compatible; SemrushBot/7~bl; +http://www.semrush.com/bot.html)" "www.tekmedicgloves.com"
185.191.171.15 - - [08/Dec/2022:03:10:34 -0800] "GET /phpMyAdmin/setup/?token=02b30cd43970384107ba73f8222fae99&version_check=1 HTTP/1.1" 200 12691 "-" "Mozilla/5.0 (compatible; SemrushBot/7~bl; +http://www.semrush.com/bot.html)" "www.tekmedicgloves.com"
185.191.171.7 - - [08/Dec/2022:03:10:44 -0800] "GET /phpMyAdmin/setup/?token=cfd90358052e23c5402517ec54c4b896&version_check=1 HTTP/1.1" 200 12687 "-" "Mozilla/5.0 (compatible; SemrushBot/7~bl; +http://www.semrush.com/bot.html)" "tekmedicgloves.com"
185.191.171.13 - - [08/Dec/2022:03:10:49 -0800] "GET /phpMyAdmin/setup/?token=e372fd1c97681df1f97a99f40075b446&version_check=1 HTTP/1.1" 200 12691 "-" "Mozilla/5.0 (compatible; SemrushBot/7~bl; +http://www.semrush.com/bot.html)" "www.tekmedicgloves.com"
185.191.171.20 - - [08/Dec/2022:03:11:29 -0800] "GET /phpMyAdmin/setup/?token=ba89f648150bfde8848c5c4d4a703fcc&version_check=1 HTTP/1.1" 200 12687 "-" "Mozilla/5.0 (compatible; SemrushBot/7~bl; +http://www.semrush.com/bot.html)" "tekmedicgloves.com"
185.191.171.10 - - [08/Dec/2022:03:11:33 -0800] "GET /phpMyAdmin/setup/?token=f6ebc4a8ee86b25a8488cdd3b9c170f0&version_check=1 HTTP/1.1" 200 12687 "-" "Mozilla/5.0 (compatible; SemrushBot/7~bl; +http://www.semrush.com/bot.html)" "tekmedicgloves.com"
185.191.171.36 - - [08/Dec/2022:03:11:36 -0800] "GET /phpMyAdmin/setup/?token=e8b461251ff6b958a9f0e2c3d1414f39&version_check=1 HTTP/1.1" 200 12691 "-" "Mozilla/5.0 (compatible; SemrushBot/7~bl; +http://www.semrush.com/bot.html)" "www.tekmedicgloves.com"
185.191.171.11 - - [08/Dec/2022:03:11:47 -0800] "GET /phpMyAdmin/setup/?token=0506b6d21b2d33cd11869c354b2d3b5a&version_check=1 HTTP/1.1" 200 12687 "-" "Mozilla/5.0 (compatible; SemrushBot/7~bl; +http://www.semrush.com/bot.html)" "tekmedicgloves.com"
185.191.171.24 - - [08/Dec/2022:03:12:00 -0800] "GET /phpMyAdmin/setup/?token=e87fd99e9017a98b88beefbba5fef20d&version_check=1 HTTP/1.1" 200 12687 "-" "Mozilla/5.0 (compatible; SemrushBot/7~bl; +http://www.semrush.com/bot.html)" "tekmedicgloves.com"
185.191.171.36 - - [08/Dec/2022:03:12:27 -0800] "GET /phpMyAdmin/setup/?token=ff787f6e445c95fd0a8fa63631726215&version_check=1 HTTP/1.1" 200 12691 "-" "Mozilla/5.0 (compatible; SemrushBot/7~bl; +http://www.semrush.com/bot.html)" "www.tekmedicgloves.com"
185.191.171.23 - - [08/Dec/2022:03:12:29 -0800] "GET /phpMyAdmin/setup/?token=fcc650fcc616aeb79515d5249bf80c4e&version_check=1 HTTP/1.1" 200 12691 "-" "Mozilla/5.0 (compatible; SemrushBot/7~bl; +http://www.semrush.com/bot.html)" "www.tekmedicgloves.com"
185.191.171.9 - - [08/Dec/2022:03:12:54 -0800] "GET /phpMyAdmin/setup/?token=e94c9273338597973d28b02fe5fff02a&version_check=1 HTTP/1.1" 200 12691 "-" "Mozilla/5.0 (compatible; SemrushBot/7~bl; +http://www.semrush.com/bot.html)" "www.tekmedicgloves.com"
185.191.171.39 - - [08/Dec/2022:03:13:01 -0800] "GET /phpMyAdmin/setup/?token=ccbd082acb3b29598a93da7bc46916b3&version_check=1 HTTP/1.1" 200 12687 "-" "Mozilla/5.0 (compatible; SemrushBot/7~bl; +http://www.semrush.com/bot.html)" "tekmedicgloves.com"
185.191.171.45 - - [08/Dec/2022:03:13:18 -0800] "GET /phpMyAdmin/setup/?token=efd9193a1291d742888342747df61498&version_check=1 HTTP/1.1" 200 12687 "-" "Mozilla/5.0 (compatible; SemrushBot/7~bl; +http://www.semrush.com/bot.html)" "tekmedicgloves.com"
185.191.171.15 - - [08/Dec/2022:03:13:20 -0800] "GET /phpMyAdmin/setup/?token=c136bd1d39b2f8cd062f555a2bd5aa0b&version_check=1 HTTP/1.1" 200 12687 "-" "Mozilla/5.0 (compatible; SemrushBot/7~bl; +http://www.semrush.com/bot.html)" "tekmedicgloves.com"
185.191.171.8 - - [08/Dec/2022:03:15:15 -0800] "GET /phpMyAdmin/setup/?token=e18d26f708a04d3bbad63aa5623dc9f7&version_check=1 HTTP/1.1" 200 12691 "-" "Mozilla/5.0 (compatible; SemrushBot/7~bl; +http://www.semrush.com/bot.html)" "www.tekmedicgloves.com"
185.191.171.15 - - [08/Dec/2022:03:15:30 -0800] "GET /phpMyAdmin/setup/?token=0d63f9a1c7479fbbd27f026faa95d5cd&version_check=1 HTTP/1.1" 200 12687 "-" "Mozilla/5.0 (compatible; SemrushBot/7~bl; +http://www.semrush.com/bot.html)" "tekmedicgloves.com"
185.191.171.24 - - [08/Dec/2022:03:15:31 -0800] "GET /phpMyAdmin/setup/?token=f3243fcad7091746b70d2f7a93995219&version_check=1 HTTP/1.1" 200 12691 "-" "Mozilla/5.0 (compatible; SemrushBot/7~bl; +http://www.semrush.com/bot.html)" "www.tekmedicgloves.com"
185.191.171.25 - - [08/Dec/2022:03:15:33 -0800] "GET /phpMyAdmin/setup/?token=fd029fabef05bca591108f05ce05fa74&version_check=1 HTTP/1.1" 200 12691 "-" "Mozilla/5.0 (compatible; SemrushBot/7~bl; +http://www.semrush.com/bot.html)" "www.tekmedicgloves.com"
185.191.171.18 - - [08/Dec/2022:03:15:36 -0800] "GET /phpMyAdmin/setup/?token=fe7f3177908d536092b32e2be8962f8a&version_check=1 HTTP/1.1" 200 12687 "-" "Mozilla/5.0 (compatible; SemrushBot/7~bl; +http://www.semrush.com/bot.html)" "tekmedicgloves.com"
185.191.171.17 - - [08/Dec/2022:03:15:39 -0800] "GET /phpMyAdmin/setup/?token=ee8f5059237897d982f13f685a1aa4a7&version_check=1 HTTP/1.1" 200 12687 "-" "Mozilla/5.0 (compatible; SemrushBot/7~bl; +http://www.semrush.com/bot.html)" "tekmedicgloves.com"
185.191.171.24 - - [08/Dec/2022:03:15:43 -0800] "GET /phpMyAdmin/setup/?token=02321acb7932722975f9a8510ad6da91&version_check=1 HTTP/1.1" 200 12691 "-" "Mozilla/5.0 (compatible; SemrushBot/7~bl; +http://www.semrush.com/bot.html)" "www.tekmedicgloves.com"
185.191.171.3 - - [08/Dec/2022:03:15:54 -0800] "GET /phpMyAdmin/setup/?token=bddade869213b442fcac7cf18226b276&version_check=1 HTTP/1.1" 200 12687 "-" "Mozilla/5.0 (compatible; SemrushBot/7~bl; +http://www.semrush.com/bot.html)" "tekmedicgloves.com"
40.77.167.72 - - [08/Dec/2022:03:15:54 -0800] "GET /beta/products.php?cat=23 HTTP/1.1" 200 38758 "-" "Mozilla/5.0 (compatible; bingbot/2.0; +http://www.bing.com/bingbot.htm)" "tekmedicgloves.com"
185.191.171.10 - - [08/Dec/2022:03:16:08 -0800] "GET /phpMyAdmin/setup/?token=fe68c5b4457bfc90dc62fbd25602460e&version_check=1 HTTP/1.1" 200 12691 "-" "Mozilla/5.0 (compatible; SemrushBot/7~bl; +http://www.semrush.com/bot.html)" "www.tekmedicgloves.com"
185.191.171.33 - - [08/Dec/2022:03:16:09 -0800] "GET /phpMyAdmin/setup/?token=f02084fd035e8eb57974f7da4d2ad99a&version_check=1 HTTP/1.1" 200 12687 "-" "Mozilla/5.0 (compatible; SemrushBot/7~bl; +http://www.semrush.com/bot.html)" "tekmedicgloves.com"
40.77.167.72 - - [08/Dec/2022:03:16:13 -0800] "GET /beta/wp-content/plugins/cherry-plugin/includes/js/cherry-plugin.js HTTP/1.1" 200 438 "-" "Mozilla/5.0 (compatible; bingbot/2.0; +http://www.bing.com/bingbot.htm)" "tekmedicgloves.com"
40.77.167.72 - - [08/Dec/2022:03:16:13 -0800] "GET /beta/wp-content/plugins/cherry-plugin/lib/js/FlexSlider/flexslider.css HTTP/1.1" 200 1323 "-" "Mozilla/5.0 AppleWebKit/537.36 (KHTML, like Gecko; compatible; bingbot/2.0; +http://www.bing.com/bingbot.htm) Chrome/103.0.5060.134 Safari/537.36" "tekmedicgloves.com"
40.77.167.72 - - [08/Dec/2022:03:16:13 -0800] "GET /beta/wp-content/themes/CherryFramework/css/magnific-popup.css HTTP/1.1" 200 2166 "-" "Mozilla/5.0 (compatible; bingbot/2.0; +http://www.bing.com/bingbot.htm)" "tekmedicgloves.com"
40.77.167.72 - - [08/Dec/2022:03:16:13 -0800] "GET /beta/wp-content/themes/CherryFramework/js/jquery-1.7.2.min.js HTTP/1.1" 200 33630 "-" "Mozilla/5.0 (compatible; bingbot/2.0; +http://www.bing.com/bingbot.htm)" "tekmedicgloves.com"
40.77.167.72 - - [08/Dec/2022:03:16:13 -0800] "GET /beta/wp-content/themes/CherryFramework/js/jquery.magnific-popup.min.js HTTP/1.1" 200 7493 "-" "Mozilla/5.0 AppleWebKit/537.36 (KHTML, like Gecko; compatible; bingbot/2.0; +http://www.bing.com/bingbot.htm) Chrome/103.0.5060.134 Safari/537.36" "tekmedicgloves.com"
40.77.167.72 - - [08/Dec/2022:03:16:13 -0800] "GET /beta/wp-content/themes/CherryFramework/js/jquery.mobilemenu.js HTTP/1.1" 200 908 "-" "Mozilla/5.0 AppleWebKit/537.36 (KHTML, like Gecko; compatible; bingbot/2.0; +http://www.bing.com/bingbot.htm) Chrome/103.0.5060.134 Safari/537.36" "tekmedicgloves.com"
207.46.13.170 - - [08/Dec/2022:03:16:18 -0800] "GET /beta/wp-content/plugins/cherry-plugin/includes/css/cherry-plugin.css HTTP/1.1" 200 4752 "-" "Mozilla/5.0 AppleWebKit/537.36 (KHTML, like Gecko; compatible; bingbot/2.0; +http://www.bing.com/bingbot.htm) Chrome/103.0.5060.134 Safari/537.36" "tekmedicgloves.com"
207.46.13.170 - - [08/Dec/2022:03:16:19 -0800] "GET /beta/wp-content/plugins/contact-form-7/includes/css/styles.css HTTP/1.1" 200 392 "-" "Mozilla/5.0 (compatible; bingbot/2.0; +http://www.bing.com/bingbot.htm)" "tekmedicgloves.com"
207.46.13.170 - - [08/Dec/2022:03:16:19 -0800] "GET /beta/wp-content/themes/CherryFramework/js/jquery.jplayer.min.js HTTP/1.1" 200 11945 "-" "Mozilla/5.0 (compatible; bingbot/2.0; +http://www.bing.com/bingbot.htm)" "tekmedicgloves.com"
157.55.39.179 - - [08/Dec/2022:03:16:24 -0800] "GET /beta/wp-content/plugins/cherry-plugin/lib/js/jquery.easing.1.3.js HTTP/1.1" 200 814 "-" "Mozilla/5.0 (compatible; bingbot/2.0; +http://www.bing.com/bingbot.htm)" "tekmedicgloves.com"
157.55.39.179 - - [08/Dec/2022:03:16:24 -0800] "GET /beta/wp-content/plugins/cherry-plugin/lib/js/owl-carousel/owl.carousel.css HTTP/1.1" 200 1119 "-" "Mozilla/5.0 (compatible; bingbot/2.0; +http://www.bing.com/bingbot.htm)" "tekmedicgloves.com"
157.55.39.179 - - [08/Dec/2022:03:16:24 -0800] "GET /beta/wp-content/themes/CherryFramework/js/jquery.ba-resize.min.js HTTP/1.1" 200 616 "-" "Mozilla/5.0 AppleWebKit/537.36 (KHTML, like Gecko; compatible; bingbot/2.0; +http://www.bing.com/bingbot.htm) Chrome/103.0.5060.134 Safari/537.36" "tekmedicgloves.com"
157.55.39.179 - - [08/Dec/2022:03:16:24 -0800] "GET /beta/wp-content/themes/theme48838/bootstrap/css/responsive.css HTTP/1.1" 200 4226 "-" "Mozilla/5.0 (compatible; bingbot/2.0; +http://www.bing.com/bingbot.htm)" "tekmedicgloves.com"
40.77.167.18 - - [08/Dec/2022:03:16:30 -0800] "GET /beta/wp-content/plugins/cherry-plugin/lib/js/owl-carousel/owl.theme.css HTTP/1.1" 200 606 "-" "Mozilla/5.0 AppleWebKit/537.36 (KHTML, like Gecko; compatible; bingbot/2.0; +http://www.bing.com/bingbot.htm) Chrome/103.0.5060.134 Safari/537.36" "tekmedicgloves.com"
40.77.167.18 - - [08/Dec/2022:03:16:30 -0800] "GET /beta/wp-content/plugins/contact-form-7/includes/js/scripts.js HTTP/1.1" 200 1850 "-" "Mozilla/5.0 AppleWebKit/537.36 (KHTML, like Gecko; compatible; bingbot/2.0; +http://www.bing.com/bingbot.htm) Chrome/103.0.5060.134 Safari/537.36" "tekmedicgloves.com"
40.77.167.18 - - [08/Dec/2022:03:16:31 -0800] "GET /beta/wp-content/themes/CherryFramework/js/jquery.debouncedresize.js HTTP/1.1" 200 226 "-" "Mozilla/5.0 (compatible; bingbot/2.0; +http://www.bing.com/bingbot.htm)" "tekmedicgloves.com"
40.77.167.18 - - [08/Dec/2022:03:16:31 -0800] "GET /beta/wp-content/themes/CherryFramework/js/jquery.mobile.customized.min.js HTTP/1.1" 200 6409 "-" "Mozilla/5.0 (compatible; bingbot/2.0; +http://www.bing.com/bingbot.htm)" "tekmedicgloves.com"
40.77.167.18 - - [08/Dec/2022:03:16:31 -0800] "GET /beta/wp-content/themes/theme48838/style.css HTTP/1.1" 200 243 "-" "Mozilla/5.0 AppleWebKit/537.36 (KHTML, like Gecko; compatible; bingbot/2.0; +http://www.bing.com/bingbot.htm) Chrome/103.0.5060.134 Safari/537.36" "tekmedicgloves.com"
40.77.167.18 - - [08/Dec/2022:03:16:31 -0800] "GET /beta/wp-includes/js/comment-reply.min.js HTTP/1.1" 404 88 "-" "Mozilla/5.0 AppleWebKit/537.36 (KHTML, like Gecko; compatible; bingbot/2.0; +http://www.bing.com/bingbot.htm) Chrome/103.0.5060.134 Safari/537.36" "tekmedicgloves.com"
185.191.171.7 - - [08/Dec/2022:03:16:33 -0800] "GET /phpMyAdmin/setup/?token=028ee358f550abb68fb8d88608f6f275&version_check=1 HTTP/1.1" 200 12687 "-" "Mozilla/5.0 (compatible; SemrushBot/7~bl; +http://www.semrush.com/bot.html)" "tekmedicgloves.com"
185.191.171.26 - - [08/Dec/2022:03:16:36 -0800] "GET /phpMyAdmin/setup/?token=f842845dcc69f8969715f59dfe2f0712&version_check=1 HTTP/1.1" 200 12691 "-" "Mozilla/5.0 (compatible; SemrushBot/7~bl; +http://www.semrush.com/bot.html)" "www.tekmedicgloves.com"
40.77.167.36 - - [08/Dec/2022:03:16:39 -0800] "GET /beta/wp-content/themes/CherryFramework/js/custom.js HTTP/1.1" 200 2131 "-" "Mozilla/5.0 (compatible; bingbot/2.0; +http://www.bing.com/bingbot.htm)" "tekmedicgloves.com"
40.77.167.36 - - [08/Dec/2022:03:16:39 -0800] "GET /beta/wp-content/themes/CherryFramework/js/modernizr.js HTTP/1.1" 200 5141 "-" "Mozilla/5.0 (compatible; bingbot/2.0; +http://www.bing.com/bingbot.htm)" "tekmedicgloves.com"
40.77.167.36 - - [08/Dec/2022:03:16:39 -0800] "GET /beta/wp-content/themes/theme48838/main-style.css HTTP/1.1" 200 4849 "-" "Mozilla/5.0 AppleWebKit/537.36 (KHTML, like Gecko; compatible; bingbot/2.0; +http://www.bing.com/bingbot.htm) Chrome/103.0.5060.134 Safari/537.36" "tekmedicgloves.com"
40.77.167.27 - - [08/Dec/2022:03:16:43 -0800] "GET /beta/wp-content/plugins/cherry-plugin/lib/js/elasti-carousel/jquery.elastislide.js HTTP/1.1" 200 1963 "-" "Mozilla/5.0 (compatible; bingbot/2.0; +http://www.bing.com/bingbot.htm)" "tekmedicgloves.com"
40.77.167.27 - - [08/Dec/2022:03:16:44 -0800] "GET /beta/wp-content/plugins/contact-form-7/includes/js/jquery.form.min.js HTTP/1.1" 200 5878 "-" "Mozilla/5.0 (compatible; bingbot/2.0; +http://www.bing.com/bingbot.htm)" "tekmedicgloves.com"
40.77.167.27 - - [08/Dec/2022:03:16:44 -0800] "GET /beta/wp-content/themes/CherryFramework/js/camera.min.js HTTP/1.1" 200 8551 "-" "Mozilla/5.0 AppleWebKit/537.36 (KHTML, like Gecko; compatible; bingbot/2.0; +http://www.bing.com/bingbot.htm) Chrome/103.0.5060.134 Safari/537.36" "tekmedicgloves.com"
40.77.167.27 - - [08/Dec/2022:03:16:44 -0800] "GET /beta/wp-content/themes/CherryFramework/js/jflickrfeed.js HTTP/1.1" 200 560 "-" "Mozilla/5.0 (compatible; bingbot/2.0; +http://www.bing.com/bingbot.htm)" "tekmedicgloves.com"
185.191.171.26 - - [08/Dec/2022:03:17:01 -0800] "GET /phpMyAdmin/setup/?token=e23403fde96778fb18d06c3d0d926c4c&version_check=1 HTTP/1.1" 200 12691 "-" "Mozilla/5.0 (compatible; SemrushBot/7~bl; +http://www.semrush.com/bot.html)" "www.tekmedicgloves.com"
185.191.171.24 - - [08/Dec/2022:03:17:03 -0800] "GET /phpMyAdmin/setup/?token=f03a4d9ea6ea7bdc5c081ff6efa15215&version_check=1 HTTP/1.1" 200 12691 "-" "Mozilla/5.0 (compatible; SemrushBot/7~bl; +http://www.semrush.com/bot.html)" "www.tekmedicgloves.com"
185.191.171.36 - - [08/Dec/2022:03:17:07 -0800] "GET /phpMyAdmin/setup/?token=e276d742690a20b6743db1784d24f9e0&version_check=1 HTTP/1.1" 200 12691 "-" "Mozilla/5.0 (compatible; SemrushBot/7~bl; +http://www.semrush.com/bot.html)" "www.tekmedicgloves.com"
185.191.171.9 - - [08/Dec/2022:03:17:10 -0800] "GET /phpMyAdmin/setup/?token=e12e47b7011698dce4121f7893cce6e3&version_check=1 HTTP/1.1" 200 12687 "-" "Mozilla/5.0 (compatible; SemrushBot/7~bl; +http://www.semrush.com/bot.html)" "tekmedicgloves.com"
185.191.171.16 - - [08/Dec/2022:03:17:16 -0800] "GET /robots.txt HTTP/1.1" 404 88 "-" "Mozilla/5.0 (compatible; SemrushBot/7~bl; +http://www.semrush.com/bot.html)" "www.tekmedicgloves.com"
185.191.171.12 - - [08/Dec/2022:03:17:19 -0800] "GET /phpMyAdmin/setup/?token=e04f6fc99f5595287381f8df34c7eacc&version_check=1 HTTP/1.1" 200 12691 "-" "Mozilla/5.0 (compatible; SemrushBot/7~bl; +http://www.semrush.com/bot.html)" "www.tekmedicgloves.com"
185.191.171.11 - - [08/Dec/2022:03:17:21 -0800] "GET /phpMyAdmin/setup/?token=bd7f4b5f29117fe7375235592bf09023&version_check=1 HTTP/1.1" 200 12687 "-" "Mozilla/5.0 (compatible; SemrushBot/7~bl; +http://www.semrush.com/bot.html)" "tekmedicgloves.com"
185.191.171.24 - - [08/Dec/2022:03:17:44 -0800] "GET /phpMyAdmin/setup/?token=d76e97df9804a87df1ef18021d50c69f&version_check=1 HTTP/1.1" 200 12687 "-" "Mozilla/5.0 (compatible; SemrushBot/7~bl; +http://www.semrush.com/bot.html)" "tekmedicgloves.com"
185.191.171.3 - - [08/Dec/2022:03:17:50 -0800] "GET /phpMyAdmin/setup/?token=f00e61629893eb13d560e99da6b1fdb6&version_check=1 HTTP/1.1" 200 12691 "-" "Mozilla/5.0 (compatible; SemrushBot/7~bl; +http://www.semrush.com/bot.html)" "www.tekmedicgloves.com"
185.191.171.9 - - [08/Dec/2022:03:17:55 -0800] "GET /phpMyAdmin/setup/?token=e5e29bf568820907a07096f1b35006ea&version_check=1 HTTP/1.1" 200 12691 "-" "Mozilla/5.0 (compatible; SemrushBot/7~bl; +http://www.semrush.com/bot.html)" "www.tekmedicgloves.com"
185.191.171.33 - - [08/Dec/2022:03:17:57 -0800] "GET /phpMyAdmin/setup/?token=f06d25cb5f9d845c6ee74c4190670e27&version_check=1 HTTP/1.1" 200 12687 "-" "Mozilla/5.0 (compatible; SemrushBot/7~bl; +http://www.semrush.com/bot.html)" "tekmedicgloves.com"
185.191.171.11 - - [08/Dec/2022:03:18:29 -0800] "GET /phpMyAdmin/setup/?token=e4ec4e6fd08ae14ac7d964360ba76bbe&version_check=1 HTTP/1.1" 200 12691 "-" "Mozilla/5.0 (compatible; SemrushBot/7~bl; +http://www.semrush.com/bot.html)" "www.tekmedicgloves.com"
185.191.171.18 - - [08/Dec/2022:03:18:32 -0800] "GET /phpMyAdmin/setup/?token=0ec25414667cd654b0e514e7cc42d40e&version_check=1 HTTP/1.1" 200 12687 "-" "Mozilla/5.0 (compatible; SemrushBot/7~bl; +http://www.semrush.com/bot.html)" "tekmedicgloves.com"
185.191.171.44 - - [08/Dec/2022:03:18:42 -0800] "GET /phpMyAdmin/setup/?token=99beda0b03d098a410cf0c25c75cfe4c&version_check=1 HTTP/1.1" 200 12687 "-" "Mozilla/5.0 (compatible; SemrushBot/7~bl; +http://www.semrush.com/bot.html)" "tekmedicgloves.com"
185.191.171.24 - - [08/Dec/2022:03:19:00 -0800] "GET /phpMyAdmin/setup/?token=052a723233aae3561b7223230dcdcc14&version_check=1 HTTP/1.1" 200 12691 "-" "Mozilla/5.0 (compatible; SemrushBot/7~bl; +http://www.semrush.com/bot.html)" "www.tekmedicgloves.com"
185.191.171.25 - - [08/Dec/2022:03:19:10 -0800] "GET /phpMyAdmin/setup/?token=00e9246912faeb9616e01b8265319765&version_check=1 HTTP/1.1" 200 12691 "-" "Mozilla/5.0 (compatible; SemrushBot/7~bl; +http://www.semrush.com/bot.html)" "www.tekmedicgloves.com"
185.191.171.19 - - [08/Dec/2022:03:19:23 -0800] "GET /phpMyAdmin/setup/?token=e726370b741d7cc86e93b10cb1631248&version_check=1 HTTP/1.1" 200 12687 "-" "Mozilla/5.0 (compatible; SemrushBot/7~bl; +http://www.semrush.com/bot.html)" "tekmedicgloves.com"
185.191.171.21 - - [08/Dec/2022:03:19:26 -0800] "GET /phpMyAdmin/setup/?token=cf46a15a88b51527c5ea31e08ab2e886&version_check=1 HTTP/1.1" 200 12687 "-" "Mozilla/5.0 (compatible; SemrushBot/7~bl; +http://www.semrush.com/bot.html)" "tekmedicgloves.com"
185.191.171.14 - - [08/Dec/2022:03:19:40 -0800] "GET /phpMyAdmin/setup/?token=fb425c472379fd734883be3f53bcbc20&version_check=1 HTTP/1.1" 200 12691 "-" "Mozilla/5.0 (compatible; SemrushBot/7~bl; +http://www.semrush.com/bot.html)" "www.tekmedicgloves.com"
185.191.171.25 - - [08/Dec/2022:03:19:44 -0800] "GET /phpMyAdmin/setup/?token=d5ff5ed06a3c9c0e6304b26a7a2971a0&version_check=1 HTTP/1.1" 200 12691 "-" "Mozilla/5.0 (compatible; SemrushBot/7~bl; +http://www.semrush.com/bot.html)" "www.tekmedicgloves.com"
185.191.171.13 - - [08/Dec/2022:03:19:54 -0800] "GET /phpMyAdmin/setup/?token=bdd65f531139dc82f89ffb7588df75db&version_check=1 HTTP/1.1" 200 12687 "-" "Mozilla/5.0 (compatible; SemrushBot/7~bl; +http://www.semrush.com/bot.html)" "tekmedicgloves.com"
185.191.171.21 - - [08/Dec/2022:03:20:06 -0800] "GET /phpMyAdmin/setup/?token=bd191a5b91def98269e3efb0859114be&version_check=1 HTTP/1.1" 200 12691 "-" "Mozilla/5.0 (compatible; SemrushBot/7~bl; +http://www.semrush.com/bot.html)" "www.tekmedicgloves.com"
185.191.171.39 - - [08/Dec/2022:03:20:08 -0800] "GET /phpMyAdmin/setup/?token=e8eecd91d6cbff5a3f1cd3c1a122ce06&version_check=1 HTTP/1.1" 200 12687 "-" "Mozilla/5.0 (compatible; SemrushBot/7~bl; +http://www.semrush.com/bot.html)" "tekmedicgloves.com"
185.191.171.17 - - [08/Dec/2022:03:20:10 -0800] "GET /phpMyAdmin/setup/?token=cc1c167066eac023795b2c86e94108d7&version_check=1 HTTP/1.1" 200 12687 "-" "Mozilla/5.0 (compatible; SemrushBot/7~bl; +http://www.semrush.com/bot.html)" "tekmedicgloves.com"
185.191.171.16 - - [08/Dec/2022:03:20:30 -0800] "GET /phpMyAdmin/setup/?token=c6309add1a892c04ff624651b8e8b99c&version_check=1 HTTP/1.1" 200 12687 "-" "Mozilla/5.0 (compatible; SemrushBot/7~bl; +http://www.semrush.com/bot.html)" "tekmedicgloves.com"
185.191.171.11 - - [08/Dec/2022:03:20:53 -0800] "GET /phpMyAdmin/setup/?token=d99a764adaa5c92707e6810cdad09699&version_check=1 HTTP/1.1" 200 12691 "-" "Mozilla/5.0 (compatible; SemrushBot/7~bl; +http://www.semrush.com/bot.html)" "www.tekmedicgloves.com"
185.191.171.11 - - [08/Dec/2022:03:21:01 -0800] "GET /phpMyAdmin/setup/?token=ed52e3bf5f55bbd36a5a28f1e5e9500f&version_check=1 HTTP/1.1" 200 12691 "-" "Mozilla/5.0 (compatible; SemrushBot/7~bl; +http://www.semrush.com/bot.html)" "www.tekmedicgloves.com"
185.191.171.37 - - [08/Dec/2022:03:22:12 -0800] "GET /phpMyAdmin/setup/?token=fc5998b63872980f7dc613d6028a4a14&version_check=1 HTTP/1.1" 200 12687 "-" "Mozilla/5.0 (compatible; SemrushBot/7~bl; +http://www.semrush.com/bot.html)" "tekmedicgloves.com"
185.191.171.35 - - [08/Dec/2022:03:22:29 -0800] "GET /phpMyAdmin/setup/?token=0fb0dbb480ff4e08aa01fe7f8b2ca764&version_check=1 HTTP/1.1" 200 12687 "-" "Mozilla/5.0 (compatible; SemrushBot/7~bl; +http://www.semrush.com/bot.html)" "tekmedicgloves.com"
185.191.171.8 - - [08/Dec/2022:03:22:40 -0800] "GET /phpMyAdmin/setup/?token=e8a86a477ad869e142d9ebd595ca6e6b&version_check=1 HTTP/1.1" 200 12691 "-" "Mozilla/5.0 (compatible; SemrushBot/7~bl; +http://www.semrush.com/bot.html)" "www.tekmedicgloves.com"
185.191.171.37 - - [08/Dec/2022:03:22:49 -0800] "GET /phpMyAdmin/setup/?token=064bbc4fcf6792c3f40e112f590ecd0b&version_check=1 HTTP/1.1" 200 12687 "-" "Mozilla/5.0 (compatible; SemrushBot/7~bl; +http://www.semrush.com/bot.html)" "tekmedicgloves.com"
185.191.171.45 - - [08/Dec/2022:03:22:53 -0800] "GET /phpMyAdmin/setup/?token=eb292ba98cd2fa161d879558d4584532&version_check=1 HTTP/1.1" 200 12687 "-" "Mozilla/5.0 (compatible; SemrushBot/7~bl; +http://www.semrush.com/bot.html)" "tekmedicgloves.com"
185.191.171.43 - - [08/Dec/2022:03:22:59 -0800] "GET /phpMyAdmin/setup/?token=0567f3c95af9a64bec97856166baa67b&version_check=1 HTTP/1.1" 200 12691 "-" "Mozilla/5.0 (compatible; SemrushBot/7~bl; +http://www.semrush.com/bot.html)" "www.tekmedicgloves.com"
185.191.171.12 - - [08/Dec/2022:03:23:05 -0800] "GET /phpMyAdmin/setup/?token=c7094f367d010a45eb4f24b64d862c9d&version_check=1 HTTP/1.1" 200 12691 "-" "Mozilla/5.0 (compatible; SemrushBot/7~bl; +http://www.semrush.com/bot.html)" "www.tekmedicgloves.com"
185.191.171.24 - - [08/Dec/2022:03:23:08 -0800] "GET /phpMyAdmin/setup/?token=e1984f963d7f552ba77073b03a251b70&version_check=1 HTTP/1.1" 200 12687 "-" "Mozilla/5.0 (compatible; SemrushBot/7~bl; +http://www.semrush.com/bot.html)" "tekmedicgloves.com"
185.191.171.45 - - [08/Dec/2022:03:23:14 -0800] "GET /phpMyAdmin/setup/?token=0688e29add533786c339fc9ddac9f7c4&version_check=1 HTTP/1.1" 200 12691 "-" "Mozilla/5.0 (compatible; SemrushBot/7~bl; +http://www.semrush.com/bot.html)" "www.tekmedicgloves.com"
185.191.171.8 - - [08/Dec/2022:03:24:17 -0800] "GET /phpMyAdmin/setup/?token=bd697a03ba99be1b2bc4156340ef39a5&version_check=1 HTTP/1.1" 200 12687 "-" "Mozilla/5.0 (compatible; SemrushBot/7~bl; +http://www.semrush.com/bot.html)" "tekmedicgloves.com"
185.191.171.10 - - [08/Dec/2022:03:24:16 -0800] "GET /phpMyAdmin/setup/?token=03210d3a629c967f9e858e1f5dfa7570&version_check=1 HTTP/1.1" 200 12691 "-" "Mozilla/5.0 (compatible; SemrushBot/7~bl; +http://www.semrush.com/bot.html)" "www.tekmedicgloves.com"
185.191.171.40 - - [08/Dec/2022:03:24:30 -0800] "GET /phpMyAdmin/setup/?token=b8c440500177c9a61539fe273439f45f&version_check=1 HTTP/1.1" 200 12691 "-" "Mozilla/5.0 (compatible; SemrushBot/7~bl; +http://www.semrush.com/bot.html)" "www.tekmedicgloves.com"
185.191.171.1 - - [08/Dec/2022:03:24:40 -0800] "GET /phpMyAdmin/setup/?token=be86b6904aa0c4350251c870debfecbb&version_check=1 HTTP/1.1" 200 12687 "-" "Mozilla/5.0 (compatible; SemrushBot/7~bl; +http://www.semrush.com/bot.html)" "tekmedicgloves.com"
185.191.171.43 - - [08/Dec/2022:03:24:43 -0800] "GET /phpMyAdmin/setup/?token=d61e4103658106b35cc4d962b0bc65ff&version_check=1 HTTP/1.1" 200 12691 "-" "Mozilla/5.0 (compatible; SemrushBot/7~bl; +http://www.semrush.com/bot.html)" "www.tekmedicgloves.com"
185.191.171.26 - - [08/Dec/2022:03:24:56 -0800] "GET /phpMyAdmin/setup/?token=0c9d137112d71e0d3399f7137d2328d4&version_check=1 HTTP/1.1" 200 12687 "-" "Mozilla/5.0 (compatible; SemrushBot/7~bl; +http://www.semrush.com/bot.html)" "tekmedicgloves.com"
185.191.171.40 - - [08/Dec/2022:03:25:01 -0800] "GET /phpMyAdmin/setup/?token=e7c524e96e50a3f0510f702c23c117c7&version_check=1 HTTP/1.1" 200 12687 "-" "Mozilla/5.0 (compatible; SemrushBot/7~bl; +http://www.semrush.com/bot.html)" "tekmedicgloves.com"
185.191.171.25 - - [08/Dec/2022:03:25:03 -0800] "GET /phpMyAdmin/setup/?token=ed6b0814130dfbbfd851e78550a225da&version_check=1 HTTP/1.1" 200 12687 "-" "Mozilla/5.0 (compatible; SemrushBot/7~bl; +http://www.semrush.com/bot.html)" "tekmedicgloves.com"
185.191.171.12 - - [08/Dec/2022:03:25:11 -0800] "GET /phpMyAdmin/setup/?token=f6e28975ab6858d220d171ea8fea2251&version_check=1 HTTP/1.1" 200 12691 "-" "Mozilla/5.0 (compatible; SemrushBot/7~bl; +http://www.semrush.com/bot.html)" "www.tekmedicgloves.com"
185.191.171.13 - - [08/Dec/2022:03:25:19 -0800] "GET /phpMyAdmin/setup/?token=0c1543214a7f91be6ce820ccdc6e80e2&version_check=1 HTTP/1.1" 200 12687 "-" "Mozilla/5.0 (compatible; SemrushBot/7~bl; +http://www.semrush.com/bot.html)" "tekmedicgloves.com"
185.191.171.11 - - [08/Dec/2022:03:25:46 -0800] "GET /phpMyAdmin/setup/?token=c1d34d8b17865b064bafa4ebb3443664&version_check=1 HTTP/1.1" 200 12687 "-" "Mozilla/5.0 (compatible; SemrushBot/7~bl; +http://www.semrush.com/bot.html)" "tekmedicgloves.com"
185.191.171.43 - - [08/Dec/2022:03:25:55 -0800] "GET /phpMyAdmin/setup/?token=b1de3e40388613915f6c45e2ce1934c1&version_check=1 HTTP/1.1" 200 12691 "-" "Mozilla/5.0 (compatible; SemrushBot/7~bl; +http://www.semrush.com/bot.html)" "www.tekmedicgloves.com"
185.191.171.7 - - [08/Dec/2022:03:25:56 -0800] "GET /phpMyAdmin/setup/?token=c412b20e309f00e4e95e59e6d97e2ffc&version_check=1 HTTP/1.1" 200 12687 "-" "Mozilla/5.0 (compatible; SemrushBot/7~bl; +http://www.semrush.com/bot.html)" "tekmedicgloves.com"
185.191.171.26 - - [08/Dec/2022:03:26:08 -0800] "GET /phpMyAdmin/setup/?token=fbc5684cd306599dc0ae1ae0af4dc6c2&version_check=1 HTTP/1.1" 200 12691 "-" "Mozilla/5.0 (compatible; SemrushBot/7~bl; +http://www.semrush.com/bot.html)" "www.tekmedicgloves.com"
185.191.171.41 - - [08/Dec/2022:03:26:11 -0800] "GET /phpMyAdmin/setup/?token=05a562fde90a07a98929b98512180725&version_check=1 HTTP/1.1" 200 12691 "-" "Mozilla/5.0 (compatible; SemrushBot/7~bl; +http://www.semrush.com/bot.html)" "www.tekmedicgloves.com"
185.191.171.2 - - [08/Dec/2022:03:26:14 -0800] "GET /phpMyAdmin/setup/?token=dbc7469bd8f5763da32e87aaadc03f69&version_check=1 HTTP/1.1" 200 12691 "-" "Mozilla/5.0 (compatible; SemrushBot/7~bl; +http://www.semrush.com/bot.html)" "www.tekmedicgloves.com"
185.191.171.43 - - [08/Dec/2022:03:26:23 -0800] "GET /phpMyAdmin/setup/?token=da76a258e954e8043656d081caf7bd4c&version_check=1 HTTP/1.1" 200 12691 "-" "Mozilla/5.0 (compatible; SemrushBot/7~bl; +http://www.semrush.com/bot.html)" "www.tekmedicgloves.com"
185.191.171.7 - - [08/Dec/2022:03:26:33 -0800] "GET /phpMyAdmin/setup/?token=f555c1ac60b4a5aa02ed67f961e39c2e&version_check=1 HTTP/1.1" 200 12691 "-" "Mozilla/5.0 (compatible; SemrushBot/7~bl; +http://www.semrush.com/bot.html)" "www.tekmedicgloves.com"
185.191.171.14 - - [08/Dec/2022:03:26:36 -0800] "GET /phpMyAdmin/setup/?token=d086dc882ab55cce2fa3d91a91c22d5d&version_check=1 HTTP/1.1" 200 12687 "-" "Mozilla/5.0 (compatible; SemrushBot/7~bl; +http://www.semrush.com/bot.html)" "tekmedicgloves.com"
185.191.171.23 - - [08/Dec/2022:03:26:38 -0800] "GET /phpMyAdmin/setup/?token=f8e970e73eaa037c05a455f216ec18ba&version_check=1 HTTP/1.1" 200 12687 "-" "Mozilla/5.0 (compatible; SemrushBot/7~bl; +http://www.semrush.com/bot.html)" "tekmedicgloves.com"
185.191.171.35 - - [08/Dec/2022:03:27:54 -0800] "GET /phpMyAdmin/setup/?token=0936b1bcde7853c55ec5db23da0812fa&version_check=1 HTTP/1.1" 200 12691 "-" "Mozilla/5.0 (compatible; SemrushBot/7~bl; +http://www.semrush.com/bot.html)" "www.tekmedicgloves.com"
185.191.171.2 - - [08/Dec/2022:03:28:31 -0800] "GET /phpMyAdmin/setup/?token=e132750a0756285f2d338df71b338e90&version_check=1 HTTP/1.1" 200 12691 "-" "Mozilla/5.0 (compatible; SemrushBot/7~bl; +http://www.semrush.com/bot.html)" "www.tekmedicgloves.com"
185.191.171.19 - - [08/Dec/2022:03:28:33 -0800] "GET /phpMyAdmin/setup/?token=c1afcf797d72ef28aa7a38b924143d4d&version_check=1 HTTP/1.1" 200 12691 "-" "Mozilla/5.0 (compatible; SemrushBot/7~bl; +http://www.semrush.com/bot.html)" "www.tekmedicgloves.com"
185.191.171.11 - - [08/Dec/2022:03:28:40 -0800] "GET /phpMyAdmin/setup/?token=016c19092bdc029d080afec119bf68a9&version_check=1 HTTP/1.1" 200 12687 "-" "Mozilla/5.0 (compatible; SemrushBot/7~bl; +http://www.semrush.com/bot.html)" "tekmedicgloves.com"
185.191.171.38 - - [08/Dec/2022:03:28:44 -0800] "GET /phpMyAdmin/setup/?token=c09e0976dbdc3c894e8719d08879356d&version_check=1 HTTP/1.1" 200 12691 "-" "Mozilla/5.0 (compatible; SemrushBot/7~bl; +http://www.semrush.com/bot.html)" "www.tekmedicgloves.com"
185.191.171.35 - - [08/Dec/2022:03:29:17 -0800] "GET /phpMyAdmin/setup/?token=c1fe024b861672af8886b2c2ebf4ca13&version_check=1 HTTP/1.1" 200 12687 "-" "Mozilla/5.0 (compatible; SemrushBot/7~bl; +http://www.semrush.com/bot.html)" "tekmedicgloves.com"
185.191.171.4 - - [08/Dec/2022:03:29:20 -0800] "GET /phpMyAdmin/setup/?token=df462c1920546f1dbace910af943fada&version_check=1 HTTP/1.1" 200 12691 "-" "Mozilla/5.0 (compatible; SemrushBot/7~bl; +http://www.semrush.com/bot.html)" "www.tekmedicgloves.com"
185.191.171.36 - - [08/Dec/2022:03:29:21 -0800] "GET /phpMyAdmin/setup/?token=00ed3eeea6caeecd7aa7b10d338fca52&version_check=1 HTTP/1.1" 200 12691 "-" "Mozilla/5.0 (compatible; SemrushBot/7~bl; +http://www.semrush.com/bot.html)" "www.tekmedicgloves.com"
185.191.171.15 - - [08/Dec/2022:03:29:32 -0800] "GET /phpMyAdmin/setup/?token=04b562311963eb392ee9df4034d1e495&version_check=1 HTTP/1.1" 200 12691 "-" "Mozilla/5.0 (compatible; SemrushBot/7~bl; +http://www.semrush.com/bot.html)" "www.tekmedicgloves.com"
185.191.171.10 - - [08/Dec/2022:03:29:39 -0800] "GET /phpMyAdmin/setup/?token=bcb3b38c46433a3dc9a6ae64b356d5b0&version_check=1 HTTP/1.1" 200 12687 "-" "Mozilla/5.0 (compatible; SemrushBot/7~bl; +http://www.semrush.com/bot.html)" "tekmedicgloves.com"
185.191.171.42 - - [08/Dec/2022:03:29:52 -0800] "GET /phpMyAdmin/setup/?token=d3b41d3e77767c07d86803d94d4aaf4e&version_check=1 HTTP/1.1" 200 12687 "-" "Mozilla/5.0 (compatible; SemrushBot/7~bl; +http://www.semrush.com/bot.html)" "tekmedicgloves.com"
185.191.171.23 - - [08/Dec/2022:03:29:54 -0800] "GET /phpMyAdmin/setup/?token=efb5418798d34c47b598192eb649e58a&version_check=1 HTTP/1.1" 200 12687 "-" "Mozilla/5.0 (compatible; SemrushBot/7~bl; +http://www.semrush.com/bot.html)" "tekmedicgloves.com"
185.191.171.34 - - [08/Dec/2022:03:30:15 -0800] "GET /phpMyAdmin/setup/?token=ff23ccb320dc7c6c1d3135f122ef90bb&version_check=1 HTTP/1.1" 200 12691 "-" "Mozilla/5.0 (compatible; SemrushBot/7~bl; +http://www.semrush.com/bot.html)" "www.tekmedicgloves.com"
185.191.171.35 - - [08/Dec/2022:03:30:46 -0800] "GET /phpMyAdmin/setup/?token=c6e5b07fe2c68a43000c30bc728cbd7f&version_check=1 HTTP/1.1" 200 12687 "-" "Mozilla/5.0 (compatible; SemrushBot/7~bl; +http://www.semrush.com/bot.html)" "tekmedicgloves.com"
185.191.171.1 - - [08/Dec/2022:03:30:48 -0800] "GET /phpMyAdmin/setup/?token=bc60e713f706054874d1a787d8af8fec&version_check=1 HTTP/1.1" 200 12687 "-" "Mozilla/5.0 (compatible; SemrushBot/7~bl; +http://www.semrush.com/bot.html)" "tekmedicgloves.com"
185.191.171.39 - - [08/Dec/2022:03:30:53 -0800] "GET /phpMyAdmin/setup/?token=bcf93684ed021b192708b196593cf2f3&version_check=1 HTTP/1.1" 200 12691 "-" "Mozilla/5.0 (compatible; SemrushBot/7~bl; +http://www.semrush.com/bot.html)" "www.tekmedicgloves.com"
185.191.171.35 - - [08/Dec/2022:03:30:56 -0800] "GET /phpMyAdmin/setup/?token=c0209c70fe50805f63fd2358027bcab0&version_check=1 HTTP/1.1" 200 12687 "-" "Mozilla/5.0 (compatible; SemrushBot/7~bl; +http://www.semrush.com/bot.html)" "tekmedicgloves.com"
185.191.171.44 - - [08/Dec/2022:03:31:35 -0800] "GET /phpMyAdmin/setup/?token=028287dac8d37c9ebc2dd5b9f8bc15c2&version_check=1 HTTP/1.1" 200 12691 "-" "Mozilla/5.0 (compatible; SemrushBot/7~bl; +http://www.semrush.com/bot.html)" "www.tekmedicgloves.com"
185.191.171.21 - - [08/Dec/2022:03:31:36 -0800] "GET /phpMyAdmin/setup/?token=f46c568dbfa62060f7f866fbccc098d4&version_check=1 HTTP/1.1" 200 12687 "-" "Mozilla/5.0 (compatible; SemrushBot/7~bl; +http://www.semrush.com/bot.html)" "tekmedicgloves.com"
185.191.171.20 - - [08/Dec/2022:03:31:43 -0800] "GET /phpMyAdmin/setup/?token=d66c2e1169d450ca9393f31ea83bd684&version_check=1 HTTP/1.1" 200 12691 "-" "Mozilla/5.0 (compatible; SemrushBot/7~bl; +http://www.semrush.com/bot.html)" "www.tekmedicgloves.com"
185.191.171.40 - - [08/Dec/2022:03:31:49 -0800] "GET /phpMyAdmin/setup/?token=e317e4f40d1d0521aee509eaa7c70af7&version_check=1 HTTP/1.1" 200 12687 "-" "Mozilla/5.0 (compatible; SemrushBot/7~bl; +http://www.semrush.com/bot.html)" "tekmedicgloves.com"
185.191.171.44 - - [08/Dec/2022:03:31:52 -0800] "GET /phpMyAdmin/setup/?token=e6effe4110cfd085f43f3a06ba6fa404&version_check=1 HTTP/1.1" 200 12691 "-" "Mozilla/5.0 (compatible; SemrushBot/7~bl; +http://www.semrush.com/bot.html)" "www.tekmedicgloves.com"
185.191.171.9 - - [08/Dec/2022:03:31:54 -0800] "GET /phpMyAdmin/setup/?token=ec65c0710af7ac25847084daddf96cfd&version_check=1 HTTP/1.1" 200 12691 "-" "Mozilla/5.0 (compatible; SemrushBot/7~bl; +http://www.semrush.com/bot.html)" "www.tekmedicgloves.com"
185.191.171.21 - - [08/Dec/2022:03:31:56 -0800] "GET /phpMyAdmin/setup/?token=e03affbc9683eab25a7eb7e23d935d93&version_check=1 HTTP/1.1" 200 12691 "-" "Mozilla/5.0 (compatible; SemrushBot/7~bl; +http://www.semrush.com/bot.html)" "www.tekmedicgloves.com"
40.77.190.154 - - [08/Dec/2022:03:32:06 -0800] "GET /beta/wp-content/themes/CherryFramework/style.css HTTP/1.1" 200 331 "http://tekmedicgloves.com/beta/wp-content/themes/theme48838/main-style.css" "Mozilla/5.0 (Windows NT 6.1; WOW64) AppleWebKit/534+ (KHTML, like Gecko) BingPreview/1.0b" "tekmedicgloves.com"
40.77.190.154 - - [08/Dec/2022:03:32:06 -0800] "GET /beta/wp-content/themes/CherryFramework/css/style.css HTTP/1.1" 200 12245 "http://tekmedicgloves.com/beta/wp-content/themes/CherryFramework/style.css" "Mozilla/5.0 (Windows NT 6.1; WOW64) AppleWebKit/534+ (KHTML, like Gecko) BingPreview/1.0b" "tekmedicgloves.com"
185.191.171.13 - - [08/Dec/2022:03:32:14 -0800] "GET /phpMyAdmin/setup/?token=fc677fdf01a5e389a5f288880ba1e213&version_check=1 HTTP/1.1" 200 12691 "-" "Mozilla/5.0 (compatible; SemrushBot/7~bl; +http://www.semrush.com/bot.html)" "www.tekmedicgloves.com"
185.191.171.26 - - [08/Dec/2022:03:32:20 -0800] "GET /phpMyAdmin/setup/?token=02d2a6d4e107cb403a51c1ffc7cdad49&version_check=1 HTTP/1.1" 200 12691 "-" "Mozilla/5.0 (compatible; SemrushBot/7~bl; +http://www.semrush.com/bot.html)" "www.tekmedicgloves.com"
185.191.171.5 - - [08/Dec/2022:03:32:37 -0800] "GET /phpMyAdmin/setup/?token=cc8afecd4523e2ccd8e903b414f5aad8&version_check=1 HTTP/1.1" 200 12687 "-" "Mozilla/5.0 (compatible; SemrushBot/7~bl; +http://www.semrush.com/bot.html)" "tekmedicgloves.com"
185.191.171.22 - - [08/Dec/2022:03:32:46 -0800] "GET /phpMyAdmin/setup/?token=bdbe02968a373009fdf786874daead52&version_check=1 HTTP/1.1" 200 12687 "-" "Mozilla/5.0 (compatible; SemrushBot/7~bl; +http://www.semrush.com/bot.html)" "tekmedicgloves.com"
185.191.171.17 - - [08/Dec/2022:03:32:48 -0800] "GET /phpMyAdmin/setup/?token=e135ade5f779b80aecac45eae629bf19&version_check=1 HTTP/1.1" 200 12687 "-" "Mozilla/5.0 (compatible; SemrushBot/7~bl; +http://www.semrush.com/bot.html)" "tekmedicgloves.com"
185.191.171.21 - - [08/Dec/2022:03:32:55 -0800] "GET /phpMyAdmin/setup/?token=bcee56c1d52e2b9322bc7cad3fbfd4d4&version_check=1 HTTP/1.1" 200 12687 "-" "Mozilla/5.0 (compatible; SemrushBot/7~bl; +http://www.semrush.com/bot.html)" "tekmedicgloves.com"
185.191.171.5 - - [08/Dec/2022:03:32:58 -0800] "GET /phpMyAdmin/setup/?token=d6986fd41dc200e0ab9f5d0cb6607942&version_check=1 HTTP/1.1" 200 12691 "-" "Mozilla/5.0 (compatible; SemrushBot/7~bl; +http://www.semrush.com/bot.html)" "www.tekmedicgloves.com"
185.191.171.1 - - [08/Dec/2022:03:33:24 -0800] "GET /phpMyAdmin/setup/?token=9956524d661db3fad4579c1d0e86e8d7&version_check=1 HTTP/1.1" 200 12687 "-" "Mozilla/5.0 (compatible; SemrushBot/7~bl; +http://www.semrush.com/bot.html)" "tekmedicgloves.com"
185.191.171.7 - - [08/Dec/2022:03:33:33 -0800] "GET /phpMyAdmin/setup/?token=fa6e39f130d7d9d5bf567caa4a53c4c0&version_check=1 HTTP/1.1" 200 12691 "-" "Mozilla/5.0 (compatible; SemrushBot/7~bl; +http://www.semrush.com/bot.html)" "www.tekmedicgloves.com"
185.191.171.36 - - [08/Dec/2022:03:33:57 -0800] "GET /phpMyAdmin/setup/?token=e20bb29c22a03b938a7560da48925707&version_check=1 HTTP/1.1" 200 12691 "-" "Mozilla/5.0 (compatible; SemrushBot/7~bl; +http://www.semrush.com/bot.html)" "www.tekmedicgloves.com"
185.191.171.17 - - [08/Dec/2022:03:33:59 -0800] "GET /phpMyAdmin/setup/?token=f6af25f4a679474dadcc4b8c186c292f&version_check=1 HTTP/1.1" 200 12691 "-" "Mozilla/5.0 (compatible; SemrushBot/7~bl; +http://www.semrush.com/bot.html)" "www.tekmedicgloves.com"
185.191.171.12 - - [08/Dec/2022:03:34:05 -0800] "GET /phpMyAdmin/setup/?token=b60c66be043c1e44f91bc3c1d2b65c61&version_check=1 HTTP/1.1" 200 12691 "-" "Mozilla/5.0 (compatible; SemrushBot/7~bl; +http://www.semrush.com/bot.html)" "www.tekmedicgloves.com"
185.191.171.15 - - [08/Dec/2022:03:34:13 -0800] "GET /phpMyAdmin/setup/?token=e8993349ad85a691c1fd87138fadbb41&version_check=1 HTTP/1.1" 200 12691 "-" "Mozilla/5.0 (compatible; SemrushBot/7~bl; +http://www.semrush.com/bot.html)" "www.tekmedicgloves.com"
185.191.171.45 - - [08/Dec/2022:03:34:36 -0800] "GET /phpMyAdmin/setup/?token=f46d7cf261a52e01bc4df659aa356474&version_check=1 HTTP/1.1" 200 12691 "-" "Mozilla/5.0 (compatible; SemrushBot/7~bl; +http://www.semrush.com/bot.html)" "www.tekmedicgloves.com"
185.191.171.44 - - [08/Dec/2022:03:35:01 -0800] "GET /phpMyAdmin/setup/?token=dcf01cb8d82c82d2d56ff71776940cab&version_check=1 HTTP/1.1" 200 12687 "-" "Mozilla/5.0 (compatible; SemrushBot/7~bl; +http://www.semrush.com/bot.html)" "tekmedicgloves.com"
185.191.171.26 - - [08/Dec/2022:03:35:32 -0800] "GET /phpMyAdmin/setup/?token=bca097a99399e6b9cb4d705a9f116358&version_check=1 HTTP/1.1" 200 12687 "-" "Mozilla/5.0 (compatible; SemrushBot/7~bl; +http://www.semrush.com/bot.html)" "tekmedicgloves.com"
185.191.171.7 - - [08/Dec/2022:03:35:54 -0800] "GET /phpMyAdmin/setup/?token=0a93f70332f4573b2449007bc7bedc15&version_check=1 HTTP/1.1" 200 12691 "-" "Mozilla/5.0 (compatible; SemrushBot/7~bl; +http://www.semrush.com/bot.html)" "www.tekmedicgloves.com"
185.191.171.34 - - [08/Dec/2022:03:36:03 -0800] "GET /phpMyAdmin/setup/?token=d0d7ade11d4eef347c73c849f362e819&version_check=1 HTTP/1.1" 200 12687 "-" "Mozilla/5.0 (compatible; SemrushBot/7~bl; +http://www.semrush.com/bot.html)" "tekmedicgloves.com"
185.191.171.19 - - [08/Dec/2022:03:36:12 -0800] "GET /phpMyAdmin/setup/?token=fe404f11f28008fcb0c2b343a34a424e&version_check=1 HTTP/1.1" 200 12687 "-" "Mozilla/5.0 (compatible; SemrushBot/7~bl; +http://www.semrush.com/bot.html)" "tekmedicgloves.com"
185.191.171.37 - - [08/Dec/2022:03:36:52 -0800] "GET /phpMyAdmin/setup/?token=d89038b684c3e686986ebd51b4946f7f&version_check=1 HTTP/1.1" 200 12691 "-" "Mozilla/5.0 (compatible; SemrushBot/7~bl; +http://www.semrush.com/bot.html)" "www.tekmedicgloves.com"
185.191.171.21 - - [08/Dec/2022:03:37:38 -0800] "GET /phpMyAdmin/setup/?token=f58a7f057b3d59ed0881357e714a1f43&version_check=1 HTTP/1.1" 200 12691 "-" "Mozilla/5.0 (compatible; SemrushBot/7~bl; +http://www.semrush.com/bot.html)" "www.tekmedicgloves.com"
185.191.171.21 - - [08/Dec/2022:03:37:40 -0800] "GET /phpMyAdmin/setup/?token=e98b74b00068a325f64dea538c91380c&version_check=1 HTTP/1.1" 200 12691 "-" "Mozilla/5.0 (compatible; SemrushBot/7~bl; +http://www.semrush.com/bot.html)" "www.tekmedicgloves.com"
185.191.171.1 - - [08/Dec/2022:03:37:46 -0800] "GET /phpMyAdmin/setup/?token=992686325b8b475d0505b87dfb5db5da&version_check=1 HTTP/1.1" 200 12687 "-" "Mozilla/5.0 (compatible; SemrushBot/7~bl; +http://www.semrush.com/bot.html)" "tekmedicgloves.com"
185.191.171.42 - - [08/Dec/2022:03:38:10 -0800] "GET /phpMyAdmin/setup/?token=c20619119373263fc8b1de14f5302ce5&version_check=1 HTTP/1.1" 200 12687 "-" "Mozilla/5.0 (compatible; SemrushBot/7~bl; +http://www.semrush.com/bot.html)" "tekmedicgloves.com"
185.191.171.12 - - [08/Dec/2022:03:38:15 -0800] "GET /phpMyAdmin/setup/?token=c81a03c67fa7988c95c4152a95377d09&version_check=1 HTTP/1.1" 200 12687 "-" "Mozilla/5.0 (compatible; SemrushBot/7~bl; +http://www.semrush.com/bot.html)" "tekmedicgloves.com"
185.191.171.5 - - [08/Dec/2022:03:38:19 -0800] "GET /phpMyAdmin/setup/?token=b94bfbc42e064c42502db01415ad98ee&version_check=1 HTTP/1.1" 200 12691 "-" "Mozilla/5.0 (compatible; SemrushBot/7~bl; +http://www.semrush.com/bot.html)" "www.tekmedicgloves.com"
