185.191.171.36 - - [11/Dec/2022:04:51:49 -0800] "GET /phpMyAdmin/setup/?token=bb780a0730b4c798674d9e70cef833cf&version_check=1 HTTP/1.1" 200 12687 "-" "Mozilla/5.0 (compatible; SemrushBot/7~bl; +http://www.semrush.com/bot.html)" "tekmedicgloves.com"
185.191.171.44 - - [11/Dec/2022:04:51:56 -0800] "GET /phpMyAdmin/setup/?token=f226eb05b1d7d35e80285fcdedd13180&version_check=1 HTTP/1.1" 200 12691 "-" "Mozilla/5.0 (compatible; SemrushBot/7~bl; +http://www.semrush.com/bot.html)" "www.tekmedicgloves.com"
185.191.171.26 - - [11/Dec/2022:04:52:19 -0800] "GET /phpMyAdmin/setup/?token=c50cf125379a6c32c536d60ebe32fef4&version_check=1 HTTP/1.1" 200 12687 "-" "Mozilla/5.0 (compatible; SemrushBot/7~bl; +http://www.semrush.com/bot.html)" "tekmedicgloves.com"
185.191.171.21 - - [11/Dec/2022:04:52:34 -0800] "GET /robots.txt HTTP/1.1" 404 88 "-" "Mozilla/5.0 (compatible; SemrushBot/7~bl; +http://www.semrush.com/bot.html)" "www.tekmedicgloves.com"
185.191.171.36 - - [11/Dec/2022:04:52:35 -0800] "GET /phpMyAdmin/setup/?token=dac3ba7087b76aa49155f5416ca99c84&version_check=1 HTTP/1.1" 200 12691 "-" "Mozilla/5.0 (compatible; SemrushBot/7~bl; +http://www.semrush.com/bot.html)" "www.tekmedicgloves.com"
185.191.171.40 - - [11/Dec/2022:04:52:37 -0800] "GET /phpMyAdmin/setup/?token=f5620a27d7476c7966d55f847058705c&version_check=1 HTTP/1.1" 200 12691 "-" "Mozilla/5.0 (compatible; SemrushBot/7~bl; +http://www.semrush.com/bot.html)" "www.tekmedicgloves.com"
185.191.171.8 - - [11/Dec/2022:04:52:55 -0800] "GET /phpMyAdmin/setup/?token=c48074c5ba8bb46c4d5b31ffa213267a&version_check=1 HTTP/1.1" 200 12687 "-" "Mozilla/5.0 (compatible; SemrushBot/7~bl; +http://www.semrush.com/bot.html)" "tekmedicgloves.com"
185.191.171.22 - - [11/Dec/2022:04:53:08 -0800] "GET /phpMyAdmin/setup/?token=03edbc1f4340edc1c0f4a33c62cb6bfe&version_check=1 HTTP/1.1" 200 12687 "-" "Mozilla/5.0 (compatible; SemrushBot/7~bl; +http://www.semrush.com/bot.html)" "tekmedicgloves.com"
185.191.171.9 - - [11/Dec/2022:04:53:15 -0800] "GET /phpMyAdmin/setup/?token=da20a278378567784689f50e90bd3494&version_check=1 HTTP/1.1" 200 12687 "-" "Mozilla/5.0 (compatible; SemrushBot/7~bl; +http://www.semrush.com/bot.html)" "tekmedicgloves.com"
185.191.171.39 - - [11/Dec/2022:04:53:22 -0800] "GET /phpMyAdmin/setup/?token=c0edc890c931442dda9553a6ce385cc8&version_check=1 HTTP/1.1" 200 12687 "-" "Mozilla/5.0 (compatible; SemrushBot/7~bl; +http://www.semrush.com/bot.html)" "tekmedicgloves.com"
185.191.171.2 - - [11/Dec/2022:04:53:35 -0800] "GET /phpMyAdmin/setup/?token=dc21e0d59c3dca1beaa56c1110955c3c&version_check=1 HTTP/1.1" 200 12691 "-" "Mozilla/5.0 (compatible; SemrushBot/7~bl; +http://www.semrush.com/bot.html)" "www.tekmedicgloves.com"
185.191.171.9 - - [11/Dec/2022:04:53:52 -0800] "GET /phpMyAdmin/setup/?token=dc71b0d4ec514f15dbe25d43f7366d17&version_check=1 HTTP/1.1" 200 12691 "-" "Mozilla/5.0 (compatible; SemrushBot/7~bl; +http://www.semrush.com/bot.html)" "www.tekmedicgloves.com"
185.191.171.38 - - [11/Dec/2022:04:53:53 -0800] "GET /phpMyAdmin/setup/?token=e0ddfcc7dd46409f801c14f41e1ab779&version_check=1 HTTP/1.1" 200 12687 "-" "Mozilla/5.0 (compatible; SemrushBot/7~bl; +http://www.semrush.com/bot.html)" "tekmedicgloves.com"
185.191.171.14 - - [11/Dec/2022:04:53:57 -0800] "GET /phpMyAdmin/setup/?token=d6d0ea1b32807715abeeb5c50d601252&version_check=1 HTTP/1.1" 200 12691 "-" "Mozilla/5.0 (compatible; SemrushBot/7~bl; +http://www.semrush.com/bot.html)" "www.tekmedicgloves.com"
185.191.171.1 - - [11/Dec/2022:04:54:03 -0800] "GET /phpMyAdmin/setup/?token=cca883e018c01451ed002474533ebe3c&version_check=1 HTTP/1.1" 200 12687 "-" "Mozilla/5.0 (compatible; SemrushBot/7~bl; +http://www.semrush.com/bot.html)" "tekmedicgloves.com"
185.191.171.8 - - [11/Dec/2022:04:54:18 -0800] "GET /phpMyAdmin/setup/?token=bbdfc39c6286a6b235b447c2fc68ebe6&version_check=1 HTTP/1.1" 200 12687 "-" "Mozilla/5.0 (compatible; SemrushBot/7~bl; +http://www.semrush.com/bot.html)" "tekmedicgloves.com"
185.191.171.38 - - [11/Dec/2022:04:54:24 -0800] "GET /phpMyAdmin/setup/?token=f3ecd127cd8141762855030d5b531fb6&version_check=1 HTTP/1.1" 200 12687 "-" "Mozilla/5.0 (compatible; SemrushBot/7~bl; +http://www.semrush.com/bot.html)" "tekmedicgloves.com"
114.119.137.67 - - [11/Dec/2022:04:54:29 -0800] "GET /robots.txt HTTP/1.1" 404 88 "-" "Mozilla/5.0 (compatible;PetalBot;+https://webmaster.petalsearch.com/site/petalbot)" "tekmedicgloves.com"
185.191.171.9 - - [11/Dec/2022:04:54:34 -0800] "GET /phpMyAdmin/setup/?token=c188478c3f6c3ddd004a21fa5ca9d08e&version_check=1 HTTP/1.1" 200 12687 "-" "Mozilla/5.0 (compatible; SemrushBot/7~bl; +http://www.semrush.com/bot.html)" "tekmedicgloves.com"
185.191.171.26 - - [11/Dec/2022:04:54:50 -0800] "GET /phpMyAdmin/setup/?token=bd31447834e9808c85d4961f9cceef37&version_check=1 HTTP/1.1" 200 12687 "-" "Mozilla/5.0 (compatible; SemrushBot/7~bl; +http://www.semrush.com/bot.html)" "tekmedicgloves.com"
185.191.171.11 - - [11/Dec/2022:04:54:51 -0800] "GET /phpMyAdmin/setup/?token=d33e82522a83ab98771f5b5e0ed5f32f&version_check=1 HTTP/1.1" 200 12691 "-" "Mozilla/5.0 (compatible; SemrushBot/7~bl; +http://www.semrush.com/bot.html)" "www.tekmedicgloves.com"
185.191.171.6 - - [11/Dec/2022:04:55:19 -0800] "GET /phpMyAdmin/setup/?token=deac2f8da8f734ff1d47ed9b6cb5ce24&version_check=1 HTTP/1.1" 200 12687 "-" "Mozilla/5.0 (compatible; SemrushBot/7~bl; +http://www.semrush.com/bot.html)" "tekmedicgloves.com"
185.191.171.4 - - [11/Dec/2022:04:55:26 -0800] "GET /phpMyAdmin/setup/?token=ff80b422ee350f3edeba6baa982ed360&version_check=1 HTTP/1.1" 200 12691 "-" "Mozilla/5.0 (compatible; SemrushBot/7~bl; +http://www.semrush.com/bot.html)" "www.tekmedicgloves.com"
185.191.171.5 - - [11/Dec/2022:04:55:28 -0800] "GET /phpMyAdmin/setup/?token=f2a89a1041070f51ccae338ad9dc068e&version_check=1 HTTP/1.1" 200 12691 "-" "Mozilla/5.0 (compatible; SemrushBot/7~bl; +http://www.semrush.com/bot.html)" "www.tekmedicgloves.com"
185.191.171.22 - - [11/Dec/2022:04:55:32 -0800] "GET /phpMyAdmin/setup/?token=e5a0c8c09b8bc9e57e91757ab339fcbc&version_check=1 HTTP/1.1" 200 12691 "-" "Mozilla/5.0 (compatible; SemrushBot/7~bl; +http://www.semrush.com/bot.html)" "www.tekmedicgloves.com"
185.191.171.10 - - [11/Dec/2022:04:55:42 -0800] "GET /phpMyAdmin/setup/?token=be8390a9433a073e1ffd089fd389bedc&version_check=1 HTTP/1.1" 200 12691 "-" "Mozilla/5.0 (compatible; SemrushBot/7~bl; +http://www.semrush.com/bot.html)" "www.tekmedicgloves.com"
185.191.171.33 - - [11/Dec/2022:04:55:54 -0800] "GET /phpMyAdmin/setup/?token=fe3f6bfdbad8cc7bcc587e491682c898&version_check=1 HTTP/1.1" 200 12687 "-" "Mozilla/5.0 (compatible; SemrushBot/7~bl; +http://www.semrush.com/bot.html)" "tekmedicgloves.com"
185.191.171.14 - - [11/Dec/2022:04:56:01 -0800] "GET /phpMyAdmin/setup/?token=ca28e11494a95f90eec6b2ccfec179a3&version_check=1 HTTP/1.1" 200 12687 "-" "Mozilla/5.0 (compatible; SemrushBot/7~bl; +http://www.semrush.com/bot.html)" "tekmedicgloves.com"
185.191.171.36 - - [11/Dec/2022:04:56:10 -0800] "GET /phpMyAdmin/setup/?token=0cf1eee8f14d25a87eb49da4312102aa&version_check=1 HTTP/1.1" 200 12691 "-" "Mozilla/5.0 (compatible; SemrushBot/7~bl; +http://www.semrush.com/bot.html)" "www.tekmedicgloves.com"
185.191.171.4 - - [11/Dec/2022:04:56:37 -0800] "GET /phpMyAdmin/setup/?token=d6cbecd41b7ad8b5573a79e1fb74dc84&version_check=1 HTTP/1.1" 200 12691 "-" "Mozilla/5.0 (compatible; SemrushBot/7~bl; +http://www.semrush.com/bot.html)" "www.tekmedicgloves.com"
185.191.171.25 - - [11/Dec/2022:04:56:59 -0800] "GET /phpMyAdmin/setup/?token=ba3a224529f21fdc0c8ffeb107838557&version_check=1 HTTP/1.1" 200 12687 "-" "Mozilla/5.0 (compatible; SemrushBot/7~bl; +http://www.semrush.com/bot.html)" "tekmedicgloves.com"
185.191.171.20 - - [11/Dec/2022:04:57:04 -0800] "GET /phpMyAdmin/setup/?token=10758f5576c0cbe120d68d3c190d7ed7&version_check=1 HTTP/1.1" 200 12687 "-" "Mozilla/5.0 (compatible; SemrushBot/7~bl; +http://www.semrush.com/bot.html)" "tekmedicgloves.com"
185.191.171.45 - - [11/Dec/2022:04:57:20 -0800] "GET /phpMyAdmin/setup/?token=d4046d02cf5c43fadd50bc6bd5985726&version_check=1 HTTP/1.1" 200 12687 "-" "Mozilla/5.0 (compatible; SemrushBot/7~bl; +http://www.semrush.com/bot.html)" "tekmedicgloves.com"
185.191.171.3 - - [11/Dec/2022:04:57:31 -0800] "GET /phpMyAdmin/setup/?token=b82568492783e4ab74bdb35372b2422d&version_check=1 HTTP/1.1" 200 12691 "-" "Mozilla/5.0 (compatible; SemrushBot/7~bl; +http://www.semrush.com/bot.html)" "www.tekmedicgloves.com"
185.191.171.4 - - [11/Dec/2022:04:57:40 -0800] "GET /phpMyAdmin/setup/?token=fe165415823eefba2b426ad0cdfec464&version_check=1 HTTP/1.1" 200 12691 "-" "Mozilla/5.0 (compatible; SemrushBot/7~bl; +http://www.semrush.com/bot.html)" "www.tekmedicgloves.com"
185.191.171.3 - - [11/Dec/2022:04:58:00 -0800] "GET /phpMyAdmin/setup/?token=f42a40d8d0052fff85fe87fd71899877&version_check=1 HTTP/1.1" 200 12691 "-" "Mozilla/5.0 (compatible; SemrushBot/7~bl; +http://www.semrush.com/bot.html)" "www.tekmedicgloves.com"
185.191.171.8 - - [11/Dec/2022:04:58:14 -0800] "GET /phpMyAdmin/setup/?token=e0a174a205a4484f87ed37f269bd3c50&version_check=1 HTTP/1.1" 200 12687 "-" "Mozilla/5.0 (compatible; SemrushBot/7~bl; +http://www.semrush.com/bot.html)" "tekmedicgloves.com"
185.191.171.12 - - [11/Dec/2022:04:58:16 -0800] "GET /phpMyAdmin/setup/?token=d63a782e93f16f5279a9f8b40c53a4c9&version_check=1 HTTP/1.1" 200 12691 "-" "Mozilla/5.0 (compatible; SemrushBot/7~bl; +http://www.semrush.com/bot.html)" "www.tekmedicgloves.com"
185.191.171.20 - - [11/Dec/2022:04:58:31 -0800] "GET /phpMyAdmin/setup/?token=bba563b118734c53d62a8731108d1600&version_check=1 HTTP/1.1" 200 12687 "-" "Mozilla/5.0 (compatible; SemrushBot/7~bl; +http://www.semrush.com/bot.html)" "tekmedicgloves.com"
185.191.171.20 - - [11/Dec/2022:04:58:32 -0800] "GET /phpMyAdmin/setup/?token=f13b765f769b976ddb4a965792ccfbc3&version_check=1 HTTP/1.1" 200 12691 "-" "Mozilla/5.0 (compatible; SemrushBot/7~bl; +http://www.semrush.com/bot.html)" "www.tekmedicgloves.com"
185.191.171.6 - - [11/Dec/2022:04:58:41 -0800] "GET /phpMyAdmin/setup/?token=bc236544fe74daa3dca66d24fe4f9c85&version_check=1 HTTP/1.1" 200 12687 "-" "Mozilla/5.0 (compatible; SemrushBot/7~bl; +http://www.semrush.com/bot.html)" "tekmedicgloves.com"
216.244.66.246 - - [11/Dec/2022:04:58:46 -0800] "GET /robots.txt HTTP/1.1" 404 73 "-" "Mozilla/5.0 (compatible; DotBot/1.2; +https://opensiteexplorer.org/dotbot; help@moz.com)" "www.tekmedicgloves.com"
216.244.66.246 - - [11/Dec/2022:04:58:47 -0800] "GET /robots.txt HTTP/1.1" 404 73 "-" "Mozilla/5.0 (compatible; DotBot/1.2; +https://opensiteexplorer.org/dotbot; help@moz.com)" "tekmedicgloves.com"
185.191.171.6 - - [11/Dec/2022:04:59:05 -0800] "GET /phpMyAdmin/setup/?token=ecc00aa3528b7fdc5f2332908d14773b&version_check=1 HTTP/1.1" 200 12687 "-" "Mozilla/5.0 (compatible; SemrushBot/7~bl; +http://www.semrush.com/bot.html)" "tekmedicgloves.com"
185.191.171.6 - - [11/Dec/2022:04:59:21 -0800] "GET /phpMyAdmin/setup/?token=fceb1e146a5906a60bb808e6c570ba25&version_check=1 HTTP/1.1" 200 12687 "-" "Mozilla/5.0 (compatible; SemrushBot/7~bl; +http://www.semrush.com/bot.html)" "tekmedicgloves.com"
185.191.171.35 - - [11/Dec/2022:04:59:25 -0800] "GET /phpMyAdmin/setup/?token=dcc282921044c929007ad7a6c7b42929&version_check=1 HTTP/1.1" 200 12691 "-" "Mozilla/5.0 (compatible; SemrushBot/7~bl; +http://www.semrush.com/bot.html)" "www.tekmedicgloves.com"
185.191.171.21 - - [11/Dec/2022:04:59:26 -0800] "GET /phpMyAdmin/setup/?token=ba5aa4592653be6e31a3870ff5126e14&version_check=1 HTTP/1.1" 200 12687 "-" "Mozilla/5.0 (compatible; SemrushBot/7~bl; +http://www.semrush.com/bot.html)" "tekmedicgloves.com"
185.191.171.39 - - [11/Dec/2022:04:59:29 -0800] "GET /phpMyAdmin/setup/?token=e505d00367e37ae97622e3e26087648a&version_check=1 HTTP/1.1" 200 12687 "-" "Mozilla/5.0 (compatible; SemrushBot/7~bl; +http://www.semrush.com/bot.html)" "tekmedicgloves.com"
185.191.171.20 - - [11/Dec/2022:04:59:36 -0800] "GET /phpMyAdmin/setup/?token=021d63a8e7ea2fb34ea83aa1a3cfbcbb&version_check=1 HTTP/1.1" 200 12687 "-" "Mozilla/5.0 (compatible; SemrushBot/7~bl; +http://www.semrush.com/bot.html)" "tekmedicgloves.com"
185.191.171.20 - - [11/Dec/2022:04:59:47 -0800] "GET /phpMyAdmin/setup/?token=fcc99d92ea122dc321323a5f0754c07b&version_check=1 HTTP/1.1" 200 12691 "-" "Mozilla/5.0 (compatible; SemrushBot/7~bl; +http://www.semrush.com/bot.html)" "www.tekmedicgloves.com"
185.191.171.39 - - [11/Dec/2022:05:00:00 -0800] "GET /phpMyAdmin/setup/?token=bb3ef9df735f569ffbf8b2298a257d08&version_check=1 HTTP/1.1" 200 12691 "-" "Mozilla/5.0 (compatible; SemrushBot/7~bl; +http://www.semrush.com/bot.html)" "www.tekmedicgloves.com"
185.191.171.35 - - [11/Dec/2022:05:00:12 -0800] "GET /phpMyAdmin/setup/?token=f456f0590b07f4a6bc72f88d1057aae0&version_check=1 HTTP/1.1" 200 12687 "-" "Mozilla/5.0 (compatible; SemrushBot/7~bl; +http://www.semrush.com/bot.html)" "tekmedicgloves.com"
185.191.171.38 - - [11/Dec/2022:05:00:54 -0800] "GET /phpMyAdmin/setup/?token=ed32b1f243e5925ab38b448ec1428a57&version_check=1 HTTP/1.1" 200 12691 "-" "Mozilla/5.0 (compatible; SemrushBot/7~bl; +http://www.semrush.com/bot.html)" "www.tekmedicgloves.com"
185.191.171.42 - - [11/Dec/2022:05:01:01 -0800] "GET /phpMyAdmin/setup/?token=fd0f04ef433d718db0c59a2f98485017&version_check=1 HTTP/1.1" 200 12691 "-" "Mozilla/5.0 (compatible; SemrushBot/7~bl; +http://www.semrush.com/bot.html)" "www.tekmedicgloves.com"
185.191.171.44 - - [11/Dec/2022:05:01:06 -0800] "GET /phpMyAdmin/setup/?token=bc376a4cd6ae8e7dfd9d9dd3fc74bd37&version_check=1 HTTP/1.1" 200 12687 "-" "Mozilla/5.0 (compatible; SemrushBot/7~bl; +http://www.semrush.com/bot.html)" "tekmedicgloves.com"
185.191.171.40 - - [11/Dec/2022:05:01:10 -0800] "GET /phpMyAdmin/setup/?token=02ce7ca611ff7db03fb966d5da68deda&version_check=1 HTTP/1.1" 200 12687 "-" "Mozilla/5.0 (compatible; SemrushBot/7~bl; +http://www.semrush.com/bot.html)" "tekmedicgloves.com"
185.191.171.35 - - [11/Dec/2022:05:01:21 -0800] "GET /phpMyAdmin/setup/?token=0a449c01221a451e1650f77c1be2155f&version_check=1 HTTP/1.1" 200 12687 "-" "Mozilla/5.0 (compatible; SemrushBot/7~bl; +http://www.semrush.com/bot.html)" "tekmedicgloves.com"
185.191.171.15 - - [11/Dec/2022:05:01:32 -0800] "GET /phpMyAdmin/setup/?token=e6a94c504b3b1324b83a319989f4f8e1&version_check=1 HTTP/1.1" 200 12691 "-" "Mozilla/5.0 (compatible; SemrushBot/7~bl; +http://www.semrush.com/bot.html)" "www.tekmedicgloves.com"
185.191.171.45 - - [11/Dec/2022:05:01:39 -0800] "GET /phpMyAdmin/setup/?token=ce1b7be6a73f69750e5f0cf5eee925ed&version_check=1 HTTP/1.1" 200 12687 "-" "Mozilla/5.0 (compatible; SemrushBot/7~bl; +http://www.semrush.com/bot.html)" "tekmedicgloves.com"
185.191.171.6 - - [11/Dec/2022:05:01:48 -0800] "GET /phpMyAdmin/setup/?token=0c531436ea7689143f30f9e49f6ffd0c&version_check=1 HTTP/1.1" 200 12691 "-" "Mozilla/5.0 (compatible; SemrushBot/7~bl; +http://www.semrush.com/bot.html)" "www.tekmedicgloves.com"
185.191.171.34 - - [11/Dec/2022:05:01:48 -0800] "GET /phpMyAdmin/setup/?token=ddddf385492d9ccfa8de94f1e933a98e&version_check=1 HTTP/1.1" 200 12687 "-" "Mozilla/5.0 (compatible; SemrushBot/7~bl; +http://www.semrush.com/bot.html)" "tekmedicgloves.com"
185.191.171.6 - - [11/Dec/2022:05:01:50 -0800] "GET /phpMyAdmin/setup/?token=fa1dbb7eb7eae0fd3cb011c13b5e575f&version_check=1 HTTP/1.1" 200 12687 "-" "Mozilla/5.0 (compatible; SemrushBot/7~bl; +http://www.semrush.com/bot.html)" "tekmedicgloves.com"
185.191.171.26 - - [11/Dec/2022:05:01:55 -0800] "GET /phpMyAdmin/setup/?token=0da80058da0f1e2f3432ce60ce7b2cce&version_check=1 HTTP/1.1" 200 12691 "-" "Mozilla/5.0 (compatible; SemrushBot/7~bl; +http://www.semrush.com/bot.html)" "www.tekmedicgloves.com"
185.191.171.25 - - [11/Dec/2022:05:02:04 -0800] "GET /phpMyAdmin/setup/?token=da59453657308fad529ee66b6f436809&version_check=1 HTTP/1.1" 200 12687 "-" "Mozilla/5.0 (compatible; SemrushBot/7~bl; +http://www.semrush.com/bot.html)" "tekmedicgloves.com"
185.191.171.3 - - [11/Dec/2022:05:02:20 -0800] "GET /phpMyAdmin/setup/?token=c9c5cef501e7aa9396740f42220ab512&version_check=1 HTTP/1.1" 200 12687 "-" "Mozilla/5.0 (compatible; SemrushBot/7~bl; +http://www.semrush.com/bot.html)" "tekmedicgloves.com"
185.191.171.25 - - [11/Dec/2022:05:02:37 -0800] "GET /phpMyAdmin/setup/?token=e2d18fe0fce27a755167a29769593b62&version_check=1 HTTP/1.1" 200 12691 "-" "Mozilla/5.0 (compatible; SemrushBot/7~bl; +http://www.semrush.com/bot.html)" "www.tekmedicgloves.com"
185.191.171.2 - - [11/Dec/2022:05:02:43 -0800] "GET /phpMyAdmin/setup/?token=e4fb4d65de43261df9db1a48f7292b48&version_check=1 HTTP/1.1" 200 12687 "-" "Mozilla/5.0 (compatible; SemrushBot/7~bl; +http://www.semrush.com/bot.html)" "tekmedicgloves.com"
185.191.171.14 - - [11/Dec/2022:05:03:20 -0800] "GET /phpMyAdmin/setup/?token=d98d879c78fa22f33f43679be2f973a8&version_check=1 HTTP/1.1" 200 12691 "-" "Mozilla/5.0 (compatible; SemrushBot/7~bl; +http://www.semrush.com/bot.html)" "www.tekmedicgloves.com"
185.191.171.18 - - [11/Dec/2022:05:03:42 -0800] "GET /phpMyAdmin/setup/?token=bc390a09b9595edb43e89518564bdf3e&version_check=1 HTTP/1.1" 200 12687 "-" "Mozilla/5.0 (compatible; SemrushBot/7~bl; +http://www.semrush.com/bot.html)" "tekmedicgloves.com"
185.191.171.35 - - [11/Dec/2022:05:03:43 -0800] "GET /phpMyAdmin/setup/?token=febbe59194fcdde5265438e6c391ad8b&version_check=1 HTTP/1.1" 200 12691 "-" "Mozilla/5.0 (compatible; SemrushBot/7~bl; +http://www.semrush.com/bot.html)" "www.tekmedicgloves.com"
185.191.171.17 - - [11/Dec/2022:05:03:51 -0800] "GET /phpMyAdmin/setup/?token=cc3f39486f83eeeffa075c1f9e612d91&version_check=1 HTTP/1.1" 200 12687 "-" "Mozilla/5.0 (compatible; SemrushBot/7~bl; +http://www.semrush.com/bot.html)" "tekmedicgloves.com"
185.191.171.35 - - [11/Dec/2022:05:04:02 -0800] "GET /phpMyAdmin/setup/?token=b8cd968fb60c3be5e19732e13dae5193&version_check=1 HTTP/1.1" 200 12691 "-" "Mozilla/5.0 (compatible; SemrushBot/7~bl; +http://www.semrush.com/bot.html)" "www.tekmedicgloves.com"
185.191.171.18 - - [11/Dec/2022:05:04:06 -0800] "GET /phpMyAdmin/setup/?token=ea099a020daf6e306396ca6ef1f38490&version_check=1 HTTP/1.1" 200 12691 "-" "Mozilla/5.0 (compatible; SemrushBot/7~bl; +http://www.semrush.com/bot.html)" "www.tekmedicgloves.com"
185.191.171.7 - - [11/Dec/2022:05:04:08 -0800] "GET /phpMyAdmin/setup/?token=02e3cf86461df9a0f0619df53b6bb31b&version_check=1 HTTP/1.1" 200 12691 "-" "Mozilla/5.0 (compatible; SemrushBot/7~bl; +http://www.semrush.com/bot.html)" "www.tekmedicgloves.com"
185.191.171.20 - - [11/Dec/2022:05:04:09 -0800] "GET /phpMyAdmin/setup/?token=eb46e0e00b894418edd7fb0123d471a1&version_check=1 HTTP/1.1" 200 12691 "-" "Mozilla/5.0 (compatible; SemrushBot/7~bl; +http://www.semrush.com/bot.html)" "www.tekmedicgloves.com"
185.191.171.26 - - [11/Dec/2022:05:04:17 -0800] "GET /phpMyAdmin/setup/?token=d3cba42d2997b8396dfe27f2cf196e05&version_check=1 HTTP/1.1" 200 12691 "-" "Mozilla/5.0 (compatible; SemrushBot/7~bl; +http://www.semrush.com/bot.html)" "www.tekmedicgloves.com"
185.191.171.45 - - [11/Dec/2022:05:04:20 -0800] "GET /phpMyAdmin/setup/?token=e10acd889326de7052f89313c9df781e&version_check=1 HTTP/1.1" 200 12691 "-" "Mozilla/5.0 (compatible; SemrushBot/7~bl; +http://www.semrush.com/bot.html)" "www.tekmedicgloves.com"
185.191.171.43 - - [11/Dec/2022:05:04:21 -0800] "GET /phpMyAdmin/setup/?token=d51c209a0d618a9be0eba7bb9b12be9c&version_check=1 HTTP/1.1" 200 12691 "-" "Mozilla/5.0 (compatible; SemrushBot/7~bl; +http://www.semrush.com/bot.html)" "www.tekmedicgloves.com"
185.191.171.39 - - [11/Dec/2022:05:04:23 -0800] "GET /phpMyAdmin/setup/?token=d3fa1f475471d6fd3484d2c345ee13af&version_check=1 HTTP/1.1" 200 12691 "-" "Mozilla/5.0 (compatible; SemrushBot/7~bl; +http://www.semrush.com/bot.html)" "www.tekmedicgloves.com"
185.191.171.11 - - [11/Dec/2022:05:04:28 -0800] "GET /phpMyAdmin/setup/?token=dab682c4c569d662ea31845c08ef0826&version_check=1 HTTP/1.1" 200 12687 "-" "Mozilla/5.0 (compatible; SemrushBot/7~bl; +http://www.semrush.com/bot.html)" "tekmedicgloves.com"
185.191.171.10 - - [11/Dec/2022:05:04:47 -0800] "GET /phpMyAdmin/setup/?token=cad445a4bbc4903f60f96afaeb5e0bd2&version_check=1 HTTP/1.1" 200 12687 "-" "Mozilla/5.0 (compatible; SemrushBot/7~bl; +http://www.semrush.com/bot.html)" "tekmedicgloves.com"
185.191.171.42 - - [11/Dec/2022:05:04:53 -0800] "GET /phpMyAdmin/setup/?token=ba7ecc09a2457f09791e44374e6792f8&version_check=1 HTTP/1.1" 200 12687 "-" "Mozilla/5.0 (compatible; SemrushBot/7~bl; +http://www.semrush.com/bot.html)" "tekmedicgloves.com"
185.191.171.10 - - [11/Dec/2022:05:05:00 -0800] "GET /phpMyAdmin/setup/?token=bbdbfbf9b51a9b09fae36439c12cdd67&version_check=1 HTTP/1.1" 200 12687 "-" "Mozilla/5.0 (compatible; SemrushBot/7~bl; +http://www.semrush.com/bot.html)" "tekmedicgloves.com"
185.191.171.35 - - [11/Dec/2022:05:05:02 -0800] "GET /phpMyAdmin/setup/?token=c89459aafc60e57417b286a3e0626f27&version_check=1 HTTP/1.1" 200 12687 "-" "Mozilla/5.0 (compatible; SemrushBot/7~bl; +http://www.semrush.com/bot.html)" "tekmedicgloves.com"
185.191.171.25 - - [11/Dec/2022:05:05:11 -0800] "GET /phpMyAdmin/setup/?token=e5b5b645fcc7fc5a88b9d10fe4145b0b&version_check=1 HTTP/1.1" 200 12691 "-" "Mozilla/5.0 (compatible; SemrushBot/7~bl; +http://www.semrush.com/bot.html)" "www.tekmedicgloves.com"
185.191.171.26 - - [11/Dec/2022:05:05:19 -0800] "GET /phpMyAdmin/setup/?token=d9257377e61b19138ce37c4721beccca&version_check=1 HTTP/1.1" 200 12691 "-" "Mozilla/5.0 (compatible; SemrushBot/7~bl; +http://www.semrush.com/bot.html)" "www.tekmedicgloves.com"
185.191.171.11 - - [11/Dec/2022:05:05:25 -0800] "GET /phpMyAdmin/setup/?token=c1ccd2436e7547403247b124fc54a2ad&version_check=1 HTTP/1.1" 200 12687 "-" "Mozilla/5.0 (compatible; SemrushBot/7~bl; +http://www.semrush.com/bot.html)" "tekmedicgloves.com"
185.191.171.22 - - [11/Dec/2022:05:05:38 -0800] "GET /phpMyAdmin/setup/?token=feb84409bda919e4191f3152fa4480b1&version_check=1 HTTP/1.1" 200 12687 "-" "Mozilla/5.0 (compatible; SemrushBot/7~bl; +http://www.semrush.com/bot.html)" "tekmedicgloves.com"
185.191.171.12 - - [11/Dec/2022:05:05:53 -0800] "GET /phpMyAdmin/setup/?token=dab3b6558abc441768176a5cc9d2cc1b&version_check=1 HTTP/1.1" 200 12687 "-" "Mozilla/5.0 (compatible; SemrushBot/7~bl; +http://www.semrush.com/bot.html)" "tekmedicgloves.com"
185.191.171.34 - - [11/Dec/2022:05:06:18 -0800] "GET /phpMyAdmin/setup/?token=cf4c06541a3ccdcd377b38bc9a43bd7a&version_check=1 HTTP/1.1" 200 12687 "-" "Mozilla/5.0 (compatible; SemrushBot/7~bl; +http://www.semrush.com/bot.html)" "tekmedicgloves.com"
185.191.171.10 - - [11/Dec/2022:05:06:22 -0800] "GET /phpMyAdmin/setup/?token=fac9c0460d32fca266c34c7494c20805&version_check=1 HTTP/1.1" 200 12691 "-" "Mozilla/5.0 (compatible; SemrushBot/7~bl; +http://www.semrush.com/bot.html)" "www.tekmedicgloves.com"
185.191.171.8 - - [11/Dec/2022:05:06:31 -0800] "GET /phpMyAdmin/setup/?token=ccc7122f7dd2dab21d2f0963fb9505cd&version_check=1 HTTP/1.1" 200 12687 "-" "Mozilla/5.0 (compatible; SemrushBot/7~bl; +http://www.semrush.com/bot.html)" "tekmedicgloves.com"
185.191.171.6 - - [11/Dec/2022:05:06:32 -0800] "GET /phpMyAdmin/setup/?token=d39d4c87cf46aa7ae3e443d7a041ca49&version_check=1 HTTP/1.1" 200 12687 "-" "Mozilla/5.0 (compatible; SemrushBot/7~bl; +http://www.semrush.com/bot.html)" "tekmedicgloves.com"
185.191.171.26 - - [11/Dec/2022:05:07:18 -0800] "GET /phpMyAdmin/setup/?token=bac72c204ac1326b87e95fbf5b90ce1a&version_check=1 HTTP/1.1" 200 12687 "-" "Mozilla/5.0 (compatible; SemrushBot/7~bl; +http://www.semrush.com/bot.html)" "tekmedicgloves.com"
185.191.171.19 - - [11/Dec/2022:05:07:30 -0800] "GET /phpMyAdmin/setup/?token=bf9333cfa76a04c91a4e038aff1216ec&version_check=1 HTTP/1.1" 200 12687 "-" "Mozilla/5.0 (compatible; SemrushBot/7~bl; +http://www.semrush.com/bot.html)" "tekmedicgloves.com"
185.191.171.25 - - [11/Dec/2022:05:07:49 -0800] "GET /phpMyAdmin/setup/?token=e1575c2ce012d66c9e4a81348ce8bbdc&version_check=1 HTTP/1.1" 200 12691 "-" "Mozilla/5.0 (compatible; SemrushBot/7~bl; +http://www.semrush.com/bot.html)" "www.tekmedicgloves.com"
185.191.171.10 - - [11/Dec/2022:05:07:50 -0800] "GET /phpMyAdmin/setup/?token=0f0e745208d0061174cbe0866f259afb&version_check=1 HTTP/1.1" 200 12687 "-" "Mozilla/5.0 (compatible; SemrushBot/7~bl; +http://www.semrush.com/bot.html)" "tekmedicgloves.com"
185.191.171.1 - - [11/Dec/2022:05:07:58 -0800] "GET /phpMyAdmin/setup/?token=ee4d9e827a52dcc064f9beb2e66c6892&version_check=1 HTTP/1.1" 200 12687 "-" "Mozilla/5.0 (compatible; SemrushBot/7~bl; +http://www.semrush.com/bot.html)" "tekmedicgloves.com"
185.191.171.6 - - [11/Dec/2022:05:08:00 -0800] "GET /phpMyAdmin/setup/?token=99baaef79b2d20f12c08c92366ec3fd5&version_check=1 HTTP/1.1" 200 12687 "-" "Mozilla/5.0 (compatible; SemrushBot/7~bl; +http://www.semrush.com/bot.html)" "tekmedicgloves.com"
185.191.171.1 - - [11/Dec/2022:05:08:05 -0800] "GET /phpMyAdmin/setup/?token=d8f1a1c4a21ce57a12dd4eb01c38c8ba&version_check=1 HTTP/1.1" 200 12687 "-" "Mozilla/5.0 (compatible; SemrushBot/7~bl; +http://www.semrush.com/bot.html)" "tekmedicgloves.com"
185.191.171.2 - - [11/Dec/2022:05:08:08 -0800] "GET /phpMyAdmin/setup/?token=bfdb014d09ac1de30a2b5111221d2273&version_check=1 HTTP/1.1" 200 12691 "-" "Mozilla/5.0 (compatible; SemrushBot/7~bl; +http://www.semrush.com/bot.html)" "www.tekmedicgloves.com"
185.191.171.2 - - [11/Dec/2022:05:08:30 -0800] "GET /phpMyAdmin/setup/?token=de916959de44984b61769f941910f93d&version_check=1 HTTP/1.1" 200 12691 "-" "Mozilla/5.0 (compatible; SemrushBot/7~bl; +http://www.semrush.com/bot.html)" "www.tekmedicgloves.com"
185.191.171.5 - - [11/Dec/2022:05:08:32 -0800] "GET /phpMyAdmin/setup/?token=d5dbb9d9e0596b32a49f957312111167&version_check=1 HTTP/1.1" 200 12691 "-" "Mozilla/5.0 (compatible; SemrushBot/7~bl; +http://www.semrush.com/bot.html)" "www.tekmedicgloves.com"
185.191.171.38 - - [11/Dec/2022:05:09:05 -0800] "GET /phpMyAdmin/setup/?token=bc07819b36d824ded2afac8c74c1e300&version_check=1 HTTP/1.1" 200 12687 "-" "Mozilla/5.0 (compatible; SemrushBot/7~bl; +http://www.semrush.com/bot.html)" "tekmedicgloves.com"
185.191.171.14 - - [11/Dec/2022:05:09:15 -0800] "GET /phpMyAdmin/setup/?token=e705c3315327ecfba5eaadf926365346&version_check=1 HTTP/1.1" 200 12687 "-" "Mozilla/5.0 (compatible; SemrushBot/7~bl; +http://www.semrush.com/bot.html)" "tekmedicgloves.com"
185.191.171.42 - - [11/Dec/2022:05:09:19 -0800] "GET /phpMyAdmin/setup/?token=bce7a5515f23d7bf926b4e0942fb9591&version_check=1 HTTP/1.1" 200 12687 "-" "Mozilla/5.0 (compatible; SemrushBot/7~bl; +http://www.semrush.com/bot.html)" "tekmedicgloves.com"
185.191.171.19 - - [11/Dec/2022:05:09:19 -0800] "GET /phpMyAdmin/setup/?token=e86e90904e3ea4c0085a77c3d04a7442&version_check=1 HTTP/1.1" 200 12691 "-" "Mozilla/5.0 (compatible; SemrushBot/7~bl; +http://www.semrush.com/bot.html)" "www.tekmedicgloves.com"
185.191.171.42 - - [11/Dec/2022:05:09:21 -0800] "GET /phpMyAdmin/setup/?token=e577b8459af2816f980844c3f48e20ce&version_check=1 HTTP/1.1" 200 12691 "-" "Mozilla/5.0 (compatible; SemrushBot/7~bl; +http://www.semrush.com/bot.html)" "www.tekmedicgloves.com"
185.191.171.4 - - [11/Dec/2022:05:09:24 -0800] "GET /phpMyAdmin/setup/?token=da35e5f219a1e5c78e4846b5eb949c7e&version_check=1 HTTP/1.1" 200 12687 "-" "Mozilla/5.0 (compatible; SemrushBot/7~bl; +http://www.semrush.com/bot.html)" "tekmedicgloves.com"
185.191.171.18 - - [11/Dec/2022:05:09:39 -0800] "GET /phpMyAdmin/setup/?token=ce9b3902c848c719196a06832e07ce40&version_check=1 HTTP/1.1" 200 12687 "-" "Mozilla/5.0 (compatible; SemrushBot/7~bl; +http://www.semrush.com/bot.html)" "tekmedicgloves.com"
185.191.171.33 - - [11/Dec/2022:05:09:41 -0800] "GET /phpMyAdmin/setup/?token=e05cd6adf108d0e42b563dd5e08824ee&version_check=1 HTTP/1.1" 200 12691 "-" "Mozilla/5.0 (compatible; SemrushBot/7~bl; +http://www.semrush.com/bot.html)" "www.tekmedicgloves.com"
185.191.171.25 - - [11/Dec/2022:05:09:45 -0800] "GET /phpMyAdmin/setup/?token=e9bbfdb7f394add35dd9bb94afc31ef9&version_check=1 HTTP/1.1" 200 12691 "-" "Mozilla/5.0 (compatible; SemrushBot/7~bl; +http://www.semrush.com/bot.html)" "www.tekmedicgloves.com"
185.191.171.18 - - [11/Dec/2022:05:09:48 -0800] "GET /phpMyAdmin/setup/?token=ba47d6745ad8bd5f0c1f1d75a164e2a9&version_check=1 HTTP/1.1" 200 12687 "-" "Mozilla/5.0 (compatible; SemrushBot/7~bl; +http://www.semrush.com/bot.html)" "tekmedicgloves.com"
185.191.171.12 - - [11/Dec/2022:05:10:03 -0800] "GET /phpMyAdmin/setup/?token=bd20cfd819d453036e88fd670ec6d2b4&version_check=1 HTTP/1.1" 200 12687 "-" "Mozilla/5.0 (compatible; SemrushBot/7~bl; +http://www.semrush.com/bot.html)" "tekmedicgloves.com"
185.191.171.37 - - [11/Dec/2022:05:10:32 -0800] "GET /phpMyAdmin/setup/?token=ee2c6e479dd282f0068633eaba3badf2&version_check=1 HTTP/1.1" 200 12687 "-" "Mozilla/5.0 (compatible; SemrushBot/7~bl; +http://www.semrush.com/bot.html)" "tekmedicgloves.com"
185.191.171.34 - - [11/Dec/2022:05:11:07 -0800] "GET /phpMyAdmin/setup/?token=0b1644c000797e320579469add8a3a34&version_check=1 HTTP/1.1" 200 12691 "-" "Mozilla/5.0 (compatible; SemrushBot/7~bl; +http://www.semrush.com/bot.html)" "www.tekmedicgloves.com"
51.222.253.20 - - [11/Dec/2022:05:11:09 -0800] "GET /phpMyAdmin/ HTTP/1.1" 200 7540 "-" "Mozilla/5.0 (compatible; AhrefsBot/7.0; +http://ahrefs.com/robot/)" "tekmedicgloves.com"
51.222.253.11 - - [11/Dec/2022:05:11:19 -0800] "GET /phpMyAdmin/js/jquery/jquery-1.4.4.js?ts=1411961483 HTTP/1.1" 200 26873 "-" "Mozilla/5.0 (compatible; AhrefsBot/7.0; +http://ahrefs.com/robot/)" "tekmedicgloves.com"
185.191.171.15 - - [11/Dec/2022:05:11:23 -0800] "GET /phpMyAdmin/setup/?token=bde4c402df03bc1deebd6b807f9a6ef7&version_check=1 HTTP/1.1" 200 12687 "-" "Mozilla/5.0 (compatible; SemrushBot/7~bl; +http://www.semrush.com/bot.html)" "tekmedicgloves.com"
51.222.253.14 - - [11/Dec/2022:05:11:25 -0800] "GET /phpMyAdmin/js/jquery/jquery.qtip-1.0.0.min.js?ts=1411961483 HTTP/1.1" 200 9496 "-" "Mozilla/5.0 (compatible; AhrefsBot/7.0; +http://ahrefs.com/robot/)" "tekmedicgloves.com"
51.222.253.6 - - [11/Dec/2022:05:11:30 -0800] "GET /phpMyAdmin/themes/pmahomme/img/logo_right.png HTTP/1.1" 200 4921 "-" "Mozilla/5.0 (compatible; AhrefsBot/7.0; +http://ahrefs.com/robot/)" "tekmedicgloves.com"
51.222.253.10 - - [11/Dec/2022:05:11:35 -0800] "GET /phpMyAdmin/phpmyadmin.css.php?server=1&lang=en&collation_connection=utf8_general_ci&js_frame=right&nocache=4235884842 HTTP/1.1" 200 41672 "-" "Mozilla/5.0 (compatible; AhrefsBot/7.0; +http://ahrefs.com/robot/)" "tekmedicgloves.com"
51.222.253.9 - - [11/Dec/2022:05:11:41 -0800] "GET /phpMyAdmin/themes/pmahomme/img/b_help.png HTTP/1.1" 200 1594 "-" "Mozilla/5.0 (compatible; AhrefsBot/7.0; +http://ahrefs.com/robot/)" "tekmedicgloves.com"
51.222.253.15 - - [11/Dec/2022:05:11:46 -0800] "GET /phpMyAdmin/print.css HTTP/1.1" 200 312 "-" "Mozilla/5.0 (compatible; AhrefsBot/7.0; +http://ahrefs.com/robot/)" "tekmedicgloves.com"
51.222.253.13 - - [11/Dec/2022:05:11:46 -0800] "GET /phpMyAdmin/js/messages.php?lang=en&db=&collation_connection=utf8_general_ci HTTP/1.1" 200 4935 "-" "Mozilla/5.0 (compatible; AhrefsBot/7.0; +http://ahrefs.com/robot/)" "tekmedicgloves.com"
51.222.253.10 - - [11/Dec/2022:05:11:51 -0800] "GET /phpMyAdmin/themes/pmahomme/jquery/jquery-ui-1.8.custom.css HTTP/1.1" 200 5801 "-" "Mozilla/5.0 (compatible; AhrefsBot/7.0; +http://ahrefs.com/robot/)" "tekmedicgloves.com"
185.191.171.17 - - [11/Dec/2022:05:11:55 -0800] "GET /phpMyAdmin/setup/?token=be0e64ff9e75d245920556e5ae0670f7&version_check=1 HTTP/1.1" 200 12687 "-" "Mozilla/5.0 (compatible; SemrushBot/7~bl; +http://www.semrush.com/bot.html)" "tekmedicgloves.com"
51.222.253.18 - - [11/Dec/2022:05:11:57 -0800] "GET /phpMyAdmin/js/cross_framing_protection.js?ts=1411961483 HTTP/1.1" 200 177 "-" "Mozilla/5.0 (compatible; AhrefsBot/7.0; +http://ahrefs.com/robot/)" "tekmedicgloves.com"
51.222.253.18 - - [11/Dec/2022:05:11:57 -0800] "GET /phpMyAdmin/js/functions.js?ts=1411961483 HTTP/1.1" 200 9047 "-" "Mozilla/5.0 (compatible; AhrefsBot/7.0; +http://ahrefs.com/robot/)" "tekmedicgloves.com"
185.191.171.20 - - [11/Dec/2022:05:12:04 -0800] "GET /phpMyAdmin/setup/?token=edc47f07784c2a75f0c54b0fe464e271&version_check=1 HTTP/1.1" 200 12691 "-" "Mozilla/5.0 (compatible; SemrushBot/7~bl; +http://www.semrush.com/bot.html)" "www.tekmedicgloves.com"
185.191.171.39 - - [11/Dec/2022:05:12:07 -0800] "GET /phpMyAdmin/setup/?token=c26a7de0b3b40e01a41ccecaa71cb602&version_check=1 HTTP/1.1" 200 12687 "-" "Mozilla/5.0 (compatible; SemrushBot/7~bl; +http://www.semrush.com/bot.html)" "tekmedicgloves.com"
185.191.171.8 - - [11/Dec/2022:05:12:15 -0800] "GET /phpMyAdmin/setup/?token=ded491130d9ecd8fef95b2c08368b2e9&version_check=1 HTTP/1.1" 200 12691 "-" "Mozilla/5.0 (compatible; SemrushBot/7~bl; +http://www.semrush.com/bot.html)" "www.tekmedicgloves.com"
185.191.171.23 - - [11/Dec/2022:05:12:15 -0800] "GET /phpMyAdmin/setup/?token=c5165d7f4c2afc7462d1ff6f2368e51d&version_check=1 HTTP/1.1" 200 12687 "-" "Mozilla/5.0 (compatible; SemrushBot/7~bl; +http://www.semrush.com/bot.html)" "tekmedicgloves.com"
185.191.171.20 - - [11/Dec/2022:05:12:18 -0800] "GET /phpMyAdmin/setup/?token=07ac56033b79c169169a1721034fb2e2&version_check=1 HTTP/1.1" 200 12691 "-" "Mozilla/5.0 (compatible; SemrushBot/7~bl; +http://www.semrush.com/bot.html)" "www.tekmedicgloves.com"
185.191.171.1 - - [11/Dec/2022:05:12:32 -0800] "GET /phpMyAdmin/setup/?token=f3f25e4ff41f2557ab92ef34384de3ff&version_check=1 HTTP/1.1" 200 12691 "-" "Mozilla/5.0 (compatible; SemrushBot/7~bl; +http://www.semrush.com/bot.html)" "www.tekmedicgloves.com"
185.191.171.17 - - [11/Dec/2022:05:12:44 -0800] "GET /phpMyAdmin/setup/?token=ebd225e13f900a5bdada10e4709ae8b4&version_check=1 HTTP/1.1" 200 12691 "-" "Mozilla/5.0 (compatible; SemrushBot/7~bl; +http://www.semrush.com/bot.html)" "www.tekmedicgloves.com"
185.191.171.4 - - [11/Dec/2022:05:12:49 -0800] "GET /phpMyAdmin/setup/?token=f4f979b8da7dd79f8f9ccc5db28be6a2&version_check=1 HTTP/1.1" 200 12687 "-" "Mozilla/5.0 (compatible; SemrushBot/7~bl; +http://www.semrush.com/bot.html)" "tekmedicgloves.com"
185.191.171.22 - - [11/Dec/2022:05:13:06 -0800] "GET /phpMyAdmin/setup/?token=f4a8985234af2228689370487a8b54fb&version_check=1 HTTP/1.1" 200 12691 "-" "Mozilla/5.0 (compatible; SemrushBot/7~bl; +http://www.semrush.com/bot.html)" "www.tekmedicgloves.com"
185.191.171.23 - - [11/Dec/2022:05:13:14 -0800] "GET /phpMyAdmin/setup/?token=dfd09b1ec7446eb21fc636fce61c8106&version_check=1 HTTP/1.1" 200 12691 "-" "Mozilla/5.0 (compatible; SemrushBot/7~bl; +http://www.semrush.com/bot.html)" "www.tekmedicgloves.com"
185.191.171.6 - - [11/Dec/2022:05:13:24 -0800] "GET /phpMyAdmin/setup/?token=e54df4aa9c06c0e13d97d7e068398a0c&version_check=1 HTTP/1.1" 200 12691 "-" "Mozilla/5.0 (compatible; SemrushBot/7~bl; +http://www.semrush.com/bot.html)" "www.tekmedicgloves.com"
185.191.171.16 - - [11/Dec/2022:05:13:39 -0800] "GET /phpMyAdmin/setup/?token=c7b80060e466803e2c56ddd824434cb4&version_check=1 HTTP/1.1" 200 12687 "-" "Mozilla/5.0 (compatible; SemrushBot/7~bl; +http://www.semrush.com/bot.html)" "tekmedicgloves.com"
185.191.171.1 - - [11/Dec/2022:05:13:45 -0800] "GET /phpMyAdmin/setup/?token=f4ba84faa8cdc8156acf2dd4fa0bcd06&version_check=1 HTTP/1.1" 200 12687 "-" "Mozilla/5.0 (compatible; SemrushBot/7~bl; +http://www.semrush.com/bot.html)" "tekmedicgloves.com"
185.191.171.9 - - [11/Dec/2022:05:13:53 -0800] "GET /phpMyAdmin/setup/?token=c2f48bfa3b71d6e9b3f913df76f1d2ae&version_check=1 HTTP/1.1" 200 12687 "-" "Mozilla/5.0 (compatible; SemrushBot/7~bl; +http://www.semrush.com/bot.html)" "tekmedicgloves.com"
185.191.171.23 - - [11/Dec/2022:05:14:03 -0800] "GET /phpMyAdmin/setup/?token=d821ed2898ead4457f4a54f1bf9e6182&version_check=1 HTTP/1.1" 200 12687 "-" "Mozilla/5.0 (compatible; SemrushBot/7~bl; +http://www.semrush.com/bot.html)" "tekmedicgloves.com"
185.191.171.22 - - [11/Dec/2022:05:14:12 -0800] "GET /phpMyAdmin/setup/?token=e2d2e3d5d2c268da034e98281cc1e732&version_check=1 HTTP/1.1" 200 12691 "-" "Mozilla/5.0 (compatible; SemrushBot/7~bl; +http://www.semrush.com/bot.html)" "www.tekmedicgloves.com"
185.191.171.45 - - [11/Dec/2022:05:14:13 -0800] "GET /phpMyAdmin/setup/?token=eeb8c88af8a91e4461117655afd18f9e&version_check=1 HTTP/1.1" 200 12691 "-" "Mozilla/5.0 (compatible; SemrushBot/7~bl; +http://www.semrush.com/bot.html)" "www.tekmedicgloves.com"
185.191.171.35 - - [11/Dec/2022:05:14:16 -0800] "GET /phpMyAdmin/setup/?token=ee19c1e293396aba5bcea6f08f2ee3fa&version_check=1 HTTP/1.1" 200 12687 "-" "Mozilla/5.0 (compatible; SemrushBot/7~bl; +http://www.semrush.com/bot.html)" "tekmedicgloves.com"
185.191.171.25 - - [11/Dec/2022:05:14:33 -0800] "GET /phpMyAdmin/setup/?token=d573f869399d152ca83580545432beba&version_check=1 HTTP/1.1" 200 12691 "-" "Mozilla/5.0 (compatible; SemrushBot/7~bl; +http://www.semrush.com/bot.html)" "www.tekmedicgloves.com"
185.191.171.3 - - [11/Dec/2022:05:14:44 -0800] "GET /phpMyAdmin/setup/?token=d7a6f0e341923d8d14c908f9b235e0c6&version_check=1 HTTP/1.1" 200 12687 "-" "Mozilla/5.0 (compatible; SemrushBot/7~bl; +http://www.semrush.com/bot.html)" "tekmedicgloves.com"
185.191.171.7 - - [11/Dec/2022:05:14:48 -0800] "GET /phpMyAdmin/setup/?token=e6c8eca742302756820e114202b644a6&version_check=1 HTTP/1.1" 200 12687 "-" "Mozilla/5.0 (compatible; SemrushBot/7~bl; +http://www.semrush.com/bot.html)" "tekmedicgloves.com"
185.191.171.36 - - [11/Dec/2022:05:14:52 -0800] "GET /phpMyAdmin/setup/?token=fc420c86fa7bbeb3b2a16a90d24126af&version_check=1 HTTP/1.1" 200 12687 "-" "Mozilla/5.0 (compatible; SemrushBot/7~bl; +http://www.semrush.com/bot.html)" "tekmedicgloves.com"
185.191.171.2 - - [11/Dec/2022:05:15:20 -0800] "GET /phpMyAdmin/setup/?token=09d2329d9fe55806beee118bca078d73&version_check=1 HTTP/1.1" 200 12691 "-" "Mozilla/5.0 (compatible; SemrushBot/7~bl; +http://www.semrush.com/bot.html)" "www.tekmedicgloves.com"
185.191.171.14 - - [11/Dec/2022:05:15:20 -0800] "GET /phpMyAdmin/setup/?token=fac023a3cd3731abd2f7a0b6c36a31ca&version_check=1 HTTP/1.1" 200 12687 "-" "Mozilla/5.0 (compatible; SemrushBot/7~bl; +http://www.semrush.com/bot.html)" "tekmedicgloves.com"
185.191.171.1 - - [11/Dec/2022:05:15:31 -0800] "GET /phpMyAdmin/setup/?token=f5084e745c837b209809bb54ba6765c1&version_check=1 HTTP/1.1" 200 12687 "-" "Mozilla/5.0 (compatible; SemrushBot/7~bl; +http://www.semrush.com/bot.html)" "tekmedicgloves.com"
185.191.171.6 - - [11/Dec/2022:05:15:47 -0800] "GET /phpMyAdmin/setup/?token=c0cb9fb39c3603e618bd79a3357d0500&version_check=1 HTTP/1.1" 200 12687 "-" "Mozilla/5.0 (compatible; SemrushBot/7~bl; +http://www.semrush.com/bot.html)" "tekmedicgloves.com"
185.191.171.1 - - [11/Dec/2022:05:16:10 -0800] "GET /phpMyAdmin/setup/?token=d3922a5962cba42b10309f765418a39e&version_check=1 HTTP/1.1" 200 12687 "-" "Mozilla/5.0 (compatible; SemrushBot/7~bl; +http://www.semrush.com/bot.html)" "tekmedicgloves.com"
185.191.171.35 - - [11/Dec/2022:05:16:13 -0800] "GET /phpMyAdmin/setup/?token=e49d3253119e356d7a347a8e59b68cbb&version_check=1 HTTP/1.1" 200 12691 "-" "Mozilla/5.0 (compatible; SemrushBot/7~bl; +http://www.semrush.com/bot.html)" "www.tekmedicgloves.com"
185.191.171.35 - - [11/Dec/2022:05:16:20 -0800] "GET /phpMyAdmin/setup/?token=d917efe46eeb4af2c03b8f753cf7be91&version_check=1 HTTP/1.1" 200 12691 "-" "Mozilla/5.0 (compatible; SemrushBot/7~bl; +http://www.semrush.com/bot.html)" "www.tekmedicgloves.com"
185.191.171.10 - - [11/Dec/2022:05:16:31 -0800] "GET /phpMyAdmin/setup/?token=e467b615d69e34f2961fc6fcbe7bf11c&version_check=1 HTTP/1.1" 200 12687 "-" "Mozilla/5.0 (compatible; SemrushBot/7~bl; +http://www.semrush.com/bot.html)" "tekmedicgloves.com"
185.191.171.7 - - [11/Dec/2022:05:17:33 -0800] "GET /phpMyAdmin/setup/?token=c17f04ab4d8699d6b1bc97535346e5d3&version_check=1 HTTP/1.1" 200 12691 "-" "Mozilla/5.0 (compatible; SemrushBot/7~bl; +http://www.semrush.com/bot.html)" "www.tekmedicgloves.com"
185.191.171.7 - - [11/Dec/2022:05:17:38 -0800] "GET /phpMyAdmin/setup/?token=c3b136d262381fd0fdded58487a8c183&version_check=1 HTTP/1.1" 200 12691 "-" "Mozilla/5.0 (compatible; SemrushBot/7~bl; +http://www.semrush.com/bot.html)" "www.tekmedicgloves.com"
185.191.171.41 - - [11/Dec/2022:05:17:39 -0800] "GET /phpMyAdmin/setup/?token=bbd397c17058f1547c2d0c2bd2f95e3a&version_check=1 HTTP/1.1" 200 12687 "-" "Mozilla/5.0 (compatible; SemrushBot/7~bl; +http://www.semrush.com/bot.html)" "tekmedicgloves.com"
185.191.171.39 - - [11/Dec/2022:05:17:47 -0800] "GET /phpMyAdmin/setup/?token=0ff48936ea4fa424e07d3e2842475c05&version_check=1 HTTP/1.1" 200 12687 "-" "Mozilla/5.0 (compatible; SemrushBot/7~bl; +http://www.semrush.com/bot.html)" "tekmedicgloves.com"
185.191.171.15 - - [11/Dec/2022:05:17:55 -0800] "GET /phpMyAdmin/setup/?token=dbf25bd27a9191b391a7b906996ed728&version_check=1 HTTP/1.1" 200 12691 "-" "Mozilla/5.0 (compatible; SemrushBot/7~bl; +http://www.semrush.com/bot.html)" "www.tekmedicgloves.com"
185.191.171.12 - - [11/Dec/2022:05:18:03 -0800] "GET /phpMyAdmin/setup/?token=bcfe277f2476af098ea1cf78b20e5867&version_check=1 HTTP/1.1" 200 12687 "-" "Mozilla/5.0 (compatible; SemrushBot/7~bl; +http://www.semrush.com/bot.html)" "tekmedicgloves.com"
185.191.171.14 - - [11/Dec/2022:05:18:05 -0800] "GET /phpMyAdmin/setup/?token=c46054fa4810ac0a0a8b3bd1272ae75f&version_check=1 HTTP/1.1" 200 12687 "-" "Mozilla/5.0 (compatible; SemrushBot/7~bl; +http://www.semrush.com/bot.html)" "tekmedicgloves.com"
185.191.171.16 - - [11/Dec/2022:05:18:06 -0800] "GET /phpMyAdmin/setup/?token=fd7ee4be52e5cf2156a3e3586977d743&version_check=1 HTTP/1.1" 200 12691 "-" "Mozilla/5.0 (compatible; SemrushBot/7~bl; +http://www.semrush.com/bot.html)" "www.tekmedicgloves.com"
185.191.171.4 - - [11/Dec/2022:05:18:32 -0800] "GET /phpMyAdmin/setup/?token=ecc8e449bd34d229e2d98010c2874458&version_check=1 HTTP/1.1" 200 12691 "-" "Mozilla/5.0 (compatible; SemrushBot/7~bl; +http://www.semrush.com/bot.html)" "www.tekmedicgloves.com"
185.191.171.19 - - [11/Dec/2022:05:18:46 -0800] "GET /phpMyAdmin/setup/?token=c0d3ea30d720f19b071f40b4d1e3d6bd&version_check=1 HTTP/1.1" 200 12691 "-" "Mozilla/5.0 (compatible; SemrushBot/7~bl; +http://www.semrush.com/bot.html)" "www.tekmedicgloves.com"
185.191.171.20 - - [11/Dec/2022:05:18:47 -0800] "GET /phpMyAdmin/setup/?token=2ec7cbda1a4cfa2052ad87cb903f5c9c&version_check=1 HTTP/1.1" 200 12691 "-" "Mozilla/5.0 (compatible; SemrushBot/7~bl; +http://www.semrush.com/bot.html)" "www.tekmedicgloves.com"
185.191.171.6 - - [11/Dec/2022:05:19:00 -0800] "GET /phpMyAdmin/setup/?token=e7c34a728bb812f664995cffd233d307&version_check=1 HTTP/1.1" 200 12691 "-" "Mozilla/5.0 (compatible; SemrushBot/7~bl; +http://www.semrush.com/bot.html)" "www.tekmedicgloves.com"
185.191.171.38 - - [11/Dec/2022:05:19:06 -0800] "GET /phpMyAdmin/setup/?token=bb37235849cd55012939a450237719b9&version_check=1 HTTP/1.1" 200 12691 "-" "Mozilla/5.0 (compatible; SemrushBot/7~bl; +http://www.semrush.com/bot.html)" "www.tekmedicgloves.com"
185.191.171.17 - - [11/Dec/2022:05:19:17 -0800] "GET /phpMyAdmin/setup/?token=023e9a7ef938777efb0e9df9f2597833&version_check=1 HTTP/1.1" 200 12687 "-" "Mozilla/5.0 (compatible; SemrushBot/7~bl; +http://www.semrush.com/bot.html)" "tekmedicgloves.com"
185.191.171.42 - - [11/Dec/2022:05:19:29 -0800] "GET /phpMyAdmin/setup/?token=c2b60530846f20fb14f536c1c4c570ac&version_check=1 HTTP/1.1" 200 12687 "-" "Mozilla/5.0 (compatible; SemrushBot/7~bl; +http://www.semrush.com/bot.html)" "tekmedicgloves.com"
185.191.171.15 - - [11/Dec/2022:05:19:40 -0800] "GET /phpMyAdmin/setup/?token=dc8d288f0fb5af93468ff096bf44c49f&version_check=1 HTTP/1.1" 200 12691 "-" "Mozilla/5.0 (compatible; SemrushBot/7~bl; +http://www.semrush.com/bot.html)" "www.tekmedicgloves.com"
185.191.171.7 - - [11/Dec/2022:05:19:43 -0800] "GET /phpMyAdmin/setup/?token=e61e1dd298e6971ed9c1284fc469e82d&version_check=1 HTTP/1.1" 200 12691 "-" "Mozilla/5.0 (compatible; SemrushBot/7~bl; +http://www.semrush.com/bot.html)" "www.tekmedicgloves.com"
185.191.171.19 - - [11/Dec/2022:05:19:52 -0800] "GET /phpMyAdmin/setup/?token=03fbee8bd3372292e8d489059f65bf3e&version_check=1 HTTP/1.1" 200 12691 "-" "Mozilla/5.0 (compatible; SemrushBot/7~bl; +http://www.semrush.com/bot.html)" "www.tekmedicgloves.com"
185.191.171.17 - - [11/Dec/2022:05:20:05 -0800] "GET /phpMyAdmin/setup/?token=08b28a22d2abb8a491269a8fde1ca3fe&version_check=1 HTTP/1.1" 200 12687 "-" "Mozilla/5.0 (compatible; SemrushBot/7~bl; +http://www.semrush.com/bot.html)" "tekmedicgloves.com"
185.191.171.24 - - [11/Dec/2022:05:20:11 -0800] "GET /phpMyAdmin/setup/?token=d07c42a596c2486a84d05ecc6430b794&version_check=1 HTTP/1.1" 200 12687 "-" "Mozilla/5.0 (compatible; SemrushBot/7~bl; +http://www.semrush.com/bot.html)" "tekmedicgloves.com"
185.191.171.37 - - [11/Dec/2022:05:20:25 -0800] "GET /phpMyAdmin/setup/?token=04f5a70986bd174b7bcd6b5fd17e6b42&version_check=1 HTTP/1.1" 200 12687 "-" "Mozilla/5.0 (compatible; SemrushBot/7~bl; +http://www.semrush.com/bot.html)" "tekmedicgloves.com"
185.191.171.6 - - [11/Dec/2022:05:20:29 -0800] "GET /phpMyAdmin/setup/?token=bbed8d21842ad190ec1032b5b88bb1e4&version_check=1 HTTP/1.1" 200 12687 "-" "Mozilla/5.0 (compatible; SemrushBot/7~bl; +http://www.semrush.com/bot.html)" "tekmedicgloves.com"
185.191.171.24 - - [11/Dec/2022:05:20:32 -0800] "GET /phpMyAdmin/setup/?token=fd182938dc1ba89f48d19b7d3144590d&version_check=1 HTTP/1.1" 200 12687 "-" "Mozilla/5.0 (compatible; SemrushBot/7~bl; +http://www.semrush.com/bot.html)" "tekmedicgloves.com"
185.191.171.21 - - [11/Dec/2022:05:20:33 -0800] "GET /phpMyAdmin/setup/?token=ba73c5bc53479806ae9071a1b80836af&version_check=1 HTTP/1.1" 200 12687 "-" "Mozilla/5.0 (compatible; SemrushBot/7~bl; +http://www.semrush.com/bot.html)" "tekmedicgloves.com"
185.191.171.4 - - [11/Dec/2022:05:20:41 -0800] "GET /phpMyAdmin/setup/?token=bb79b968201042e34f4664f990b9f2f7&version_check=1 HTTP/1.1" 200 12687 "-" "Mozilla/5.0 (compatible; SemrushBot/7~bl; +http://www.semrush.com/bot.html)" "tekmedicgloves.com"
185.191.171.19 - - [11/Dec/2022:05:20:59 -0800] "GET /phpMyAdmin/setup/?token=11ca831f1b46217584aa1d36c876879d&version_check=1 HTTP/1.1" 200 12687 "-" "Mozilla/5.0 (compatible; SemrushBot/7~bl; +http://www.semrush.com/bot.html)" "tekmedicgloves.com"
185.191.171.24 - - [11/Dec/2022:05:21:04 -0800] "GET /phpMyAdmin/setup/?token=1153dbeca085cf28c0c6ef34a40cb2e4&version_check=1 HTTP/1.1" 200 12687 "-" "Mozilla/5.0 (compatible; SemrushBot/7~bl; +http://www.semrush.com/bot.html)" "tekmedicgloves.com"
185.191.171.44 - - [11/Dec/2022:05:21:38 -0800] "GET /phpMyAdmin/setup/?token=0fd2e268c769ab780b01dea497b777c2&version_check=1 HTTP/1.1" 200 12687 "-" "Mozilla/5.0 (compatible; SemrushBot/7~bl; +http://www.semrush.com/bot.html)" "tekmedicgloves.com"
185.191.171.25 - - [11/Dec/2022:05:22:27 -0800] "GET /phpMyAdmin/setup/?token=00a4140b240712e099fa8931991ad7f7&version_check=1 HTTP/1.1" 200 12691 "-" "Mozilla/5.0 (compatible; SemrushBot/7~bl; +http://www.semrush.com/bot.html)" "www.tekmedicgloves.com"
185.191.171.5 - - [11/Dec/2022:05:22:38 -0800] "GET /phpMyAdmin/setup/?token=be1e2cd1e0b4fc169357ad3889a6f2c6&version_check=1 HTTP/1.1" 200 12687 "-" "Mozilla/5.0 (compatible; SemrushBot/7~bl; +http://www.semrush.com/bot.html)" "tekmedicgloves.com"
185.191.171.4 - - [11/Dec/2022:05:22:45 -0800] "GET /phpMyAdmin/setup/?token=c091614003050bb594d610434d97a649&version_check=1 HTTP/1.1" 200 12687 "-" "Mozilla/5.0 (compatible; SemrushBot/7~bl; +http://www.semrush.com/bot.html)" "tekmedicgloves.com"
91.219.212.204 - - [11/Dec/2022:05:22:51 -0800] "GET /beta/products.php?cat=24%27&subcat=29 HTTP/1.1" 200 35787 "-" "Mozilla/5.0 (Windows NT 10.0; Win64; x64) AppleWebKit/537.36 (KHTML, like Gecko) Chrome/80.0.3987.163 Safari/537.36" "www.tekmedicgloves.com"
185.191.171.43 - - [11/Dec/2022:05:22:53 -0800] "GET /robots.txt HTTP/1.1" 404 88 "-" "Mozilla/5.0 (compatible; SemrushBot/7~bl; +http://www.semrush.com/bot.html)" "tekmedicgloves.com"
185.191.171.44 - - [11/Dec/2022:05:22:54 -0800] "GET /phpMyAdmin/setup/?token=cc6fd8f5a344766fbaad1840954474af&version_check=1 HTTP/1.1" 200 12687 "-" "Mozilla/5.0 (compatible; SemrushBot/7~bl; +http://www.semrush.com/bot.html)" "tekmedicgloves.com"
91.219.212.204 - - [11/Dec/2022:05:22:54 -0800] "GET /beta/products.php?cat=24&subcat=29%27 HTTP/1.1" 200 35755 "-" "Mozilla/5.0 (Windows NT 10.0; Win64; x64) AppleWebKit/537.36 (KHTML, like Gecko) Chrome/80.0.3987.163 Safari/537.36" "www.tekmedicgloves.com"
185.191.171.44 - - [11/Dec/2022:05:22:54 -0800] "GET /phpMyAdmin/setup/?token=fea6cd39e5e34859ef4bfd0ca2d55c06&version_check=1 HTTP/1.1" 200 12691 "-" "Mozilla/5.0 (compatible; SemrushBot/7~bl; +http://www.semrush.com/bot.html)" "www.tekmedicgloves.com"
185.191.171.4 - - [11/Dec/2022:05:23:07 -0800] "GET /phpMyAdmin/setup/?token=c005cb16f7b41ee34737e35c311d11cb&version_check=1 HTTP/1.1" 200 12687 "-" "Mozilla/5.0 (compatible; SemrushBot/7~bl; +http://www.semrush.com/bot.html)" "tekmedicgloves.com"
185.191.171.43 - - [11/Dec/2022:05:23:19 -0800] "GET /phpMyAdmin/setup/?token=e4e863353a162e2edcfe51dfc3eb99c0&version_check=1 HTTP/1.1" 200 12691 "-" "Mozilla/5.0 (compatible; SemrushBot/7~bl; +http://www.semrush.com/bot.html)" "www.tekmedicgloves.com"
185.191.171.16 - - [11/Dec/2022:05:23:50 -0800] "GET /phpMyAdmin/setup/?token=bb0de1aae11b44aeabbe4390d545c1ba&version_check=1 HTTP/1.1" 200 12687 "-" "Mozilla/5.0 (compatible; SemrushBot/7~bl; +http://www.semrush.com/bot.html)" "tekmedicgloves.com"
185.191.171.4 - - [11/Dec/2022:05:24:16 -0800] "GET /phpMyAdmin/setup/?token=0b897e2edf6bcf49afcee8e64f0cf399&version_check=1 HTTP/1.1" 200 12687 "-" "Mozilla/5.0 (compatible; SemrushBot/7~bl; +http://www.semrush.com/bot.html)" "tekmedicgloves.com"
185.191.171.9 - - [11/Dec/2022:05:24:26 -0800] "GET /phpMyAdmin/setup/?token=c44358b4651fbed7b82dac88bfaa0536&version_check=1 HTTP/1.1" 200 12687 "-" "Mozilla/5.0 (compatible; SemrushBot/7~bl; +http://www.semrush.com/bot.html)" "tekmedicgloves.com"
185.191.171.22 - - [11/Dec/2022:05:24:46 -0800] "GET /phpMyAdmin/setup/?token=d305eb277f3987cb2329838e1fbe2ce7&version_check=1 HTTP/1.1" 200 12691 "-" "Mozilla/5.0 (compatible; SemrushBot/7~bl; +http://www.semrush.com/bot.html)" "www.tekmedicgloves.com"
