185.191.171.13 - - [11/Dec/2022:06:39:57 -0800] "GET /phpMyAdmin/setup/?token=cf7e0087f69a6eecf84bba2759207def&version_check=1 HTTP/1.1" 200 12687 "-" "Mozilla/5.0 (compatible; SemrushBot/7~bl; +http://www.semrush.com/bot.html)" "tekmedicgloves.com"
185.191.171.11 - - [11/Dec/2022:06:39:57 -0800] "GET /phpMyAdmin/setup/?token=f4b223acc31b4167584b6b1a2cdc5e84&version_check=1 HTTP/1.1" 200 12691 "-" "Mozilla/5.0 (compatible; SemrushBot/7~bl; +http://www.semrush.com/bot.html)" "www.tekmedicgloves.com"
185.191.171.3 - - [11/Dec/2022:06:40:10 -0800] "GET /phpMyAdmin/setup/?token=99c3f8f78fb34f64f2869ef7c3d7a20a&version_check=1 HTTP/1.1" 200 12687 "-" "Mozilla/5.0 (compatible; SemrushBot/7~bl; +http://www.semrush.com/bot.html)" "tekmedicgloves.com"
185.191.171.20 - - [11/Dec/2022:06:40:14 -0800] "GET /phpMyAdmin/setup/?token=c44533eebb0f16a11797b90ba8ba007e&version_check=1 HTTP/1.1" 200 12687 "-" "Mozilla/5.0 (compatible; SemrushBot/7~bl; +http://www.semrush.com/bot.html)" "tekmedicgloves.com"
185.191.171.24 - - [11/Dec/2022:06:40:20 -0800] "GET /phpMyAdmin/setup/?token=fcfdc8135ff42f2ef7390c8e60c195cc&version_check=1 HTTP/1.1" 200 12687 "-" "Mozilla/5.0 (compatible; SemrushBot/7~bl; +http://www.semrush.com/bot.html)" "tekmedicgloves.com"
185.191.171.10 - - [11/Dec/2022:06:40:27 -0800] "GET /phpMyAdmin/setup/?token=e9570d42b3f1819959e7fe6ba5a1b382&version_check=1 HTTP/1.1" 200 12687 "-" "Mozilla/5.0 (compatible; SemrushBot/7~bl; +http://www.semrush.com/bot.html)" "tekmedicgloves.com"
185.191.171.10 - - [11/Dec/2022:06:40:35 -0800] "GET /phpMyAdmin/setup/?token=c7c8208a84cf8ec37b84832d7f070e9b&version_check=1 HTTP/1.1" 200 12691 "-" "Mozilla/5.0 (compatible; SemrushBot/7~bl; +http://www.semrush.com/bot.html)" "www.tekmedicgloves.com"
185.191.171.8 - - [11/Dec/2022:06:40:39 -0800] "GET /phpMyAdmin/setup/?token=bd81dd42fba1f75337beae50d6cd7433&version_check=1 HTTP/1.1" 200 12691 "-" "Mozilla/5.0 (compatible; SemrushBot/7~bl; +http://www.semrush.com/bot.html)" "www.tekmedicgloves.com"
185.191.171.36 - - [11/Dec/2022:06:40:46 -0800] "GET /phpMyAdmin/setup/?token=fe93e0693a2c5695311972cba86999f0&version_check=1 HTTP/1.1" 200 12691 "-" "Mozilla/5.0 (compatible; SemrushBot/7~bl; +http://www.semrush.com/bot.html)" "www.tekmedicgloves.com"
185.191.171.2 - - [11/Dec/2022:06:40:52 -0800] "GET /phpMyAdmin/setup/?token=c03a33fd690e0881026c1e91ada57f26&version_check=1 HTTP/1.1" 200 12687 "-" "Mozilla/5.0 (compatible; SemrushBot/7~bl; +http://www.semrush.com/bot.html)" "tekmedicgloves.com"
185.191.171.20 - - [11/Dec/2022:06:40:54 -0800] "GET /phpMyAdmin/setup/?token=e03a32eeb5252623a00bb7c800fee57c&version_check=1 HTTP/1.1" 200 12691 "-" "Mozilla/5.0 (compatible; SemrushBot/7~bl; +http://www.semrush.com/bot.html)" "www.tekmedicgloves.com"
185.191.171.11 - - [11/Dec/2022:06:41:05 -0800] "GET /phpMyAdmin/setup/?token=de23943ae78a1322e7372ac06b087b9f&version_check=1 HTTP/1.1" 200 12691 "-" "Mozilla/5.0 (compatible; SemrushBot/7~bl; +http://www.semrush.com/bot.html)" "www.tekmedicgloves.com"
185.191.171.10 - - [11/Dec/2022:06:41:10 -0800] "GET /phpMyAdmin/setup/?token=d75bff6a4e9ac4632eb03ef34b3daebb&version_check=1 HTTP/1.1" 200 12691 "-" "Mozilla/5.0 (compatible; SemrushBot/7~bl; +http://www.semrush.com/bot.html)" "www.tekmedicgloves.com"
185.191.171.21 - - [11/Dec/2022:06:41:13 -0800] "GET /phpMyAdmin/setup/?token=e7ea0a17b7b1fe8fb6ea7931b8804603&version_check=1 HTTP/1.1" 200 12691 "-" "Mozilla/5.0 (compatible; SemrushBot/7~bl; +http://www.semrush.com/bot.html)" "www.tekmedicgloves.com"
185.191.171.18 - - [11/Dec/2022:06:41:24 -0800] "GET /phpMyAdmin/setup/?token=bbc24cf6f7a2382e362773dab6e10424&version_check=1 HTTP/1.1" 200 12687 "-" "Mozilla/5.0 (compatible; SemrushBot/7~bl; +http://www.semrush.com/bot.html)" "tekmedicgloves.com"
185.191.171.9 - - [11/Dec/2022:06:41:32 -0800] "GET /phpMyAdmin/setup/?token=db837a35e68bbf180068bcad6da0369f&version_check=1 HTTP/1.1" 200 12687 "-" "Mozilla/5.0 (compatible; SemrushBot/7~bl; +http://www.semrush.com/bot.html)" "tekmedicgloves.com"
185.191.171.36 - - [11/Dec/2022:06:41:37 -0800] "GET /phpMyAdmin/setup/?token=e9e8d927750d0ac01d9dd74a40d690f4&version_check=1 HTTP/1.1" 200 12691 "-" "Mozilla/5.0 (compatible; SemrushBot/7~bl; +http://www.semrush.com/bot.html)" "www.tekmedicgloves.com"
185.191.171.5 - - [11/Dec/2022:06:41:43 -0800] "GET /phpMyAdmin/setup/?token=c56576fdd35ecdcb14b6e7bebffc90dc&version_check=1 HTTP/1.1" 200 12687 "-" "Mozilla/5.0 (compatible; SemrushBot/7~bl; +http://www.semrush.com/bot.html)" "tekmedicgloves.com"
185.191.171.3 - - [11/Dec/2022:06:41:52 -0800] "GET /phpMyAdmin/setup/?token=fb43e1ded37257faad42ac50d9b4069f&version_check=1 HTTP/1.1" 200 12687 "-" "Mozilla/5.0 (compatible; SemrushBot/7~bl; +http://www.semrush.com/bot.html)" "tekmedicgloves.com"
185.191.171.44 - - [11/Dec/2022:06:41:58 -0800] "GET /phpMyAdmin/setup/?token=dd26ad2150db3dc2bcfddc10d839cc7a&version_check=1 HTTP/1.1" 200 12687 "-" "Mozilla/5.0 (compatible; SemrushBot/7~bl; +http://www.semrush.com/bot.html)" "tekmedicgloves.com"
185.191.171.22 - - [11/Dec/2022:06:42:03 -0800] "GET /phpMyAdmin/setup/?token=fdbfcad873d118d30c4ebe093ce0c725&version_check=1 HTTP/1.1" 200 12691 "-" "Mozilla/5.0 (compatible; SemrushBot/7~bl; +http://www.semrush.com/bot.html)" "www.tekmedicgloves.com"
185.191.171.11 - - [11/Dec/2022:06:42:21 -0800] "GET /phpMyAdmin/setup/?token=0dad98c58c19453b81173069d0998b39&version_check=1 HTTP/1.1" 200 12687 "-" "Mozilla/5.0 (compatible; SemrushBot/7~bl; +http://www.semrush.com/bot.html)" "tekmedicgloves.com"
185.191.171.19 - - [11/Dec/2022:06:42:55 -0800] "GET /phpMyAdmin/setup/?token=ede9ef00cad736907d50fb1ce0a90886&version_check=1 HTTP/1.1" 200 12691 "-" "Mozilla/5.0 (compatible; SemrushBot/7~bl; +http://www.semrush.com/bot.html)" "www.tekmedicgloves.com"
185.191.171.13 - - [11/Dec/2022:06:43:17 -0800] "GET /phpMyAdmin/setup/?token=eff22b7fe9aa871a651e948afc8dc256&version_check=1 HTTP/1.1" 200 12691 "-" "Mozilla/5.0 (compatible; SemrushBot/7~bl; +http://www.semrush.com/bot.html)" "www.tekmedicgloves.com"
185.191.171.38 - - [11/Dec/2022:06:43:21 -0800] "GET /phpMyAdmin/setup/?token=bc36754259ae7b035187d23427d72928&version_check=1 HTTP/1.1" 200 12687 "-" "Mozilla/5.0 (compatible; SemrushBot/7~bl; +http://www.semrush.com/bot.html)" "tekmedicgloves.com"
185.191.171.9 - - [11/Dec/2022:06:43:24 -0800] "GET /phpMyAdmin/setup/?token=bdb9d7973bb1f88c6cf1cfa15c68f752&version_check=1 HTTP/1.1" 200 12687 "-" "Mozilla/5.0 (compatible; SemrushBot/7~bl; +http://www.semrush.com/bot.html)" "tekmedicgloves.com"
185.191.171.44 - - [11/Dec/2022:06:43:39 -0800] "GET /phpMyAdmin/setup/?token=d77dbb501eaebbd15b395acfc859970e&version_check=1 HTTP/1.1" 200 12687 "-" "Mozilla/5.0 (compatible; SemrushBot/7~bl; +http://www.semrush.com/bot.html)" "tekmedicgloves.com"
185.191.171.41 - - [11/Dec/2022:06:44:04 -0800] "GET /phpMyAdmin/setup/?token=c5d9ee61491c1da17cd1482ac3f9830e&version_check=1 HTTP/1.1" 200 12687 "-" "Mozilla/5.0 (compatible; SemrushBot/7~bl; +http://www.semrush.com/bot.html)" "tekmedicgloves.com"
185.191.171.21 - - [11/Dec/2022:06:44:26 -0800] "GET /phpMyAdmin/setup/?token=fc3149512b5ba1162b91f512ae1777d3&version_check=1 HTTP/1.1" 200 12691 "-" "Mozilla/5.0 (compatible; SemrushBot/7~bl; +http://www.semrush.com/bot.html)" "www.tekmedicgloves.com"
185.191.171.40 - - [11/Dec/2022:06:44:28 -0800] "GET /phpMyAdmin/setup/?token=ec0f65c962a4bde30a7674aa35c7d14c&version_check=1 HTTP/1.1" 200 12687 "-" "Mozilla/5.0 (compatible; SemrushBot/7~bl; +http://www.semrush.com/bot.html)" "tekmedicgloves.com"
185.191.171.45 - - [11/Dec/2022:06:44:47 -0800] "GET /phpMyAdmin/setup/?token=fa31cfb5a1ace856a5bb5d2bfe6d71cd&version_check=1 HTTP/1.1" 200 12691 "-" "Mozilla/5.0 (compatible; SemrushBot/7~bl; +http://www.semrush.com/bot.html)" "www.tekmedicgloves.com"
185.191.171.45 - - [11/Dec/2022:06:44:48 -0800] "GET /phpMyAdmin/setup/?token=f35b996d19b6cdb9c3c73c1fb2ba1f6d&version_check=1 HTTP/1.1" 200 12687 "-" "Mozilla/5.0 (compatible; SemrushBot/7~bl; +http://www.semrush.com/bot.html)" "tekmedicgloves.com"
185.191.171.4 - - [11/Dec/2022:06:44:49 -0800] "GET /phpMyAdmin/setup/?token=fda0c10e118a552d3e3b83f18621fd8c&version_check=1 HTTP/1.1" 200 12691 "-" "Mozilla/5.0 (compatible; SemrushBot/7~bl; +http://www.semrush.com/bot.html)" "www.tekmedicgloves.com"
185.191.171.25 - - [11/Dec/2022:06:44:56 -0800] "GET /phpMyAdmin/setup/?token=0e94cf86753deaaf69346e469cb8a763&version_check=1 HTTP/1.1" 200 12687 "-" "Mozilla/5.0 (compatible; SemrushBot/7~bl; +http://www.semrush.com/bot.html)" "tekmedicgloves.com"
185.191.171.45 - - [11/Dec/2022:06:45:09 -0800] "GET /phpMyAdmin/setup/?token=d02b1f13b73b0b09aad2f30fa11eb28b&version_check=1 HTTP/1.1" 200 12687 "-" "Mozilla/5.0 (compatible; SemrushBot/7~bl; +http://www.semrush.com/bot.html)" "tekmedicgloves.com"
185.191.171.41 - - [11/Dec/2022:06:45:29 -0800] "GET /phpMyAdmin/setup/?token=c52bd47d739e226c4d4d9b64985d19e5&version_check=1 HTTP/1.1" 200 12687 "-" "Mozilla/5.0 (compatible; SemrushBot/7~bl; +http://www.semrush.com/bot.html)" "tekmedicgloves.com"
185.191.171.13 - - [11/Dec/2022:06:45:49 -0800] "GET /phpMyAdmin/setup/?token=ceb3e95404794a10fe44d37d4d369765&version_check=1 HTTP/1.1" 200 12687 "-" "Mozilla/5.0 (compatible; SemrushBot/7~bl; +http://www.semrush.com/bot.html)" "tekmedicgloves.com"
185.191.171.45 - - [11/Dec/2022:06:45:56 -0800] "GET /phpMyAdmin/setup/?token=e7ee79558bb01d4dde0ca068e6efec05&version_check=1 HTTP/1.1" 200 12691 "-" "Mozilla/5.0 (compatible; SemrushBot/7~bl; +http://www.semrush.com/bot.html)" "www.tekmedicgloves.com"
185.191.171.7 - - [11/Dec/2022:06:46:09 -0800] "GET /phpMyAdmin/setup/?token=d98a52974889a961011f6b1e32076e45&version_check=1 HTTP/1.1" 200 12691 "-" "Mozilla/5.0 (compatible; SemrushBot/7~bl; +http://www.semrush.com/bot.html)" "www.tekmedicgloves.com"
185.191.171.35 - - [11/Dec/2022:06:46:18 -0800] "GET /phpMyAdmin/setup/?token=db616473c9ab793a1c57d21ddc49bf0a&version_check=1 HTTP/1.1" 200 12687 "-" "Mozilla/5.0 (compatible; SemrushBot/7~bl; +http://www.semrush.com/bot.html)" "tekmedicgloves.com"
185.191.171.7 - - [11/Dec/2022:06:46:23 -0800] "GET /phpMyAdmin/setup/?token=e487488a1ad54b25a3a0a3fced44c2a8&version_check=1 HTTP/1.1" 200 12691 "-" "Mozilla/5.0 (compatible; SemrushBot/7~bl; +http://www.semrush.com/bot.html)" "www.tekmedicgloves.com"
185.191.171.11 - - [11/Dec/2022:06:46:43 -0800] "GET /phpMyAdmin/setup/?token=f6d55df7ad69e1e5af880e7946b7a0a7&version_check=1 HTTP/1.1" 200 12687 "-" "Mozilla/5.0 (compatible; SemrushBot/7~bl; +http://www.semrush.com/bot.html)" "tekmedicgloves.com"
185.191.171.24 - - [11/Dec/2022:06:46:50 -0800] "GET /phpMyAdmin/setup/?token=e16d60f3c068c9879b2e7da33983b738&version_check=1 HTTP/1.1" 200 12691 "-" "Mozilla/5.0 (compatible; SemrushBot/7~bl; +http://www.semrush.com/bot.html)" "www.tekmedicgloves.com"
185.191.171.20 - - [11/Dec/2022:06:47:05 -0800] "GET /phpMyAdmin/setup/?token=e64cf8f8f46ab72010e5d3ebcc44a6cd&version_check=1 HTTP/1.1" 200 12691 "-" "Mozilla/5.0 (compatible; SemrushBot/7~bl; +http://www.semrush.com/bot.html)" "www.tekmedicgloves.com"
185.191.171.39 - - [11/Dec/2022:06:47:08 -0800] "GET /phpMyAdmin/setup/?token=da6e87bb5738c8db8d7dd6b939fd6cb0&version_check=1 HTTP/1.1" 200 12691 "-" "Mozilla/5.0 (compatible; SemrushBot/7~bl; +http://www.semrush.com/bot.html)" "www.tekmedicgloves.com"
185.191.171.24 - - [11/Dec/2022:06:47:33 -0800] "GET /phpMyAdmin/setup/?token=ba729208356d9b24a0ed897ba32cf55f&version_check=1 HTTP/1.1" 200 12687 "-" "Mozilla/5.0 (compatible; SemrushBot/7~bl; +http://www.semrush.com/bot.html)" "tekmedicgloves.com"
185.191.171.17 - - [11/Dec/2022:06:47:46 -0800] "GET /phpMyAdmin/setup/?token=bdc6646f3a8a0bec163d59435e675ce6&version_check=1 HTTP/1.1" 200 12687 "-" "Mozilla/5.0 (compatible; SemrushBot/7~bl; +http://www.semrush.com/bot.html)" "tekmedicgloves.com"
185.191.171.24 - - [11/Dec/2022:06:48:00 -0800] "GET /phpMyAdmin/setup/?token=d8a52b3e337860e976dc0fb9df7be405&version_check=1 HTTP/1.1" 200 12691 "-" "Mozilla/5.0 (compatible; SemrushBot/7~bl; +http://www.semrush.com/bot.html)" "www.tekmedicgloves.com"
185.191.171.6 - - [11/Dec/2022:06:48:02 -0800] "GET /phpMyAdmin/setup/?token=b7c3f248105279abe4f16d85048722ec&version_check=1 HTTP/1.1" 200 12691 "-" "Mozilla/5.0 (compatible; SemrushBot/7~bl; +http://www.semrush.com/bot.html)" "www.tekmedicgloves.com"
185.191.171.3 - - [11/Dec/2022:06:48:25 -0800] "GET /phpMyAdmin/setup/?token=d5094e4384d6d4e97caade97d3656631&version_check=1 HTTP/1.1" 200 12687 "-" "Mozilla/5.0 (compatible; SemrushBot/7~bl; +http://www.semrush.com/bot.html)" "tekmedicgloves.com"
185.191.171.39 - - [11/Dec/2022:06:48:28 -0800] "GET /phpMyAdmin/setup/?token=f2bfa5cae834f44981fc3c4a64be2076&version_check=1 HTTP/1.1" 200 12687 "-" "Mozilla/5.0 (compatible; SemrushBot/7~bl; +http://www.semrush.com/bot.html)" "tekmedicgloves.com"
185.191.171.41 - - [11/Dec/2022:06:48:51 -0800] "GET /phpMyAdmin/setup/?token=fc85e63b84922938c37fd1b20b2a8869&version_check=1 HTTP/1.1" 200 12687 "-" "Mozilla/5.0 (compatible; SemrushBot/7~bl; +http://www.semrush.com/bot.html)" "tekmedicgloves.com"
185.191.171.36 - - [11/Dec/2022:06:49:03 -0800] "GET /phpMyAdmin/setup/?token=e83667477280cbf33799d819a907f97e&version_check=1 HTTP/1.1" 200 12687 "-" "Mozilla/5.0 (compatible; SemrushBot/7~bl; +http://www.semrush.com/bot.html)" "tekmedicgloves.com"
185.191.171.9 - - [11/Dec/2022:06:49:06 -0800] "GET /phpMyAdmin/setup/?token=bde162aca01f211d5d4d50318b0b2205&version_check=1 HTTP/1.1" 200 12691 "-" "Mozilla/5.0 (compatible; SemrushBot/7~bl; +http://www.semrush.com/bot.html)" "www.tekmedicgloves.com"
185.191.171.9 - - [11/Dec/2022:06:49:08 -0800] "GET /phpMyAdmin/setup/?token=e7d309e5df7b2a5bfb9a17e20b098c0e&version_check=1 HTTP/1.1" 200 12687 "-" "Mozilla/5.0 (compatible; SemrushBot/7~bl; +http://www.semrush.com/bot.html)" "tekmedicgloves.com"
185.191.171.37 - - [11/Dec/2022:06:49:12 -0800] "GET /phpMyAdmin/setup/?token=e61f63fbad43b77bfe9e79eb986604b0&version_check=1 HTTP/1.1" 200 12691 "-" "Mozilla/5.0 (compatible; SemrushBot/7~bl; +http://www.semrush.com/bot.html)" "www.tekmedicgloves.com"
185.191.171.11 - - [11/Dec/2022:06:49:29 -0800] "GET /phpMyAdmin/setup/?token=ded75b0ddb8d2764965be317088f2de8&version_check=1 HTTP/1.1" 200 12691 "-" "Mozilla/5.0 (compatible; SemrushBot/7~bl; +http://www.semrush.com/bot.html)" "www.tekmedicgloves.com"
185.191.171.24 - - [11/Dec/2022:06:50:02 -0800] "GET /phpMyAdmin/setup/?token=db4a249a8e5ae6351be9d167c10a6cf9&version_check=1 HTTP/1.1" 200 12687 "-" "Mozilla/5.0 (compatible; SemrushBot/7~bl; +http://www.semrush.com/bot.html)" "tekmedicgloves.com"
185.191.171.2 - - [11/Dec/2022:06:50:16 -0800] "GET /phpMyAdmin/setup/?token=bd68add76dac714d04101f80ce807081&version_check=1 HTTP/1.1" 200 12687 "-" "Mozilla/5.0 (compatible; SemrushBot/7~bl; +http://www.semrush.com/bot.html)" "tekmedicgloves.com"
185.191.171.18 - - [11/Dec/2022:06:50:44 -0800] "GET /phpMyAdmin/setup/?token=f5eb95fe77622e2c4e229c7941a7cb07&version_check=1 HTTP/1.1" 200 12687 "-" "Mozilla/5.0 (compatible; SemrushBot/7~bl; +http://www.semrush.com/bot.html)" "tekmedicgloves.com"
185.191.171.44 - - [11/Dec/2022:06:50:54 -0800] "GET /phpMyAdmin/setup/?token=bc64fa45132bde223bbf4086f8af1036&version_check=1 HTTP/1.1" 200 12687 "-" "Mozilla/5.0 (compatible; SemrushBot/7~bl; +http://www.semrush.com/bot.html)" "tekmedicgloves.com"
185.191.171.26 - - [11/Dec/2022:06:51:00 -0800] "GET /phpMyAdmin/setup/?token=dbfe6de11ce37132dfde5a076ad3d44a&version_check=1 HTTP/1.1" 200 12687 "-" "Mozilla/5.0 (compatible; SemrushBot/7~bl; +http://www.semrush.com/bot.html)" "tekmedicgloves.com"
185.191.171.10 - - [11/Dec/2022:06:51:18 -0800] "GET /phpMyAdmin/setup/?token=dabf499cdda267f0db21f1013f786d18&version_check=1 HTTP/1.1" 200 12687 "-" "Mozilla/5.0 (compatible; SemrushBot/7~bl; +http://www.semrush.com/bot.html)" "tekmedicgloves.com"
185.191.171.34 - - [11/Dec/2022:06:51:28 -0800] "GET /phpMyAdmin/setup/?token=d4a5ee9cac1f3a24cee938e25b6bbba1&version_check=1 HTTP/1.1" 200 12691 "-" "Mozilla/5.0 (compatible; SemrushBot/7~bl; +http://www.semrush.com/bot.html)" "www.tekmedicgloves.com"
185.191.171.40 - - [11/Dec/2022:06:51:55 -0800] "GET /phpMyAdmin/setup/?token=bc0f1a68bc2d6ba34c585dc8eddf5506&version_check=1 HTTP/1.1" 200 12687 "-" "Mozilla/5.0 (compatible; SemrushBot/7~bl; +http://www.semrush.com/bot.html)" "tekmedicgloves.com"
185.191.171.20 - - [11/Dec/2022:06:52:19 -0800] "GET /phpMyAdmin/setup/?token=439849530eb328a6f5f73a624f55e8e6&version_check=1 HTTP/1.1" 200 12691 "-" "Mozilla/5.0 (compatible; SemrushBot/7~bl; +http://www.semrush.com/bot.html)" "www.tekmedicgloves.com"
185.191.171.36 - - [11/Dec/2022:06:52:21 -0800] "GET /phpMyAdmin/setup/?token=dde75ca558c4b0bfae33d2d47404975b&version_check=1 HTTP/1.1" 200 12691 "-" "Mozilla/5.0 (compatible; SemrushBot/7~bl; +http://www.semrush.com/bot.html)" "www.tekmedicgloves.com"
185.191.171.6 - - [11/Dec/2022:06:52:32 -0800] "GET /phpMyAdmin/setup/?token=d7d7b32a83a03b458957c3c5da180180&version_check=1 HTTP/1.1" 200 12691 "-" "Mozilla/5.0 (compatible; SemrushBot/7~bl; +http://www.semrush.com/bot.html)" "www.tekmedicgloves.com"
185.191.171.25 - - [11/Dec/2022:06:52:39 -0800] "GET /phpMyAdmin/setup/?token=d0d19053afd54b2c6d3fb3c2c7a802ab&version_check=1 HTTP/1.1" 200 12687 "-" "Mozilla/5.0 (compatible; SemrushBot/7~bl; +http://www.semrush.com/bot.html)" "tekmedicgloves.com"
185.191.171.4 - - [11/Dec/2022:06:52:42 -0800] "GET /phpMyAdmin/setup/?token=bc672723c17acd680f1752e71db1395d&version_check=1 HTTP/1.1" 200 12687 "-" "Mozilla/5.0 (compatible; SemrushBot/7~bl; +http://www.semrush.com/bot.html)" "tekmedicgloves.com"
51.222.253.1 - - [11/Dec/2022:06:52:44 -0800] "GET /?C=N;O=A HTTP/1.1" 200 347 "-" "Mozilla/5.0 (compatible; AhrefsBot/7.0; +http://ahrefs.com/robot/)" "tekmedicgloves.com"
185.191.171.35 - - [11/Dec/2022:06:52:44 -0800] "GET /phpMyAdmin/setup/?token=e395c9ec61bdc8e8ad15f6698fda92ee&version_check=1 HTTP/1.1" 200 12687 "-" "Mozilla/5.0 (compatible; SemrushBot/7~bl; +http://www.semrush.com/bot.html)" "tekmedicgloves.com"
185.191.171.19 - - [11/Dec/2022:06:52:47 -0800] "GET /phpMyAdmin/setup/?token=e253ec4572e7a6d6da8631d39f5bdecf&version_check=1 HTTP/1.1" 200 12691 "-" "Mozilla/5.0 (compatible; SemrushBot/7~bl; +http://www.semrush.com/bot.html)" "www.tekmedicgloves.com"
185.191.171.3 - - [11/Dec/2022:06:52:59 -0800] "GET /phpMyAdmin/setup/?token=de46844ed5b30595a6b341c7ffbf6f26&version_check=1 HTTP/1.1" 200 12691 "-" "Mozilla/5.0 (compatible; SemrushBot/7~bl; +http://www.semrush.com/bot.html)" "www.tekmedicgloves.com"
185.191.171.13 - - [11/Dec/2022:06:53:06 -0800] "GET /phpMyAdmin/setup/?token=bab7a2d02a15d5f1f6d1c0730547d44b&version_check=1 HTTP/1.1" 200 12691 "-" "Mozilla/5.0 (compatible; SemrushBot/7~bl; +http://www.semrush.com/bot.html)" "www.tekmedicgloves.com"
185.191.171.23 - - [11/Dec/2022:06:53:12 -0800] "GET /phpMyAdmin/setup/?token=d676ad6f4c190243ab48a71e8ca9d7cf&version_check=1 HTTP/1.1" 200 12687 "-" "Mozilla/5.0 (compatible; SemrushBot/7~bl; +http://www.semrush.com/bot.html)" "tekmedicgloves.com"
185.191.171.42 - - [11/Dec/2022:06:53:28 -0800] "GET /phpMyAdmin/setup/?token=0303fa2108895598e487603d6937e4bc&version_check=1 HTTP/1.1" 200 12691 "-" "Mozilla/5.0 (compatible; SemrushBot/7~bl; +http://www.semrush.com/bot.html)" "www.tekmedicgloves.com"
185.191.171.2 - - [11/Dec/2022:06:53:30 -0800] "GET /phpMyAdmin/setup/?token=e9ad14c74533cbb708ffb6481e59bb0e&version_check=1 HTTP/1.1" 200 12691 "-" "Mozilla/5.0 (compatible; SemrushBot/7~bl; +http://www.semrush.com/bot.html)" "www.tekmedicgloves.com"
185.191.171.4 - - [11/Dec/2022:06:53:45 -0800] "GET /phpMyAdmin/setup/?token=04ef150812268b4de558e02b55e3b58a&version_check=1 HTTP/1.1" 200 12691 "-" "Mozilla/5.0 (compatible; SemrushBot/7~bl; +http://www.semrush.com/bot.html)" "www.tekmedicgloves.com"
185.191.171.39 - - [11/Dec/2022:06:53:52 -0800] "GET /phpMyAdmin/setup/?token=108fd8675ba03c2b5585f873bf553f1c&version_check=1 HTTP/1.1" 200 12687 "-" "Mozilla/5.0 (compatible; SemrushBot/7~bl; +http://www.semrush.com/bot.html)" "tekmedicgloves.com"
185.191.171.42 - - [11/Dec/2022:06:54:35 -0800] "GET /phpMyAdmin/setup/?token=ba1c68f8354c4f7cd0071cc5192a484a&version_check=1 HTTP/1.1" 200 12687 "-" "Mozilla/5.0 (compatible; SemrushBot/7~bl; +http://www.semrush.com/bot.html)" "tekmedicgloves.com"
185.191.171.12 - - [11/Dec/2022:06:54:36 -0800] "GET /phpMyAdmin/setup/?token=f4c71101bced45946a84d53806b22c43&version_check=1 HTTP/1.1" 200 12691 "-" "Mozilla/5.0 (compatible; SemrushBot/7~bl; +http://www.semrush.com/bot.html)" "www.tekmedicgloves.com"
185.191.171.11 - - [11/Dec/2022:06:54:41 -0800] "GET /phpMyAdmin/setup/?token=e827fa668cf4f14407f90a4dd2180196&version_check=1 HTTP/1.1" 200 12691 "-" "Mozilla/5.0 (compatible; SemrushBot/7~bl; +http://www.semrush.com/bot.html)" "www.tekmedicgloves.com"
185.191.171.44 - - [11/Dec/2022:06:54:45 -0800] "GET /phpMyAdmin/setup/?token=edfc6ae05c5d89fe331d474a06d62057&version_check=1 HTTP/1.1" 200 12687 "-" "Mozilla/5.0 (compatible; SemrushBot/7~bl; +http://www.semrush.com/bot.html)" "tekmedicgloves.com"
185.191.171.24 - - [11/Dec/2022:06:54:56 -0800] "GET /phpMyAdmin/setup/?token=e8b22264556e6b467ec231956f42ee2f&version_check=1 HTTP/1.1" 200 12687 "-" "Mozilla/5.0 (compatible; SemrushBot/7~bl; +http://www.semrush.com/bot.html)" "tekmedicgloves.com"
185.191.171.1 - - [11/Dec/2022:06:55:52 -0800] "GET /phpMyAdmin/setup/?token=bb8893c4c9332440b1eb9d515943a1d3&version_check=1 HTTP/1.1" 200 12687 "-" "Mozilla/5.0 (compatible; SemrushBot/7~bl; +http://www.semrush.com/bot.html)" "tekmedicgloves.com"
185.191.171.39 - - [11/Dec/2022:06:56:29 -0800] "GET /phpMyAdmin/setup/?token=f68c38bd7f77eb6651b132bc9d652589&version_check=1 HTTP/1.1" 200 12691 "-" "Mozilla/5.0 (compatible; SemrushBot/7~bl; +http://www.semrush.com/bot.html)" "www.tekmedicgloves.com"
185.191.171.17 - - [11/Dec/2022:06:56:46 -0800] "GET /phpMyAdmin/setup/?token=c58937b84408971a75b785d6e534c904&version_check=1 HTTP/1.1" 200 12687 "-" "Mozilla/5.0 (compatible; SemrushBot/7~bl; +http://www.semrush.com/bot.html)" "tekmedicgloves.com"
185.191.171.43 - - [11/Dec/2022:06:56:48 -0800] "GET /phpMyAdmin/setup/?token=0604b5c95fc9c5b022e362cb8854a35a&version_check=1 HTTP/1.1" 200 12691 "-" "Mozilla/5.0 (compatible; SemrushBot/7~bl; +http://www.semrush.com/bot.html)" "www.tekmedicgloves.com"
185.191.171.24 - - [11/Dec/2022:06:56:55 -0800] "GET /phpMyAdmin/setup/?token=ef7940ab4e67fd421f6d142c49e4a102&version_check=1 HTTP/1.1" 200 12691 "-" "Mozilla/5.0 (compatible; SemrushBot/7~bl; +http://www.semrush.com/bot.html)" "www.tekmedicgloves.com"
185.191.171.1 - - [11/Dec/2022:06:57:23 -0800] "GET /phpMyAdmin/setup/?token=ff367c5d1080b36b5de9ef12dc053bb7&version_check=1 HTTP/1.1" 200 12687 "-" "Mozilla/5.0 (compatible; SemrushBot/7~bl; +http://www.semrush.com/bot.html)" "tekmedicgloves.com"
185.191.171.18 - - [11/Dec/2022:06:57:25 -0800] "GET /phpMyAdmin/setup/?token=db18dbd88af7b93ba6dc25c8c4eaea5a&version_check=1 HTTP/1.1" 200 12687 "-" "Mozilla/5.0 (compatible; SemrushBot/7~bl; +http://www.semrush.com/bot.html)" "tekmedicgloves.com"
185.191.171.42 - - [11/Dec/2022:06:58:19 -0800] "GET /phpMyAdmin/setup/?token=00c9da154e61bdaabca56e015e411382&version_check=1 HTTP/1.1" 200 12691 "-" "Mozilla/5.0 (compatible; SemrushBot/7~bl; +http://www.semrush.com/bot.html)" "www.tekmedicgloves.com"
185.191.171.36 - - [11/Dec/2022:06:58:25 -0800] "GET /phpMyAdmin/setup/?token=019e5c392939e7d0afe89e1113947930&version_check=1 HTTP/1.1" 200 12691 "-" "Mozilla/5.0 (compatible; SemrushBot/7~bl; +http://www.semrush.com/bot.html)" "www.tekmedicgloves.com"
185.191.171.18 - - [11/Dec/2022:06:58:33 -0800] "GET /phpMyAdmin/setup/?token=f1dd6ea040a974cb3f610c7e0e576f38&version_check=1 HTTP/1.1" 200 12691 "-" "Mozilla/5.0 (compatible; SemrushBot/7~bl; +http://www.semrush.com/bot.html)" "www.tekmedicgloves.com"
185.191.171.1 - - [11/Dec/2022:06:58:43 -0800] "GET /phpMyAdmin/setup/?token=f7d38da149cbb1cf0207fd523c0b0259&version_check=1 HTTP/1.1" 200 12687 "-" "Mozilla/5.0 (compatible; SemrushBot/7~bl; +http://www.semrush.com/bot.html)" "tekmedicgloves.com"
185.191.171.26 - - [11/Dec/2022:06:58:53 -0800] "GET /phpMyAdmin/setup/?token=f3a4e51a7cb4212f56ef60f61fbd4c9e&version_check=1 HTTP/1.1" 200 12691 "-" "Mozilla/5.0 (compatible; SemrushBot/7~bl; +http://www.semrush.com/bot.html)" "www.tekmedicgloves.com"
185.191.171.42 - - [11/Dec/2022:06:58:57 -0800] "GET /phpMyAdmin/setup/?token=d0f0405333ab4fd8c0f6f8de0e11b0a1&version_check=1 HTTP/1.1" 200 12687 "-" "Mozilla/5.0 (compatible; SemrushBot/7~bl; +http://www.semrush.com/bot.html)" "tekmedicgloves.com"
185.191.171.13 - - [11/Dec/2022:06:59:06 -0800] "GET /phpMyAdmin/setup/?token=de82697158e1d0955aa2c8662faad8a2&version_check=1 HTTP/1.1" 200 12687 "-" "Mozilla/5.0 (compatible; SemrushBot/7~bl; +http://www.semrush.com/bot.html)" "tekmedicgloves.com"
185.191.171.35 - - [11/Dec/2022:06:59:14 -0800] "GET /phpMyAdmin/setup/?token=d7561fa985539cc87fc3ce2d2f1be091&version_check=1 HTTP/1.1" 200 12687 "-" "Mozilla/5.0 (compatible; SemrushBot/7~bl; +http://www.semrush.com/bot.html)" "tekmedicgloves.com"
185.191.171.12 - - [11/Dec/2022:06:59:15 -0800] "GET /phpMyAdmin/setup/?token=de4166be2d3ef21bb048a292aa8aaeee&version_check=1 HTTP/1.1" 200 12691 "-" "Mozilla/5.0 (compatible; SemrushBot/7~bl; +http://www.semrush.com/bot.html)" "www.tekmedicgloves.com"
185.191.171.23 - - [11/Dec/2022:06:59:18 -0800] "GET /phpMyAdmin/setup/?token=bd20cc94e64b00041e2c64e20fe897f1&version_check=1 HTTP/1.1" 200 12687 "-" "Mozilla/5.0 (compatible; SemrushBot/7~bl; +http://www.semrush.com/bot.html)" "tekmedicgloves.com"
185.191.171.35 - - [11/Dec/2022:06:59:34 -0800] "GET /phpMyAdmin/setup/?token=c446116e90f6efbc5de09799741f3d94&version_check=1 HTTP/1.1" 200 12687 "-" "Mozilla/5.0 (compatible; SemrushBot/7~bl; +http://www.semrush.com/bot.html)" "tekmedicgloves.com"
185.191.171.10 - - [11/Dec/2022:06:59:36 -0800] "GET /phpMyAdmin/setup/?token=e8f215cc55218c3b29ca316cf02729a3&version_check=1 HTTP/1.1" 200 12687 "-" "Mozilla/5.0 (compatible; SemrushBot/7~bl; +http://www.semrush.com/bot.html)" "tekmedicgloves.com"
185.191.171.4 - - [11/Dec/2022:06:59:40 -0800] "GET /phpMyAdmin/setup/?token=cc7d8f6d4fcf2c62956765d0f5afd1c9&version_check=1 HTTP/1.1" 200 12687 "-" "Mozilla/5.0 (compatible; SemrushBot/7~bl; +http://www.semrush.com/bot.html)" "tekmedicgloves.com"
185.191.171.26 - - [11/Dec/2022:06:59:52 -0800] "GET /phpMyAdmin/setup/?token=de4e1a374a081da3dced65881f171fa6&version_check=1 HTTP/1.1" 200 12691 "-" "Mozilla/5.0 (compatible; SemrushBot/7~bl; +http://www.semrush.com/bot.html)" "www.tekmedicgloves.com"
185.191.171.41 - - [11/Dec/2022:07:00:16 -0800] "GET /phpMyAdmin/setup/?token=bbdc04e09fb54a0f06351bca447c0c41&version_check=1 HTTP/1.1" 200 12687 "-" "Mozilla/5.0 (compatible; SemrushBot/7~bl; +http://www.semrush.com/bot.html)" "tekmedicgloves.com"
185.191.171.20 - - [11/Dec/2022:07:00:32 -0800] "GET /phpMyAdmin/setup/?token=c6f5501530723d9d4b04452e619dbeef&version_check=1 HTTP/1.1" 200 12687 "-" "Mozilla/5.0 (compatible; SemrushBot/7~bl; +http://www.semrush.com/bot.html)" "tekmedicgloves.com"
185.191.171.5 - - [11/Dec/2022:07:00:42 -0800] "GET /phpMyAdmin/setup/?token=09cfa243d43dfd1d5dcdbb5e9687bcc8&version_check=1 HTTP/1.1" 200 12691 "-" "Mozilla/5.0 (compatible; SemrushBot/7~bl; +http://www.semrush.com/bot.html)" "www.tekmedicgloves.com"
185.191.171.17 - - [11/Dec/2022:07:00:58 -0800] "GET /phpMyAdmin/setup/?token=f05979a92a2ab7f28a7378f9679e51d1&version_check=1 HTTP/1.1" 200 12691 "-" "Mozilla/5.0 (compatible; SemrushBot/7~bl; +http://www.semrush.com/bot.html)" "www.tekmedicgloves.com"
185.191.171.43 - - [11/Dec/2022:07:01:00 -0800] "GET /phpMyAdmin/setup/?token=cd827c79b80760e616b6bcd1690cc527&version_check=1 HTTP/1.1" 200 12687 "-" "Mozilla/5.0 (compatible; SemrushBot/7~bl; +http://www.semrush.com/bot.html)" "tekmedicgloves.com"
185.191.171.34 - - [11/Dec/2022:07:01:13 -0800] "GET /phpMyAdmin/setup/?token=c9b63c9515fa3934db7ee37e5d663cc0&version_check=1 HTTP/1.1" 200 12691 "-" "Mozilla/5.0 (compatible; SemrushBot/7~bl; +http://www.semrush.com/bot.html)" "www.tekmedicgloves.com"
185.191.171.35 - - [11/Dec/2022:07:01:21 -0800] "GET /phpMyAdmin/setup/?token=cb1f8950435832ec3167e08c01e86ba5&version_check=1 HTTP/1.1" 200 12687 "-" "Mozilla/5.0 (compatible; SemrushBot/7~bl; +http://www.semrush.com/bot.html)" "tekmedicgloves.com"
40.77.167.18 - - [11/Dec/2022:07:01:31 -0800] "GET /beta/products.php?cat=22&id=11 HTTP/1.1" 200 56560 "-" "Mozilla/5.0 AppleWebKit/537.36 (KHTML, like Gecko; compatible; bingbot/2.0; +http://www.bing.com/bingbot.htm) Chrome/103.0.5060.134 Safari/537.36" "tekmedicgloves.com"
35.92.211.71 - - [11/Dec/2022:07:01:39 -0800] "GET / HTTP/1.1" 200 347 "-" "Mozilla/5.0 (X11; Linux x86_64) AppleWebKit/537.36 (KHTML, like Gecko) Chrome/83.0.4103.97 Safari/537.36" "tekmedicgloves.com"
40.77.167.18 - - [11/Dec/2022:07:01:52 -0800] "GET /beta/wp-content/plugins/cherry-plugin/lib/js/owl-carousel/owl.theme.css HTTP/1.1" 200 606 "-" "Mozilla/5.0 AppleWebKit/537.36 (KHTML, like Gecko; compatible; bingbot/2.0; +http://www.bing.com/bingbot.htm) Chrome/103.0.5060.134 Safari/537.36" "tekmedicgloves.com"
40.77.167.18 - - [11/Dec/2022:07:01:52 -0800] "GET /beta/wp-content/plugins/contact-form-7/includes/js/scripts.js HTTP/1.1" 200 1850 "-" "Mozilla/5.0 (compatible; bingbot/2.0; +http://www.bing.com/bingbot.htm)" "tekmedicgloves.com"
40.77.167.18 - - [11/Dec/2022:07:01:52 -0800] "GET /beta/wp-content/themes/CherryFramework/js/jquery.debouncedresize.js HTTP/1.1" 200 226 "-" "Mozilla/5.0 AppleWebKit/537.36 (KHTML, like Gecko; compatible; bingbot/2.0; +http://www.bing.com/bingbot.htm) Chrome/103.0.5060.134 Safari/537.36" "tekmedicgloves.com"
40.77.167.18 - - [11/Dec/2022:07:01:52 -0800] "GET /beta/wp-content/themes/CherryFramework/js/jquery.mobile.customized.min.js HTTP/1.1" 200 6409 "-" "Mozilla/5.0 AppleWebKit/537.36 (KHTML, like Gecko; compatible; bingbot/2.0; +http://www.bing.com/bingbot.htm) Chrome/103.0.5060.134 Safari/537.36" "tekmedicgloves.com"
40.77.167.18 - - [11/Dec/2022:07:01:52 -0800] "GET /beta/wp-content/themes/theme48838/style.css HTTP/1.1" 200 243 "-" "Mozilla/5.0 (compatible; bingbot/2.0; +http://www.bing.com/bingbot.htm)" "tekmedicgloves.com"
40.77.167.18 - - [11/Dec/2022:07:01:52 -0800] "GET /beta/wp-includes/js/comment-reply.min.js HTTP/1.1" 404 88 "-" "Mozilla/5.0 (compatible; bingbot/2.0; +http://www.bing.com/bingbot.htm)" "tekmedicgloves.com"
54.202.58.13 - - [11/Dec/2022:07:01:54 -0800] "GET / HTTP/1.1" 200 347 "-" "Mozilla/5.0 (X11; Linux x86_64) AppleWebKit/537.36 (KHTML, like Gecko) Chrome/83.0.4103.97 Safari/537.36" "tekmedicgloves.com"
185.191.171.38 - - [11/Dec/2022:07:01:56 -0800] "GET /phpMyAdmin/setup/?token=ba7c29672f5c8761e56841547187ab9b&version_check=1 HTTP/1.1" 200 12687 "-" "Mozilla/5.0 (compatible; SemrushBot/7~bl; +http://www.semrush.com/bot.html)" "tekmedicgloves.com"
185.191.171.18 - - [11/Dec/2022:07:02:01 -0800] "GET /robots.txt HTTP/1.1" 404 88 "-" "Mozilla/5.0 (compatible; SemrushBot/7~bl; +http://www.semrush.com/bot.html)" "www.tekmedicgloves.com"
185.191.171.37 - - [11/Dec/2022:07:02:01 -0800] "GET /phpMyAdmin/setup/?token=ee34f3fd4266ee158812ef1b76e94157&version_check=1 HTTP/1.1" 200 12691 "-" "Mozilla/5.0 (compatible; SemrushBot/7~bl; +http://www.semrush.com/bot.html)" "www.tekmedicgloves.com"
185.191.171.23 - - [11/Dec/2022:07:02:04 -0800] "GET /phpMyAdmin/setup/?token=f49b9c1da3c262d2539baf8319e82792&version_check=1 HTTP/1.1" 200 12687 "-" "Mozilla/5.0 (compatible; SemrushBot/7~bl; +http://www.semrush.com/bot.html)" "tekmedicgloves.com"
185.191.171.17 - - [11/Dec/2022:07:02:06 -0800] "GET /phpMyAdmin/setup/?token=ee46e7ee0048736f851250372937a613&version_check=1 HTTP/1.1" 200 12691 "-" "Mozilla/5.0 (compatible; SemrushBot/7~bl; +http://www.semrush.com/bot.html)" "www.tekmedicgloves.com"
185.191.171.39 - - [11/Dec/2022:07:02:07 -0800] "GET /phpMyAdmin/setup/?token=df9e6508b6f2a535ada751702af1b84a&version_check=1 HTTP/1.1" 200 12691 "-" "Mozilla/5.0 (compatible; SemrushBot/7~bl; +http://www.semrush.com/bot.html)" "www.tekmedicgloves.com"
185.191.171.38 - - [11/Dec/2022:07:02:12 -0800] "GET /phpMyAdmin/setup/?token=090c2f8c283f1f3fdf8028b1a97d967d&version_check=1 HTTP/1.1" 200 12687 "-" "Mozilla/5.0 (compatible; SemrushBot/7~bl; +http://www.semrush.com/bot.html)" "tekmedicgloves.com"
185.191.171.25 - - [11/Dec/2022:07:02:23 -0800] "GET /phpMyAdmin/setup/?token=71df4fff3fd725dc119ca4aacff0ebe6&version_check=1 HTTP/1.1" 200 12687 "-" "Mozilla/5.0 (compatible; SemrushBot/7~bl; +http://www.semrush.com/bot.html)" "tekmedicgloves.com"
40.77.167.36 - - [11/Dec/2022:07:02:29 -0800] "GET /beta/wp-content/themes/CherryFramework/js/custom.js HTTP/1.1" 200 2131 "-" "Mozilla/5.0 (compatible; bingbot/2.0; +http://www.bing.com/bingbot.htm)" "tekmedicgloves.com"
40.77.167.36 - - [11/Dec/2022:07:02:29 -0800] "GET /beta/wp-content/themes/CherryFramework/js/modernizr.js HTTP/1.1" 200 5141 "-" "Mozilla/5.0 AppleWebKit/537.36 (KHTML, like Gecko; compatible; bingbot/2.0; +http://www.bing.com/bingbot.htm) Chrome/103.0.5060.134 Safari/537.36" "tekmedicgloves.com"
40.77.167.36 - - [11/Dec/2022:07:02:30 -0800] "GET /beta/wp-content/themes/theme48838/main-style.css HTTP/1.1" 200 4849 "-" "Mozilla/5.0 AppleWebKit/537.36 (KHTML, like Gecko; compatible; bingbot/2.0; +http://www.bing.com/bingbot.htm) Chrome/103.0.5060.134 Safari/537.36" "tekmedicgloves.com"
185.191.171.7 - - [11/Dec/2022:07:02:34 -0800] "GET /phpMyAdmin/setup/?token=cfaf91d642a19e11c43cc29914952bdc&version_check=1 HTTP/1.1" 200 12687 "-" "Mozilla/5.0 (compatible; SemrushBot/7~bl; +http://www.semrush.com/bot.html)" "tekmedicgloves.com"
185.191.171.36 - - [11/Dec/2022:07:02:36 -0800] "GET /phpMyAdmin/setup/?token=d89b08b65e5d5ee62a74e17c2d93e0e0&version_check=1 HTTP/1.1" 200 12691 "-" "Mozilla/5.0 (compatible; SemrushBot/7~bl; +http://www.semrush.com/bot.html)" "www.tekmedicgloves.com"
40.77.167.10 - - [11/Dec/2022:07:02:37 -0800] "GET /beta/wp-content/plugins/cherry-plugin/includes/css/cherry-plugin.css HTTP/1.1" 200 4752 "-" "Mozilla/5.0 (compatible; bingbot/2.0; +http://www.bing.com/bingbot.htm)" "tekmedicgloves.com"
40.77.167.10 - - [11/Dec/2022:07:02:37 -0800] "GET /beta/wp-content/plugins/contact-form-7/includes/css/styles.css HTTP/1.1" 200 392 "-" "Mozilla/5.0 (compatible; bingbot/2.0; +http://www.bing.com/bingbot.htm)" "tekmedicgloves.com"
40.77.167.10 - - [11/Dec/2022:07:02:38 -0800] "GET /beta/wp-content/themes/CherryFramework/bootstrap/js/bootstrap.min.js HTTP/1.1" 200 7654 "-" "Mozilla/5.0 AppleWebKit/537.36 (KHTML, like Gecko; compatible; bingbot/2.0; +http://www.bing.com/bingbot.htm) Chrome/103.0.5060.134 Safari/537.36" "tekmedicgloves.com"
40.77.167.10 - - [11/Dec/2022:07:02:38 -0800] "GET /beta/wp-content/themes/CherryFramework/js/jplayer.playlist.min.js HTTP/1.1" 200 2404 "-" "Mozilla/5.0 AppleWebKit/537.36 (KHTML, like Gecko; compatible; bingbot/2.0; +http://www.bing.com/bingbot.htm) Chrome/103.0.5060.134 Safari/537.36" "tekmedicgloves.com"
40.77.167.10 - - [11/Dec/2022:07:02:38 -0800] "GET /beta/wp-content/themes/CherryFramework/js/jquery.jplayer.min.js HTTP/1.1" 200 11945 "-" "Mozilla/5.0 AppleWebKit/537.36 (KHTML, like Gecko; compatible; bingbot/2.0; +http://www.bing.com/bingbot.htm) Chrome/103.0.5060.134 Safari/537.36" "tekmedicgloves.com"
40.77.167.10 - - [11/Dec/2022:07:02:38 -0800] "GET /beta/wp-content/themes/CherryFramework/js/superfish.js HTTP/1.1" 200 1280 "-" "Mozilla/5.0 AppleWebKit/537.36 (KHTML, like Gecko; compatible; bingbot/2.0; +http://www.bing.com/bingbot.htm) Chrome/103.0.5060.134 Safari/537.36" "tekmedicgloves.com"
35.93.91.237 - - [11/Dec/2022:07:02:41 -0800] "GET /favicon.ico HTTP/1.1" 404 88 "-" "Mozilla/5.0 (X11; Linux x86_64) AppleWebKit/537.36 (KHTML, like Gecko) Chrome/83.0.4103.97 Safari/537.36" "tekmedicgloves.com"
35.93.91.237 - - [11/Dec/2022:07:02:43 -0800] "GET / HTTP/1.1" 200 347 "-" "Mozilla/5.0 (X11; Linux x86_64) AppleWebKit/537.36 (KHTML, like Gecko) Chrome/83.0.4103.97 Safari/537.36" "tekmedicgloves.com"
185.191.171.39 - - [11/Dec/2022:07:02:43 -0800] "GET /phpMyAdmin/setup/?token=0bf8eac039f63d295cc92b82bf0988c3&version_check=1 HTTP/1.1" 200 12691 "-" "Mozilla/5.0 (compatible; SemrushBot/7~bl; +http://www.semrush.com/bot.html)" "www.tekmedicgloves.com"
34.214.119.225 - - [11/Dec/2022:07:02:48 -0800] "GET /favicon.ico HTTP/1.1" 404 88 "-" "Mozilla/5.0 (X11; Linux x86_64) AppleWebKit/537.36 (KHTML, like Gecko) Chrome/83.0.4103.97 Safari/537.36" "tekmedicgloves.com"
185.191.171.13 - - [11/Dec/2022:07:03:06 -0800] "GET /phpMyAdmin/setup/?token=d7f45a35ce4087584ee4ce0c2bebdd85&version_check=1 HTTP/1.1" 200 12691 "-" "Mozilla/5.0 (compatible; SemrushBot/7~bl; +http://www.semrush.com/bot.html)" "www.tekmedicgloves.com"
185.191.171.1 - - [11/Dec/2022:07:03:11 -0800] "GET /phpMyAdmin/setup/?token=ee4c944a7dd8ff6929c254f7612c95f7&version_check=1 HTTP/1.1" 200 12691 "-" "Mozilla/5.0 (compatible; SemrushBot/7~bl; +http://www.semrush.com/bot.html)" "www.tekmedicgloves.com"
34.211.202.89 - - [11/Dec/2022:07:03:25 -0800] "GET /favicon.ico HTTP/1.1" 404 88 "-" "Mozilla/5.0 (X11; Linux x86_64) AppleWebKit/537.36 (KHTML, like Gecko) Chrome/83.0.4103.97 Safari/537.36" "tekmedicgloves.com"
34.211.202.89 - - [11/Dec/2022:07:03:27 -0800] "GET / HTTP/1.1" 200 347 "-" "Mozilla/5.0 (X11; Linux x86_64) AppleWebKit/537.36 (KHTML, like Gecko) Chrome/83.0.4103.97 Safari/537.36" "tekmedicgloves.com"
157.55.39.179 - - [11/Dec/2022:07:03:34 -0800] "GET /beta/wp-content/plugins/cherry-plugin/lib/js/jquery.easing.1.3.js HTTP/1.1" 200 814 "-" "Mozilla/5.0 AppleWebKit/537.36 (KHTML, like Gecko; compatible; bingbot/2.0; +http://www.bing.com/bingbot.htm) Chrome/103.0.5060.134 Safari/537.36" "tekmedicgloves.com"
157.55.39.179 - - [11/Dec/2022:07:03:35 -0800] "GET /beta/wp-content/plugins/cherry-plugin/lib/js/owl-carousel/owl.carousel.css HTTP/1.1" 200 1119 "-" "Mozilla/5.0 (compatible; bingbot/2.0; +http://www.bing.com/bingbot.htm)" "tekmedicgloves.com"
157.55.39.179 - - [11/Dec/2022:07:03:35 -0800] "GET /beta/wp-content/themes/CherryFramework/js/jquery.ba-resize.min.js HTTP/1.1" 200 616 "-" "Mozilla/5.0 AppleWebKit/537.36 (KHTML, like Gecko; compatible; bingbot/2.0; +http://www.bing.com/bingbot.htm) Chrome/103.0.5060.134 Safari/537.36" "tekmedicgloves.com"
157.55.39.179 - - [11/Dec/2022:07:03:35 -0800] "GET /beta/wp-content/themes/theme48838/bootstrap/css/bootstrap.css HTTP/1.1" 200 15793 "-" "Mozilla/5.0 AppleWebKit/537.36 (KHTML, like Gecko; compatible; bingbot/2.0; +http://www.bing.com/bingbot.htm) Chrome/103.0.5060.134 Safari/537.36" "tekmedicgloves.com"
157.55.39.179 - - [11/Dec/2022:07:03:35 -0800] "GET /beta/wp-content/themes/theme48838/bootstrap/css/responsive.css HTTP/1.1" 200 4226 "-" "Mozilla/5.0 AppleWebKit/537.36 (KHTML, like Gecko; compatible; bingbot/2.0; +http://www.bing.com/bingbot.htm) Chrome/103.0.5060.134 Safari/537.36" "tekmedicgloves.com"
157.55.39.179 - - [11/Dec/2022:07:03:35 -0800] "GET /beta/wp-includes/js/swfobject.js HTTP/1.1" 404 88 "-" "Mozilla/5.0 (compatible; bingbot/2.0; +http://www.bing.com/bingbot.htm)" "tekmedicgloves.com"
185.191.171.4 - - [11/Dec/2022:07:03:36 -0800] "GET /phpMyAdmin/setup/?token=baae616d62530ba5decd27c93564e67b&version_check=1 HTTP/1.1" 200 12687 "-" "Mozilla/5.0 (compatible; SemrushBot/7~bl; +http://www.semrush.com/bot.html)" "tekmedicgloves.com"
185.191.171.34 - - [11/Dec/2022:07:03:54 -0800] "GET /phpMyAdmin/setup/?token=e9a8fe9b518ea19a6f5dc6fe8c9537a7&version_check=1 HTTP/1.1" 200 12687 "-" "Mozilla/5.0 (compatible; SemrushBot/7~bl; +http://www.semrush.com/bot.html)" "tekmedicgloves.com"
185.191.171.34 - - [11/Dec/2022:07:03:56 -0800] "GET /phpMyAdmin/setup/?token=bfea05f1122cca1db6275e9ec89d59a1&version_check=1 HTTP/1.1" 200 12687 "-" "Mozilla/5.0 (compatible; SemrushBot/7~bl; +http://www.semrush.com/bot.html)" "tekmedicgloves.com"
185.191.171.4 - - [11/Dec/2022:07:04:09 -0800] "GET /phpMyAdmin/setup/?token=f89017dd6075f4b0c164ac0de081cf51&version_check=1 HTTP/1.1" 200 12691 "-" "Mozilla/5.0 (compatible; SemrushBot/7~bl; +http://www.semrush.com/bot.html)" "www.tekmedicgloves.com"
185.191.171.2 - - [11/Dec/2022:07:04:16 -0800] "GET /phpMyAdmin/setup/?token=e18c40e7bb84ce837d8fac94630f391e&version_check=1 HTTP/1.1" 200 12691 "-" "Mozilla/5.0 (compatible; SemrushBot/7~bl; +http://www.semrush.com/bot.html)" "www.tekmedicgloves.com"
185.191.171.22 - - [11/Dec/2022:07:04:30 -0800] "GET /phpMyAdmin/setup/?token=fad959cba9e1fcc0391c3255515e0e37&version_check=1 HTTP/1.1" 200 12687 "-" "Mozilla/5.0 (compatible; SemrushBot/7~bl; +http://www.semrush.com/bot.html)" "tekmedicgloves.com"
185.191.171.4 - - [11/Dec/2022:07:04:37 -0800] "GET /phpMyAdmin/setup/?token=d87e152933abc1ce3ddd80989d3f6f37&version_check=1 HTTP/1.1" 200 12691 "-" "Mozilla/5.0 (compatible; SemrushBot/7~bl; +http://www.semrush.com/bot.html)" "www.tekmedicgloves.com"
185.191.171.15 - - [11/Dec/2022:07:04:58 -0800] "GET /phpMyAdmin/setup/?token=e0fb41b959669be1dd59ef4f79b4a647&version_check=1 HTTP/1.1" 200 12687 "-" "Mozilla/5.0 (compatible; SemrushBot/7~bl; +http://www.semrush.com/bot.html)" "tekmedicgloves.com"
185.191.171.17 - - [11/Dec/2022:07:05:05 -0800] "GET /phpMyAdmin/setup/?token=eda079a73f765194480e9301d0110930&version_check=1 HTTP/1.1" 200 12691 "-" "Mozilla/5.0 (compatible; SemrushBot/7~bl; +http://www.semrush.com/bot.html)" "www.tekmedicgloves.com"
185.191.171.24 - - [11/Dec/2022:07:05:21 -0800] "GET /phpMyAdmin/setup/?token=e23dc2cf35a8f34f093ed83e52520842&version_check=1 HTTP/1.1" 200 12691 "-" "Mozilla/5.0 (compatible; SemrushBot/7~bl; +http://www.semrush.com/bot.html)" "www.tekmedicgloves.com"
185.191.171.22 - - [11/Dec/2022:07:06:03 -0800] "GET /phpMyAdmin/setup/?token=c4bc0eafec3907d86291bd74e24f94fc&version_check=1 HTTP/1.1" 200 12687 "-" "Mozilla/5.0 (compatible; SemrushBot/7~bl; +http://www.semrush.com/bot.html)" "tekmedicgloves.com"
185.191.171.44 - - [11/Dec/2022:07:06:06 -0800] "GET /phpMyAdmin/setup/?token=c2148733012228b77a2f319e7ee9e9b5&version_check=1 HTTP/1.1" 200 12687 "-" "Mozilla/5.0 (compatible; SemrushBot/7~bl; +http://www.semrush.com/bot.html)" "tekmedicgloves.com"
185.191.171.35 - - [11/Dec/2022:07:06:31 -0800] "GET /phpMyAdmin/setup/?token=083669b1494ae52516462eb7092c58db&version_check=1 HTTP/1.1" 200 12691 "-" "Mozilla/5.0 (compatible; SemrushBot/7~bl; +http://www.semrush.com/bot.html)" "www.tekmedicgloves.com"
185.191.171.7 - - [11/Dec/2022:07:07:03 -0800] "GET /phpMyAdmin/setup/?token=d45d42e1fdff13dfddccd73c80dd15fe&version_check=1 HTTP/1.1" 200 12687 "-" "Mozilla/5.0 (compatible; SemrushBot/7~bl; +http://www.semrush.com/bot.html)" "tekmedicgloves.com"
185.191.171.7 - - [11/Dec/2022:07:07:08 -0800] "GET /phpMyAdmin/setup/?token=00affd413d16f47e38079b41bf6c1eb9&version_check=1 HTTP/1.1" 200 12691 "-" "Mozilla/5.0 (compatible; SemrushBot/7~bl; +http://www.semrush.com/bot.html)" "www.tekmedicgloves.com"
185.191.171.43 - - [11/Dec/2022:07:07:12 -0800] "GET /phpMyAdmin/setup/?token=f47edc7618f3c5ae50e38499fb7ad23e&version_check=1 HTTP/1.1" 200 12691 "-" "Mozilla/5.0 (compatible; SemrushBot/7~bl; +http://www.semrush.com/bot.html)" "www.tekmedicgloves.com"
185.191.171.7 - - [11/Dec/2022:07:07:27 -0800] "GET /phpMyAdmin/setup/?token=ec7c72dc6f0bc37a4c2a5d79fefc5e9a&version_check=1 HTTP/1.1" 200 12691 "-" "Mozilla/5.0 (compatible; SemrushBot/7~bl; +http://www.semrush.com/bot.html)" "www.tekmedicgloves.com"
185.191.171.11 - - [11/Dec/2022:07:07:43 -0800] "GET /phpMyAdmin/setup/?token=c2d3dabf11477b91c21f7913fbbe3cc9&version_check=1 HTTP/1.1" 200 12687 "-" "Mozilla/5.0 (compatible; SemrushBot/7~bl; +http://www.semrush.com/bot.html)" "tekmedicgloves.com"
185.191.171.26 - - [11/Dec/2022:07:07:55 -0800] "GET /phpMyAdmin/setup/?token=02a4b4a95e086a809956956deadd00a4&version_check=1 HTTP/1.1" 200 12687 "-" "Mozilla/5.0 (compatible; SemrushBot/7~bl; +http://www.semrush.com/bot.html)" "tekmedicgloves.com"
185.191.171.42 - - [11/Dec/2022:07:08:08 -0800] "GET /phpMyAdmin/setup/?token=ecb2d8ec40b46789d96d745b3ff0909e&version_check=1 HTTP/1.1" 200 12687 "-" "Mozilla/5.0 (compatible; SemrushBot/7~bl; +http://www.semrush.com/bot.html)" "tekmedicgloves.com"
185.191.171.10 - - [11/Dec/2022:07:08:35 -0800] "GET /phpMyAdmin/setup/?token=e29d7c37b345b9a880f4f8771a667863&version_check=1 HTTP/1.1" 200 12691 "-" "Mozilla/5.0 (compatible; SemrushBot/7~bl; +http://www.semrush.com/bot.html)" "www.tekmedicgloves.com"
185.191.171.1 - - [11/Dec/2022:07:08:45 -0800] "GET /phpMyAdmin/setup/?token=bd422693c3c8ff9fcc8df9c25b0b7b57&version_check=1 HTTP/1.1" 200 12687 "-" "Mozilla/5.0 (compatible; SemrushBot/7~bl; +http://www.semrush.com/bot.html)" "tekmedicgloves.com"
185.191.171.1 - - [11/Dec/2022:07:08:52 -0800] "GET /phpMyAdmin/setup/?token=f14049658f17a5e2bcab41fd4a7456b6&version_check=1 HTTP/1.1" 200 12691 "-" "Mozilla/5.0 (compatible; SemrushBot/7~bl; +http://www.semrush.com/bot.html)" "www.tekmedicgloves.com"
185.191.171.45 - - [11/Dec/2022:07:09:08 -0800] "GET /phpMyAdmin/setup/?token=efcb55ad026c44d5bc7ac098dc09fa4f&version_check=1 HTTP/1.1" 200 12687 "-" "Mozilla/5.0 (compatible; SemrushBot/7~bl; +http://www.semrush.com/bot.html)" "tekmedicgloves.com"
185.191.171.34 - - [11/Dec/2022:07:09:18 -0800] "GET /phpMyAdmin/setup/?token=0ebd9176c7cbe5b68dc3432e064eb697&version_check=1 HTTP/1.1" 200 12687 "-" "Mozilla/5.0 (compatible; SemrushBot/7~bl; +http://www.semrush.com/bot.html)" "tekmedicgloves.com"
185.191.171.35 - - [11/Dec/2022:07:09:37 -0800] "GET /phpMyAdmin/setup/?token=cbbafb8c050c25c3805814234ef0f4ae&version_check=1 HTTP/1.1" 200 12687 "-" "Mozilla/5.0 (compatible; SemrushBot/7~bl; +http://www.semrush.com/bot.html)" "tekmedicgloves.com"
185.191.171.4 - - [11/Dec/2022:07:09:56 -0800] "GET /phpMyAdmin/setup/?token=dc95d08b1452d3c0fad66007cffc850d&version_check=1 HTTP/1.1" 200 12687 "-" "Mozilla/5.0 (compatible; SemrushBot/7~bl; +http://www.semrush.com/bot.html)" "tekmedicgloves.com"
185.191.171.15 - - [11/Dec/2022:07:10:12 -0800] "GET /phpMyAdmin/setup/?token=bab1cc9b07a1bd97a84afb4f5c3e2681&version_check=1 HTTP/1.1" 200 12687 "-" "Mozilla/5.0 (compatible; SemrushBot/7~bl; +http://www.semrush.com/bot.html)" "tekmedicgloves.com"
185.191.171.19 - - [11/Dec/2022:07:10:18 -0800] "GET /phpMyAdmin/setup/?token=d296d8ad3f371d9c732601c08d9b0005&version_check=1 HTTP/1.1" 200 12691 "-" "Mozilla/5.0 (compatible; SemrushBot/7~bl; +http://www.semrush.com/bot.html)" "www.tekmedicgloves.com"
185.191.171.41 - - [11/Dec/2022:07:10:30 -0800] "GET /phpMyAdmin/setup/?token=ba96a016b5698ad5abafa12377dc5898&version_check=1 HTTP/1.1" 200 12687 "-" "Mozilla/5.0 (compatible; SemrushBot/7~bl; +http://www.semrush.com/bot.html)" "tekmedicgloves.com"
185.191.171.10 - - [11/Dec/2022:07:10:34 -0800] "GET /phpMyAdmin/setup/?token=d798b892d4c47e76a7dcc16d644bb62e&version_check=1 HTTP/1.1" 200 12687 "-" "Mozilla/5.0 (compatible; SemrushBot/7~bl; +http://www.semrush.com/bot.html)" "tekmedicgloves.com"
185.191.171.38 - - [11/Dec/2022:07:10:35 -0800] "GET /phpMyAdmin/setup/?token=f5321088ac8f0f32e98e6a2e1e3bad2e&version_check=1 HTTP/1.1" 200 12691 "-" "Mozilla/5.0 (compatible; SemrushBot/7~bl; +http://www.semrush.com/bot.html)" "www.tekmedicgloves.com"
185.191.171.12 - - [11/Dec/2022:07:10:37 -0800] "GET /phpMyAdmin/setup/?token=081cbfbcd79592e09a6a383500cc4470&version_check=1 HTTP/1.1" 200 12687 "-" "Mozilla/5.0 (compatible; SemrushBot/7~bl; +http://www.semrush.com/bot.html)" "tekmedicgloves.com"
185.191.171.45 - - [11/Dec/2022:07:10:47 -0800] "GET /phpMyAdmin/setup/?token=d21ee4acfb4d605a17d2e41f2d1fcbbf&version_check=1 HTTP/1.1" 200 12687 "-" "Mozilla/5.0 (compatible; SemrushBot/7~bl; +http://www.semrush.com/bot.html)" "tekmedicgloves.com"
185.191.171.45 - - [11/Dec/2022:07:11:08 -0800] "GET /phpMyAdmin/setup/?token=d4ee1b76440a2e588b20a9f9e6f8be90&version_check=1 HTTP/1.1" 200 12691 "-" "Mozilla/5.0 (compatible; SemrushBot/7~bl; +http://www.semrush.com/bot.html)" "www.tekmedicgloves.com"
185.191.171.25 - - [11/Dec/2022:07:11:23 -0800] "GET /phpMyAdmin/setup/?token=e4f5e809dbfda148d23a95eb3e45373c&version_check=1 HTTP/1.1" 200 12691 "-" "Mozilla/5.0 (compatible; SemrushBot/7~bl; +http://www.semrush.com/bot.html)" "www.tekmedicgloves.com"
185.191.171.13 - - [11/Dec/2022:07:11:49 -0800] "GET /phpMyAdmin/setup/?token=fced610c08ed6f7b899981f5bc909f57&version_check=1 HTTP/1.1" 200 12691 "-" "Mozilla/5.0 (compatible; SemrushBot/7~bl; +http://www.semrush.com/bot.html)" "www.tekmedicgloves.com"
185.191.171.16 - - [11/Dec/2022:07:11:51 -0800] "GET /phpMyAdmin/setup/?token=0daf5a6fd17f98f26e512f824db9d967&version_check=1 HTTP/1.1" 200 12691 "-" "Mozilla/5.0 (compatible; SemrushBot/7~bl; +http://www.semrush.com/bot.html)" "www.tekmedicgloves.com"
185.191.171.44 - - [11/Dec/2022:07:11:53 -0800] "GET /phpMyAdmin/setup/?token=e02441cf66a206e46d8bc9ef941ffa50&version_check=1 HTTP/1.1" 200 12687 "-" "Mozilla/5.0 (compatible; SemrushBot/7~bl; +http://www.semrush.com/bot.html)" "tekmedicgloves.com"
185.191.171.10 - - [11/Dec/2022:07:11:54 -0800] "GET /phpMyAdmin/setup/?token=e7f2c3fcfc8f2c13071e13ab3b157e3a&version_check=1 HTTP/1.1" 200 12691 "-" "Mozilla/5.0 (compatible; SemrushBot/7~bl; +http://www.semrush.com/bot.html)" "www.tekmedicgloves.com"
185.191.171.25 - - [11/Dec/2022:07:12:11 -0800] "GET /phpMyAdmin/setup/?token=d581460b5e01f5b410d3f44c813d5fff&version_check=1 HTTP/1.1" 200 12691 "-" "Mozilla/5.0 (compatible; SemrushBot/7~bl; +http://www.semrush.com/bot.html)" "www.tekmedicgloves.com"
185.191.171.1 - - [11/Dec/2022:07:12:15 -0800] "GET /robots.txt HTTP/1.1" 404 88 "-" "Mozilla/5.0 (compatible; SemrushBot/7~bl; +http://www.semrush.com/bot.html)" "tekmedicgloves.com"
185.191.171.3 - - [11/Dec/2022:07:12:15 -0800] "GET /phpMyAdmin/setup/?token=d4f1f1b5fc40a62886584931c6f68f56&version_check=1 HTTP/1.1" 200 12687 "-" "Mozilla/5.0 (compatible; SemrushBot/7~bl; +http://www.semrush.com/bot.html)" "tekmedicgloves.com"
