185.191.171.13 - - [20/Dec/2022:07:22:57 -0800] "GET /phpMyAdmin/setup/?token=f851f4eae7530337d71d623223cc5c38&version_check=1 HTTP/1.1" 200 12691 "-" "Mozilla/5.0 (compatible; SemrushBot/7~bl; +http://www.semrush.com/bot.html)" "www.tekmedicgloves.com"
185.191.171.18 - - [20/Dec/2022:07:22:58 -0800] "GET /phpMyAdmin/setup/?token=c1466063822953bd740e4c0574ebba61&version_check=1 HTTP/1.1" 200 12687 "-" "Mozilla/5.0 (compatible; SemrushBot/7~bl; +http://www.semrush.com/bot.html)" "tekmedicgloves.com"
185.191.171.25 - - [20/Dec/2022:07:23:16 -0800] "GET /phpMyAdmin/setup/?token=cd7d2f8cda2d0cf27214d741e3745b32&version_check=1 HTTP/1.1" 200 12691 "-" "Mozilla/5.0 (compatible; SemrushBot/7~bl; +http://www.semrush.com/bot.html)" "www.tekmedicgloves.com"
185.191.171.18 - - [20/Dec/2022:07:23:25 -0800] "GET /phpMyAdmin/setup/?token=f332ff2e4cae0548415d8441a6ba2e88&version_check=1 HTTP/1.1" 200 12691 "-" "Mozilla/5.0 (compatible; SemrushBot/7~bl; +http://www.semrush.com/bot.html)" "www.tekmedicgloves.com"
185.191.171.25 - - [20/Dec/2022:07:23:42 -0800] "GET /phpMyAdmin/setup/?token=b9f8fbc8f42e757099c0cfd1b8aed08e&version_check=1 HTTP/1.1" 200 12687 "-" "Mozilla/5.0 (compatible; SemrushBot/7~bl; +http://www.semrush.com/bot.html)" "tekmedicgloves.com"
185.191.171.34 - - [20/Dec/2022:07:23:44 -0800] "GET /phpMyAdmin/setup/?token=b9b9b64a27c0525e42a1d0b4f9faecb5&version_check=1 HTTP/1.1" 200 12687 "-" "Mozilla/5.0 (compatible; SemrushBot/7~bl; +http://www.semrush.com/bot.html)" "tekmedicgloves.com"
185.191.171.7 - - [20/Dec/2022:07:23:46 -0800] "GET /phpMyAdmin/setup/?token=b7b1d0c2488f7c697f680d605ca8a4bd&version_check=1 HTTP/1.1" 200 12687 "-" "Mozilla/5.0 (compatible; SemrushBot/7~bl; +http://www.semrush.com/bot.html)" "tekmedicgloves.com"
185.191.171.38 - - [20/Dec/2022:07:23:49 -0800] "GET /phpMyAdmin/setup/?token=f429a013771c3104fb51ac2ca5a33cbc&version_check=1 HTTP/1.1" 200 12691 "-" "Mozilla/5.0 (compatible; SemrushBot/7~bl; +http://www.semrush.com/bot.html)" "www.tekmedicgloves.com"
185.191.171.11 - - [20/Dec/2022:07:23:56 -0800] "GET /phpMyAdmin/setup/?token=bb84403af53428570d720ca655dbb384&version_check=1 HTTP/1.1" 200 12687 "-" "Mozilla/5.0 (compatible; SemrushBot/7~bl; +http://www.semrush.com/bot.html)" "tekmedicgloves.com"
185.191.171.35 - - [20/Dec/2022:07:23:59 -0800] "GET /phpMyAdmin/setup/?token=efc8a3ade92c3853dc359527fdf6b542&version_check=1 HTTP/1.1" 200 12691 "-" "Mozilla/5.0 (compatible; SemrushBot/7~bl; +http://www.semrush.com/bot.html)" "www.tekmedicgloves.com"
185.191.171.6 - - [20/Dec/2022:07:24:12 -0800] "GET /phpMyAdmin/setup/?token=fd626cd3c2bc3d5a005a869d367e36df&version_check=1 HTTP/1.1" 200 12691 "-" "Mozilla/5.0 (compatible; SemrushBot/7~bl; +http://www.semrush.com/bot.html)" "www.tekmedicgloves.com"
185.191.171.12 - - [20/Dec/2022:07:24:27 -0800] "GET /phpMyAdmin/setup/?token=d1bb68f6da15ba01865758d79ec7bbbd&version_check=1 HTTP/1.1" 200 12687 "-" "Mozilla/5.0 (compatible; SemrushBot/7~bl; +http://www.semrush.com/bot.html)" "tekmedicgloves.com"
185.191.171.17 - - [20/Dec/2022:07:24:37 -0800] "GET /phpMyAdmin/setup/?token=b79ab859359263d277e3cb4b8ab135b3&version_check=1 HTTP/1.1" 200 12687 "-" "Mozilla/5.0 (compatible; SemrushBot/7~bl; +http://www.semrush.com/bot.html)" "tekmedicgloves.com"
185.191.171.4 - - [20/Dec/2022:07:24:48 -0800] "GET /phpMyAdmin/setup/?token=b65583bf52f58fe06c450e80cd761f42&version_check=1 HTTP/1.1" 200 12687 "-" "Mozilla/5.0 (compatible; SemrushBot/7~bl; +http://www.semrush.com/bot.html)" "tekmedicgloves.com"
185.191.171.8 - - [20/Dec/2022:07:24:49 -0800] "GET /phpMyAdmin/setup/?token=d1742a99506cf7cc788e3b3633f130fe&version_check=1 HTTP/1.1" 200 12691 "-" "Mozilla/5.0 (compatible; SemrushBot/7~bl; +http://www.semrush.com/bot.html)" "www.tekmedicgloves.com"
185.191.171.12 - - [20/Dec/2022:07:25:08 -0800] "GET /phpMyAdmin/setup/?token=f96c0e2ada90843a4ca463ea3e07a6d1&version_check=1 HTTP/1.1" 200 12691 "-" "Mozilla/5.0 (compatible; SemrushBot/7~bl; +http://www.semrush.com/bot.html)" "www.tekmedicgloves.com"
185.191.171.6 - - [20/Dec/2022:07:25:22 -0800] "GET /phpMyAdmin/setup/?token=bfac17382600ece1c0a15e6467d16ee7&version_check=1 HTTP/1.1" 200 12687 "-" "Mozilla/5.0 (compatible; SemrushBot/7~bl; +http://www.semrush.com/bot.html)" "tekmedicgloves.com"
185.191.171.8 - - [20/Dec/2022:07:25:32 -0800] "GET /phpMyAdmin/setup/?token=b1ae43c609a511fc48465f6b4ce045f4&version_check=1 HTTP/1.1" 200 12691 "-" "Mozilla/5.0 (compatible; SemrushBot/7~bl; +http://www.semrush.com/bot.html)" "www.tekmedicgloves.com"
185.191.171.8 - - [20/Dec/2022:07:26:04 -0800] "GET /phpMyAdmin/setup/?token=01b8e15c83d35d3332a9adb9402bd1ff&version_check=1 HTTP/1.1" 200 12691 "-" "Mozilla/5.0 (compatible; SemrushBot/7~bl; +http://www.semrush.com/bot.html)" "www.tekmedicgloves.com"
185.191.171.21 - - [20/Dec/2022:07:26:05 -0800] "GET /phpMyAdmin/setup/?token=ce30c1e27af294f99f5874dc440a4744&version_check=1 HTTP/1.1" 200 12687 "-" "Mozilla/5.0 (compatible; SemrushBot/7~bl; +http://www.semrush.com/bot.html)" "tekmedicgloves.com"
54.218.160.113 - - [20/Dec/2022:07:26:20 -0800] "GET / HTTP/1.1" 200 347 "-" "Mozilla/5.0 (X11; Linux x86_64) AppleWebKit/537.36 (KHTML, like Gecko) Chrome/83.0.4103.97 Safari/537.36" "tekmedicgloves.com"
185.191.171.24 - - [20/Dec/2022:07:26:34 -0800] "GET /phpMyAdmin/setup/?token=ddf0f7c07b8ca108ce5f652b05994419&version_check=1 HTTP/1.1" 200 12687 "-" "Mozilla/5.0 (compatible; SemrushBot/7~bl; +http://www.semrush.com/bot.html)" "tekmedicgloves.com"
54.201.159.253 - - [20/Dec/2022:07:26:47 -0800] "GET /favicon.ico HTTP/1.1" 404 88 "-" "Mozilla/5.0 (X11; Linux x86_64) AppleWebKit/537.36 (KHTML, like Gecko) Chrome/83.0.4103.97 Safari/537.36" "tekmedicgloves.com"
54.201.159.253 - - [20/Dec/2022:07:26:50 -0800] "GET / HTTP/1.1" 200 347 "-" "Mozilla/5.0 (X11; Linux x86_64) AppleWebKit/537.36 (KHTML, like Gecko) Chrome/83.0.4103.97 Safari/537.36" "tekmedicgloves.com"
185.191.171.37 - - [20/Dec/2022:07:26:49 -0800] "GET /phpMyAdmin/setup/?token=0f67a4fe14859e869ea8fb2ed76ef09f&version_check=1 HTTP/1.1" 200 12687 "-" "Mozilla/5.0 (compatible; SemrushBot/7~bl; +http://www.semrush.com/bot.html)" "tekmedicgloves.com"
185.191.171.33 - - [20/Dec/2022:07:26:53 -0800] "GET /phpMyAdmin/setup/?token=b9f5a2116bbba9ab98d3bef8c533c9ec&version_check=1 HTTP/1.1" 200 12687 "-" "Mozilla/5.0 (compatible; SemrushBot/7~bl; +http://www.semrush.com/bot.html)" "tekmedicgloves.com"
185.191.171.41 - - [20/Dec/2022:07:27:13 -0800] "GET /phpMyAdmin/setup/?token=bdfa85df48b6851aa6168ae1356abced&version_check=1 HTTP/1.1" 200 12687 "-" "Mozilla/5.0 (compatible; SemrushBot/7~bl; +http://www.semrush.com/bot.html)" "tekmedicgloves.com"
185.191.171.23 - - [20/Dec/2022:07:27:20 -0800] "GET /phpMyAdmin/setup/?token=f9ccd4d437d5873b05d54dd247c817bf&version_check=1 HTTP/1.1" 200 12691 "-" "Mozilla/5.0 (compatible; SemrushBot/7~bl; +http://www.semrush.com/bot.html)" "www.tekmedicgloves.com"
185.191.171.19 - - [20/Dec/2022:07:27:33 -0800] "GET /phpMyAdmin/setup/?token=fd609df51bf0e021914d21608e8dfb48&version_check=1 HTTP/1.1" 200 12691 "-" "Mozilla/5.0 (compatible; SemrushBot/7~bl; +http://www.semrush.com/bot.html)" "www.tekmedicgloves.com"
185.191.171.13 - - [20/Dec/2022:07:27:37 -0800] "GET /phpMyAdmin/setup/?token=faad0e6f248bfcd3190a21a8e028c1c7&version_check=1 HTTP/1.1" 200 12691 "-" "Mozilla/5.0 (compatible; SemrushBot/7~bl; +http://www.semrush.com/bot.html)" "www.tekmedicgloves.com"
185.191.171.25 - - [20/Dec/2022:07:27:48 -0800] "GET /phpMyAdmin/setup/?token=bbaac6dfeaebcbc59e8a72e3e4535173&version_check=1 HTTP/1.1" 200 12687 "-" "Mozilla/5.0 (compatible; SemrushBot/7~bl; +http://www.semrush.com/bot.html)" "tekmedicgloves.com"
185.191.171.26 - - [20/Dec/2022:07:27:53 -0800] "GET /phpMyAdmin/setup/?token=c778a6bca071f08b8b582d56a1f4f8c3&version_check=1 HTTP/1.1" 200 12687 "-" "Mozilla/5.0 (compatible; SemrushBot/7~bl; +http://www.semrush.com/bot.html)" "tekmedicgloves.com"
185.191.171.4 - - [20/Dec/2022:07:27:58 -0800] "GET /phpMyAdmin/setup/?token=0a6c15f90a08ff1c7c5f91c08f467ef4&version_check=1 HTTP/1.1" 200 12687 "-" "Mozilla/5.0 (compatible; SemrushBot/7~bl; +http://www.semrush.com/bot.html)" "tekmedicgloves.com"
185.191.171.25 - - [20/Dec/2022:07:28:19 -0800] "GET /phpMyAdmin/setup/?token=c742f357458e3bbc1490810ad1478f25&version_check=1 HTTP/1.1" 200 12687 "-" "Mozilla/5.0 (compatible; SemrushBot/7~bl; +http://www.semrush.com/bot.html)" "tekmedicgloves.com"
185.191.171.13 - - [20/Dec/2022:07:28:22 -0800] "GET /phpMyAdmin/setup/?token=c1a4fa5c6e156a2b6fba9e5675ea24f7&version_check=1 HTTP/1.1" 200 12687 "-" "Mozilla/5.0 (compatible; SemrushBot/7~bl; +http://www.semrush.com/bot.html)" "tekmedicgloves.com"
185.191.171.39 - - [20/Dec/2022:07:28:34 -0800] "GET /phpMyAdmin/setup/?token=cc426de43ea124c7a4b5312eda603350&version_check=1 HTTP/1.1" 200 12687 "-" "Mozilla/5.0 (compatible; SemrushBot/7~bl; +http://www.semrush.com/bot.html)" "tekmedicgloves.com"
51.222.253.8 - - [20/Dec/2022:07:28:47 -0800] "GET /robots.txt HTTP/1.1" 404 88 "-" "Mozilla/5.0 (compatible; AhrefsBot/7.0; +http://ahrefs.com/robot/)" "tekmedicgloves.com"
51.222.253.10 - - [20/Dec/2022:07:28:49 -0800] "GET /beta/products.php?cat=23&subcat=40&id=17 HTTP/1.1" 200 56913 "-" "Mozilla/5.0 (compatible; AhrefsBot/7.0; +http://ahrefs.com/robot/)" "tekmedicgloves.com"
51.222.253.15 - - [20/Dec/2022:07:28:51 -0800] "GET /beta/wp-content/themes/theme48838/style.css HTTP/1.1" 200 243 "-" "Mozilla/5.0 (compatible; AhrefsBot/7.0; +http://ahrefs.com/robot/)" "tekmedicgloves.com"
51.222.253.19 - - [20/Dec/2022:07:28:52 -0800] "GET /beta/wp-content/themes/CherryFramework/js/jquery.mobilemenu.js HTTP/1.1" 200 908 "-" "Mozilla/5.0 (compatible; AhrefsBot/7.0; +http://ahrefs.com/robot/)" "tekmedicgloves.com"
51.222.253.7 - - [20/Dec/2022:07:28:52 -0800] "GET /beta/wp-content/themes/CherryFramework/js/jquery-1.7.2.min.js HTTP/1.1" 200 33630 "-" "Mozilla/5.0 (compatible; AhrefsBot/7.0; +http://ahrefs.com/robot/)" "tekmedicgloves.com"
51.222.253.8 - - [20/Dec/2022:07:28:52 -0800] "GET /beta/wp-content/themes/theme48838/images/social/rss.png HTTP/1.1" 200 2128 "-" "Mozilla/5.0 (compatible; AhrefsBot/7.0; +http://ahrefs.com/robot/)" "tekmedicgloves.com"
51.222.253.19 - - [20/Dec/2022:07:28:53 -0800] "GET /beta/wp-content/plugins/cherry-plugin/lib/js/FlexSlider/flexslider.css HTTP/1.1" 200 1323 "-" "Mozilla/5.0 (compatible; AhrefsBot/7.0; +http://ahrefs.com/robot/)" "tekmedicgloves.com"
51.222.253.11 - - [20/Dec/2022:07:28:53 -0800] "GET /beta/wp-content/plugins/cherry-plugin/includes/css/cherry-plugin.css HTTP/1.1" 200 4752 "-" "Mozilla/5.0 (compatible; AhrefsBot/7.0; +http://ahrefs.com/robot/)" "tekmedicgloves.com"
51.222.253.10 - - [20/Dec/2022:07:28:53 -0800] "GET /beta/wp-content/plugins/cherry-plugin/lib/js/FlexSlider/jquery.flexslider-min.js HTTP/1.1" 200 5177 "-" "Mozilla/5.0 (compatible; AhrefsBot/7.0; +http://ahrefs.com/robot/)" "tekmedicgloves.com"
185.191.171.23 - - [20/Dec/2022:07:28:53 -0800] "GET /phpMyAdmin/setup/?token=0424e39bc711b4c57dad535860d644cb&version_check=1 HTTP/1.1" 200 12691 "-" "Mozilla/5.0 (compatible; SemrushBot/7~bl; +http://www.semrush.com/bot.html)" "www.tekmedicgloves.com"
51.222.253.3 - - [20/Dec/2022:07:28:54 -0800] "GET /beta/wp-content/themes/CherryFramework/js/superfish.js HTTP/1.1" 200 1280 "-" "Mozilla/5.0 (compatible; AhrefsBot/7.0; +http://ahrefs.com/robot/)" "tekmedicgloves.com"
51.222.253.3 - - [20/Dec/2022:07:28:54 -0800] "GET /beta/wp-content/themes/theme48838/images/social/facebook.png HTTP/1.1" 200 1671 "-" "Mozilla/5.0 (compatible; AhrefsBot/7.0; +http://ahrefs.com/robot/)" "tekmedicgloves.com"
51.222.253.11 - - [20/Dec/2022:07:28:54 -0800] "GET /beta/wp-content/themes/theme48838/bootstrap/css/responsive.css HTTP/1.1" 200 4226 "-" "Mozilla/5.0 (compatible; AhrefsBot/7.0; +http://ahrefs.com/robot/)" "tekmedicgloves.com"
51.222.253.16 - - [20/Dec/2022:07:28:54 -0800] "GET /beta/wp-content/themes/theme48838/bootstrap/css/bootstrap.css HTTP/1.1" 200 15793 "-" "Mozilla/5.0 (compatible; AhrefsBot/7.0; +http://ahrefs.com/robot/)" "tekmedicgloves.com"
51.222.253.20 - - [20/Dec/2022:07:28:55 -0800] "GET /beta/wp-content/plugins/contact-form-7/includes/css/styles.css HTTP/1.1" 200 392 "-" "Mozilla/5.0 (compatible; AhrefsBot/7.0; +http://ahrefs.com/robot/)" "tekmedicgloves.com"
51.222.253.14 - - [20/Dec/2022:07:28:55 -0800] "GET /beta/wp-content/plugins/cherry-plugin/includes/js/cherry-plugin.js HTTP/1.1" 200 438 "-" "Mozilla/5.0 (compatible; AhrefsBot/7.0; +http://ahrefs.com/robot/)" "tekmedicgloves.com"
51.222.253.9 - - [20/Dec/2022:07:28:55 -0800] "GET /beta/wp-content/themes/CherryFramework/js/jflickrfeed.js HTTP/1.1" 200 560 "-" "Mozilla/5.0 (compatible; AhrefsBot/7.0; +http://ahrefs.com/robot/)" "tekmedicgloves.com"
51.222.253.5 - - [20/Dec/2022:07:28:55 -0800] "GET /beta/wp-content/themes/CherryFramework/js/jquery.debouncedresize.js HTTP/1.1" 200 226 "-" "Mozilla/5.0 (compatible; AhrefsBot/7.0; +http://ahrefs.com/robot/)" "tekmedicgloves.com"
51.222.253.11 - - [20/Dec/2022:07:28:56 -0800] "GET /beta/wp-content/themes/theme48838/main-style.css HTTP/1.1" 200 4849 "-" "Mozilla/5.0 (compatible; AhrefsBot/7.0; +http://ahrefs.com/robot/)" "tekmedicgloves.com"
51.222.253.6 - - [20/Dec/2022:07:28:56 -0800] "GET /beta/wp-content/themes/theme48838/images/social/google.png HTTP/1.1" 200 1611 "-" "Mozilla/5.0 (compatible; AhrefsBot/7.0; +http://ahrefs.com/robot/)" "tekmedicgloves.com"
51.222.253.11 - - [20/Dec/2022:07:28:56 -0800] "GET /beta/images/product/20141110114348_3734D-Tekmedic-InoSafe-A2-Poster-Outstanding-Concept.jpg HTTP/1.1" 200 1724750 "-" "Mozilla/5.0 (compatible; AhrefsBot/7.0; +http://ahrefs.com/robot/)" "tekmedicgloves.com"
51.222.253.14 - - [20/Dec/2022:07:28:58 -0800] "GET /beta/wp-content/themes/CherryFramework/js/jquery.mobile.customized.min.js HTTP/1.1" 200 6409 "-" "Mozilla/5.0 (compatible; AhrefsBot/7.0; +http://ahrefs.com/robot/)" "tekmedicgloves.com"
185.191.171.19 - - [20/Dec/2022:07:28:58 -0800] "GET /phpMyAdmin/setup/?token=c85fbde8b522ef766d44699983ad78a8&version_check=1 HTTP/1.1" 200 12687 "-" "Mozilla/5.0 (compatible; SemrushBot/7~bl; +http://www.semrush.com/bot.html)" "tekmedicgloves.com"
51.222.253.1 - - [20/Dec/2022:07:28:59 -0800] "GET /beta/wp-content/themes/theme48838/images/social/twitter.png HTTP/1.1" 200 1861 "-" "Mozilla/5.0 (compatible; AhrefsBot/7.0; +http://ahrefs.com/robot/)" "tekmedicgloves.com"
51.222.253.6 - - [20/Dec/2022:07:28:59 -0800] "GET /beta/wp-content/themes/CherryFramework/js/jquery.jplayer.min.js HTTP/1.1" 200 11945 "-" "Mozilla/5.0 (compatible; AhrefsBot/7.0; +http://ahrefs.com/robot/)" "tekmedicgloves.com"
51.222.253.20 - - [20/Dec/2022:07:28:59 -0800] "GET /beta/wp-includes/js/swfobject.js HTTP/1.1" 404 88 "-" "Mozilla/5.0 (compatible; AhrefsBot/7.0; +http://ahrefs.com/robot/)" "tekmedicgloves.com"
51.222.253.13 - - [20/Dec/2022:07:28:59 -0800] "GET /beta/wp-content/plugins/cherry-plugin/lib/js/jquery.easing.1.3.js HTTP/1.1" 200 814 "-" "Mozilla/5.0 (compatible; AhrefsBot/7.0; +http://ahrefs.com/robot/)" "tekmedicgloves.com"
51.222.253.8 - - [20/Dec/2022:07:29:00 -0800] "GET /beta/wp-content/plugins/contact-form-7/includes/js/jquery.form.min.js HTTP/1.1" 200 5878 "-" "Mozilla/5.0 (compatible; AhrefsBot/7.0; +http://ahrefs.com/robot/)" "tekmedicgloves.com"
51.222.253.13 - - [20/Dec/2022:07:29:00 -0800] "GET /beta/wp-content/themes/CherryFramework/js/camera.min.js HTTP/1.1" 200 8551 "-" "Mozilla/5.0 (compatible; AhrefsBot/7.0; +http://ahrefs.com/robot/)" "tekmedicgloves.com"
51.222.253.7 - - [20/Dec/2022:07:29:00 -0800] "GET /beta/wp-content/themes/CherryFramework/css/magnific-popup.css HTTP/1.1" 200 2166 "-" "Mozilla/5.0 (compatible; AhrefsBot/7.0; +http://ahrefs.com/robot/)" "tekmedicgloves.com"
51.222.253.20 - - [20/Dec/2022:07:29:01 -0800] "GET /beta/wp-content/plugins/cherry-plugin/lib/js/elasti-carousel/jquery.elastislide.js HTTP/1.1" 200 1963 "-" "Mozilla/5.0 (compatible; AhrefsBot/7.0; +http://ahrefs.com/robot/)" "tekmedicgloves.com"
51.222.253.8 - - [20/Dec/2022:07:29:01 -0800] "GET /beta/wp-content/plugins/cherry-plugin/lib/js/owl-carousel/owl.theme.css HTTP/1.1" 200 606 "-" "Mozilla/5.0 (compatible; AhrefsBot/7.0; +http://ahrefs.com/robot/)" "tekmedicgloves.com"
51.222.253.12 - - [20/Dec/2022:07:29:01 -0800] "GET /beta/wp-content/themes/CherryFramework/js/jquery.ba-resize.min.js HTTP/1.1" 200 616 "-" "Mozilla/5.0 (compatible; AhrefsBot/7.0; +http://ahrefs.com/robot/)" "tekmedicgloves.com"
51.222.253.16 - - [20/Dec/2022:07:29:02 -0800] "GET /beta/wp-includes/js/comment-reply.min.js HTTP/1.1" 404 88 "-" "Mozilla/5.0 (compatible; AhrefsBot/7.0; +http://ahrefs.com/robot/)" "tekmedicgloves.com"
51.222.253.11 - - [20/Dec/2022:07:29:02 -0800] "GET /beta/wp-content/themes/CherryFramework/css/camera.css HTTP/1.1" 200 3117 "-" "Mozilla/5.0 (compatible; AhrefsBot/7.0; +http://ahrefs.com/robot/)" "tekmedicgloves.com"
51.222.253.20 - - [20/Dec/2022:07:29:02 -0800] "GET /beta/wp-content/plugins/contact-form-7/includes/js/scripts.js HTTP/1.1" 200 1850 "-" "Mozilla/5.0 (compatible; AhrefsBot/7.0; +http://ahrefs.com/robot/)" "tekmedicgloves.com"
51.222.253.2 - - [20/Dec/2022:07:29:03 -0800] "GET /beta/wp-content/themes/CherryFramework/js/jquery.isotope.js HTTP/1.1" 200 4845 "-" "Mozilla/5.0 (compatible; AhrefsBot/7.0; +http://ahrefs.com/robot/)" "tekmedicgloves.com"
51.222.253.13 - - [20/Dec/2022:07:29:03 -0800] "GET /beta/wp-content/themes/CherryFramework/js/custom.js HTTP/1.1" 200 2131 "-" "Mozilla/5.0 (compatible; AhrefsBot/7.0; +http://ahrefs.com/robot/)" "tekmedicgloves.com"
185.191.171.24 - - [20/Dec/2022:07:29:03 -0800] "GET /phpMyAdmin/setup/?token=fab4c7a292ad8e66117269067ecf1f21&version_check=1 HTTP/1.1" 200 12691 "-" "Mozilla/5.0 (compatible; SemrushBot/7~bl; +http://www.semrush.com/bot.html)" "www.tekmedicgloves.com"
51.222.253.15 - - [20/Dec/2022:07:29:03 -0800] "GET /beta/wp-content/themes/CherryFramework/bootstrap/js/bootstrap.min.js HTTP/1.1" 200 7654 "-" "Mozilla/5.0 (compatible; AhrefsBot/7.0; +http://ahrefs.com/robot/)" "tekmedicgloves.com"
51.222.253.13 - - [20/Dec/2022:07:29:04 -0800] "GET /beta/wp-content/themes/CherryFramework/js/modernizr.js HTTP/1.1" 200 5141 "-" "Mozilla/5.0 (compatible; AhrefsBot/7.0; +http://ahrefs.com/robot/)" "tekmedicgloves.com"
51.222.253.18 - - [20/Dec/2022:07:29:04 -0800] "GET /beta/wp-content/plugins/cherry-plugin/lib/js/owl-carousel/owl.carousel.css HTTP/1.1" 200 1119 "-" "Mozilla/5.0 (compatible; AhrefsBot/7.0; +http://ahrefs.com/robot/)" "tekmedicgloves.com"
51.222.253.7 - - [20/Dec/2022:07:29:04 -0800] "GET /beta/wp-content/themes/CherryFramework/js/jplayer.playlist.min.js HTTP/1.1" 200 2404 "-" "Mozilla/5.0 (compatible; AhrefsBot/7.0; +http://ahrefs.com/robot/)" "tekmedicgloves.com"
51.222.253.6 - - [20/Dec/2022:07:29:04 -0800] "GET /beta/wp-content/themes/CherryFramework/js/jquery.magnific-popup.min.js HTTP/1.1" 200 7493 "-" "Mozilla/5.0 (compatible; AhrefsBot/7.0; +http://ahrefs.com/robot/)" "tekmedicgloves.com"
185.191.171.33 - - [20/Dec/2022:07:29:29 -0800] "GET /phpMyAdmin/setup/?token=c7049591fd081fa091cafef748704c8d&version_check=1 HTTP/1.1" 200 12691 "-" "Mozilla/5.0 (compatible; SemrushBot/7~bl; +http://www.semrush.com/bot.html)" "www.tekmedicgloves.com"
185.191.171.13 - - [20/Dec/2022:07:29:33 -0800] "GET /phpMyAdmin/setup/?token=e300a000bbf008118a48b6a265dbb439&version_check=1 HTTP/1.1" 200 12691 "-" "Mozilla/5.0 (compatible; SemrushBot/7~bl; +http://www.semrush.com/bot.html)" "www.tekmedicgloves.com"
185.191.171.19 - - [20/Dec/2022:07:29:43 -0800] "GET /phpMyAdmin/setup/?token=f540a0baaf94c689fd7941d7e9022f78&version_check=1 HTTP/1.1" 200 12691 "-" "Mozilla/5.0 (compatible; SemrushBot/7~bl; +http://www.semrush.com/bot.html)" "www.tekmedicgloves.com"
185.191.171.16 - - [20/Dec/2022:07:29:56 -0800] "GET /phpMyAdmin/setup/?token=fa814ed2b65246057e2d32f6fa3c0a8e&version_check=1 HTTP/1.1" 200 12691 "-" "Mozilla/5.0 (compatible; SemrushBot/7~bl; +http://www.semrush.com/bot.html)" "www.tekmedicgloves.com"
185.191.171.33 - - [20/Dec/2022:07:30:08 -0800] "GET /phpMyAdmin/setup/?token=b8d8aa726cdd1adbae61f880be839ca1&version_check=1 HTTP/1.1" 200 12687 "-" "Mozilla/5.0 (compatible; SemrushBot/7~bl; +http://www.semrush.com/bot.html)" "tekmedicgloves.com"
185.191.171.40 - - [20/Dec/2022:07:30:26 -0800] "GET /phpMyAdmin/setup/?token=04e910a21c07cad70bf79b5a7fd2379e&version_check=1 HTTP/1.1" 200 12687 "-" "Mozilla/5.0 (compatible; SemrushBot/7~bl; +http://www.semrush.com/bot.html)" "tekmedicgloves.com"
185.191.171.22 - - [20/Dec/2022:07:30:32 -0800] "GET /phpMyAdmin/setup/?token=cdaf7cccb4cae211242b3a1930b8eee8&version_check=1 HTTP/1.1" 200 12687 "-" "Mozilla/5.0 (compatible; SemrushBot/7~bl; +http://www.semrush.com/bot.html)" "tekmedicgloves.com"
185.191.171.1 - - [20/Dec/2022:07:30:55 -0800] "GET /phpMyAdmin/setup/?token=e1e64e4a4e90765b0e3c1445aafa7f16&version_check=1 HTTP/1.1" 200 12691 "-" "Mozilla/5.0 (compatible; SemrushBot/7~bl; +http://www.semrush.com/bot.html)" "www.tekmedicgloves.com"
185.191.171.25 - - [20/Dec/2022:07:31:16 -0800] "GET /phpMyAdmin/setup/?token=cff7bf6d0665d154cda041bb791f5151&version_check=1 HTTP/1.1" 200 12687 "-" "Mozilla/5.0 (compatible; SemrushBot/7~bl; +http://www.semrush.com/bot.html)" "tekmedicgloves.com"
185.191.171.37 - - [20/Dec/2022:07:31:17 -0800] "GET /phpMyAdmin/setup/?token=c78399245e512e277084fa40f9209405&version_check=1 HTTP/1.1" 200 12691 "-" "Mozilla/5.0 (compatible; SemrushBot/7~bl; +http://www.semrush.com/bot.html)" "www.tekmedicgloves.com"
185.191.171.4 - - [20/Dec/2022:07:31:18 -0800] "GET /phpMyAdmin/setup/?token=f0190137f6bd8deaedd772f45a71f24a&version_check=1 HTTP/1.1" 200 12687 "-" "Mozilla/5.0 (compatible; SemrushBot/7~bl; +http://www.semrush.com/bot.html)" "tekmedicgloves.com"
185.191.171.1 - - [20/Dec/2022:07:31:23 -0800] "GET /phpMyAdmin/setup/?token=b949ca2c5250666bf72edc2b13f78d62&version_check=1 HTTP/1.1" 200 12687 "-" "Mozilla/5.0 (compatible; SemrushBot/7~bl; +http://www.semrush.com/bot.html)" "tekmedicgloves.com"
185.191.171.1 - - [20/Dec/2022:07:31:27 -0800] "GET /phpMyAdmin/setup/?token=d892547e4160c4c7ecf5f5a0581c75a0&version_check=1 HTTP/1.1" 200 12691 "-" "Mozilla/5.0 (compatible; SemrushBot/7~bl; +http://www.semrush.com/bot.html)" "www.tekmedicgloves.com"
185.191.171.41 - - [20/Dec/2022:07:31:30 -0800] "GET /phpMyAdmin/setup/?token=e6d4880d3f9933e0aa7e68d9ffedf35b&version_check=1 HTTP/1.1" 200 12691 "-" "Mozilla/5.0 (compatible; SemrushBot/7~bl; +http://www.semrush.com/bot.html)" "www.tekmedicgloves.com"
185.191.171.44 - - [20/Dec/2022:07:31:33 -0800] "GET /phpMyAdmin/setup/?token=e71ffc14aaf4f1aef585eba52abab298&version_check=1 HTTP/1.1" 200 12691 "-" "Mozilla/5.0 (compatible; SemrushBot/7~bl; +http://www.semrush.com/bot.html)" "www.tekmedicgloves.com"
185.191.171.17 - - [20/Dec/2022:07:31:34 -0800] "GET /phpMyAdmin/setup/?token=02887f6be7acd8bd07385cb1fed2fe80&version_check=1 HTTP/1.1" 200 12691 "-" "Mozilla/5.0 (compatible; SemrushBot/7~bl; +http://www.semrush.com/bot.html)" "www.tekmedicgloves.com"
185.191.171.39 - - [20/Dec/2022:07:31:35 -0800] "GET /phpMyAdmin/setup/?token=b95ff74cb3cce68f1bcef2fa68db9970&version_check=1 HTTP/1.1" 200 12687 "-" "Mozilla/5.0 (compatible; SemrushBot/7~bl; +http://www.semrush.com/bot.html)" "tekmedicgloves.com"
185.191.171.25 - - [20/Dec/2022:07:32:00 -0800] "GET /phpMyAdmin/setup/?token=e39cb35534d53be60986bac474b11f03&version_check=1 HTTP/1.1" 200 12691 "-" "Mozilla/5.0 (compatible; SemrushBot/7~bl; +http://www.semrush.com/bot.html)" "www.tekmedicgloves.com"
185.191.171.12 - - [20/Dec/2022:07:32:05 -0800] "GET /phpMyAdmin/setup/?token=ef2b04bb5c5a463120d562769798e4c2&version_check=1 HTTP/1.1" 200 12691 "-" "Mozilla/5.0 (compatible; SemrushBot/7~bl; +http://www.semrush.com/bot.html)" "www.tekmedicgloves.com"
185.191.171.34 - - [20/Dec/2022:07:32:07 -0800] "GET /phpMyAdmin/setup/?token=e842a6cb3f612111aa89e7a06292b762&version_check=1 HTTP/1.1" 200 12691 "-" "Mozilla/5.0 (compatible; SemrushBot/7~bl; +http://www.semrush.com/bot.html)" "www.tekmedicgloves.com"
185.191.171.20 - - [20/Dec/2022:07:32:16 -0800] "GET /phpMyAdmin/setup/?token=f89153facf68374a246b54ed274adbdd&version_check=1 HTTP/1.1" 200 12687 "-" "Mozilla/5.0 (compatible; SemrushBot/7~bl; +http://www.semrush.com/bot.html)" "tekmedicgloves.com"
185.191.171.9 - - [20/Dec/2022:07:32:18 -0800] "GET /phpMyAdmin/setup/?token=f266efb43fced26c4d070c0455eafa4f&version_check=1 HTTP/1.1" 200 12691 "-" "Mozilla/5.0 (compatible; SemrushBot/7~bl; +http://www.semrush.com/bot.html)" "www.tekmedicgloves.com"
185.191.171.3 - - [20/Dec/2022:07:32:19 -0800] "GET /phpMyAdmin/setup/?token=b87718542a846a3a3b978b54225c2114&version_check=1 HTTP/1.1" 200 12687 "-" "Mozilla/5.0 (compatible; SemrushBot/7~bl; +http://www.semrush.com/bot.html)" "tekmedicgloves.com"
185.191.171.2 - - [20/Dec/2022:07:32:32 -0800] "GET /phpMyAdmin/setup/?token=e21dcb92a51b46c4f62cba9adf2d4a01&version_check=1 HTTP/1.1" 200 12691 "-" "Mozilla/5.0 (compatible; SemrushBot/7~bl; +http://www.semrush.com/bot.html)" "www.tekmedicgloves.com"
185.191.171.26 - - [20/Dec/2022:07:32:39 -0800] "GET /phpMyAdmin/setup/?token=0c6f3fd1f999001c706b58896a73e959&version_check=1 HTTP/1.1" 200 12687 "-" "Mozilla/5.0 (compatible; SemrushBot/7~bl; +http://www.semrush.com/bot.html)" "tekmedicgloves.com"
185.191.171.13 - - [20/Dec/2022:07:32:51 -0800] "GET /phpMyAdmin/setup/?token=e70dabb060dafd08f0254d73c01ff140&version_check=1 HTTP/1.1" 200 12691 "-" "Mozilla/5.0 (compatible; SemrushBot/7~bl; +http://www.semrush.com/bot.html)" "www.tekmedicgloves.com"
185.191.171.26 - - [20/Dec/2022:07:32:55 -0800] "GET /phpMyAdmin/setup/?token=e232ed3c1e2d0b3508dc60ab374bbeb1&version_check=1 HTTP/1.1" 200 12691 "-" "Mozilla/5.0 (compatible; SemrushBot/7~bl; +http://www.semrush.com/bot.html)" "www.tekmedicgloves.com"
185.191.171.4 - - [20/Dec/2022:07:33:18 -0800] "GET /phpMyAdmin/setup/?token=d3c9d0f11ccde3c9696e43ef36fbf4e0&version_check=1 HTTP/1.1" 200 12687 "-" "Mozilla/5.0 (compatible; SemrushBot/7~bl; +http://www.semrush.com/bot.html)" "tekmedicgloves.com"
185.191.171.23 - - [20/Dec/2022:07:33:47 -0800] "GET /phpMyAdmin/setup/?token=d67a77c0a11a42447e5f422ca103bdcd&version_check=1 HTTP/1.1" 200 12687 "-" "Mozilla/5.0 (compatible; SemrushBot/7~bl; +http://www.semrush.com/bot.html)" "tekmedicgloves.com"
185.191.171.6 - - [20/Dec/2022:07:33:51 -0800] "GET /phpMyAdmin/setup/?token=ef967b3ef91eb3852780a4b81cf42624&version_check=1 HTTP/1.1" 200 12691 "-" "Mozilla/5.0 (compatible; SemrushBot/7~bl; +http://www.semrush.com/bot.html)" "www.tekmedicgloves.com"
185.191.171.18 - - [20/Dec/2022:07:33:53 -0800] "GET /phpMyAdmin/setup/?token=ceba60183cff3a26465908791efad707&version_check=1 HTTP/1.1" 200 12691 "-" "Mozilla/5.0 (compatible; SemrushBot/7~bl; +http://www.semrush.com/bot.html)" "www.tekmedicgloves.com"
185.191.171.1 - - [20/Dec/2022:07:34:45 -0800] "GET /phpMyAdmin/setup/?token=d1245dda3db709a08653b99a269c2862&version_check=1 HTTP/1.1" 200 12691 "-" "Mozilla/5.0 (compatible; SemrushBot/7~bl; +http://www.semrush.com/bot.html)" "www.tekmedicgloves.com"
185.191.171.22 - - [20/Dec/2022:07:35:11 -0800] "GET /phpMyAdmin/setup/?token=b83b236ad672e3b2b285a3ebb48f610d&version_check=1 HTTP/1.1" 200 12687 "-" "Mozilla/5.0 (compatible; SemrushBot/7~bl; +http://www.semrush.com/bot.html)" "tekmedicgloves.com"
185.191.171.5 - - [20/Dec/2022:07:35:17 -0800] "GET /robots.txt HTTP/1.1" 404 88 "-" "Mozilla/5.0 (compatible; SemrushBot/7~bl; +http://www.semrush.com/bot.html)" "tekmedicgloves.com"
185.191.171.14 - - [20/Dec/2022:07:35:17 -0800] "GET /phpMyAdmin/setup/?token=b6cf95fb7f7652a3b23358dd22d9a842&version_check=1 HTTP/1.1" 200 12687 "-" "Mozilla/5.0 (compatible; SemrushBot/7~bl; +http://www.semrush.com/bot.html)" "tekmedicgloves.com"
185.191.171.21 - - [20/Dec/2022:07:35:40 -0800] "GET /phpMyAdmin/setup/?token=9905719a8c0441bdc6af28f1968f9179&version_check=1 HTTP/1.1" 200 12687 "-" "Mozilla/5.0 (compatible; SemrushBot/7~bl; +http://www.semrush.com/bot.html)" "tekmedicgloves.com"
185.191.171.44 - - [20/Dec/2022:07:35:41 -0800] "GET /phpMyAdmin/setup/?token=f96fc61aebc17f5fa7c5943037084f8a&version_check=1 HTTP/1.1" 200 12691 "-" "Mozilla/5.0 (compatible; SemrushBot/7~bl; +http://www.semrush.com/bot.html)" "www.tekmedicgloves.com"
185.191.171.10 - - [20/Dec/2022:07:35:43 -0800] "GET /phpMyAdmin/setup/?token=c297068ba442575679c453f296842aa2&version_check=1 HTTP/1.1" 200 12687 "-" "Mozilla/5.0 (compatible; SemrushBot/7~bl; +http://www.semrush.com/bot.html)" "tekmedicgloves.com"
185.191.171.43 - - [20/Dec/2022:07:35:45 -0800] "GET /phpMyAdmin/setup/?token=c96f1f41423296ee3fd39d829f5d2f11&version_check=1 HTTP/1.1" 200 12687 "-" "Mozilla/5.0 (compatible; SemrushBot/7~bl; +http://www.semrush.com/bot.html)" "tekmedicgloves.com"
185.191.171.9 - - [20/Dec/2022:07:36:10 -0800] "GET /phpMyAdmin/setup/?token=f86056c678c63efad3c1f81e7a531d98&version_check=1 HTTP/1.1" 200 12691 "-" "Mozilla/5.0 (compatible; SemrushBot/7~bl; +http://www.semrush.com/bot.html)" "www.tekmedicgloves.com"
185.191.171.13 - - [20/Dec/2022:07:36:18 -0800] "GET /phpMyAdmin/setup/?token=fbf57c944f69175a7548b0782235021d&version_check=1 HTTP/1.1" 200 12691 "-" "Mozilla/5.0 (compatible; SemrushBot/7~bl; +http://www.semrush.com/bot.html)" "www.tekmedicgloves.com"
185.191.171.1 - - [20/Dec/2022:07:36:20 -0800] "GET /phpMyAdmin/setup/?token=fc93a1517fde24c2306e9facd6bd7125&version_check=1 HTTP/1.1" 200 12691 "-" "Mozilla/5.0 (compatible; SemrushBot/7~bl; +http://www.semrush.com/bot.html)" "www.tekmedicgloves.com"
185.191.171.13 - - [20/Dec/2022:07:36:22 -0800] "GET /phpMyAdmin/setup/?token=bb11b64fd266554c97ab422bf644bbb5&version_check=1 HTTP/1.1" 200 12691 "-" "Mozilla/5.0 (compatible; SemrushBot/7~bl; +http://www.semrush.com/bot.html)" "www.tekmedicgloves.com"
185.191.171.42 - - [20/Dec/2022:07:36:35 -0800] "GET /phpMyAdmin/setup/?token=034702c8161f6898b42000e97a0e497a&version_check=1 HTTP/1.1" 200 12691 "-" "Mozilla/5.0 (compatible; SemrushBot/7~bl; +http://www.semrush.com/bot.html)" "www.tekmedicgloves.com"
185.191.171.16 - - [20/Dec/2022:07:36:54 -0800] "GET /phpMyAdmin/setup/?token=f492c46bf0124e912a0eff3829e14f3e&version_check=1 HTTP/1.1" 200 12691 "-" "Mozilla/5.0 (compatible; SemrushBot/7~bl; +http://www.semrush.com/bot.html)" "www.tekmedicgloves.com"
185.191.171.26 - - [20/Dec/2022:07:37:13 -0800] "GET /phpMyAdmin/setup/?token=d19cffa9d932484e3132d77ab4749fba&version_check=1 HTTP/1.1" 200 12691 "-" "Mozilla/5.0 (compatible; SemrushBot/7~bl; +http://www.semrush.com/bot.html)" "www.tekmedicgloves.com"
185.191.171.12 - - [20/Dec/2022:07:37:28 -0800] "GET /phpMyAdmin/setup/?token=b8e743c0740bcabc5be18056e7fc1477&version_check=1 HTTP/1.1" 200 12687 "-" "Mozilla/5.0 (compatible; SemrushBot/7~bl; +http://www.semrush.com/bot.html)" "tekmedicgloves.com"
185.191.171.40 - - [20/Dec/2022:07:37:36 -0800] "GET /phpMyAdmin/setup/?token=01da6beacf786bb8323cb368eb060193&version_check=1 HTTP/1.1" 200 12687 "-" "Mozilla/5.0 (compatible; SemrushBot/7~bl; +http://www.semrush.com/bot.html)" "tekmedicgloves.com"
185.191.171.16 - - [20/Dec/2022:07:38:02 -0800] "GET /phpMyAdmin/setup/?token=df43f018939f96959620c6850f8cd6d8&version_check=1 HTTP/1.1" 200 12687 "-" "Mozilla/5.0 (compatible; SemrushBot/7~bl; +http://www.semrush.com/bot.html)" "tekmedicgloves.com"
185.191.171.8 - - [20/Dec/2022:07:38:37 -0800] "GET /phpMyAdmin/setup/?token=bdd54ee1036b975924957e719af90944&version_check=1 HTTP/1.1" 200 12687 "-" "Mozilla/5.0 (compatible; SemrushBot/7~bl; +http://www.semrush.com/bot.html)" "tekmedicgloves.com"
185.191.171.8 - - [20/Dec/2022:07:38:45 -0800] "GET /phpMyAdmin/setup/?token=e7d332b0a779a8153a347e963367cadb&version_check=1 HTTP/1.1" 200 12691 "-" "Mozilla/5.0 (compatible; SemrushBot/7~bl; +http://www.semrush.com/bot.html)" "www.tekmedicgloves.com"
185.191.171.21 - - [20/Dec/2022:07:38:46 -0800] "GET /phpMyAdmin/setup/?token=d39854a12af10e46eadaa7da23a1ad1f&version_check=1 HTTP/1.1" 200 12687 "-" "Mozilla/5.0 (compatible; SemrushBot/7~bl; +http://www.semrush.com/bot.html)" "tekmedicgloves.com"
185.191.171.19 - - [20/Dec/2022:07:38:54 -0800] "GET /phpMyAdmin/setup/?token=d0b2c6eb1eb176681fd741ed5fa9c207&version_check=1 HTTP/1.1" 200 12687 "-" "Mozilla/5.0 (compatible; SemrushBot/7~bl; +http://www.semrush.com/bot.html)" "tekmedicgloves.com"
185.191.171.20 - - [20/Dec/2022:07:38:56 -0800] "GET /phpMyAdmin/setup/?token=e422cff8edb7fb885fe76d3769108bc8&version_check=1 HTTP/1.1" 200 12691 "-" "Mozilla/5.0 (compatible; SemrushBot/7~bl; +http://www.semrush.com/bot.html)" "www.tekmedicgloves.com"
185.191.171.41 - - [20/Dec/2022:07:39:03 -0800] "GET /phpMyAdmin/setup/?token=d2da399312410acb80ddfaae4e25d2ba&version_check=1 HTTP/1.1" 200 12687 "-" "Mozilla/5.0 (compatible; SemrushBot/7~bl; +http://www.semrush.com/bot.html)" "tekmedicgloves.com"
185.191.171.11 - - [20/Dec/2022:07:39:27 -0800] "GET /phpMyAdmin/setup/?token=e83cf9e6e5a2c86d951d6bd339ffa4d2&version_check=1 HTTP/1.1" 200 12691 "-" "Mozilla/5.0 (compatible; SemrushBot/7~bl; +http://www.semrush.com/bot.html)" "www.tekmedicgloves.com"
185.191.171.4 - - [20/Dec/2022:07:39:34 -0800] "GET /phpMyAdmin/setup/?token=e0f4e2d1182db1a3b8858cc49fc7e387&version_check=1 HTTP/1.1" 200 12687 "-" "Mozilla/5.0 (compatible; SemrushBot/7~bl; +http://www.semrush.com/bot.html)" "tekmedicgloves.com"
185.191.171.16 - - [20/Dec/2022:07:39:34 -0800] "GET /phpMyAdmin/setup/?token=f1c23f39bffc328d3c8c701d9ca74175&version_check=1 HTTP/1.1" 200 12691 "-" "Mozilla/5.0 (compatible; SemrushBot/7~bl; +http://www.semrush.com/bot.html)" "www.tekmedicgloves.com"
185.191.171.26 - - [20/Dec/2022:07:39:37 -0800] "GET /phpMyAdmin/setup/?token=c3035dcb1cd5debe65b1dc00e49d3eb6&version_check=1 HTTP/1.1" 200 12687 "-" "Mozilla/5.0 (compatible; SemrushBot/7~bl; +http://www.semrush.com/bot.html)" "tekmedicgloves.com"
185.191.171.15 - - [20/Dec/2022:07:39:40 -0800] "GET /phpMyAdmin/setup/?token=c533e5976319ecd62eb5ec203c34f51e&version_check=1 HTTP/1.1" 200 12687 "-" "Mozilla/5.0 (compatible; SemrushBot/7~bl; +http://www.semrush.com/bot.html)" "tekmedicgloves.com"
185.191.171.36 - - [20/Dec/2022:07:40:00 -0800] "GET /phpMyAdmin/setup/?token=df855eb59eab9b26355b68aa75d1cc9e&version_check=1 HTTP/1.1" 200 12691 "-" "Mozilla/5.0 (compatible; SemrushBot/7~bl; +http://www.semrush.com/bot.html)" "www.tekmedicgloves.com"
185.191.171.17 - - [20/Dec/2022:07:40:01 -0800] "GET /phpMyAdmin/setup/?token=f8e5ddd8e24b6f6ca363ffa7507af2f0&version_check=1 HTTP/1.1" 200 12687 "-" "Mozilla/5.0 (compatible; SemrushBot/7~bl; +http://www.semrush.com/bot.html)" "tekmedicgloves.com"
185.191.171.33 - - [20/Dec/2022:07:40:13 -0800] "GET /phpMyAdmin/setup/?token=eec939da69e894d0fe1897d8afcea2c0&version_check=1 HTTP/1.1" 200 12691 "-" "Mozilla/5.0 (compatible; SemrushBot/7~bl; +http://www.semrush.com/bot.html)" "www.tekmedicgloves.com"
185.191.171.39 - - [20/Dec/2022:07:40:21 -0800] "GET /phpMyAdmin/setup/?token=d00bca23c4eb42bb5e89f2b80c835713&version_check=1 HTTP/1.1" 200 12691 "-" "Mozilla/5.0 (compatible; SemrushBot/7~bl; +http://www.semrush.com/bot.html)" "www.tekmedicgloves.com"
185.191.171.41 - - [20/Dec/2022:07:40:33 -0800] "GET /phpMyAdmin/setup/?token=d9e5657ac6ab889b6582e574282548da&version_check=1 HTTP/1.1" 200 12691 "-" "Mozilla/5.0 (compatible; SemrushBot/7~bl; +http://www.semrush.com/bot.html)" "www.tekmedicgloves.com"
185.191.171.25 - - [20/Dec/2022:07:40:34 -0800] "GET /phpMyAdmin/setup/?token=b7e4fc583cb0bcaada44e043292485cd&version_check=1 HTTP/1.1" 200 12687 "-" "Mozilla/5.0 (compatible; SemrushBot/7~bl; +http://www.semrush.com/bot.html)" "tekmedicgloves.com"
185.191.171.39 - - [20/Dec/2022:07:40:37 -0800] "GET /phpMyAdmin/setup/?token=e0864239f6978d137f214b7a1b082832&version_check=1 HTTP/1.1" 200 12691 "-" "Mozilla/5.0 (compatible; SemrushBot/7~bl; +http://www.semrush.com/bot.html)" "www.tekmedicgloves.com"
185.191.171.8 - - [20/Dec/2022:07:40:41 -0800] "GET /phpMyAdmin/setup/?token=d3955a4e3eb86424a4959ac0dbed419b&version_check=1 HTTP/1.1" 200 12691 "-" "Mozilla/5.0 (compatible; SemrushBot/7~bl; +http://www.semrush.com/bot.html)" "www.tekmedicgloves.com"
185.191.171.38 - - [20/Dec/2022:07:40:48 -0800] "GET /phpMyAdmin/setup/?token=b60ffe6b9cfe65da207bfa7b7ab42dd6&version_check=1 HTTP/1.1" 200 12691 "-" "Mozilla/5.0 (compatible; SemrushBot/7~bl; +http://www.semrush.com/bot.html)" "www.tekmedicgloves.com"
185.191.171.38 - - [20/Dec/2022:07:41:28 -0800] "GET /phpMyAdmin/setup/?token=051e98b5c9a55b821050f64679cb0ef0&version_check=1 HTTP/1.1" 200 12687 "-" "Mozilla/5.0 (compatible; SemrushBot/7~bl; +http://www.semrush.com/bot.html)" "tekmedicgloves.com"
185.191.171.20 - - [20/Dec/2022:07:41:34 -0800] "GET /phpMyAdmin/setup/?token=d47095e267e935dd6daeeabaa8051bc1&version_check=1 HTTP/1.1" 200 12691 "-" "Mozilla/5.0 (compatible; SemrushBot/7~bl; +http://www.semrush.com/bot.html)" "www.tekmedicgloves.com"
185.191.171.1 - - [20/Dec/2022:07:41:55 -0800] "GET /phpMyAdmin/setup/?token=e00b7b647d4a4630e6bba50da96d0faf&version_check=1 HTTP/1.1" 200 12687 "-" "Mozilla/5.0 (compatible; SemrushBot/7~bl; +http://www.semrush.com/bot.html)" "tekmedicgloves.com"
185.191.171.35 - - [20/Dec/2022:07:42:05 -0800] "GET /phpMyAdmin/setup/?token=fcdea8465b138baaed9320f416d5bafe&version_check=1 HTTP/1.1" 200 12691 "-" "Mozilla/5.0 (compatible; SemrushBot/7~bl; +http://www.semrush.com/bot.html)" "www.tekmedicgloves.com"
185.191.171.42 - - [20/Dec/2022:07:42:13 -0800] "GET /phpMyAdmin/setup/?token=b7fe6bc5db1ca0083c152b58816d24cf&version_check=1 HTTP/1.1" 200 12687 "-" "Mozilla/5.0 (compatible; SemrushBot/7~bl; +http://www.semrush.com/bot.html)" "tekmedicgloves.com"
185.191.171.16 - - [20/Dec/2022:07:42:31 -0800] "GET /phpMyAdmin/setup/?token=dce66ab6711cc13f6c5ed6037e96a819&version_check=1 HTTP/1.1" 200 12691 "-" "Mozilla/5.0 (compatible; SemrushBot/7~bl; +http://www.semrush.com/bot.html)" "www.tekmedicgloves.com"
185.191.171.2 - - [20/Dec/2022:07:42:35 -0800] "GET /phpMyAdmin/setup/?token=0f63cb1d71cae9d4be8710001218b931&version_check=1 HTTP/1.1" 200 12687 "-" "Mozilla/5.0 (compatible; SemrushBot/7~bl; +http://www.semrush.com/bot.html)" "tekmedicgloves.com"
185.191.171.7 - - [20/Dec/2022:07:42:38 -0800] "GET /phpMyAdmin/setup/?token=b9348db084a69577546943fdd6821f75&version_check=1 HTTP/1.1" 200 12687 "-" "Mozilla/5.0 (compatible; SemrushBot/7~bl; +http://www.semrush.com/bot.html)" "tekmedicgloves.com"
185.191.171.1 - - [20/Dec/2022:07:42:50 -0800] "GET /phpMyAdmin/setup/?token=ec8feae7d1c54fee7ec2de71d65aa837&version_check=1 HTTP/1.1" 200 12691 "-" "Mozilla/5.0 (compatible; SemrushBot/7~bl; +http://www.semrush.com/bot.html)" "www.tekmedicgloves.com"
185.191.171.34 - - [20/Dec/2022:07:43:02 -0800] "GET /phpMyAdmin/setup/?token=06b67ad60f233f15a8a122dc03c83280&version_check=1 HTTP/1.1" 200 12687 "-" "Mozilla/5.0 (compatible; SemrushBot/7~bl; +http://www.semrush.com/bot.html)" "tekmedicgloves.com"
185.191.171.43 - - [20/Dec/2022:07:43:27 -0800] "GET /phpMyAdmin/setup/?token=fd7712d15cfdf23d33b74ea60e56025f&version_check=1 HTTP/1.1" 200 12691 "-" "Mozilla/5.0 (compatible; SemrushBot/7~bl; +http://www.semrush.com/bot.html)" "www.tekmedicgloves.com"
185.191.171.12 - - [20/Dec/2022:07:43:48 -0800] "GET /phpMyAdmin/setup/?token=b9a0bd350719092563ebba76555055fa&version_check=1 HTTP/1.1" 200 12687 "-" "Mozilla/5.0 (compatible; SemrushBot/7~bl; +http://www.semrush.com/bot.html)" "tekmedicgloves.com"
185.191.171.24 - - [20/Dec/2022:07:43:59 -0800] "GET /phpMyAdmin/setup/?token=e302b961cf74fbe751832a99783eb74e&version_check=1 HTTP/1.1" 200 12687 "-" "Mozilla/5.0 (compatible; SemrushBot/7~bl; +http://www.semrush.com/bot.html)" "tekmedicgloves.com"
185.191.171.33 - - [20/Dec/2022:07:44:00 -0800] "GET /phpMyAdmin/setup/?token=d75fd77a7584cb4ef232f3098130d375&version_check=1 HTTP/1.1" 200 12691 "-" "Mozilla/5.0 (compatible; SemrushBot/7~bl; +http://www.semrush.com/bot.html)" "www.tekmedicgloves.com"
185.191.171.3 - - [20/Dec/2022:07:44:05 -0800] "GET /phpMyAdmin/setup/?token=bcb22ffd92afdeae22b6bafc02d5eeaf&version_check=1 HTTP/1.1" 200 12687 "-" "Mozilla/5.0 (compatible; SemrushBot/7~bl; +http://www.semrush.com/bot.html)" "tekmedicgloves.com"
185.191.171.9 - - [20/Dec/2022:07:44:11 -0800] "GET /phpMyAdmin/setup/?token=c7105115ce7663ea78bebc266c08eb5d&version_check=1 HTTP/1.1" 200 12687 "-" "Mozilla/5.0 (compatible; SemrushBot/7~bl; +http://www.semrush.com/bot.html)" "tekmedicgloves.com"
185.191.171.17 - - [20/Dec/2022:07:44:24 -0800] "GET /phpMyAdmin/setup/?token=c4be8839fc491d73ccd7b26aff62a133&version_check=1 HTTP/1.1" 200 12691 "-" "Mozilla/5.0 (compatible; SemrushBot/7~bl; +http://www.semrush.com/bot.html)" "www.tekmedicgloves.com"
185.191.171.38 - - [20/Dec/2022:07:44:27 -0800] "GET /phpMyAdmin/setup/?token=edc26c562ae814142b5a996cbfcd2a1e&version_check=1 HTTP/1.1" 200 12691 "-" "Mozilla/5.0 (compatible; SemrushBot/7~bl; +http://www.semrush.com/bot.html)" "www.tekmedicgloves.com"
185.191.171.9 - - [20/Dec/2022:07:44:37 -0800] "GET /phpMyAdmin/setup/?token=0b0da4f48e873fa954e04d600e56e050&version_check=1 HTTP/1.1" 200 12687 "-" "Mozilla/5.0 (compatible; SemrushBot/7~bl; +http://www.semrush.com/bot.html)" "tekmedicgloves.com"
185.191.171.44 - - [20/Dec/2022:07:44:38 -0800] "GET /phpMyAdmin/setup/?token=da8a27334a65eae6fc0f80563de558e5&version_check=1 HTTP/1.1" 200 12691 "-" "Mozilla/5.0 (compatible; SemrushBot/7~bl; +http://www.semrush.com/bot.html)" "www.tekmedicgloves.com"
185.191.171.24 - - [20/Dec/2022:07:45:00 -0800] "GET /phpMyAdmin/setup/?token=f3ea3b806763bd1d85c6e7b26caa1310&version_check=1 HTTP/1.1" 200 12691 "-" "Mozilla/5.0 (compatible; SemrushBot/7~bl; +http://www.semrush.com/bot.html)" "www.tekmedicgloves.com"
185.191.171.39 - - [20/Dec/2022:07:45:15 -0800] "GET /phpMyAdmin/setup/?token=fb5e300841c3cd1e3cdc17d92a38cb52&version_check=1 HTTP/1.1" 200 12691 "-" "Mozilla/5.0 (compatible; SemrushBot/7~bl; +http://www.semrush.com/bot.html)" "www.tekmedicgloves.com"
185.191.171.41 - - [20/Dec/2022:07:45:32 -0800] "GET /phpMyAdmin/setup/?token=b69adc95348881c20997279c3b411403&version_check=1 HTTP/1.1" 200 12687 "-" "Mozilla/5.0 (compatible; SemrushBot/7~bl; +http://www.semrush.com/bot.html)" "tekmedicgloves.com"
185.191.171.15 - - [20/Dec/2022:07:45:37 -0800] "GET /phpMyAdmin/setup/?token=1179c3eacebe399690408dd7a972d1e9&version_check=1 HTTP/1.1" 200 12687 "-" "Mozilla/5.0 (compatible; SemrushBot/7~bl; +http://www.semrush.com/bot.html)" "tekmedicgloves.com"
185.191.171.26 - - [20/Dec/2022:07:45:38 -0800] "GET /phpMyAdmin/setup/?token=daa6095ec50366ba9c9897fc5613fefe&version_check=1 HTTP/1.1" 200 12691 "-" "Mozilla/5.0 (compatible; SemrushBot/7~bl; +http://www.semrush.com/bot.html)" "www.tekmedicgloves.com"
185.191.171.10 - - [20/Dec/2022:07:45:43 -0800] "GET /phpMyAdmin/setup/?token=de66863fad1457366a161bf6a908e7ec&version_check=1 HTTP/1.1" 200 12691 "-" "Mozilla/5.0 (compatible; SemrushBot/7~bl; +http://www.semrush.com/bot.html)" "www.tekmedicgloves.com"
185.191.171.34 - - [20/Dec/2022:07:46:14 -0800] "GET /phpMyAdmin/setup/?token=0fff473f47c4e8777fb632acef0f9730&version_check=1 HTTP/1.1" 200 12687 "-" "Mozilla/5.0 (compatible; SemrushBot/7~bl; +http://www.semrush.com/bot.html)" "tekmedicgloves.com"
185.191.171.19 - - [20/Dec/2022:07:46:17 -0800] "GET /phpMyAdmin/setup/?token=d640b0233ab9201727bd9074c6c32298&version_check=1 HTTP/1.1" 200 12691 "-" "Mozilla/5.0 (compatible; SemrushBot/7~bl; +http://www.semrush.com/bot.html)" "www.tekmedicgloves.com"
185.191.171.19 - - [20/Dec/2022:07:47:00 -0800] "GET /phpMyAdmin/setup/?token=b73415a736f8eee2b101099b50b7eec9&version_check=1 HTTP/1.1" 200 12687 "-" "Mozilla/5.0 (compatible; SemrushBot/7~bl; +http://www.semrush.com/bot.html)" "tekmedicgloves.com"
185.191.171.19 - - [20/Dec/2022:07:47:06 -0800] "GET /phpMyAdmin/setup/?token=b87b9cd031a7a08228cb5cea4dd04c44&version_check=1 HTTP/1.1" 200 12687 "-" "Mozilla/5.0 (compatible; SemrushBot/7~bl; +http://www.semrush.com/bot.html)" "tekmedicgloves.com"
185.191.171.4 - - [20/Dec/2022:07:47:18 -0800] "GET /phpMyAdmin/setup/?token=0a9e97db0fa24744dd59407b91a6bf2e&version_check=1 HTTP/1.1" 200 12687 "-" "Mozilla/5.0 (compatible; SemrushBot/7~bl; +http://www.semrush.com/bot.html)" "tekmedicgloves.com"
185.191.171.15 - - [20/Dec/2022:07:47:32 -0800] "GET /phpMyAdmin/setup/?token=e4e062f9e9e35c60cd61e6177d07061c&version_check=1 HTTP/1.1" 200 12687 "-" "Mozilla/5.0 (compatible; SemrushBot/7~bl; +http://www.semrush.com/bot.html)" "tekmedicgloves.com"
185.191.171.19 - - [20/Dec/2022:07:47:35 -0800] "GET /phpMyAdmin/setup/?token=e6bbbaf094fab62a07b1242987d6d8bd&version_check=1 HTTP/1.1" 200 12687 "-" "Mozilla/5.0 (compatible; SemrushBot/7~bl; +http://www.semrush.com/bot.html)" "tekmedicgloves.com"
185.191.171.23 - - [20/Dec/2022:07:47:44 -0800] "GET /phpMyAdmin/setup/?token=f731ca5b49e2f7153c1068add57bd346&version_check=1 HTTP/1.1" 200 12687 "-" "Mozilla/5.0 (compatible; SemrushBot/7~bl; +http://www.semrush.com/bot.html)" "tekmedicgloves.com"
185.191.171.16 - - [20/Dec/2022:07:48:02 -0800] "GET /phpMyAdmin/setup/?token=f24c6ad74510684bd0d71ca40c727a2c&version_check=1 HTTP/1.1" 200 12691 "-" "Mozilla/5.0 (compatible; SemrushBot/7~bl; +http://www.semrush.com/bot.html)" "www.tekmedicgloves.com"
185.191.171.5 - - [20/Dec/2022:07:48:06 -0800] "GET /phpMyAdmin/setup/?token=b7406e9af40de87560e6e99a1737e17b&version_check=1 HTTP/1.1" 200 12687 "-" "Mozilla/5.0 (compatible; SemrushBot/7~bl; +http://www.semrush.com/bot.html)" "tekmedicgloves.com"
185.191.171.7 - - [20/Dec/2022:07:48:08 -0800] "GET /phpMyAdmin/setup/?token=c5ca4ae2dca80d72270fbe0098074ad8&version_check=1 HTTP/1.1" 200 12687 "-" "Mozilla/5.0 (compatible; SemrushBot/7~bl; +http://www.semrush.com/bot.html)" "tekmedicgloves.com"
185.191.171.35 - - [20/Dec/2022:07:48:13 -0800] "GET /phpMyAdmin/setup/?token=d4235dcdba68dcd1bab846f227b4b7ab&version_check=1 HTTP/1.1" 200 12691 "-" "Mozilla/5.0 (compatible; SemrushBot/7~bl; +http://www.semrush.com/bot.html)" "www.tekmedicgloves.com"
185.191.171.19 - - [20/Dec/2022:07:48:40 -0800] "GET /phpMyAdmin/setup/?token=cf0346e42aa8c03fd040a8bd960c25e3&version_check=1 HTTP/1.1" 200 12691 "-" "Mozilla/5.0 (compatible; SemrushBot/7~bl; +http://www.semrush.com/bot.html)" "www.tekmedicgloves.com"
185.191.171.3 - - [20/Dec/2022:07:48:42 -0800] "GET /phpMyAdmin/setup/?token=ba05c04c4d24268f37c4e4d00a63c5a0&version_check=1 HTTP/1.1" 200 12687 "-" "Mozilla/5.0 (compatible; SemrushBot/7~bl; +http://www.semrush.com/bot.html)" "tekmedicgloves.com"
185.191.171.18 - - [20/Dec/2022:07:48:48 -0800] "GET /phpMyAdmin/setup/?token=f28c8ae04fa1dda57e00c26eaca9051f&version_check=1 HTTP/1.1" 200 12691 "-" "Mozilla/5.0 (compatible; SemrushBot/7~bl; +http://www.semrush.com/bot.html)" "www.tekmedicgloves.com"
185.191.171.12 - - [20/Dec/2022:07:48:53 -0800] "GET /robots.txt HTTP/1.1" 404 88 "-" "Mozilla/5.0 (compatible; SemrushBot/7~bl; +http://www.semrush.com/bot.html)" "www.tekmedicgloves.com"
185.191.171.22 - - [20/Dec/2022:07:48:54 -0800] "GET /phpMyAdmin/setup/?token=0b5e46f5bbbee1005e3e31ae281061f8&version_check=1 HTTP/1.1" 200 12691 "-" "Mozilla/5.0 (compatible; SemrushBot/7~bl; +http://www.semrush.com/bot.html)" "www.tekmedicgloves.com"
185.191.171.40 - - [20/Dec/2022:07:49:17 -0800] "GET /phpMyAdmin/setup/?token=ed2808c785b7f6c4e9344cf9db1436f5&version_check=1 HTTP/1.1" 200 12687 "-" "Mozilla/5.0 (compatible; SemrushBot/7~bl; +http://www.semrush.com/bot.html)" "tekmedicgloves.com"
185.191.171.25 - - [20/Dec/2022:07:49:18 -0800] "GET /phpMyAdmin/setup/?token=cf86fc1d1b02ca582df890db8e3bb768&version_check=1 HTTP/1.1" 200 12691 "-" "Mozilla/5.0 (compatible; SemrushBot/7~bl; +http://www.semrush.com/bot.html)" "www.tekmedicgloves.com"
185.191.171.40 - - [20/Dec/2022:07:49:37 -0800] "GET /phpMyAdmin/setup/?token=0a3b97f0136e7737b0c3b8758886e51d&version_check=1 HTTP/1.1" 200 12691 "-" "Mozilla/5.0 (compatible; SemrushBot/7~bl; +http://www.semrush.com/bot.html)" "www.tekmedicgloves.com"
185.191.171.33 - - [20/Dec/2022:07:49:44 -0800] "GET /phpMyAdmin/setup/?token=bc691f258220279752e17e9f4f386ec2&version_check=1 HTTP/1.1" 200 12687 "-" "Mozilla/5.0 (compatible; SemrushBot/7~bl; +http://www.semrush.com/bot.html)" "tekmedicgloves.com"
185.191.171.15 - - [20/Dec/2022:07:49:46 -0800] "GET /phpMyAdmin/setup/?token=e49a6833dfb387855d7e482dc792df0e&version_check=1 HTTP/1.1" 200 12687 "-" "Mozilla/5.0 (compatible; SemrushBot/7~bl; +http://www.semrush.com/bot.html)" "tekmedicgloves.com"
185.191.171.37 - - [20/Dec/2022:07:50:24 -0800] "GET /phpMyAdmin/setup/?token=0cc9fbad2b9954f3bc822f8353883483&version_check=1 HTTP/1.1" 200 12691 "-" "Mozilla/5.0 (compatible; SemrushBot/7~bl; +http://www.semrush.com/bot.html)" "www.tekmedicgloves.com"
185.191.171.4 - - [20/Dec/2022:07:50:28 -0800] "GET /phpMyAdmin/setup/?token=f658ff124d27819f8542ac48275bbc5b&version_check=1 HTTP/1.1" 200 12691 "-" "Mozilla/5.0 (compatible; SemrushBot/7~bl; +http://www.semrush.com/bot.html)" "www.tekmedicgloves.com"
185.191.171.25 - - [20/Dec/2022:07:50:40 -0800] "GET /phpMyAdmin/setup/?token=b94133b39bc55dfddce16a09398b2e49&version_check=1 HTTP/1.1" 200 12691 "-" "Mozilla/5.0 (compatible; SemrushBot/7~bl; +http://www.semrush.com/bot.html)" "www.tekmedicgloves.com"
185.191.171.12 - - [20/Dec/2022:07:50:52 -0800] "GET /phpMyAdmin/setup/?token=003444bb043c1988f31fa5713f57570b&version_check=1 HTTP/1.1" 200 12691 "-" "Mozilla/5.0 (compatible; SemrushBot/7~bl; +http://www.semrush.com/bot.html)" "www.tekmedicgloves.com"
185.191.171.41 - - [20/Dec/2022:07:51:06 -0800] "GET /phpMyAdmin/setup/?token=c2f48529852a528bba313ddeb5bc019c&version_check=1 HTTP/1.1" 200 12687 "-" "Mozilla/5.0 (compatible; SemrushBot/7~bl; +http://www.semrush.com/bot.html)" "tekmedicgloves.com"
185.191.171.34 - - [20/Dec/2022:07:51:08 -0800] "GET /phpMyAdmin/setup/?token=b6d65219fac40db41ab86c72525fc726&version_check=1 HTTP/1.1" 200 12687 "-" "Mozilla/5.0 (compatible; SemrushBot/7~bl; +http://www.semrush.com/bot.html)" "tekmedicgloves.com"
